The Swift Package Index logo.Swift Package Index

Build Information

Failed to build iDNIe, reference main (014f57), with Swift 6.1 for watchOS using Xcode 16.3 on 1 Oct 2026 07:05:07 UTC.

Build Command

env DEVELOPER_DIR=/Applications/Xcode-16.3.0.app xcrun xcodebuild -IDEClonedSourcePackagesDirPathOverride=$PWD/.dependencies -skipMacroValidation -skipPackagePluginValidation -derivedDataPath $PWD/.derivedData build -scheme iDNIe -destination generic/platform=watchOS

Build Log

========================================
RunAll
========================================
Builder version: 5.1.1
Interrupt handler set up.
========================================
Checkout
========================================
Clone URL: https://github.com/diegocidm4/iDNIe.git
Reference: main
Initialized empty Git repository in /Users/admin/builder/spi-builder-workspace/.git/
From https://github.com/diegocidm4/iDNIe
 * branch            main       -> FETCH_HEAD
 * [new branch]      main       -> origin/main
HEAD is now at 014f572 3.1.44
Cloned https://github.com/diegocidm4/iDNIe.git
Revision (git rev-parse @):
014f5726d2f041e736cfb520f11202c624debd77
SUCCESS checkout https://github.com/diegocidm4/iDNIe.git at main
========================================
Build
========================================
Selected platform:         watchOS
Swift version:             6.1
Building package at path:  $PWD
https://github.com/diegocidm4/iDNIe.git
https://github.com/diegocidm4/iDNIe.git
{
  "dependencies" : [
    {
      "identity" : "openssl",
      "requirement" : {
        "exact" : [
          "1.1.2301"
        ]
      },
      "type" : "sourceControl",
      "url" : "https://github.com/krzyzanowskim/OpenSSL.git"
    }
  ],
  "manifest_display_name" : "iDNIe",
  "name" : "iDNIe",
  "path" : "/Users/admin/builder/spi-builder-workspace",
  "platforms" : [
    {
      "name" : "macos",
      "version" : "12.0"
    },
    {
      "name" : "ios",
      "version" : "16.0"
    }
  ],
  "products" : [
    {
      "name" : "iDNIe",
      "targets" : [
        "iDNIe"
      ],
      "type" : {
        "library" : [
          "automatic"
        ]
      }
    }
  ],
  "targets" : [
    {
      "c99name" : "iDNIe",
      "module_type" : "BinaryTarget",
      "name" : "iDNIe",
      "path" : "Sources/iDNIe.xcframework",
      "product_memberships" : [
        "iDNIe"
      ],
      "sources" : [
      ],
      "type" : "binary"
    }
  ],
  "tools_version" : "5.7"
}
Command line invocation:
    /Applications/Xcode-16.3.0.app/Contents/Developer/usr/bin/xcodebuild -IDEClonedSourcePackagesDirPathOverride=/Users/admin/builder/spi-builder-workspace/.dependencies -resolvePackageDependencies
Resolve Package Graph
Fetching from https://github.com/krzyzanowskim/OpenSSL.git
Creating working copy of package ‘OpenSSL’
Checking out 1.1.2301 of package ‘OpenSSL’
dependency 'openssl' is not used by any targetResolve Package Graph
dependency 'openssl' is not used by any target
Resolved source packages:
  iDNIe: /Users/admin/builder/spi-builder-workspace
  OpenSSL: https://github.com/krzyzanowskim/OpenSSL.git @ 1.1.2301
resolved source packages: iDNIe, OpenSSL
{
  "dependencies" : [
    {
      "identity" : "openssl",
      "requirement" : {
        "exact" : [
          "1.1.2301"
        ]
      },
      "type" : "sourceControl",
      "url" : "https://github.com/krzyzanowskim/OpenSSL.git"
    }
  ],
  "manifest_display_name" : "iDNIe",
  "name" : "iDNIe",
  "path" : "/Users/admin/builder/spi-builder-workspace",
  "platforms" : [
    {
      "name" : "macos",
      "version" : "12.0"
    },
    {
      "name" : "ios",
      "version" : "16.0"
    }
  ],
  "products" : [
    {
      "name" : "iDNIe",
      "targets" : [
        "iDNIe"
      ],
      "type" : {
        "library" : [
          "automatic"
        ]
      }
    }
  ],
  "targets" : [
    {
      "c99name" : "iDNIe",
      "module_type" : "BinaryTarget",
      "name" : "iDNIe",
      "path" : "Sources/iDNIe.xcframework",
      "product_memberships" : [
        "iDNIe"
      ],
      "sources" : [
      ],
      "type" : "binary"
    }
  ],
  "tools_version" : "5.7"
}
{
  "workspace" : {
    "name" : "spi-builder-workspace",
    "schemes" : [
      "iDNIe"
    ]
  }
}
Running build ...
env DEVELOPER_DIR=/Applications/Xcode-16.3.0.app xcrun xcodebuild -IDEClonedSourcePackagesDirPathOverride=$PWD/.dependencies -skipMacroValidation -skipPackagePluginValidation -derivedDataPath $PWD/.derivedData build -scheme iDNIe -destination generic/platform=watchOS OTHER_SWIFT_FLAGS=-stats-output-dir .stats -strict-concurrency=complete -enable-upcoming-feature StrictConcurrency -enable-upcoming-feature DisableOutwardActorInference -enable-upcoming-feature GlobalActorIsolatedTypesUsability -enable-upcoming-feature InferSendableFromCaptures
Command line invocation:
    /Applications/Xcode-16.3.0.app/Contents/Developer/usr/bin/xcodebuild -IDEClonedSourcePackagesDirPathOverride=/Users/admin/builder/spi-builder-workspace/.dependencies -skipMacroValidation -skipPackagePluginValidation -derivedDataPath /Users/admin/builder/spi-builder-workspace/.derivedData build -scheme iDNIe -destination generic/platform=watchOS "OTHER_SWIFT_FLAGS=-stats-output-dir .stats -strict-concurrency=complete -enable-upcoming-feature StrictConcurrency -enable-upcoming-feature DisableOutwardActorInference -enable-upcoming-feature GlobalActorIsolatedTypesUsability -enable-upcoming-feature InferSendableFromCaptures"
Build settings from command line:
    OTHER_SWIFT_FLAGS = -stats-output-dir .stats -strict-concurrency=complete -enable-upcoming-feature StrictConcurrency -enable-upcoming-feature DisableOutwardActorInference -enable-upcoming-feature GlobalActorIsolatedTypesUsability -enable-upcoming-feature InferSendableFromCaptures
Resolve Package Graph
dependency 'openssl' is not used by any target
Resolve Package Graph
dependency 'openssl' is not used by any target
Resolved source packages:
  OpenSSL: https://github.com/krzyzanowskim/OpenSSL.git @ 1.1.2301
  iDNIe: /Users/admin/builder/spi-builder-workspace
ComputePackagePrebuildTargetDependencyGraph
Prepare packages
CreateBuildRequest
SendProjectDescription
CreateBuildOperation
ComputeTargetDependencyGraph
note: Building targets in dependency order
note: Target dependency graph (1 target)
    Target 'iDNIe' in project 'iDNIe' (no dependencies)
GatherProvisioningInputs
CreateBuildDescription
ExecuteExternalTool /Applications/Xcode-16.3.0.app/Contents/Developer/Toolchains/XcodeDefault.xctoolchain/usr/bin/clang -v -E -dM -isysroot /Applications/Xcode-16.3.0.app/Contents/Developer/Platforms/WatchOS.platform/Developer/SDKs/WatchOS11.4.sdk -x c -c /dev/null
Build description signature: 8098f0b179d53265003e3e8badcafe6c
Build description path: /Users/admin/builder/spi-builder-workspace/.derivedData/Build/Intermediates.noindex/XCBuildData/8098f0b179d53265003e3e8badcafe6c.xcbuilddata
/Users/admin/builder/spi-builder-workspace/Sources/iDNIe.xcframework:1:1: error: While building for watchOS, no library for this platform was found in '/Users/admin/builder/spi-builder-workspace/Sources/iDNIe.xcframework'. (in target 'iDNIe' from project 'iDNIe')
** BUILD FAILED **
The following build commands failed:
	Building workspace spi-builder-workspace with scheme iDNIe
(1 failure)
Command line invocation:
    /Applications/Xcode-16.3.0.app/Contents/Developer/usr/bin/xcodebuild -IDEClonedSourcePackagesDirPathOverride=/Users/admin/builder/spi-builder-workspace/.dependencies -resolvePackageDependencies
Resolve Package Graph
dependency 'openssl' is not used by any target
Resolved source packages:
  iDNIe: /Users/admin/builder/spi-builder-workspace
  OpenSSL: https://github.com/krzyzanowskim/OpenSSL.git @ 1.1.2301
resolved source packages: iDNIe, OpenSSL
{
  "dependencies" : [
    {
      "identity" : "openssl",
      "requirement" : {
        "exact" : [
          "1.1.2301"
        ]
      },
      "type" : "sourceControl",
      "url" : "https://github.com/krzyzanowskim/OpenSSL.git"
    }
  ],
  "manifest_display_name" : "iDNIe",
  "name" : "iDNIe",
  "path" : "/Users/admin/builder/spi-builder-workspace",
  "platforms" : [
    {
      "name" : "macos",
      "version" : "12.0"
    },
    {
      "name" : "ios",
      "version" : "16.0"
    }
  ],
  "products" : [
    {
      "name" : "iDNIe",
      "targets" : [
        "iDNIe"
      ],
      "type" : {
        "library" : [
          "automatic"
        ]
      }
    }
  ],
  "targets" : [
    {
      "c99name" : "iDNIe",
      "module_type" : "BinaryTarget",
      "name" : "iDNIe",
      "path" : "Sources/iDNIe.xcframework",
      "product_memberships" : [
        "iDNIe"
      ],
      "sources" : [
      ],
      "type" : "binary"
    }
  ],
  "tools_version" : "5.7"
}
{
  "workspace" : {
    "name" : "spi-builder-workspace",
    "schemes" : [
      "iDNIe"
    ]
  }
}
Running build ...
env DEVELOPER_DIR=/Applications/Xcode-16.3.0.app xcrun xcodebuild -IDEClonedSourcePackagesDirPathOverride=$PWD/.dependencies -skipMacroValidation -skipPackagePluginValidation -derivedDataPath $PWD/.derivedData build -scheme iDNIe -destination generic/platform=watchOS
Command line invocation:
    /Applications/Xcode-16.3.0.app/Contents/Developer/usr/bin/xcodebuild -IDEClonedSourcePackagesDirPathOverride=/Users/admin/builder/spi-builder-workspace/.dependencies -skipMacroValidation -skipPackagePluginValidation -derivedDataPath /Users/admin/builder/spi-builder-workspace/.derivedData build -scheme iDNIe -destination generic/platform=watchOS
Resolve Package Graph
dependency 'openssl' is not used by any target
Resolved source packages:
  iDNIe: /Users/admin/builder/spi-builder-workspace
  OpenSSL: https://github.com/krzyzanowskim/OpenSSL.git @ 1.1.2301
ComputePackagePrebuildTargetDependencyGraph
Prepare packages
CreateBuildRequest
SendProjectDescription
CreateBuildOperation
ComputeTargetDependencyGraph
note: Building targets in dependency order
note: Target dependency graph (1 target)
    Target 'iDNIe' in project 'iDNIe' (no dependencies)
GatherProvisioningInputs
CreateBuildDescription
ExecuteExternalTool /Applications/Xcode-16.3.0.app/Contents/Developer/Toolchains/XcodeDefault.xctoolchain/usr/bin/clang -v -E -dM -isysroot /Applications/Xcode-16.3.0.app/Contents/Developer/Platforms/WatchOS.platform/Developer/SDKs/WatchOS11.4.sdk -x c -c /dev/null
Build description signature: 299bfac8f69bab933ce15fdb0b50865b
Build description path: /Users/admin/builder/spi-builder-workspace/.derivedData/Build/Intermediates.noindex/XCBuildData/299bfac8f69bab933ce15fdb0b50865b.xcbuilddata
/Users/admin/builder/spi-builder-workspace/Sources/iDNIe.xcframework:1:1: error: While building for watchOS, no library for this platform was found in '/Users/admin/builder/spi-builder-workspace/Sources/iDNIe.xcframework'. (in target 'iDNIe' from project 'iDNIe')
** BUILD FAILED **
The following build commands failed:
	Building workspace spi-builder-workspace with scheme iDNIe
(1 failure)
BUILD FAILURE 6.1 watchOS