The Swift Package Index logo.Swift Package Index

Build Information

Failed to build UsefulThingsSwiftUI, reference main (661474), with Swift 6.4 for watchOS using Xcode 27.0 on 24 Sep 2026 07:22:59 UTC.

Build Command

env DEVELOPER_DIR=/Applications/Xcode-27.0.0-Release.Candidate.app xcrun xcodebuild -IDEClonedSourcePackagesDirPathOverride=$PWD/.dependencies -skipMacroValidation -skipPackagePluginValidation -derivedDataPath $PWD/.derivedData build -scheme UsefulThingsSwiftUI -destination generic/platform=watchOS

Build Log

========================================
RunAll
========================================
Builder version: 5.1.0
Interrupt handler set up.
========================================
Checkout
========================================
Clone URL: https://github.com/atacan/UsefulThingsSwiftUI.git
Reference: main
Initialized empty Git repository in /Users/admin/builder/spi-builder-workspace/.git/
From https://github.com/atacan/UsefulThingsSwiftUI
 * branch            main       -> FETCH_HEAD
 * [new branch]      main       -> origin/main
HEAD is now at 6614748 Merge pull request #1 from atacan/agent/add-deepwiki-badge
Cloned https://github.com/atacan/UsefulThingsSwiftUI.git
Revision (git rev-parse @):
66147484adae9dcd02847a1ae695892c08ee0583
SUCCESS checkout https://github.com/atacan/UsefulThingsSwiftUI.git at main
========================================
Build
========================================
Selected platform:         watchOS
Swift version:             6.4
Building package at path:  $PWD
https://github.com/atacan/UsefulThingsSwiftUI.git
Command line invocation:
    /Applications/Xcode-27.0.0-Release.Candidate.app/Contents/Developer/usr/bin/xcodebuild -IDEClonedSourcePackagesDirPathOverride=/Users/admin/builder/spi-builder-workspace/.dependencies -resolvePackageDependencies
Resolve Package Graph
Resolve Package Graph
Resolved source packages:
  UsefulThingsSwiftUI: /Users/admin/builder/spi-builder-workspace
resolved source packages: UsefulThingsSwiftUI
2026-09-24 03:22:12.687 xcodebuild[560:3060] [MT] IDERunDestination: Supported platforms for the buildables in the current scheme is empty.
{
  "dependencies" : [
  ],
  "manifest_display_name" : "UsefulThingsSwiftUI",
  "name" : "UsefulThingsSwiftUI",
  "path" : "/Users/admin/builder/spi-builder-workspace",
  "platforms" : [
    {
      "name" : "ios",
      "version" : "14.0"
    },
    {
      "name" : "macos",
      "version" : "13.0"
    },
    {
      "name" : "tvos",
      "version" : "13.0"
    },
    {
      "name" : "watchos",
      "version" : "6.0"
    }
  ],
  "products" : [
    {
      "name" : "UsefulThingsSwiftUI",
      "targets" : [
        "UsefulThingsSwiftUI"
      ],
      "type" : {
        "library" : [
          "automatic"
        ]
      }
    }
  ],
  "targets" : [
    {
      "c99name" : "UsefulThingsSwiftUITests",
      "module_type" : "SwiftTarget",
      "name" : "UsefulThingsSwiftUITests",
      "path" : "Tests/UsefulThingsSwiftUITests",
      "sources" : [
        "UsefulThingsSwiftUITests.swift"
      ],
      "target_dependencies" : [
        "UsefulThingsSwiftUI"
      ],
      "type" : "test"
    },
    {
      "c99name" : "UsefulThingsSwiftUI",
      "module_type" : "SwiftTarget",
      "name" : "UsefulThingsSwiftUI",
      "path" : "Sources/UsefulThingsSwiftUI",
      "product_memberships" : [
        "UsefulThingsSwiftUI"
      ],
      "sources" : [
        "AccessibleSegmentedPicker.swift",
        "Axis.swift",
        "Binding+.swift",
        "CircularProgressView.swift",
        "Color+.swift",
        "CornerRadiusWithBorder.swift",
        "CursorChangeOnHover.swift",
        "DoubleClick.swift",
        "FileExport.swift",
        "FloatingPanel.swift",
        "Glow.swift",
        "Grids.swift",
        "Image+.swift",
        "MenuPicker.swift",
        "ModalPresenter/AlertPresenter.swift",
        "ModalPresenter/AnyAlertPresenter.swift",
        "ModalPresenter/AnyDialogPresenter.swift",
        "ModalPresenter/AnyFullScreenCoverPresenter.swift",
        "ModalPresenter/AnyMacWindowPresenter.swift",
        "ModalPresenter/AnyPopoverPresenter.swift",
        "ModalPresenter/AnySheetPresenter.swift",
        "ModalPresenter/AsyncModal.swift",
        "ModalPresenter/DialogPresenter.swift",
        "ModalPresenter/FullScreenCoverPresenter.swift",
        "ModalPresenter/MacWindowPresenter.swift",
        "ModalPresenter/PopoverPresenter.swift",
        "ModalPresenter/SheetPresenter.swift",
        "Nameable.swift",
        "OpenInWindow.swift",
        "PatientTextField.swift",
        "PopoverView.swift",
        "PopupButton.swift",
        "Rotation.swift",
        "ScrollViews.swift",
        "SegmentedControl.swift",
        "SizePreference.swift",
        "SplashView.swift",
        "Stacks.swift",
        "Transition.swift",
        "VisualEffectView.swift"
      ],
      "type" : "library"
    }
  ],
  "tools_version" : "5.9"
}
{
  "workspace" : {
    "name" : "UsefulThingsSwiftUI",
    "schemes" : [
      "UsefulThingsSwiftUI"
    ]
  }
}
2026-09-24 03:22:46.450 xcodebuild[657:3854] [MT] IDERunDestination: Supported platforms for the buildables in the current scheme is empty.
Running build ...
env DEVELOPER_DIR=/Applications/Xcode-27.0.0-Release.Candidate.app xcrun xcodebuild -IDEClonedSourcePackagesDirPathOverride=$PWD/.dependencies -skipMacroValidation -skipPackagePluginValidation -derivedDataPath $PWD/.derivedData build -scheme UsefulThingsSwiftUI -destination generic/platform=watchOS
Command line invocation:
    /Applications/Xcode-27.0.0-Release.Candidate.app/Contents/Developer/usr/bin/xcodebuild -IDEClonedSourcePackagesDirPathOverride=/Users/admin/builder/spi-builder-workspace/.dependencies -skipMacroValidation -skipPackagePluginValidation -derivedDataPath /Users/admin/builder/spi-builder-workspace/.derivedData build -scheme UsefulThingsSwiftUI -destination generic/platform=watchOS
Resolve Package Graph
Resolved source packages:
  UsefulThingsSwiftUI: /Users/admin/builder/spi-builder-workspace
ComputePackagePrebuildTargetDependencyGraph
Prepare packages
CreateBuildRequest
SendProjectDescription
CreateBuildOperation
ComputeTargetDependencyGraph
note: Building targets in dependency order
note: Target dependency graph (2 targets)
    Target 'UsefulThingsSwiftUI-product' in project 'UsefulThingsSwiftUI'
        ➜ Explicit dependency on target 'UsefulThingsSwiftUI' in project 'UsefulThingsSwiftUI'
    Target 'UsefulThingsSwiftUI' in project 'UsefulThingsSwiftUI' (no dependencies)
GatherProvisioningInputs
CreateBuildDescription
ExecuteExternalTool /Applications/Xcode-27.0.0-Release.Candidate.app/Contents/Developer/Toolchains/XcodeDefault.xctoolchain/usr/bin/clang -v -E -dM -isysroot /Applications/Xcode-27.0.0-Release.Candidate.app/Contents/Developer/Platforms/WatchOS.platform/Developer/SDKs/WatchOS27.0.sdk -x c -c /dev/null
ExecuteExternalTool /Applications/Xcode-27.0.0-Release.Candidate.app/Contents/Developer/Toolchains/XcodeDefault.xctoolchain/usr/bin/swiftc --version
ExecuteExternalTool /Applications/Xcode-27.0.0-Release.Candidate.app/Contents/Developer/Toolchains/XcodeDefault.xctoolchain/usr/bin/ld -version_details
Build description signature: 48e031ce2ff294c989d0042c2526d862
Build description path: /Users/admin/builder/spi-builder-workspace/.derivedData/Build/Intermediates.noindex/XCBuildData/48e031ce2ff294c989d0042c2526d862.xcbuilddata
CreateBuildDirectory /Users/admin/builder/spi-builder-workspace/.derivedData/CompilationCache.noindex
    cd /Users/admin/builder/spi-builder-workspace/.swiftpm/xcode
    builtin-create-build-directory /Users/admin/builder/spi-builder-workspace/.derivedData/CompilationCache.noindex
CreateBuildDirectory /Users/admin/builder/spi-builder-workspace/.derivedData/ModuleCache.noindex
    cd /Users/admin/builder/spi-builder-workspace/.swiftpm/xcode
    builtin-create-build-directory /Users/admin/builder/spi-builder-workspace/.derivedData/ModuleCache.noindex
CreateBuildDirectory /Users/admin/builder/spi-builder-workspace/.derivedData/SDKExplicitPrecompiledModules
    cd /Users/admin/builder/spi-builder-workspace/.swiftpm/xcode
    builtin-create-build-directory /Users/admin/builder/spi-builder-workspace/.derivedData/SDKExplicitPrecompiledModules
ClangStatCache /Applications/Xcode-27.0.0-Release.Candidate.app/Contents/Developer/Toolchains/XcodeDefault.xctoolchain/usr/bin/clang-stat-cache /Applications/Xcode-27.0.0-Release.Candidate.app/Contents/Developer/Platforms/WatchOS.platform/Developer/SDKs/WatchOS27.0.sdk /Users/admin/builder/spi-builder-workspace/.derivedData/SDKStatCaches.noindex/watchos27.0-24R360-e829b21a6f8c9b70876ba0858053c04477534ef55a1706bf4c1112bbb242f0a2.sdkstatcache
    cd /Users/admin/builder/spi-builder-workspace/.swiftpm/xcode
    /Applications/Xcode-27.0.0-Release.Candidate.app/Contents/Developer/Toolchains/XcodeDefault.xctoolchain/usr/bin/clang-stat-cache /Applications/Xcode-27.0.0-Release.Candidate.app/Contents/Developer/Platforms/WatchOS.platform/Developer/SDKs/WatchOS27.0.sdk -o /Users/admin/builder/spi-builder-workspace/.derivedData/SDKStatCaches.noindex/watchos27.0-24R360-e829b21a6f8c9b70876ba0858053c04477534ef55a1706bf4c1112bbb242f0a2.sdkstatcache
CreateBuildDirectory /Users/admin/builder/spi-builder-workspace/.derivedData/Build/Intermediates.noindex
    cd /Users/admin/builder/spi-builder-workspace/.swiftpm/xcode
    builtin-create-build-directory /Users/admin/builder/spi-builder-workspace/.derivedData/Build/Intermediates.noindex
CreateBuildDirectory /Users/admin/builder/spi-builder-workspace/.derivedData/Build/Products
    cd /Users/admin/builder/spi-builder-workspace/.swiftpm/xcode
    builtin-create-build-directory /Users/admin/builder/spi-builder-workspace/.derivedData/Build/Products
CreateBuildDirectory /Users/admin/builder/spi-builder-workspace/.derivedData/Build/Intermediates.noindex/SwiftExplicitPrecompiledModules
    cd /Users/admin/builder/spi-builder-workspace/.swiftpm/xcode
    builtin-create-build-directory /Users/admin/builder/spi-builder-workspace/.derivedData/Build/Intermediates.noindex/SwiftExplicitPrecompiledModules
CreateBuildDirectory /Users/admin/builder/spi-builder-workspace/.derivedData/Build/Intermediates.noindex/PrecompiledHeaders
    cd /Users/admin/builder/spi-builder-workspace/.swiftpm/xcode
    builtin-create-build-directory /Users/admin/builder/spi-builder-workspace/.derivedData/Build/Intermediates.noindex/PrecompiledHeaders
CreateBuildDirectory /Users/admin/builder/spi-builder-workspace/.derivedData/Build/Intermediates.noindex/ExplicitPrecompiledModules
    cd /Users/admin/builder/spi-builder-workspace/.swiftpm/xcode
    builtin-create-build-directory /Users/admin/builder/spi-builder-workspace/.derivedData/Build/Intermediates.noindex/ExplicitPrecompiledModules
CreateBuildDirectory /Users/admin/builder/spi-builder-workspace/.derivedData/Build/Intermediates.noindex/EagerLinkingTBDs/Debug-watchos
    cd /Users/admin/builder/spi-builder-workspace/.swiftpm/xcode
    builtin-create-build-directory /Users/admin/builder/spi-builder-workspace/.derivedData/Build/Intermediates.noindex/EagerLinkingTBDs/Debug-watchos
CreateBuildDirectory /Users/admin/builder/spi-builder-workspace/.derivedData/Build/Products/Debug-watchos
    cd /Users/admin/builder/spi-builder-workspace/.swiftpm/xcode
    builtin-create-build-directory /Users/admin/builder/spi-builder-workspace/.derivedData/Build/Products/Debug-watchos
CreateBuildDirectory /Users/admin/builder/spi-builder-workspace/.derivedData/Build/Products/Debug-watchos/PackageFrameworks
    cd /Users/admin/builder/spi-builder-workspace/.swiftpm/xcode
    builtin-create-build-directory /Users/admin/builder/spi-builder-workspace/.derivedData/Build/Products/Debug-watchos/PackageFrameworks
WriteAuxiliaryFile /Users/admin/builder/spi-builder-workspace/.derivedData/Build/Intermediates.noindex/UsefulThingsSwiftUI.build/Debug-watchos/UsefulThingsSwiftUI-t.build/UsefulThingsSwiftUI.DependencyStaticMetadataFileList (in target 'UsefulThingsSwiftUI' from project 'UsefulThingsSwiftUI')
    cd /Users/admin/builder/spi-builder-workspace
    write-file /Users/admin/builder/spi-builder-workspace/.derivedData/Build/Intermediates.noindex/UsefulThingsSwiftUI.build/Debug-watchos/UsefulThingsSwiftUI-t.build/UsefulThingsSwiftUI.DependencyStaticMetadataFileList
WriteAuxiliaryFile /Users/admin/builder/spi-builder-workspace/.derivedData/Build/Intermediates.noindex/UsefulThingsSwiftUI.build/Debug-watchos/UsefulThingsSwiftUI-t.build/UsefulThingsSwiftUI.DependencyMetadataFileList (in target 'UsefulThingsSwiftUI' from project 'UsefulThingsSwiftUI')
    cd /Users/admin/builder/spi-builder-workspace
    write-file /Users/admin/builder/spi-builder-workspace/.derivedData/Build/Intermediates.noindex/UsefulThingsSwiftUI.build/Debug-watchos/UsefulThingsSwiftUI-t.build/UsefulThingsSwiftUI.DependencyMetadataFileList
WriteAuxiliaryFile /Users/admin/builder/spi-builder-workspace/.derivedData/Build/Intermediates.noindex/UsefulThingsSwiftUI.build/Debug-watchos/UsefulThingsSwiftUI-t.build/UsefulThingsSwiftUI.modulemap (in target 'UsefulThingsSwiftUI' from project 'UsefulThingsSwiftUI')
    cd /Users/admin/builder/spi-builder-workspace
    write-file /Users/admin/builder/spi-builder-workspace/.derivedData/Build/Intermediates.noindex/UsefulThingsSwiftUI.build/Debug-watchos/UsefulThingsSwiftUI-t.build/UsefulThingsSwiftUI.modulemap
WriteAuxiliaryFile /Users/admin/builder/spi-builder-workspace/.derivedData/Build/Intermediates.noindex/UsefulThingsSwiftUI.build/Debug-watchos/UsefulThingsSwiftUI-t.build/Objects-normal/arm64_32/UsefulThingsSwiftUI.SwiftFileList (in target 'UsefulThingsSwiftUI' from project 'UsefulThingsSwiftUI')
    cd /Users/admin/builder/spi-builder-workspace
    write-file /Users/admin/builder/spi-builder-workspace/.derivedData/Build/Intermediates.noindex/UsefulThingsSwiftUI.build/Debug-watchos/UsefulThingsSwiftUI-t.build/Objects-normal/arm64_32/UsefulThingsSwiftUI.SwiftFileList
WriteAuxiliaryFile /Users/admin/builder/spi-builder-workspace/.derivedData/Build/Intermediates.noindex/UsefulThingsSwiftUI.build/Debug-watchos/UsefulThingsSwiftUI-t.build/Objects-normal/arm64_32/UsefulThingsSwiftUI-OutputFileMap.json (in target 'UsefulThingsSwiftUI' from project 'UsefulThingsSwiftUI')
    cd /Users/admin/builder/spi-builder-workspace
    write-file /Users/admin/builder/spi-builder-workspace/.derivedData/Build/Intermediates.noindex/UsefulThingsSwiftUI.build/Debug-watchos/UsefulThingsSwiftUI-t.build/Objects-normal/arm64_32/UsefulThingsSwiftUI-OutputFileMap.json
WriteAuxiliaryFile /Users/admin/builder/spi-builder-workspace/.derivedData/Build/Intermediates.noindex/UsefulThingsSwiftUI.build/Debug-watchos/UsefulThingsSwiftUI-t.build/Objects-normal/arm64_32/UsefulThingsSwiftUI_const_extract_protocols.json (in target 'UsefulThingsSwiftUI' from project 'UsefulThingsSwiftUI')
    cd /Users/admin/builder/spi-builder-workspace
    write-file /Users/admin/builder/spi-builder-workspace/.derivedData/Build/Intermediates.noindex/UsefulThingsSwiftUI.build/Debug-watchos/UsefulThingsSwiftUI-t.build/Objects-normal/arm64_32/UsefulThingsSwiftUI_const_extract_protocols.json
WriteAuxiliaryFile /Users/admin/builder/spi-builder-workspace/.derivedData/Build/Intermediates.noindex/UsefulThingsSwiftUI.build/Debug-watchos/UsefulThingsSwiftUI-t.build/Objects-normal/arm64_32/UsefulThingsSwiftUI.LinkFileList (in target 'UsefulThingsSwiftUI' from project 'UsefulThingsSwiftUI')
    cd /Users/admin/builder/spi-builder-workspace
    write-file /Users/admin/builder/spi-builder-workspace/.derivedData/Build/Intermediates.noindex/UsefulThingsSwiftUI.build/Debug-watchos/UsefulThingsSwiftUI-t.build/Objects-normal/arm64_32/UsefulThingsSwiftUI.LinkFileList
WriteAuxiliaryFile /Users/admin/builder/spi-builder-workspace/.derivedData/Build/Intermediates.noindex/UsefulThingsSwiftUI.build/Debug-watchos/UsefulThingsSwiftUI-t.build/Objects-normal/arm64/UsefulThingsSwiftUI_const_extract_protocols.json (in target 'UsefulThingsSwiftUI' from project 'UsefulThingsSwiftUI')
    cd /Users/admin/builder/spi-builder-workspace
    write-file /Users/admin/builder/spi-builder-workspace/.derivedData/Build/Intermediates.noindex/UsefulThingsSwiftUI.build/Debug-watchos/UsefulThingsSwiftUI-t.build/Objects-normal/arm64/UsefulThingsSwiftUI_const_extract_protocols.json
WriteAuxiliaryFile /Users/admin/builder/spi-builder-workspace/.derivedData/Build/Intermediates.noindex/UsefulThingsSwiftUI.build/Debug-watchos/UsefulThingsSwiftUI-t.build/Objects-normal/arm64_32/UsefulThingsSwiftUI.SwiftConstValuesFileList (in target 'UsefulThingsSwiftUI' from project 'UsefulThingsSwiftUI')
    cd /Users/admin/builder/spi-builder-workspace
    write-file /Users/admin/builder/spi-builder-workspace/.derivedData/Build/Intermediates.noindex/UsefulThingsSwiftUI.build/Debug-watchos/UsefulThingsSwiftUI-t.build/Objects-normal/arm64_32/UsefulThingsSwiftUI.SwiftConstValuesFileList
WriteAuxiliaryFile /Users/admin/builder/spi-builder-workspace/.derivedData/Build/Intermediates.noindex/UsefulThingsSwiftUI.build/Debug-watchos/UsefulThingsSwiftUI-t.build/Objects-normal/arm64/UsefulThingsSwiftUI.SwiftFileList (in target 'UsefulThingsSwiftUI' from project 'UsefulThingsSwiftUI')
    cd /Users/admin/builder/spi-builder-workspace
    write-file /Users/admin/builder/spi-builder-workspace/.derivedData/Build/Intermediates.noindex/UsefulThingsSwiftUI.build/Debug-watchos/UsefulThingsSwiftUI-t.build/Objects-normal/arm64/UsefulThingsSwiftUI.SwiftFileList
WriteAuxiliaryFile /Users/admin/builder/spi-builder-workspace/.derivedData/Build/Intermediates.noindex/UsefulThingsSwiftUI.build/Debug-watchos/UsefulThingsSwiftUI-t.build/Objects-normal/arm64/UsefulThingsSwiftUI.SwiftConstValuesFileList (in target 'UsefulThingsSwiftUI' from project 'UsefulThingsSwiftUI')
    cd /Users/admin/builder/spi-builder-workspace
    write-file /Users/admin/builder/spi-builder-workspace/.derivedData/Build/Intermediates.noindex/UsefulThingsSwiftUI.build/Debug-watchos/UsefulThingsSwiftUI-t.build/Objects-normal/arm64/UsefulThingsSwiftUI.SwiftConstValuesFileList
WriteAuxiliaryFile /Users/admin/builder/spi-builder-workspace/.derivedData/Build/Intermediates.noindex/UsefulThingsSwiftUI.build/Debug-watchos/UsefulThingsSwiftUI-t.build/Objects-normal/arm64/UsefulThingsSwiftUI.LinkFileList (in target 'UsefulThingsSwiftUI' from project 'UsefulThingsSwiftUI')
    cd /Users/admin/builder/spi-builder-workspace
    write-file /Users/admin/builder/spi-builder-workspace/.derivedData/Build/Intermediates.noindex/UsefulThingsSwiftUI.build/Debug-watchos/UsefulThingsSwiftUI-t.build/Objects-normal/arm64/UsefulThingsSwiftUI.LinkFileList
WriteAuxiliaryFile /Users/admin/builder/spi-builder-workspace/.derivedData/Build/Intermediates.noindex/UsefulThingsSwiftUI.build/Debug-watchos/UsefulThingsSwiftUI-t.build/Objects-normal/arm64/UsefulThingsSwiftUI-OutputFileMap.json (in target 'UsefulThingsSwiftUI' from project 'UsefulThingsSwiftUI')
    cd /Users/admin/builder/spi-builder-workspace
    write-file /Users/admin/builder/spi-builder-workspace/.derivedData/Build/Intermediates.noindex/UsefulThingsSwiftUI.build/Debug-watchos/UsefulThingsSwiftUI-t.build/Objects-normal/arm64/UsefulThingsSwiftUI-OutputFileMap.json
Copy /Users/admin/builder/spi-builder-workspace/.derivedData/Build/Intermediates.noindex/GeneratedModuleMaps-watchos/UsefulThingsSwiftUI.modulemap /Users/admin/builder/spi-builder-workspace/.derivedData/Build/Intermediates.noindex/UsefulThingsSwiftUI.build/Debug-watchos/UsefulThingsSwiftUI-t.build/UsefulThingsSwiftUI.modulemap (in target 'UsefulThingsSwiftUI' from project 'UsefulThingsSwiftUI')
    cd /Users/admin/builder/spi-builder-workspace
    builtin-copy -exclude .DS_Store -exclude CVS -exclude .svn -exclude .git -exclude .hg -resolve-src-symlinks /Users/admin/builder/spi-builder-workspace/.derivedData/Build/Intermediates.noindex/UsefulThingsSwiftUI.build/Debug-watchos/UsefulThingsSwiftUI-t.build/UsefulThingsSwiftUI.modulemap /Users/admin/builder/spi-builder-workspace/.derivedData/Build/Intermediates.noindex/GeneratedModuleMaps-watchos
SwiftDriver UsefulThingsSwiftUI normal arm64 com.apple.xcode.tools.swift.compiler (in target 'UsefulThingsSwiftUI' from project 'UsefulThingsSwiftUI')
    cd /Users/admin/builder/spi-builder-workspace/.swiftpm/xcode
    builtin-SwiftDriver -- /Applications/Xcode-27.0.0-Release.Candidate.app/Contents/Developer/Toolchains/XcodeDefault.xctoolchain/usr/bin/swiftc -parse-as-library -module-name UsefulThingsSwiftUI -Onone @/Users/admin/builder/spi-builder-workspace/.derivedData/Build/Intermediates.noindex/UsefulThingsSwiftUI.build/Debug-watchos/UsefulThingsSwiftUI-t.build/Objects-normal/arm64/UsefulThingsSwiftUI.SwiftFileList -DSWIFT_PACKAGE -DDEBUG -DSWIFT_MODULE_RESOURCE_BUNDLE_UNAVAILABLE -DXcode -plugin-path /Applications/Xcode-27.0.0-Release.Candidate.app/Contents/Developer/Toolchains/XcodeDefault.xctoolchain/usr/lib/swift/host/plugins/testing -enable-experimental-feature DebugDescriptionMacro -sdk /Applications/Xcode-27.0.0-Release.Candidate.app/Contents/Developer/Platforms/WatchOS.platform/Developer/SDKs/WatchOS27.0.sdk -target arm64-apple-watchos9.0 -g -module-cache-path /Users/admin/builder/spi-builder-workspace/.derivedData/ModuleCache.noindex -Xfrontend -serialize-debugging-options -profile-coverage-mapping -profile-generate -enable-testing -index-store-path /Users/admin/builder/spi-builder-workspace/.derivedData/Index.noindex/DataStore -Xcc -D_LIBCPP_HARDENING_MODE\=_LIBCPP_HARDENING_MODE_DEBUG -swift-version 5 -I /Users/admin/builder/spi-builder-workspace/.derivedData/Build/Products/Debug-watchos -Isystem /Applications/Xcode-27.0.0-Release.Candidate.app/Contents/Developer/Platforms/WatchOS.platform/Developer/usr/lib -F /Users/admin/builder/spi-builder-workspace/.derivedData/Build/Products/Debug-watchos -F /Applications/Xcode-27.0.0-Release.Candidate.app/Contents/Developer/Platforms/WatchOS.platform/Developer/Library/Frameworks -F /Applications/Xcode-27.0.0-Release.Candidate.app/Contents/Developer/Platforms/WatchOS.platform/Developer/SDKs/WatchOS27.0.sdk/Developer/Library/Frameworks -c -j10 -enable-batch-mode -incremental -Xcc -ivfsstatcache -Xcc /Users/admin/builder/spi-builder-workspace/.derivedData/SDKStatCaches.noindex/watchos27.0-24R360-e829b21a6f8c9b70876ba0858053c04477534ef55a1706bf4c1112bbb242f0a2.sdkstatcache -output-file-map /Users/admin/builder/spi-builder-workspace/.derivedData/Build/Intermediates.noindex/UsefulThingsSwiftUI.build/Debug-watchos/UsefulThingsSwiftUI-t.build/Objects-normal/arm64/UsefulThingsSwiftUI-OutputFileMap.json -save-temps -no-color-diagnostics -explicit-module-build -module-cache-path /Users/admin/builder/spi-builder-workspace/.derivedData/Build/Intermediates.noindex/SwiftExplicitPrecompiledModules -clang-scanner-module-cache-path /Users/admin/builder/spi-builder-workspace/.derivedData/ModuleCache.noindex -sdk-module-cache-path /Users/admin/builder/spi-builder-workspace/.derivedData/SDKExplicitPrecompiledModules -emit-dependencies -emit-module -emit-module-path /Users/admin/builder/spi-builder-workspace/.derivedData/Build/Intermediates.noindex/UsefulThingsSwiftUI.build/Debug-watchos/UsefulThingsSwiftUI-t.build/Objects-normal/arm64/UsefulThingsSwiftUI.swiftmodule -serialize-diagnostics -dependency-scan-serialize-diagnostics-path /Users/admin/builder/spi-builder-workspace/.derivedData/Build/Intermediates.noindex/UsefulThingsSwiftUI.build/Debug-watchos/UsefulThingsSwiftUI-t.build/Objects-normal/arm64/UsefulThingsSwiftUI-dependency-scan.dia -validate-clang-modules-once -clang-build-session-file /Users/admin/builder/spi-builder-workspace/.derivedData/ModuleCache.noindex/Session.modulevalidation -Xcc -fmodules-prune-interval\=86400 -Xcc -fmodules-prune-after\=345600 -package-name spi_builder_workspace -emit-const-values -const-gather-protocols-list /Users/admin/builder/spi-builder-workspace/.derivedData/Build/Intermediates.noindex/UsefulThingsSwiftUI.build/Debug-watchos/UsefulThingsSwiftUI-t.build/Objects-normal/arm64/UsefulThingsSwiftUI_const_extract_protocols.json -Xcc -I/Users/admin/builder/spi-builder-workspace/.derivedData/Build/Products/Debug-watchos/include -Xcc -I/Users/admin/builder/spi-builder-workspace/.derivedData/Build/Intermediates.noindex/UsefulThingsSwiftUI.build/Debug-watchos/UsefulThingsSwiftUI-t.build/DerivedSources-normal/arm64 -Xcc -I/Users/admin/builder/spi-builder-workspace/.derivedData/Build/Intermediates.noindex/UsefulThingsSwiftUI.build/Debug-watchos/UsefulThingsSwiftUI-t.build/DerivedSources/arm64 -Xcc -I/Users/admin/builder/spi-builder-workspace/.derivedData/Build/Intermediates.noindex/UsefulThingsSwiftUI.build/Debug-watchos/UsefulThingsSwiftUI-t.build/DerivedSources -Xcc -DSWIFT_PACKAGE -Xcc -DDEBUG\=1 -emit-objc-header -emit-objc-header-path /Users/admin/builder/spi-builder-workspace/.derivedData/Build/Intermediates.noindex/UsefulThingsSwiftUI.build/Debug-watchos/UsefulThingsSwiftUI-t.build/Objects-normal/arm64/UsefulThingsSwiftUI-Swift.h -working-directory /Users/admin/builder/spi-builder-workspace/.swiftpm/xcode -experimental-emit-module-separately -disable-cmo
SwiftDriver UsefulThingsSwiftUI normal arm64_32 com.apple.xcode.tools.swift.compiler (in target 'UsefulThingsSwiftUI' from project 'UsefulThingsSwiftUI')
    cd /Users/admin/builder/spi-builder-workspace/.swiftpm/xcode
    builtin-SwiftDriver -- /Applications/Xcode-27.0.0-Release.Candidate.app/Contents/Developer/Toolchains/XcodeDefault.xctoolchain/usr/bin/swiftc -parse-as-library -module-name UsefulThingsSwiftUI -Onone @/Users/admin/builder/spi-builder-workspace/.derivedData/Build/Intermediates.noindex/UsefulThingsSwiftUI.build/Debug-watchos/UsefulThingsSwiftUI-t.build/Objects-normal/arm64_32/UsefulThingsSwiftUI.SwiftFileList -DSWIFT_PACKAGE -DDEBUG -DSWIFT_MODULE_RESOURCE_BUNDLE_UNAVAILABLE -DXcode -plugin-path /Applications/Xcode-27.0.0-Release.Candidate.app/Contents/Developer/Toolchains/XcodeDefault.xctoolchain/usr/lib/swift/host/plugins/testing -enable-experimental-feature DebugDescriptionMacro -sdk /Applications/Xcode-27.0.0-Release.Candidate.app/Contents/Developer/Platforms/WatchOS.platform/Developer/SDKs/WatchOS27.0.sdk -target arm64_32-apple-watchos9.0 -g -module-cache-path /Users/admin/builder/spi-builder-workspace/.derivedData/ModuleCache.noindex -Xfrontend -serialize-debugging-options -profile-coverage-mapping -profile-generate -enable-testing -index-store-path /Users/admin/builder/spi-builder-workspace/.derivedData/Index.noindex/DataStore -Xcc -D_LIBCPP_HARDENING_MODE\=_LIBCPP_HARDENING_MODE_DEBUG -swift-version 5 -I /Users/admin/builder/spi-builder-workspace/.derivedData/Build/Products/Debug-watchos -Isystem /Applications/Xcode-27.0.0-Release.Candidate.app/Contents/Developer/Platforms/WatchOS.platform/Developer/usr/lib -F /Users/admin/builder/spi-builder-workspace/.derivedData/Build/Products/Debug-watchos -F /Applications/Xcode-27.0.0-Release.Candidate.app/Contents/Developer/Platforms/WatchOS.platform/Developer/Library/Frameworks -F /Applications/Xcode-27.0.0-Release.Candidate.app/Contents/Developer/Platforms/WatchOS.platform/Developer/SDKs/WatchOS27.0.sdk/Developer/Library/Frameworks -c -j10 -enable-batch-mode -incremental -Xcc -ivfsstatcache -Xcc /Users/admin/builder/spi-builder-workspace/.derivedData/SDKStatCaches.noindex/watchos27.0-24R360-e829b21a6f8c9b70876ba0858053c04477534ef55a1706bf4c1112bbb242f0a2.sdkstatcache -output-file-map /Users/admin/builder/spi-builder-workspace/.derivedData/Build/Intermediates.noindex/UsefulThingsSwiftUI.build/Debug-watchos/UsefulThingsSwiftUI-t.build/Objects-normal/arm64_32/UsefulThingsSwiftUI-OutputFileMap.json -save-temps -no-color-diagnostics -explicit-module-build -module-cache-path /Users/admin/builder/spi-builder-workspace/.derivedData/Build/Intermediates.noindex/SwiftExplicitPrecompiledModules -clang-scanner-module-cache-path /Users/admin/builder/spi-builder-workspace/.derivedData/ModuleCache.noindex -sdk-module-cache-path /Users/admin/builder/spi-builder-workspace/.derivedData/SDKExplicitPrecompiledModules -emit-dependencies -emit-module -emit-module-path /Users/admin/builder/spi-builder-workspace/.derivedData/Build/Intermediates.noindex/UsefulThingsSwiftUI.build/Debug-watchos/UsefulThingsSwiftUI-t.build/Objects-normal/arm64_32/UsefulThingsSwiftUI.swiftmodule -serialize-diagnostics -dependency-scan-serialize-diagnostics-path /Users/admin/builder/spi-builder-workspace/.derivedData/Build/Intermediates.noindex/UsefulThingsSwiftUI.build/Debug-watchos/UsefulThingsSwiftUI-t.build/Objects-normal/arm64_32/UsefulThingsSwiftUI-dependency-scan.dia -validate-clang-modules-once -clang-build-session-file /Users/admin/builder/spi-builder-workspace/.derivedData/ModuleCache.noindex/Session.modulevalidation -Xcc -fmodules-prune-interval\=86400 -Xcc -fmodules-prune-after\=345600 -package-name spi_builder_workspace -emit-const-values -const-gather-protocols-list /Users/admin/builder/spi-builder-workspace/.derivedData/Build/Intermediates.noindex/UsefulThingsSwiftUI.build/Debug-watchos/UsefulThingsSwiftUI-t.build/Objects-normal/arm64_32/UsefulThingsSwiftUI_const_extract_protocols.json -Xcc -I/Users/admin/builder/spi-builder-workspace/.derivedData/Build/Products/Debug-watchos/include -Xcc -I/Users/admin/builder/spi-builder-workspace/.derivedData/Build/Intermediates.noindex/UsefulThingsSwiftUI.build/Debug-watchos/UsefulThingsSwiftUI-t.build/DerivedSources-normal/arm64_32 -Xcc -I/Users/admin/builder/spi-builder-workspace/.derivedData/Build/Intermediates.noindex/UsefulThingsSwiftUI.build/Debug-watchos/UsefulThingsSwiftUI-t.build/DerivedSources/arm64_32 -Xcc -I/Users/admin/builder/spi-builder-workspace/.derivedData/Build/Intermediates.noindex/UsefulThingsSwiftUI.build/Debug-watchos/UsefulThingsSwiftUI-t.build/DerivedSources -Xcc -DSWIFT_PACKAGE -Xcc -DDEBUG\=1 -emit-objc-header -emit-objc-header-path /Users/admin/builder/spi-builder-workspace/.derivedData/Build/Intermediates.noindex/UsefulThingsSwiftUI.build/Debug-watchos/UsefulThingsSwiftUI-t.build/Objects-normal/arm64_32/UsefulThingsSwiftUI-Swift.h -working-directory /Users/admin/builder/spi-builder-workspace/.swiftpm/xcode -experimental-emit-module-separately -disable-cmo
SwiftExplicitDependencyGeneratePcm arm64_32 /Users/admin/builder/spi-builder-workspace/.derivedData/SDKExplicitPrecompiledModules/_Builtin_float-6KO8O3PEWRCA4WC6PPLOYO6WJ.pcm
SwiftExplicitDependencyGeneratePcm arm64_32 /Users/admin/builder/spi-builder-workspace/.derivedData/SDKExplicitPrecompiledModules/_SwiftConcurrencyShims-6RTBPQ03V7BM9SPRK8SUE055H.pcm
SwiftExplicitDependencyGeneratePcm arm64_32 /Users/admin/builder/spi-builder-workspace/.derivedData/SDKExplicitPrecompiledModules/_AvailabilityInternal-244WAN3Z1QBT7PIA64EZEFY1R.pcm
SwiftExplicitDependencyGeneratePcm arm64_32 /Users/admin/builder/spi-builder-workspace/.derivedData/SDKExplicitPrecompiledModules/ptrcheck-7ELIH9BTIGVKX3UBITM9N72WD.pcm
SwiftExplicitDependencyGeneratePcm arm64_32 /Users/admin/builder/spi-builder-workspace/.derivedData/SDKExplicitPrecompiledModules/_Builtin_stdarg-D305JG44A2WPI6CJY37X3QJE8.pcm
SwiftExplicitDependencyGeneratePcm arm64_32 /Users/admin/builder/spi-builder-workspace/.derivedData/SDKExplicitPrecompiledModules/SwiftShims-9CQQGWTSNTN9EB5NSHDWUJICH.pcm
SwiftExplicitDependencyGeneratePcm arm64_32 /Users/admin/builder/spi-builder-workspace/.derivedData/SDKExplicitPrecompiledModules/_Builtin_stdbool-A967K8W8YUYEC9SN52KJ7OO88.pcm
SwiftExplicitDependencyGeneratePcm arm64_32 /Users/admin/builder/spi-builder-workspace/.derivedData/SDKExplicitPrecompiledModules/_Builtin_stddef-H44EFHQX6XSS5MZ7QP6YJZ76.pcm
SwiftExplicitDependencyGeneratePcm arm64_32 /Users/admin/builder/spi-builder-workspace/.derivedData/SDKExplicitPrecompiledModules/ptrauth-BFXF358ME5AK535N5A9Z766WU.pcm
SwiftExplicitDependencyGeneratePcm arm64_32 /Users/admin/builder/spi-builder-workspace/.derivedData/SDKExplicitPrecompiledModules/DeveloperToolsSupport-DZU5G1OCMNWU0AQRULIFHUJ1Z.pcm
SwiftExplicitDependencyGeneratePcm arm64 /Users/admin/builder/spi-builder-workspace/.derivedData/SDKExplicitPrecompiledModules/DeveloperToolsSupport-E7CNISCB36UE8XQ9IOHK9XDX1.pcm
SwiftExplicitDependencyGeneratePcm arm64 /Users/admin/builder/spi-builder-workspace/.derivedData/SDKExplicitPrecompiledModules/_Builtin_stddef-1FU30Y8SWFB7OUUHMJQH5J6FM.pcm
SwiftExplicitDependencyGeneratePcm arm64 /Users/admin/builder/spi-builder-workspace/.derivedData/SDKExplicitPrecompiledModules/ptrauth-3TZ9WJCGLYD25HQPWH4968ONX.pcm
SwiftExplicitDependencyGeneratePcm arm64 /Users/admin/builder/spi-builder-workspace/.derivedData/SDKExplicitPrecompiledModules/_AvailabilityInternal-BUNV3UXM65NT37THI4W1AM0SF.pcm
SwiftExplicitDependencyGeneratePcm arm64 /Users/admin/builder/spi-builder-workspace/.derivedData/SDKExplicitPrecompiledModules/ptrcheck-AIF0NDOYZ8ORBNHQAQR5NNB8M.pcm
SwiftExplicitDependencyGeneratePcm arm64 /Users/admin/builder/spi-builder-workspace/.derivedData/SDKExplicitPrecompiledModules/SwiftShims-4MXFZPV6FEB0XBYXCGPWAMQGL.pcm
SwiftExplicitDependencyGeneratePcm arm64 /Users/admin/builder/spi-builder-workspace/.derivedData/SDKExplicitPrecompiledModules/_Builtin_float-C0CW5Q4HGBQYKE77TC42IAFB5.pcm
SwiftExplicitDependencyGeneratePcm arm64 /Users/admin/builder/spi-builder-workspace/.derivedData/SDKExplicitPrecompiledModules/_SwiftConcurrencyShims-659N52XSKR5F0QSB880BH2FJR.pcm
SwiftExplicitDependencyGeneratePcm arm64 /Users/admin/builder/spi-builder-workspace/.derivedData/SDKExplicitPrecompiledModules/_Builtin_stdbool-83J96QSOFE9VX04AAS6310UAE.pcm
SwiftExplicitDependencyGeneratePcm arm64_32 /Users/admin/builder/spi-builder-workspace/.derivedData/SDKExplicitPrecompiledModules/_DarwinFoundation1-2GWF9RFMPLQW4PDHS3NARVI3G.pcm
SwiftExplicitDependencyGeneratePcm arm64 /Users/admin/builder/spi-builder-workspace/.derivedData/SDKExplicitPrecompiledModules/_Builtin_stdarg-A7UU8LE6MP85SM26YO7PBZNUQ.pcm
SwiftExplicitDependencyGeneratePcm arm64 /Users/admin/builder/spi-builder-workspace/.derivedData/SDKExplicitPrecompiledModules/_DarwinFoundation1-7SPX3MD0HMP55E4OLNCPNDQ53.pcm
SwiftExplicitDependencyGeneratePcm arm64_32 /Users/admin/builder/spi-builder-workspace/.derivedData/SDKExplicitPrecompiledModules/_DarwinFoundation2-9MY8GOSYRO0M9MKNXF6D3MBNK.pcm
SwiftExplicitDependencyGeneratePcm arm64_32 /Users/admin/builder/spi-builder-workspace/.derivedData/SDKExplicitPrecompiledModules/_Builtin_limits-3VKBU2AFTD65PAJZ5CJ3LHFM2.pcm
SwiftExplicitDependencyGeneratePcm arm64 /Users/admin/builder/spi-builder-workspace/.derivedData/SDKExplicitPrecompiledModules/_Builtin_limits-9GWPA2B0H20DYUNYHYCWKABJG.pcm
SwiftExplicitDependencyGeneratePcm arm64 /Users/admin/builder/spi-builder-workspace/.derivedData/SDKExplicitPrecompiledModules/_DarwinFoundation2-D0XAPJU49S5E9XMKYOFGSTB1Q.pcm
SwiftExplicitDependencyGeneratePcm arm64_32 /Users/admin/builder/spi-builder-workspace/.derivedData/SDKExplicitPrecompiledModules/_Builtin_stdint-1HMXWI3V0V4TXHRWZOMZGZ80Y.pcm
SwiftExplicitDependencyGeneratePcm arm64_32 /Users/admin/builder/spi-builder-workspace/.derivedData/SDKExplicitPrecompiledModules/sys_types-8TLLMW08ZJWDGIIPKOYFGHHZW.pcm
SwiftExplicitDependencyGeneratePcm arm64_32 /Users/admin/builder/spi-builder-workspace/.derivedData/SDKExplicitPrecompiledModules/_Builtin_tgmath-23PGCKURCQILXMK0MYZRYDCOU.pcm
SwiftExplicitDependencyGeneratePcm arm64_32 /Users/admin/builder/spi-builder-workspace/.derivedData/SDKExplicitPrecompiledModules/string_h-BFVLUQUSBZWYMLCU9QI7VZALW.pcm
SwiftExplicitDependencyGeneratePcm arm64 /Users/admin/builder/spi-builder-workspace/.derivedData/SDKExplicitPrecompiledModules/_Builtin_tgmath-8NQ96OZ0YHXEC24JI95P01UF8.pcm
SwiftExplicitDependencyGeneratePcm arm64 /Users/admin/builder/spi-builder-workspace/.derivedData/SDKExplicitPrecompiledModules/string_h-E6PRXK75PHIPCZFWOFCQ3QBMK.pcm
SwiftExplicitDependencyGeneratePcm arm64 /Users/admin/builder/spi-builder-workspace/.derivedData/SDKExplicitPrecompiledModules/sys_types-2KXQLI78OUCDP779AE68GZJ2.pcm
SwiftExplicitDependencyGeneratePcm arm64 /Users/admin/builder/spi-builder-workspace/.derivedData/SDKExplicitPrecompiledModules/_Builtin_stdint-8XMILLJZEGRN2XG7XZUXZ5RLX.pcm
SwiftExplicitDependencyGeneratePcm arm64_32 /Users/admin/builder/spi-builder-workspace/.derivedData/SDKExplicitPrecompiledModules/_Builtin_stdatomic-1TY035TURL76BF2U98PZPPZRX.pcm
SwiftExplicitDependencyGeneratePcm arm64_32 /Users/admin/builder/spi-builder-workspace/.derivedData/SDKExplicitPrecompiledModules/_DarwinFoundation3-3DUTYQDQSD9HUAAVY947NMWOI.pcm
SwiftExplicitDependencyGeneratePcm arm64_32 /Users/admin/builder/spi-builder-workspace/.derivedData/SDKExplicitPrecompiledModules/_Builtin_intrinsics-196IIAKDQVU42DLOZP9OQCV76.pcm
SwiftExplicitDependencyGeneratePcm arm64 /Users/admin/builder/spi-builder-workspace/.derivedData/SDKExplicitPrecompiledModules/_Builtin_intrinsics-75960HIPCIYA06IUW8FIIPQT.pcm
SwiftExplicitDependencyGeneratePcm arm64 /Users/admin/builder/spi-builder-workspace/.derivedData/SDKExplicitPrecompiledModules/_Builtin_stdatomic-7JEFA3KBJJJN6TKJWY3OG1VG5.pcm
SwiftExplicitDependencyGeneratePcm arm64 /Users/admin/builder/spi-builder-workspace/.derivedData/SDKExplicitPrecompiledModules/_DarwinFoundation3-B97LRG0E9GON2NUE65TVG81HU.pcm
SwiftExplicitDependencyGeneratePcm arm64_32 /Users/admin/builder/spi-builder-workspace/.derivedData/SDKExplicitPrecompiledModules/_Builtin_inttypes-D2KPCR4PEX9AQA33NGLUT5SBR.pcm
SwiftExplicitDependencyGeneratePcm arm64_32 /Users/admin/builder/spi-builder-workspace/.derivedData/SDKExplicitPrecompiledModules/Darwin-3FVT1SKLN2ZQ5RVOABMTQBB34.pcm
SwiftExplicitDependencyGeneratePcm arm64 /Users/admin/builder/spi-builder-workspace/.derivedData/SDKExplicitPrecompiledModules/_Builtin_inttypes-3UQSCM7WNM9EK4HZML8TY5J3D.pcm
SwiftExplicitDependencyGeneratePcm arm64 /Users/admin/builder/spi-builder-workspace/.derivedData/SDKExplicitPrecompiledModules/Darwin-3984OXKFNSPE77NT743WK8SEX.pcm
SwiftExplicitDependencyGeneratePcm arm64_32 /Users/admin/builder/spi-builder-workspace/.derivedData/SDKExplicitPrecompiledModules/simd-21UNWYOBUZI1LVSQ99S1XBLMO.pcm
SwiftExplicitDependencyGeneratePcm arm64 /Users/admin/builder/spi-builder-workspace/.derivedData/SDKExplicitPrecompiledModules/simd-EH08NODU6574T74ZKU61VP9BW.pcm
SwiftExplicitDependencyGeneratePcm arm64_32 /Users/admin/builder/spi-builder-workspace/.derivedData/SDKExplicitPrecompiledModules/MachO-56838ZJ0NC1EBAJ0O6O8QMPDX.pcm
SwiftExplicitDependencyGeneratePcm arm64_32 /Users/admin/builder/spi-builder-workspace/.derivedData/SDKExplicitPrecompiledModules/ObjectiveC-6IJNELR2E80E7LUKESVCP2KET.pcm
SwiftExplicitDependencyGeneratePcm arm64 /Users/admin/builder/spi-builder-workspace/.derivedData/SDKExplicitPrecompiledModules/MachO-2U90NNSAQILBNBPS1SA4F8TYP.pcm
SwiftExplicitDependencyGeneratePcm arm64 /Users/admin/builder/spi-builder-workspace/.derivedData/SDKExplicitPrecompiledModules/ObjectiveC-72IVD3VS2RS8Q28D9PIMY0KQP.pcm
SwiftExplicitDependencyGeneratePcm arm64_32 /Users/admin/builder/spi-builder-workspace/.derivedData/SDKExplicitPrecompiledModules/os_object-5YWTC6L4756IWSTPGXS5NM0D0.pcm
SwiftExplicitDependencyGeneratePcm arm64 /Users/admin/builder/spi-builder-workspace/.derivedData/SDKExplicitPrecompiledModules/os_object-3SDKD7F87FTZ26OON37DRYT6O.pcm
SwiftExplicitDependencyGeneratePcm arm64_32 /Users/admin/builder/spi-builder-workspace/.derivedData/SDKExplicitPrecompiledModules/os_workgroup-5JHTPDMNBUNHLJI8LPHKQK1JK.pcm
SwiftExplicitDependencyGeneratePcm arm64 /Users/admin/builder/spi-builder-workspace/.derivedData/SDKExplicitPrecompiledModules/os_workgroup-89GG5G7YC2D0ZTK6AZXXQ20DH.pcm
SwiftExplicitDependencyGeneratePcm arm64_32 /Users/admin/builder/spi-builder-workspace/.derivedData/SDKExplicitPrecompiledModules/Spatial-CWVWNML3T0NXVHZDKVLD3X1YZ.pcm
SwiftExplicitDependencyGeneratePcm arm64_32 /Users/admin/builder/spi-builder-workspace/.derivedData/SDKExplicitPrecompiledModules/Dispatch-2P62F1T4XV63S4P99TUDTOK2Q.pcm
SwiftExplicitDependencyGeneratePcm arm64 /Users/admin/builder/spi-builder-workspace/.derivedData/SDKExplicitPrecompiledModules/Spatial-44FJGYXFAT2AQAW9Z6T7YS02U.pcm
SwiftExplicitDependencyGeneratePcm arm64 /Users/admin/builder/spi-builder-workspace/.derivedData/SDKExplicitPrecompiledModules/Dispatch-1NLJOVAK60XP0DUB05XA59EIM.pcm
SwiftExplicitDependencyGeneratePcm arm64_32 /Users/admin/builder/spi-builder-workspace/.derivedData/SDKExplicitPrecompiledModules/CoreFoundation-8E6Y4BA3EXYKUGJ24GT9LGV3N.pcm
SwiftExplicitDependencyGeneratePcm arm64_32 /Users/admin/builder/spi-builder-workspace/.derivedData/SDKExplicitPrecompiledModules/XPC-81Y45QFY96XYYFCW2GT6FY8S4.pcm
SwiftExplicitDependencyGeneratePcm arm64 /Users/admin/builder/spi-builder-workspace/.derivedData/SDKExplicitPrecompiledModules/XPC-40DR0X1DHKGCV4J1IOLFS8MOU.pcm
SwiftExplicitDependencyGeneratePcm arm64 /Users/admin/builder/spi-builder-workspace/.derivedData/SDKExplicitPrecompiledModules/CoreFoundation-8T2L24YC5NU7WO6WQJWRY7W08.pcm
SwiftExplicitDependencyGeneratePcm arm64_32 /Users/admin/builder/spi-builder-workspace/.derivedData/SDKExplicitPrecompiledModules/os-E5IGB442IA6SBB25TTCOLK2OC.pcm
SwiftExplicitDependencyGeneratePcm arm64_32 /Users/admin/builder/spi-builder-workspace/.derivedData/SDKExplicitPrecompiledModules/CoreGraphics-9FDXYX6BKBUT6TJ2VF819E7T5.pcm
SwiftExplicitDependencyGeneratePcm arm64_32 /Users/admin/builder/spi-builder-workspace/.derivedData/SDKExplicitPrecompiledModules/CoreAudioTypes-9GVB1DHA32M46R4A9NWSI3I2K.pcm
SwiftExplicitDependencyGeneratePcm arm64_32 /Users/admin/builder/spi-builder-workspace/.derivedData/SDKExplicitPrecompiledModules/Security-D7TOWF88VWF67TB9HAFP5UWB1.pcm
SwiftExplicitDependencyGeneratePcm arm64 /Users/admin/builder/spi-builder-workspace/.derivedData/SDKExplicitPrecompiledModules/os-5DIL6Z9LFIGLMZAHM7X2T5435.pcm
SwiftExplicitDependencyGeneratePcm arm64 /Users/admin/builder/spi-builder-workspace/.derivedData/SDKExplicitPrecompiledModules/Security-6RZ6YBRU8WCUHRFFRVUK5WKMM.pcm
SwiftExplicitDependencyGeneratePcm arm64 /Users/admin/builder/spi-builder-workspace/.derivedData/SDKExplicitPrecompiledModules/CoreGraphics-DWNZ73GEH98SBJXZ7DEXB420K.pcm
SwiftExplicitDependencyGeneratePcm arm64 /Users/admin/builder/spi-builder-workspace/.derivedData/SDKExplicitPrecompiledModules/CoreAudioTypes-A9MF7N5LT63G21HNFVM6BT14B.pcm
SwiftExplicitDependencyGeneratePcm arm64_32 /Users/admin/builder/spi-builder-workspace/.derivedData/SDKExplicitPrecompiledModules/CoreAudio-5W6MX6OUPWBMUR8VD5LHT1PZF.pcm
SwiftExplicitDependencyGeneratePcm arm64_32 /Users/admin/builder/spi-builder-workspace/.derivedData/SDKExplicitPrecompiledModules/Foundation-BJ2VQGI3OGR34500MEQ1VKHPH.pcm
SwiftExplicitDependencyGeneratePcm arm64_32 /Users/admin/builder/spi-builder-workspace/.derivedData/SDKExplicitPrecompiledModules/CoreText-C9X2REPZN2V5BSU4G80FCETDR.pcm
SwiftExplicitDependencyGeneratePcm arm64_32 /Users/admin/builder/spi-builder-workspace/.derivedData/SDKExplicitPrecompiledModules/CoreVideo-2P8HI0403J99LBDPKNFJ5D4DL.pcm
SwiftExplicitDependencyGeneratePcm arm64 /Users/admin/builder/spi-builder-workspace/.derivedData/SDKExplicitPrecompiledModules/CoreAudio-1B79RJJTP71GE6UY9WLESAN3C.pcm
SwiftExplicitDependencyGeneratePcm arm64 /Users/admin/builder/spi-builder-workspace/.derivedData/SDKExplicitPrecompiledModules/Foundation-DLBKUSGXN8QHAT8W0OARR9S8A.pcm
SwiftExplicitDependencyGeneratePcm arm64 /Users/admin/builder/spi-builder-workspace/.derivedData/SDKExplicitPrecompiledModules/CoreText-970YJN6NIYGK1316L35Z0O8QT.pcm
SwiftExplicitDependencyGeneratePcm arm64 /Users/admin/builder/spi-builder-workspace/.derivedData/SDKExplicitPrecompiledModules/CoreVideo-8MRR5MNWUOAW2DBPGUQ8FKK4.pcm
SwiftExplicitDependencyGeneratePcm arm64_32 /Users/admin/builder/spi-builder-workspace/.derivedData/SDKExplicitPrecompiledModules/CoreMedia-AO387T8CHWTTZODD1DGT0UAFA.pcm
SwiftExplicitDependencyGeneratePcm arm64 /Users/admin/builder/spi-builder-workspace/.derivedData/SDKExplicitPrecompiledModules/CoreMedia-1AJVCUZNAO74KIKMFVFUUHWDI.pcm
SwiftExplicitDependencyGeneratePcm arm64_32 /Users/admin/builder/spi-builder-workspace/.derivedData/SDKExplicitPrecompiledModules/_LocationEssentials-AQ1OL9QKC3LQLY5CNSRM1HB53.pcm
SwiftExplicitDependencyGeneratePcm arm64_32 /Users/admin/builder/spi-builder-workspace/.derivedData/SDKExplicitPrecompiledModules/CoreTransferable-5D4IR6X37682FPHJ5CBPTKQV6.pcm
SwiftExplicitDependencyGeneratePcm arm64_32 /Users/admin/builder/spi-builder-workspace/.derivedData/SDKExplicitPrecompiledModules/OSLog-D9AVFY0KWO7RVBIQ73CBIJVCN.pcm
SwiftExplicitDependencyGeneratePcm arm64_32 /Users/admin/builder/spi-builder-workspace/.derivedData/SDKExplicitPrecompiledModules/UIUtilities-9YFVNIMRC5HRVOIARNWHP1E3H.pcm
SwiftExplicitDependencyGeneratePcm arm64_32 /Users/admin/builder/spi-builder-workspace/.derivedData/SDKExplicitPrecompiledModules/Symbols-1H97WMG76HU94F5VGJR19PXFY.pcm
SwiftExplicitDependencyGeneratePcm arm64_32 /Users/admin/builder/spi-builder-workspace/.derivedData/SDKExplicitPrecompiledModules/Accessibility-F385OMZ5GYBUY5O4QAJB4NRII.pcm
SwiftExplicitDependencyGeneratePcm arm64_32 /Users/admin/builder/spi-builder-workspace/.derivedData/SDKExplicitPrecompiledModules/QuartzCore-6375NPYACK5NYVHPMC1QQ8MC2.pcm
SwiftExplicitDependencyGeneratePcm arm64_32 /Users/admin/builder/spi-builder-workspace/.derivedData/SDKExplicitPrecompiledModules/DataDetection-U9BF7WHFVA6BZGFXXXP272PS.pcm
SwiftExplicitDependencyGeneratePcm arm64_32 /Users/admin/builder/spi-builder-workspace/.derivedData/SDKExplicitPrecompiledModules/SceneKit-DKNLHKM5FJBQ79LSNMSSMBUBR.pcm
SwiftExplicitDependencyGeneratePcm arm64_32 /Users/admin/builder/spi-builder-workspace/.derivedData/SDKExplicitPrecompiledModules/CoreData-7AU1AFQWUH88EAPDKVMLJPKVD.pcm
SwiftExplicitDependencyGeneratePcm arm64 /Users/admin/builder/spi-builder-workspace/.derivedData/SDKExplicitPrecompiledModules/Accessibility-27QMG6ZQ1NKYTNBYFPM1XKNFC.pcm
SwiftExplicitDependencyGeneratePcm arm64 /Users/admin/builder/spi-builder-workspace/.derivedData/SDKExplicitPrecompiledModules/UIUtilities-IR7RNW23VAUKYI9MLCS9NL9A.pcm
SwiftExplicitDependencyGeneratePcm arm64 /Users/admin/builder/spi-builder-workspace/.derivedData/SDKExplicitPrecompiledModules/QuartzCore-94KFMWNOU7ZLUZNB4T5DLZC9D.pcm
SwiftExplicitDependencyGeneratePcm arm64_32 /Users/admin/builder/spi-builder-workspace/.derivedData/SDKExplicitPrecompiledModules/CoreLocation-8XU5YMYM4P11RQMYCQAG65ITK.pcm
SwiftExplicitDependencyGeneratePcm arm64 /Users/admin/builder/spi-builder-workspace/.derivedData/SDKExplicitPrecompiledModules/_LocationEssentials-5ZZDGDXB6HLQUC72SJW7YJ7MK.pcm
SwiftExplicitDependencyGeneratePcm arm64 /Users/admin/builder/spi-builder-workspace/.derivedData/SDKExplicitPrecompiledModules/DataDetection-7BNVI1SZW5ISQL5SX4WL2X7I5.pcm
SwiftExplicitDependencyGeneratePcm arm64 /Users/admin/builder/spi-builder-workspace/.derivedData/SDKExplicitPrecompiledModules/OSLog-B7VGO357Y3GJG35TST7DKDSI3.pcm
SwiftExplicitDependencyGeneratePcm arm64 /Users/admin/builder/spi-builder-workspace/.derivedData/SDKExplicitPrecompiledModules/CoreTransferable-9PPG3SLJ55T4LITIFYX2M0NOZ.pcm
SwiftExplicitDependencyGeneratePcm arm64 /Users/admin/builder/spi-builder-workspace/.derivedData/SDKExplicitPrecompiledModules/CoreData-9JFJC4UET8BAO5IPV2JU6W9V8.pcm
SwiftExplicitDependencyGeneratePcm arm64 /Users/admin/builder/spi-builder-workspace/.derivedData/SDKExplicitPrecompiledModules/Symbols-3EFABTJ9L5PQDJ7RQCYQWEJMM.pcm
SwiftExplicitDependencyGeneratePcm arm64 /Users/admin/builder/spi-builder-workspace/.derivedData/SDKExplicitPrecompiledModules/SceneKit-5HZKIL7XETTTD8TOHYPN8JKRJ.pcm
SwiftExplicitDependencyGeneratePcm arm64_32 /Users/admin/builder/spi-builder-workspace/.derivedData/SDKExplicitPrecompiledModules/SwiftUICore-3Q7WLRD8MR9R3NGIPUBQCP6F6.pcm
SwiftExplicitDependencyGeneratePcm arm64_32 /Users/admin/builder/spi-builder-workspace/.derivedData/SDKExplicitPrecompiledModules/UniformTypeIdentifiers-CJZ3NTHPSBH4XWX5EVOG56UZS.pcm
SwiftExplicitDependencyGeneratePcm arm64 /Users/admin/builder/spi-builder-workspace/.derivedData/SDKExplicitPrecompiledModules/UserNotifications-ARAH8MEQ0C2L0FBO39HITJMAO.pcm
SwiftExplicitDependencyGeneratePcm arm64 /Users/admin/builder/spi-builder-workspace/.derivedData/SDKExplicitPrecompiledModules/CoreLocation-ACKJ9K7ABI14F97Y46Y6SRR17.pcm
SwiftExplicitDependencyGeneratePcm arm64 /Users/admin/builder/spi-builder-workspace/.derivedData/SDKExplicitPrecompiledModules/UniformTypeIdentifiers-8L08Q8DQJV8C4AW84YVGFGTRN.pcm
SwiftExplicitDependencyGeneratePcm arm64_32 /Users/admin/builder/spi-builder-workspace/.derivedData/SDKExplicitPrecompiledModules/UserNotifications-6TBN8TEAKO014N1T2QD926XED.pcm
SwiftExplicitDependencyGeneratePcm arm64_32 /Users/admin/builder/spi-builder-workspace/.derivedData/SDKExplicitPrecompiledModules/CoreMotion-1XGTVTE5PP32UHME8AC63TL6.pcm
SwiftExplicitDependencyGeneratePcm arm64 /Users/admin/builder/spi-builder-workspace/.derivedData/SDKExplicitPrecompiledModules/SwiftUICore-C1DST1IX2Z0PTH5SJJZ1IULRB.pcm
SwiftExplicitDependencyGeneratePcm arm64 /Users/admin/builder/spi-builder-workspace/.derivedData/SDKExplicitPrecompiledModules/CoreMotion-6RD5K48QT1F4L9CATNFD2O7YB.pcm
SwiftExplicitDependencyGeneratePcm arm64_32 /Users/admin/builder/spi-builder-workspace/.derivedData/SDKExplicitPrecompiledModules/UIKit-6PPV7YPZ89CZPHYAP072QH8B6.pcm
SwiftExplicitDependencyGeneratePcm arm64 /Users/admin/builder/spi-builder-workspace/.derivedData/SDKExplicitPrecompiledModules/UIKit-27R3P1YMV4C6JLDT661G3MRIA.pcm
SwiftExplicitDependencyGeneratePcm arm64_32 /Users/admin/builder/spi-builder-workspace/.derivedData/SDKExplicitPrecompiledModules/HomeKit-DUDZOMSN3UK8GNTNBNMPIWJRN.pcm
SwiftExplicitDependencyGeneratePcm arm64_32 /Users/admin/builder/spi-builder-workspace/.derivedData/SDKExplicitPrecompiledModules/MapKit-CWGB4YMP1VX1NYQN5FULFD5DR.pcm
SwiftExplicitDependencyGeneratePcm arm64 /Users/admin/builder/spi-builder-workspace/.derivedData/SDKExplicitPrecompiledModules/MapKit-EJJWC7IL56MPLQMI93GJRE5OG.pcm
SwiftExplicitDependencyGeneratePcm arm64 /Users/admin/builder/spi-builder-workspace/.derivedData/SDKExplicitPrecompiledModules/HomeKit-DTS1N4AWILAL1URZ5IOXV5221.pcm
SwiftExplicitDependencyGeneratePcm arm64_32 /Users/admin/builder/spi-builder-workspace/.derivedData/SDKExplicitPrecompiledModules/WatchKit-FHF6WTKLC2APGK3LA2XJ6516.pcm
SwiftExplicitDependencyGeneratePcm arm64 /Users/admin/builder/spi-builder-workspace/.derivedData/SDKExplicitPrecompiledModules/WatchKit-3VT3K8YON6FJ6OWSUFJMFMP8J.pcm
SwiftExplicitDependencyGeneratePcm arm64_32 /Users/admin/builder/spi-builder-workspace/.derivedData/SDKExplicitPrecompiledModules/SwiftUI-9AYG9OCT5VOJK7V4MX1WYR86T.pcm
SwiftExplicitDependencyGeneratePcm arm64 /Users/admin/builder/spi-builder-workspace/.derivedData/SDKExplicitPrecompiledModules/SwiftUI-APXDH8ULYLM6FD17YRA73TULO.pcm
SwiftCompile normal arm64_32 Compiling\ SplashView.swift,\ Stacks.swift,\ Transition.swift,\ VisualEffectView.swift /Users/admin/builder/spi-builder-workspace/Sources/UsefulThingsSwiftUI/SplashView.swift /Users/admin/builder/spi-builder-workspace/Sources/UsefulThingsSwiftUI/Stacks.swift /Users/admin/builder/spi-builder-workspace/Sources/UsefulThingsSwiftUI/Transition.swift /Users/admin/builder/spi-builder-workspace/Sources/UsefulThingsSwiftUI/VisualEffectView.swift (in target 'UsefulThingsSwiftUI' from project 'UsefulThingsSwiftUI')
SwiftCompile normal arm64_32 /Users/admin/builder/spi-builder-workspace/Sources/UsefulThingsSwiftUI/SplashView.swift (in target 'UsefulThingsSwiftUI' from project 'UsefulThingsSwiftUI')
    cd /Users/admin/builder/spi-builder-workspace/.swiftpm/xcode
    builtin-SwiftPerFileCompile SplashView.swift
SwiftCompile normal arm64_32 /Users/admin/builder/spi-builder-workspace/Sources/UsefulThingsSwiftUI/Stacks.swift (in target 'UsefulThingsSwiftUI' from project 'UsefulThingsSwiftUI')
    cd /Users/admin/builder/spi-builder-workspace/.swiftpm/xcode
    builtin-SwiftPerFileCompile Stacks.swift
SwiftCompile normal arm64_32 /Users/admin/builder/spi-builder-workspace/Sources/UsefulThingsSwiftUI/Transition.swift (in target 'UsefulThingsSwiftUI' from project 'UsefulThingsSwiftUI')
    cd /Users/admin/builder/spi-builder-workspace/.swiftpm/xcode
    builtin-SwiftPerFileCompile Transition.swift
SwiftCompile normal arm64_32 /Users/admin/builder/spi-builder-workspace/Sources/UsefulThingsSwiftUI/VisualEffectView.swift (in target 'UsefulThingsSwiftUI' from project 'UsefulThingsSwiftUI')
    cd /Users/admin/builder/spi-builder-workspace/.swiftpm/xcode
    builtin-SwiftPerFileCompile VisualEffectView.swift
/Users/admin/builder/spi-builder-workspace/Sources/UsefulThingsSwiftUI/VisualEffectView.swift:239:36: error: generic parameter 'each Content' could not be inferred
237 |                         .frame(width: 120, height: 80)
238 |                         .overlay(
239 |                             VStack {
    |                                    `- error: generic parameter 'each Content' could not be inferred
240 |                                 Image(systemName: "star.fill")
241 |                                 Text("HUD Window")
SwiftUI.ViewBuilder.buildBlock:2:44: note: in call to function 'buildBlock'
1 | struct ViewBuilder {
2 | @export(implementation) public static func buildBlock<each Content>(_ content: repeat each Content) -> TupleView<(repeat each Content)> where repeat each Content : View}
  |                                            `- note: in call to function 'buildBlock'
3 |
/Users/admin/builder/spi-builder-workspace/Sources/UsefulThingsSwiftUI/VisualEffectView.swift:237:26: error: value of type 'VisualEffectView' has no member 'frame'
235 |                             emphasized: false
236 |                         )
237 |                         .frame(width: 120, height: 80)
    |                          `- error: value of type 'VisualEffectView' has no member 'frame'
238 |                         .overlay(
239 |                             VStack {
/Users/admin/builder/spi-builder-workspace/Sources/UsefulThingsSwiftUI/SplashView.swift:37:45: error: 'systemPink' is unavailable in watchOS
 35 |                     .animation(.easeInOut(duration: 0.5).delay(0.1),value: isLoved)
 36 | //                    .frame(width: 70, height: 70)
 37 |                     .foregroundColor(Color(.systemPink))
    |                                             `- error: 'systemPink' is unavailable in watchOS
 38 |                     .hueRotation(.degrees(isLoved ? 300 : 200))
 39 |                     .scaleEffect(isLoved ? 1.15 : 0)
/Applications/Xcode-27.0.0-Release.Candidate.app/Contents/Developer/Platforms/WatchOS.platform/Developer/SDKs/WatchOS27.0.sdk/System/Library/Frameworks/UIKit.framework/Headers/UIInterface.h:126:49: note: 'systemPink' has been explicitly marked unavailable here
124 | @property (class, nonatomic, readonly) UIColor *systemOrangeColor       API_AVAILABLE(ios(7.0), tvos(9.0)) API_UNAVAILABLE(watchos);
125 | @property (class, nonatomic, readonly) UIColor *systemYellowColor       API_AVAILABLE(ios(7.0), tvos(9.0)) API_UNAVAILABLE(watchos);
126 | @property (class, nonatomic, readonly) UIColor *systemPinkColor         API_AVAILABLE(ios(7.0), tvos(9.0)) API_UNAVAILABLE(watchos);
    |                                                 `- note: 'systemPink' has been explicitly marked unavailable here
127 | @property (class, nonatomic, readonly) UIColor *systemPurpleColor       API_AVAILABLE(ios(9.0), tvos(9.0)) API_UNAVAILABLE(watchos);
128 | @property (class, nonatomic, readonly) UIColor *systemTealColor         API_AVAILABLE(ios(7.0), tvos(9.0)) API_UNAVAILABLE(watchos);
/Users/admin/builder/spi-builder-workspace/Sources/UsefulThingsSwiftUI/SplashView.swift:57:22: error: 'phaseAnimator(_:trigger:content:animation:)' is only available in watchOS 10.0 or newer
  2 |
  3 | @available(macOS 14.0, iOS 17.0, *)
  4 | public struct SplashingButton: View {
    |               `- note: add '@available' attribute to enclosing struct
  5 |     @State private var heartCount = 0
  6 |     @State private var isLoved = false
    :
 14 |     }
 15 |
 16 |     public var body: some View {
    |                `- note: add '@available' attribute to enclosing property
 17 |         Button {
 18 |             self.action()
    :
 55 |                 Image(systemName: imageSystemName)
 56 | //                    .foregroundStyle(Color.red)
 57 |                     .phaseAnimator([false, true], trigger: heartCount) { icon, scaleFromBottom in
    |                      |- error: 'phaseAnimator(_:trigger:content:animation:)' is only available in watchOS 10.0 or newer
    |                      `- note: add 'if #available' version check
 58 |                         icon
 59 |                             .scaleEffect(scaleFromBottom ? 1.5 : 1, anchor: .bottom)
SwiftCompile normal arm64_32 Compiling\ Rotation.swift,\ ScrollViews.swift,\ SegmentedControl.swift,\ SizePreference.swift /Users/admin/builder/spi-builder-workspace/Sources/UsefulThingsSwiftUI/Rotation.swift /Users/admin/builder/spi-builder-workspace/Sources/UsefulThingsSwiftUI/ScrollViews.swift /Users/admin/builder/spi-builder-workspace/Sources/UsefulThingsSwiftUI/SegmentedControl.swift /Users/admin/builder/spi-builder-workspace/Sources/UsefulThingsSwiftUI/SizePreference.swift (in target 'UsefulThingsSwiftUI' from project 'UsefulThingsSwiftUI')
SwiftCompile normal arm64_32 /Users/admin/builder/spi-builder-workspace/Sources/UsefulThingsSwiftUI/Rotation.swift (in target 'UsefulThingsSwiftUI' from project 'UsefulThingsSwiftUI')
    cd /Users/admin/builder/spi-builder-workspace/.swiftpm/xcode
    builtin-SwiftPerFileCompile Rotation.swift
SwiftCompile normal arm64_32 /Users/admin/builder/spi-builder-workspace/Sources/UsefulThingsSwiftUI/ScrollViews.swift (in target 'UsefulThingsSwiftUI' from project 'UsefulThingsSwiftUI')
    cd /Users/admin/builder/spi-builder-workspace/.swiftpm/xcode
    builtin-SwiftPerFileCompile ScrollViews.swift
SwiftCompile normal arm64_32 /Users/admin/builder/spi-builder-workspace/Sources/UsefulThingsSwiftUI/SegmentedControl.swift (in target 'UsefulThingsSwiftUI' from project 'UsefulThingsSwiftUI')
    cd /Users/admin/builder/spi-builder-workspace/.swiftpm/xcode
    builtin-SwiftPerFileCompile SegmentedControl.swift
SwiftCompile normal arm64_32 /Users/admin/builder/spi-builder-workspace/Sources/UsefulThingsSwiftUI/SizePreference.swift (in target 'UsefulThingsSwiftUI' from project 'UsefulThingsSwiftUI')
    cd /Users/admin/builder/spi-builder-workspace/.swiftpm/xcode
    builtin-SwiftPerFileCompile SizePreference.swift
/Users/admin/builder/spi-builder-workspace/Sources/UsefulThingsSwiftUI/VisualEffectView.swift:239:36: error: generic parameter 'each Content' could not be inferred
237 |                         .frame(width: 120, height: 80)
238 |                         .overlay(
239 |                             VStack {
    |                                    `- error: generic parameter 'each Content' could not be inferred
240 |                                 Image(systemName: "star.fill")
241 |                                 Text("HUD Window")
SwiftUI.ViewBuilder.buildBlock:2:44: note: in call to function 'buildBlock'
1 | struct ViewBuilder {
2 | @export(implementation) public static func buildBlock<each Content>(_ content: repeat each Content) -> TupleView<(repeat each Content)> where repeat each Content : View}
  |                                            `- note: in call to function 'buildBlock'
3 |
/Users/admin/builder/spi-builder-workspace/Sources/UsefulThingsSwiftUI/VisualEffectView.swift:237:26: error: value of type 'VisualEffectView' has no member 'frame'
235 |                             emphasized: false
236 |                         )
237 |                         .frame(width: 120, height: 80)
    |                          `- error: value of type 'VisualEffectView' has no member 'frame'
238 |                         .overlay(
239 |                             VStack {
/Users/admin/builder/spi-builder-workspace/Sources/UsefulThingsSwiftUI/ScrollViews.swift:43:35: error: 'segmented' is unavailable in watchOS
 41 |                         Text("Horizontal").tag(Axis.Set.horizontal)
 42 |                     }
 43 |                     .pickerStyle(.segmented)
    |                                   `- error: 'segmented' is unavailable in watchOS
 44 |
 45 |                     Toggle("Show Indicators", isOn: $showsIndicators)
SwiftUI.PickerStyle.segmented:2:43: note: 'segmented' has been explicitly marked unavailable here
1 | protocol PickerStyle {
2 | @export(implementation) public static var segmented: SegmentedPickerStyle { get }}
  |                                           `- note: 'segmented' has been explicitly marked unavailable here
3 |
macro expansion #Preview:33:47: error: 'segmented' is unavailable in watchOS
`- /Users/admin/builder/spi-builder-workspace/Sources/UsefulThingsSwiftUI/ScrollViews.swift:115:2: note: expanded code originates here
 26 | }
 27 |
 28 | #Preview("Dynamic ScrollView") {
    | `- note: in expansion of macro 'Preview' here
 29 |     struct ScrollViewDemo: View {
 30 |         @State private var axis: Axis.Set = .vertical
    :
113 |
114 |     return ScrollViewDemo()
115 | }
    +--- macro expansion #Preview --------------------------------------
    | 31 |                                     Text("Horizontal").tag(Axis.Set.horizontal)
    | 32 |                                 }
    | 33 |                                 .pickerStyle(.segmented)
    |    |                                               `- error: 'segmented' is unavailable in watchOS
    | 34 |
    | 35 |                                 Toggle("Show Indicators", isOn: $showsIndicators)
    +-------------------------------------------------------------------
116 |
SwiftUI.PickerStyle.segmented:2:43: note: 'segmented' has been explicitly marked unavailable here
1 | protocol PickerStyle {
2 | @export(implementation) public static var segmented: SegmentedPickerStyle { get }}
  |                                           `- note: 'segmented' has been explicitly marked unavailable here
3 |
/Users/admin/builder/spi-builder-workspace/Sources/UsefulThingsSwiftUI/SegmentedControl.swift:17:30: error: cannot find type 'Context' in scope
 15 |     }
 16 |
 17 |     func makeUIView(context: Context) -> UISegmentedControl {
    |                              `- error: cannot find type 'Context' in scope
 18 |         let control = UISegmentedControl(
 19 |             items: items.map(title)
SwiftCompile normal arm64_32 Compiling\ AnySheetPresenter.swift,\ AsyncModal.swift,\ DialogPresenter.swift,\ FullScreenCoverPresenter.swift /Users/admin/builder/spi-builder-workspace/Sources/UsefulThingsSwiftUI/ModalPresenter/AnySheetPresenter.swift /Users/admin/builder/spi-builder-workspace/Sources/UsefulThingsSwiftUI/ModalPresenter/AsyncModal.swift /Users/admin/builder/spi-builder-workspace/Sources/UsefulThingsSwiftUI/ModalPresenter/DialogPresenter.swift /Users/admin/builder/spi-builder-workspace/Sources/UsefulThingsSwiftUI/ModalPresenter/FullScreenCoverPresenter.swift (in target 'UsefulThingsSwiftUI' from project 'UsefulThingsSwiftUI')
SwiftCompile normal arm64_32 /Users/admin/builder/spi-builder-workspace/Sources/UsefulThingsSwiftUI/ModalPresenter/AnySheetPresenter.swift (in target 'UsefulThingsSwiftUI' from project 'UsefulThingsSwiftUI')
    cd /Users/admin/builder/spi-builder-workspace/.swiftpm/xcode
    builtin-SwiftPerFileCompile AnySheetPresenter.swift
SwiftCompile normal arm64_32 /Users/admin/builder/spi-builder-workspace/Sources/UsefulThingsSwiftUI/ModalPresenter/AsyncModal.swift (in target 'UsefulThingsSwiftUI' from project 'UsefulThingsSwiftUI')
    cd /Users/admin/builder/spi-builder-workspace/.swiftpm/xcode
    builtin-SwiftPerFileCompile AsyncModal.swift
SwiftCompile normal arm64_32 /Users/admin/builder/spi-builder-workspace/Sources/UsefulThingsSwiftUI/ModalPresenter/DialogPresenter.swift (in target 'UsefulThingsSwiftUI' from project 'UsefulThingsSwiftUI')
    cd /Users/admin/builder/spi-builder-workspace/.swiftpm/xcode
    builtin-SwiftPerFileCompile DialogPresenter.swift
SwiftCompile normal arm64_32 /Users/admin/builder/spi-builder-workspace/Sources/UsefulThingsSwiftUI/ModalPresenter/FullScreenCoverPresenter.swift (in target 'UsefulThingsSwiftUI' from project 'UsefulThingsSwiftUI')
    cd /Users/admin/builder/spi-builder-workspace/.swiftpm/xcode
    builtin-SwiftPerFileCompile FullScreenCoverPresenter.swift
SwiftCompile normal arm64_32 Compiling\ AccessibleSegmentedPicker.swift,\ Axis.swift,\ Binding+.swift,\ CircularProgressView.swift /Users/admin/builder/spi-builder-workspace/Sources/UsefulThingsSwiftUI/AccessibleSegmentedPicker.swift /Users/admin/builder/spi-builder-workspace/Sources/UsefulThingsSwiftUI/Axis.swift /Users/admin/builder/spi-builder-workspace/Sources/UsefulThingsSwiftUI/Binding+.swift /Users/admin/builder/spi-builder-workspace/Sources/UsefulThingsSwiftUI/CircularProgressView.swift (in target 'UsefulThingsSwiftUI' from project 'UsefulThingsSwiftUI')
/Users/admin/builder/spi-builder-workspace/Sources/UsefulThingsSwiftUI/VisualEffectView.swift:239:36: error: generic parameter 'each Content' could not be inferred
237 |                         .frame(width: 120, height: 80)
238 |                         .overlay(
239 |                             VStack {
    |                                    `- error: generic parameter 'each Content' could not be inferred
240 |                                 Image(systemName: "star.fill")
241 |                                 Text("HUD Window")
SwiftUI.ViewBuilder.buildBlock:2:44: note: in call to function 'buildBlock'
1 | struct ViewBuilder {
2 | @export(implementation) public static func buildBlock<each Content>(_ content: repeat each Content) -> TupleView<(repeat each Content)> where repeat each Content : View}
  |                                            `- note: in call to function 'buildBlock'
3 |
/Users/admin/builder/spi-builder-workspace/Sources/UsefulThingsSwiftUI/VisualEffectView.swift:237:26: error: value of type 'VisualEffectView' has no member 'frame'
235 |                             emphasized: false
236 |                         )
237 |                         .frame(width: 120, height: 80)
    |                          `- error: value of type 'VisualEffectView' has no member 'frame'
238 |                         .overlay(
239 |                             VStack {
/Users/admin/builder/spi-builder-workspace/Sources/UsefulThingsSwiftUI/Binding+.swift:67:42: error: 'roundedBorder' is unavailable in watchOS
 65 |                         .font(.headline)
 66 |                     TextField("Optional Text", text: $optionalString ?? defaultValue)
 67 |                         .textFieldStyle(.roundedBorder)
    |                                          `- error: 'roundedBorder' is unavailable in watchOS
 68 |                     Text("Current value: \(optionalString ?? "nil")")
 69 |                     Button("Set to nil") { optionalString = nil }
SwiftUI.TextFieldStyle.roundedBorder:2:43: note: 'roundedBorder' has been explicitly marked unavailable here
1 | protocol TextFieldStyle {
2 | @export(implementation) public static var roundedBorder: RoundedBorderTextFieldStyle { get }}
  |                                           `- note: 'roundedBorder' has been explicitly marked unavailable here
3 |
/Users/admin/builder/spi-builder-workspace/Sources/UsefulThingsSwiftUI/Binding+.swift:96:42: error: 'roundedBorder' is unavailable in watchOS
 94 |                         .font(.headline)
 95 |                     TextField("Using bindOptional", text: bindOptional($optionalString, defaultValue))
 96 |                         .textFieldStyle(.roundedBorder)
    |                                          `- error: 'roundedBorder' is unavailable in watchOS
 97 |                 }
 98 |                 .padding()
SwiftUI.TextFieldStyle.roundedBorder:2:43: note: 'roundedBorder' has been explicitly marked unavailable here
1 | protocol TextFieldStyle {
2 | @export(implementation) public static var roundedBorder: RoundedBorderTextFieldStyle { get }}
  |                                           `- note: 'roundedBorder' has been explicitly marked unavailable here
3 |
macro expansion #Preview:31:54: error: 'roundedBorder' is unavailable in watchOS
`- /Users/admin/builder/spi-builder-workspace/Sources/UsefulThingsSwiftUI/Binding+.swift:107:2: note: expanded code originates here
 52 | }
 53 |
 54 | #Preview("Binding Extensions Demo") {
    | `- note: in expansion of macro 'Preview' here
 55 |     struct BindingDemo: View {
 56 |         @State private var optionalString: String? = "Hello"
    :
105 |
106 |     return BindingDemo()
107 | }
    +--- macro expansion #Preview --------------------------------------
    |29 |                                     .font(.headline)
    |30 |                                 TextField("Optional Text", text: $optionalString ?? defaultValue)
    |31 |                                     .textFieldStyle(.roundedBorder)
    |   |                                                      `- error: 'roundedBorder' is unavailable in watchOS
    |32 |                                 Text("Current value: \(optionalString ?? "nil")")
    |33 |                                 Button("Set to nil") {
    +-------------------------------------------------------------------
108 |
SwiftUI.TextFieldStyle.roundedBorder:2:43: note: 'roundedBorder' has been explicitly marked unavailable here
1 | protocol TextFieldStyle {
2 | @export(implementation) public static var roundedBorder: RoundedBorderTextFieldStyle { get }}
  |                                           `- note: 'roundedBorder' has been explicitly marked unavailable here
3 |
SwiftCompile normal arm64_32 /Users/admin/builder/spi-builder-workspace/Sources/UsefulThingsSwiftUI/AccessibleSegmentedPicker.swift (in target 'UsefulThingsSwiftUI' from project 'UsefulThingsSwiftUI')
    cd /Users/admin/builder/spi-builder-workspace/.swiftpm/xcode
    builtin-SwiftPerFileCompile AccessibleSegmentedPicker.swift
SwiftCompile normal arm64_32 /Users/admin/builder/spi-builder-workspace/Sources/UsefulThingsSwiftUI/Axis.swift (in target 'UsefulThingsSwiftUI' from project 'UsefulThingsSwiftUI')
    cd /Users/admin/builder/spi-builder-workspace/.swiftpm/xcode
    builtin-SwiftPerFileCompile Axis.swift
SwiftCompile normal arm64_32 /Users/admin/builder/spi-builder-workspace/Sources/UsefulThingsSwiftUI/Binding+.swift (in target 'UsefulThingsSwiftUI' from project 'UsefulThingsSwiftUI')
    cd /Users/admin/builder/spi-builder-workspace/.swiftpm/xcode
    builtin-SwiftPerFileCompile Binding+.swift
SwiftCompile normal arm64_32 /Users/admin/builder/spi-builder-workspace/Sources/UsefulThingsSwiftUI/CircularProgressView.swift (in target 'UsefulThingsSwiftUI' from project 'UsefulThingsSwiftUI')
    cd /Users/admin/builder/spi-builder-workspace/.swiftpm/xcode
    builtin-SwiftPerFileCompile CircularProgressView.swift
SwiftEmitModule normal arm64_32 Emitting\ module\ for\ UsefulThingsSwiftUI (in target 'UsefulThingsSwiftUI' from project 'UsefulThingsSwiftUI')
/Users/admin/builder/spi-builder-workspace/Sources/UsefulThingsSwiftUI/VisualEffectView.swift:239:36: error: generic parameter 'each Content' could not be inferred
237 |                         .frame(width: 120, height: 80)
238 |                         .overlay(
239 |                             VStack {
    |                                    `- error: generic parameter 'each Content' could not be inferred
240 |                                 Image(systemName: "star.fill")
241 |                                 Text("HUD Window")
SwiftUI.ViewBuilder.buildBlock:2:44: note: in call to function 'buildBlock'
1 | struct ViewBuilder {
2 | @export(implementation) public static func buildBlock<each Content>(_ content: repeat each Content) -> TupleView<(repeat each Content)> where repeat each Content : View}
  |                                            `- note: in call to function 'buildBlock'
3 |
/Users/admin/builder/spi-builder-workspace/Sources/UsefulThingsSwiftUI/VisualEffectView.swift:237:26: error: value of type 'VisualEffectView' has no member 'frame'
235 |                             emphasized: false
236 |                         )
237 |                         .frame(width: 120, height: 80)
    |                          `- error: value of type 'VisualEffectView' has no member 'frame'
238 |                         .overlay(
239 |                             VStack {
/Users/admin/builder/spi-builder-workspace/Sources/UsefulThingsSwiftUI/Color+.swift:255:45: error: 'UITraitCollection' is unavailable in watchOS
253 |
254 |   extension Color {
255 |     public init(dynamicProvider: @escaping (UITraitCollection) -> Color) {
    |                                             `- error: 'UITraitCollection' is unavailable in watchOS
256 |       self = Self(UIColor { UIColor(dynamicProvider($0)) })
257 |     }
/Applications/Xcode-27.0.0-Release.Candidate.app/Contents/Developer/Platforms/WatchOS.platform/Developer/SDKs/WatchOS27.0.sdk/System/Library/Frameworks/UIKit.framework/Headers/UITraitCollection.h:23:12: note: 'UITraitCollection' has been explicitly marked unavailable here
 21 |
 22 | UIKIT_EXTERN API_AVAILABLE(ios(8.0)) API_UNAVAILABLE(watchos) NS_SWIFT_SENDABLE
 23 | @interface UITraitCollection : NSObject <NSCopying, NSSecureCoding>
    |            `- note: 'UITraitCollection' has been explicitly marked unavailable here
 24 |
 25 | - (instancetype)init NS_DESIGNATED_INITIALIZER;
/Users/admin/builder/spi-builder-workspace/Sources/UsefulThingsSwiftUI/FileExport.swift:4:25: error: 'FileDocument' is unavailable in watchOS
 2 | import UniformTypeIdentifiers
 3 |
 4 | public struct TextFile: FileDocument {
   |                         `- error: 'FileDocument' is unavailable in watchOS
 5 |     // tell the system we support only plain text
 6 |     public static var readableContentTypes = [UTType.json, .text, .log, .html, .plainText]
SwiftUI.FileDocument:6:33: note: 'FileDocument' has been explicitly marked unavailable here
 4 | @available(watchOS, unavailable)
 5 | @available(visionOS, introduced: 1.0, deprecated: 100000.0, message: "Conform your type to Document instead.")
 6 | @preconcurrency public protocol FileDocument : Sendable {
   |                                 `- note: 'FileDocument' has been explicitly marked unavailable here
 7 |     static var readableContentTypes: [UTType] { get }
 8 |     static var writableContentTypes: [UTType] { get }
/Users/admin/builder/spi-builder-workspace/Sources/UsefulThingsSwiftUI/PopupButton.swift:105:2: error: no macro named 'Preview'
103 | #endif
104 |
105 | #Preview("Popup Button") {
    |  `- error: no macro named 'Preview'
106 |     struct SampleOption: Nameable {
107 |         let id = UUID()
/Users/admin/builder/spi-builder-workspace/Sources/UsefulThingsSwiftUI/SegmentedControl.swift:17:30: error: cannot find type 'Context' in scope
 15 |     }
 16 |
 17 |     func makeUIView(context: Context) -> UISegmentedControl {
    |                              `- error: cannot find type 'Context' in scope
 18 |         let control = UISegmentedControl(
 19 |             items: items.map(title)
/Users/admin/builder/spi-builder-workspace/Sources/UsefulThingsSwiftUI/SegmentedControl.swift:17:42: error: 'UISegmentedControl' is unavailable in watchOS
 15 |     }
 16 |
 17 |     func makeUIView(context: Context) -> UISegmentedControl {
    |                                          `- error: 'UISegmentedControl' is unavailable in watchOS
 18 |         let control = UISegmentedControl(
 19 |             items: items.map(title)
/Applications/Xcode-27.0.0-Release.Candidate.app/Contents/Developer/Platforms/WatchOS.platform/Developer/SDKs/WatchOS27.0.sdk/System/Library/Frameworks/UIKit.framework/Headers/UISegmentedControl.h:43:12: note: 'UISegmentedControl' has been explicitly marked unavailable here
 41 |
 42 | UIKIT_EXTERN API_AVAILABLE(ios(2.0)) API_UNAVAILABLE(watchos) NS_SWIFT_UI_ACTOR
 43 | @interface UISegmentedControl : UIControl <NSCoding>
    |            `- note: 'UISegmentedControl' has been explicitly marked unavailable here
 44 |
 45 | - (instancetype)initWithFrame:(CGRect)frame NS_DESIGNATED_INITIALIZER;
/Users/admin/builder/spi-builder-workspace/Sources/UsefulThingsSwiftUI/SegmentedControl.swift:33:18: error: cannot find type 'Context' in scope
 31 |     func updateUIView(
 32 |         _ control: UISegmentedControl,
 33 |         context: Context
    |                  `- error: cannot find type 'Context' in scope
 34 |     ) {
 35 |         control.selectedSegmentIndex =
/Users/admin/builder/spi-builder-workspace/Sources/UsefulThingsSwiftUI/SegmentedControl.swift:32:20: error: 'UISegmentedControl' is unavailable in watchOS
 30 |
 31 |     func updateUIView(
 32 |         _ control: UISegmentedControl,
    |                    `- error: 'UISegmentedControl' is unavailable in watchOS
 33 |         context: Context
 34 |     ) {
/Applications/Xcode-27.0.0-Release.Candidate.app/Contents/Developer/Platforms/WatchOS.platform/Developer/SDKs/WatchOS27.0.sdk/System/Library/Frameworks/UIKit.framework/Headers/UISegmentedControl.h:43:12: note: 'UISegmentedControl' has been explicitly marked unavailable here
 41 |
 42 | UIKIT_EXTERN API_AVAILABLE(ios(2.0)) API_UNAVAILABLE(watchos) NS_SWIFT_UI_ACTOR
 43 | @interface UISegmentedControl : UIControl <NSCoding>
    |            `- note: 'UISegmentedControl' has been explicitly marked unavailable here
 44 |
 45 | - (instancetype)initWithFrame:(CGRect)frame NS_DESIGNATED_INITIALIZER;
/Users/admin/builder/spi-builder-workspace/Sources/UsefulThingsSwiftUI/SegmentedControl.swift:67:32: error: 'UISegmentedControl' is unavailable in watchOS
 65 |
 66 |         @objc
 67 |         func changed(_ sender: UISegmentedControl) {
    |                                `- error: 'UISegmentedControl' is unavailable in watchOS
 68 |             guard parent.items.indices.contains(
 69 |                 sender.selectedSegmentIndex
/Applications/Xcode-27.0.0-Release.Candidate.app/Contents/Developer/Platforms/WatchOS.platform/Developer/SDKs/WatchOS27.0.sdk/System/Library/Frameworks/UIKit.framework/Headers/UISegmentedControl.h:43:12: note: 'UISegmentedControl' has been explicitly marked unavailable here
 41 |
 42 | UIKIT_EXTERN API_AVAILABLE(ios(2.0)) API_UNAVAILABLE(watchos) NS_SWIFT_UI_ACTOR
 43 | @interface UISegmentedControl : UIControl <NSCoding>
    |            `- note: 'UISegmentedControl' has been explicitly marked unavailable here
 44 |
 45 | - (instancetype)initWithFrame:(CGRect)frame NS_DESIGNATED_INITIALIZER;
/Users/admin/builder/spi-builder-workspace/Sources/UsefulThingsSwiftUI/SegmentedControl.swift:6:42: error: cannot find type 'UIViewRepresentable' in scope
  4 |
  5 | @available(iOS 15.0, *)
  6 | struct SegmentedControl<Item: Hashable>: UIViewRepresentable {
    |                                          `- error: cannot find type 'UIViewRepresentable' in scope
  7 |     @Environment(\.dynamicTypeSize) private var dynamicTypeSize
  8 |
Failed frontend command:
/Applications/Xcode-27.0.0-Release.Candidate.app/Contents/Developer/Toolchains/XcodeDefault.xctoolchain/usr/bin/swift-frontend -frontend -emit-module -experimental-skip-non-inlinable-function-bodies-without-types /Users/admin/builder/spi-builder-workspace/Sources/UsefulThingsSwiftUI/AccessibleSegmentedPicker.swift /Users/admin/builder/spi-builder-workspace/Sources/UsefulThingsSwiftUI/Axis.swift /Users/admin/builder/spi-builder-workspace/Sources/UsefulThingsSwiftUI/Binding+.swift /Users/admin/builder/spi-builder-workspace/Sources/UsefulThingsSwiftUI/CircularProgressView.swift /Users/admin/builder/spi-builder-workspace/Sources/UsefulThingsSwiftUI/Color+.swift /Users/admin/builder/spi-builder-workspace/Sources/UsefulThingsSwiftUI/CornerRadiusWithBorder.swift /Users/admin/builder/spi-builder-workspace/Sources/UsefulThingsSwiftUI/CursorChangeOnHover.swift /Users/admin/builder/spi-builder-workspace/Sources/UsefulThingsSwiftUI/DoubleClick.swift /Users/admin/builder/spi-builder-workspace/Sources/UsefulThingsSwiftUI/FileExport.swift /Users/admin/builder/spi-builder-workspace/Sources/UsefulThingsSwiftUI/FloatingPanel.swift /Users/admin/builder/spi-builder-workspace/Sources/UsefulThingsSwiftUI/Glow.swift /Users/admin/builder/spi-builder-workspace/Sources/UsefulThingsSwiftUI/Grids.swift /Users/admin/builder/spi-builder-workspace/Sources/UsefulThingsSwiftUI/Image+.swift /Users/admin/builder/spi-builder-workspace/Sources/UsefulThingsSwiftUI/MenuPicker.swift /Users/admin/builder/spi-builder-workspace/Sources/UsefulThingsSwiftUI/ModalPresenter/AlertPresenter.swift /Users/admin/builder/spi-builder-workspace/Sources/UsefulThingsSwiftUI/ModalPresenter/AnyAlertPresenter.swift /Users/admin/builder/spi-builder-workspace/Sources/UsefulThingsSwiftUI/ModalPresenter/AnyDialogPresenter.swift /Users/admin/builder/spi-builder-workspace/Sources/UsefulThingsSwiftUI/ModalPresenter/AnyFullScreenCoverPresenter.swift /Users/admin/builder/spi-builder-workspace/Sources/UsefulThingsSwiftUI/ModalPresenter/AnyMacWindowPresenter.swift /Users/admin/builder/spi-builder-workspace/Sources/UsefulThingsSwiftUI/ModalPresenter/AnyPopoverPresenter.swift /Users/admin/builder/spi-builder-workspace/Sources/UsefulThingsSwiftUI/ModalPresenter/AnySheetPresenter.swift /Users/admin/builder/spi-builder-workspace/Sources/UsefulThingsSwiftUI/ModalPresenter/AsyncModal.swift /Users/admin/builder/spi-builder-workspace/Sources/UsefulThingsSwiftUI/ModalPresenter/DialogPresenter.swift /Users/admin/builder/spi-builder-workspace/Sources/UsefulThingsSwiftUI/ModalPresenter/FullScreenCoverPresenter.swift /Users/admin/builder/spi-builder-workspace/Sources/UsefulThingsSwiftUI/ModalPresenter/MacWindowPresenter.swift /Users/admin/builder/spi-builder-workspace/Sources/UsefulThingsSwiftUI/ModalPresenter/PopoverPresenter.swift /Users/admin/builder/spi-builder-workspace/Sources/UsefulThingsSwiftUI/ModalPresenter/SheetPresenter.swift /Users/admin/builder/spi-builder-workspace/Sources/UsefulThingsSwiftUI/Nameable.swift /Users/admin/builder/spi-builder-workspace/Sources/UsefulThingsSwiftUI/OpenInWindow.swift /Users/admin/builder/spi-builder-workspace/Sources/UsefulThingsSwiftUI/PatientTextField.swift /Users/admin/builder/spi-builder-workspace/Sources/UsefulThingsSwiftUI/PopoverView.swift /Users/admin/builder/spi-builder-workspace/Sources/UsefulThingsSwiftUI/PopupButton.swift /Users/admin/builder/spi-builder-workspace/Sources/UsefulThingsSwiftUI/Rotation.swift /Users/admin/builder/spi-builder-workspace/Sources/UsefulThingsSwiftUI/ScrollViews.swift /Users/admin/builder/spi-builder-workspace/Sources/UsefulThingsSwiftUI/SegmentedControl.swift /Users/admin/builder/spi-builder-workspace/Sources/UsefulThingsSwiftUI/SizePreference.swift /Users/admin/builder/spi-builder-workspace/Sources/UsefulThingsSwiftUI/SplashView.swift /Users/admin/builder/spi-builder-workspace/Sources/UsefulThingsSwiftUI/Stacks.swift /Users/admin/builder/spi-builder-workspace/Sources/UsefulThingsSwiftUI/Transition.swift /Users/admin/builder/spi-builder-workspace/Sources/UsefulThingsSwiftUI/VisualEffectView.swift -target arm64_32-apple-watchos9.0 -module-can-import-version UIKit 9127.0.84.1 9127.0.84 -disable-cross-import-overlay-search -load-resolved-plugin /Applications/Xcode-27.0.0-Release.Candidate.app/Contents/Developer/Platforms/WatchOS.platform/Developer/usr/lib/swift/host/plugins/libFoundationMacros.dylib\#/Applications/Xcode-27.0.0-Release.Candidate.app/Contents/Developer/Platforms/WatchOS.platform/Developer/usr/bin/swift-plugin-server\#FoundationMacros -load-resolved-plugin /Applications/Xcode-27.0.0-Release.Candidate.app/Contents/Developer/Platforms/WatchOS.platform/Developer/usr/lib/swift/host/plugins/libObservationMacros.dylib\#/Applications/Xcode-27.0.0-Release.Candidate.app/Contents/Developer/Platforms/WatchOS.platform/Developer/usr/bin/swift-plugin-server\#ObservationMacros -load-resolved-plugin /Applications/Xcode-27.0.0-Release.Candidate.app/Contents/Developer/Platforms/WatchOS.platform/Developer/usr/lib/swift/host/plugins/libPreviewsMacros.dylib\#/Applications/Xcode-27.0.0-Release.Candidate.app/Contents/Developer/Platforms/WatchOS.platform/Developer/usr/bin/swift-plugin-server\#PreviewsMacros -load-resolved-plugin /Applications/Xcode-27.0.0-Release.Candidate.app/Contents/Developer/Platforms/WatchOS.platform/Developer/usr/lib/swift/host/plugins/libSwiftMacros.dylib\#/Applications/Xcode-27.0.0-Release.Candidate.app/Contents/Developer/Platforms/WatchOS.platform/Developer/usr/bin/swift-plugin-server\#SwiftMacros -load-resolved-plugin /Applications/Xcode-27.0.0-Release.Candidate.app/Contents/Developer/Platforms/WatchOS.platform/Developer/usr/lib/swift/host/plugins/libSwiftUIMacros.dylib\#/Applications/Xcode-27.0.0-Release.Candidate.app/Contents/Developer/Platforms/WatchOS.platform/Developer/usr/bin/swift-plugin-server\#SwiftUIMacros -disable-implicit-swift-modules -Xcc -fno-implicit-modules -Xcc -fno-implicit-module-maps -explicit-swift-module-map-file /Users/admin/builder/spi-builder-workspace/.derivedData/Build/Intermediates.noindex/UsefulThingsSwiftUI.build/Debug-watchos/UsefulThingsSwiftUI-t.build/Objects-normal/arm64_32/UsefulThingsSwiftUI-dependencies-1.json -enable-objc-interop -sdk /Applications/Xcode-27.0.0-Release.Candidate.app/Contents/Developer/Platforms/WatchOS.platform/Developer/SDKs/WatchOS27.0.sdk -I /Users/admin/builder/spi-builder-workspace/.derivedData/Build/Products/Debug-watchos -Isystem /Applications/Xcode-27.0.0-Release.Candidate.app/Contents/Developer/Platforms/WatchOS.platform/Developer/usr/lib -F /Users/admin/builder/spi-builder-workspace/.derivedData/Build/Products/Debug-watchos -F /Applications/Xcode-27.0.0-Release.Candidate.app/Contents/Developer/Platforms/WatchOS.platform/Developer/Library/Frameworks -F /Applications/Xcode-27.0.0-Release.Candidate.app/Contents/Developer/Platforms/WatchOS.platform/Developer/SDKs/WatchOS27.0.sdk/Developer/Library/Frameworks -module-cache-path /Users/admin/builder/spi-builder-workspace/.derivedData/Build/Intermediates.noindex/SwiftExplicitPrecompiledModules -no-color-diagnostics -Xcc -fno-color-diagnostics -enable-testing -g -debug-info-format\=dwarf -dwarf-version\=4 -profile-generate -profile-coverage-mapping -swift-version 5 -Onone -D SWIFT_PACKAGE -D DEBUG -D SWIFT_MODULE_RESOURCE_BUNDLE_UNAVAILABLE -D Xcode -serialize-debugging-options -enable-experimental-feature DebugDescriptionMacro -empty-abi-descriptor -validate-clang-modules-once -clang-build-session-file /Users/admin/builder/spi-builder-workspace/.derivedData/ModuleCache.noindex/Session.modulevalidation -Xcc -working-directory -Xcc /Users/admin/builder/spi-builder-workspace/.swiftpm/xcode -enable-anonymous-context-mangled-names -file-compilation-dir /Users/admin/builder/spi-builder-workspace/.swiftpm/xcode -Xcc -D_LIBCPP_HARDENING_MODE\=_LIBCPP_HARDENING_MODE_DEBUG -Xcc -ivfsstatcache -Xcc /Users/admin/builder/spi-builder-workspace/.derivedData/SDKStatCaches.noindex/watchos27.0-24R360-e829b21a6f8c9b70876ba0858053c04477534ef55a1706bf4c1112bbb242f0a2.sdkstatcache -Xcc -fmodules-prune-interval\=86400 -Xcc -fmodules-prune-after\=345600 -Xcc -I/Users/admin/builder/spi-builder-workspace/.derivedData/Build/Products/Debug-watchos/include -Xcc -I/Users/admin/builder/spi-builder-workspace/.derivedData/Build/Intermediates.noindex/UsefulThingsSwiftUI.build/Debug-watchos/UsefulThingsSwiftUI-t.build/DerivedSources-normal/arm64_32 -Xcc -I/Users/admin/builder/spi-builder-workspace/.derivedData/Build/Intermediates.noindex/UsefulThingsSwiftUI.build/Debug-watchos/UsefulThingsSwiftUI-t.build/DerivedSources/arm64_32 -Xcc -I/Users/admin/builder/spi-builder-workspace/.derivedData/Build/Intermediates.noindex/UsefulThingsSwiftUI.build/Debug-watchos/UsefulThingsSwiftUI-t.build/DerivedSources -Xcc -DSWIFT_PACKAGE -Xcc -DDEBUG\=1 -no-auto-bridging-header-chaining -module-name UsefulThingsSwiftUI -package-name spi_builder_workspace -const-gather-protocols-file /Users/admin/builder/spi-builder-workspace/.derivedData/Build/Intermediates.noindex/UsefulThingsSwiftUI.build/Debug-watchos/UsefulThingsSwiftUI-t.build/Objects-normal/arm64_32/UsefulThingsSwiftUI_const_extract_protocols.json -disable-clang-spi -clang-target arm64_32-apple-watchos27.0 -target-sdk-version 27.0 -target-sdk-name watchos27.0 -in-process-plugin-server-path /Applications/Xcode-27.0.0-Release.Candidate.app/Contents/Developer/Toolchains/XcodeDefault.xctoolchain/usr/lib/swift/host/libSwiftInProcPluginServer.dylib -emit-module-doc-path /Users/admin/builder/spi-builder-workspace/.derivedData/Build/Intermediates.noindex/UsefulThingsSwiftUI.build/Debug-watchos/UsefulThingsSwiftUI-t.build/Objects-normal/arm64_32/UsefulThingsSwiftUI.swiftdoc -emit-module-source-info-path /Users/admin/builder/spi-builder-workspace/.derivedData/Build/Intermediates.noindex/UsefulThingsSwiftUI.build/Debug-watchos/UsefulThingsSwiftUI-t.build/Objects-normal/arm64_32/UsefulThingsSwiftUI.swiftsourceinfo -emit-objc-header-path /Users/admin/builder/spi-builder-workspace/.derivedData/Build/Intermediates.noindex/UsefulThingsSwiftUI.build/Debug-watchos/UsefulThingsSwiftUI-t.build/Objects-normal/arm64_32/UsefulThingsSwiftUI-Swift.h -serialize-diagnostics-path /Users/admin/builder/spi-builder-workspace/.derivedData/Build/Intermediates.noindex/UsefulThingsSwiftUI.build/Debug-watchos/UsefulThingsSwiftUI-t.build/Objects-normal/arm64_32/UsefulThingsSwiftUI-primary-emit-module.dia -emit-dependencies-path /Users/admin/builder/spi-builder-workspace/.derivedData/Build/Intermediates.noindex/UsefulThingsSwiftUI.build/Debug-watchos/UsefulThingsSwiftUI-t.build/Objects-normal/arm64_32/UsefulThingsSwiftUI-primary-emit-module.d -parse-as-library -o /Users/admin/builder/spi-builder-workspace/.derivedData/Build/Intermediates.noindex/UsefulThingsSwiftUI.build/Debug-watchos/UsefulThingsSwiftUI-t.build/Objects-normal/arm64_32/UsefulThingsSwiftUI.swiftmodule -emit-abi-descriptor-path /Users/admin/builder/spi-builder-workspace/.derivedData/Build/Intermediates.noindex/UsefulThingsSwiftUI.build/Debug-watchos/UsefulThingsSwiftUI-t.build/Objects-normal/arm64_32/UsefulThingsSwiftUI.abi.json
SwiftCompile normal arm64_32 (in target 'UsefulThingsSwiftUI' from project 'UsefulThingsSwiftUI')
    cd /Users/admin/builder/spi-builder-workspace/.swiftpm/xcode

SwiftCompile normal arm64_32 Compiling\ OpenInWindow.swift,\ PatientTextField.swift,\ PopoverView.swift,\ PopupButton.swift /Users/admin/builder/spi-builder-workspace/Sources/UsefulThingsSwiftUI/OpenInWindow.swift /Users/admin/builder/spi-builder-workspace/Sources/UsefulThingsSwiftUI/PatientTextField.swift /Users/admin/builder/spi-builder-workspace/Sources/UsefulThingsSwiftUI/PopoverView.swift /Users/admin/builder/spi-builder-workspace/Sources/UsefulThingsSwiftUI/PopupButton.swift (in target 'UsefulThingsSwiftUI' from project 'UsefulThingsSwiftUI')
/Users/admin/builder/spi-builder-workspace/Sources/UsefulThingsSwiftUI/VisualEffectView.swift:239:36: error: generic parameter 'each Content' could not be inferred
237 |                         .frame(width: 120, height: 80)
238 |                         .overlay(
239 |                             VStack {
    |                                    `- error: generic parameter 'each Content' could not be inferred
240 |                                 Image(systemName: "star.fill")
241 |                                 Text("HUD Window")
SwiftUI.ViewBuilder.buildBlock:2:44: note: in call to function 'buildBlock'
1 | struct ViewBuilder {
2 | @export(implementation) public static func buildBlock<each Content>(_ content: repeat each Content) -> TupleView<(repeat each Content)> where repeat each Content : View}
  |                                            `- note: in call to function 'buildBlock'
3 |
/Users/admin/builder/spi-builder-workspace/Sources/UsefulThingsSwiftUI/VisualEffectView.swift:237:26: error: value of type 'VisualEffectView' has no member 'frame'
235 |                             emphasized: false
236 |                         )
237 |                         .frame(width: 120, height: 80)
    |                          `- error: value of type 'VisualEffectView' has no member 'frame'
238 |                         .overlay(
239 |                             VStack {
/Users/admin/builder/spi-builder-workspace/Sources/UsefulThingsSwiftUI/PatientTextField.swift:232:46: error: 'roundedBorder' is unavailable in watchOS
230 |
231 |                         PatientTextField("Enter text here...", text: $textFieldText)
232 |                             .textFieldStyle(.roundedBorder)
    |                                              `- error: 'roundedBorder' is unavailable in watchOS
233 |
234 |                         Text("Current bound value:")
SwiftUI.TextFieldStyle.roundedBorder:2:43: note: 'roundedBorder' has been explicitly marked unavailable here
1 | protocol TextFieldStyle {
2 | @export(implementation) public static var roundedBorder: RoundedBorderTextFieldStyle { get }}
  |                                           `- note: 'roundedBorder' has been explicitly marked unavailable here
3 |
macro expansion #Preview:47:58: error: 'roundedBorder' is unavailable in watchOS
`- /Users/admin/builder/spi-builder-workspace/Sources/UsefulThingsSwiftUI/PatientTextField.swift:333:2: note: expanded code originates here
201 | #endif
202 |
203 | #Preview("Patient Text Components") {
    | `- note: in expansion of macro 'Preview' here
204 |     struct PatientTextDemo: View {
205 |         @State private var textFieldText: String = "Edit me slowly..."
    :
331 |
332 |     return PatientTextDemo()
333 | }
    +--- macro expansion #Preview --------------------------------------
    | 45 |
    | 46 |                                     PatientTextField("Enter text here...", text: $textFieldText)
    | 47 |                                         .textFieldStyle(.roundedBorder)
    |    |                                                          `- error: 'roundedBorder' is unavailable in watchOS
    | 48 |
    | 49 |                                     Text("Current bound value:")
    +-------------------------------------------------------------------
334 |
335 | #if DEBUG
SwiftUI.TextFieldStyle.roundedBorder:2:43: note: 'roundedBorder' has been explicitly marked unavailable here
1 | protocol TextFieldStyle {
2 | @export(implementation) public static var roundedBorder: RoundedBorderTextFieldStyle { get }}
  |                                           `- note: 'roundedBorder' has been explicitly marked unavailable here
3 |
SwiftCompile normal arm64_32 /Users/admin/builder/spi-builder-workspace/Sources/UsefulThingsSwiftUI/OpenInWindow.swift (in target 'UsefulThingsSwiftUI' from project 'UsefulThingsSwiftUI')
    cd /Users/admin/builder/spi-builder-workspace/.swiftpm/xcode
    builtin-SwiftPerFileCompile OpenInWindow.swift
SwiftCompile normal arm64_32 /Users/admin/builder/spi-builder-workspace/Sources/UsefulThingsSwiftUI/PatientTextField.swift (in target 'UsefulThingsSwiftUI' from project 'UsefulThingsSwiftUI')
    cd /Users/admin/builder/spi-builder-workspace/.swiftpm/xcode
    builtin-SwiftPerFileCompile PatientTextField.swift
SwiftCompile normal arm64_32 /Users/admin/builder/spi-builder-workspace/Sources/UsefulThingsSwiftUI/PopoverView.swift (in target 'UsefulThingsSwiftUI' from project 'UsefulThingsSwiftUI')
    cd /Users/admin/builder/spi-builder-workspace/.swiftpm/xcode
    builtin-SwiftPerFileCompile PopoverView.swift
SwiftCompile normal arm64_32 /Users/admin/builder/spi-builder-workspace/Sources/UsefulThingsSwiftUI/PopupButton.swift (in target 'UsefulThingsSwiftUI' from project 'UsefulThingsSwiftUI')
    cd /Users/admin/builder/spi-builder-workspace/.swiftpm/xcode
    builtin-SwiftPerFileCompile PopupButton.swift
SwiftCompile normal arm64_32 Compiling\ FileExport.swift,\ FloatingPanel.swift,\ Glow.swift,\ Grids.swift /Users/admin/builder/spi-builder-workspace/Sources/UsefulThingsSwiftUI/FileExport.swift /Users/admin/builder/spi-builder-workspace/Sources/UsefulThingsSwiftUI/FloatingPanel.swift /Users/admin/builder/spi-builder-workspace/Sources/UsefulThingsSwiftUI/Glow.swift /Users/admin/builder/spi-builder-workspace/Sources/UsefulThingsSwiftUI/Grids.swift (in target 'UsefulThingsSwiftUI' from project 'UsefulThingsSwiftUI')
/Users/admin/builder/spi-builder-workspace/Sources/UsefulThingsSwiftUI/FileExport.swift:4:25: error: 'FileDocument' is unavailable in watchOS
 2 | import UniformTypeIdentifiers
 3 |
 4 | public struct TextFile: FileDocument {
   |                         `- error: 'FileDocument' is unavailable in watchOS
 5 |     // tell the system we support only plain text
 6 |     public static var readableContentTypes = [UTType.json, .text, .log, .html, .plainText]
SwiftUI.FileDocument:6:33: note: 'FileDocument' has been explicitly marked unavailable here
 4 | @available(watchOS, unavailable)
 5 | @available(visionOS, introduced: 1.0, deprecated: 100000.0, message: "Conform your type to Document instead.")
 6 | @preconcurrency public protocol FileDocument : Sendable {
   |                                 `- note: 'FileDocument' has been explicitly marked unavailable here
 7 |     static var readableContentTypes: [UTType] { get }
 8 |     static var writableContentTypes: [UTType] { get }
/Users/admin/builder/spi-builder-workspace/Sources/UsefulThingsSwiftUI/VisualEffectView.swift:239:36: error: generic parameter 'each Content' could not be inferred
237 |                         .frame(width: 120, height: 80)
238 |                         .overlay(
239 |                             VStack {
    |                                    `- error: generic parameter 'each Content' could not be inferred
240 |                                 Image(systemName: "star.fill")
241 |                                 Text("HUD Window")
SwiftUI.ViewBuilder.buildBlock:2:44: note: in call to function 'buildBlock'
1 | struct ViewBuilder {
2 | @export(implementation) public static func buildBlock<each Content>(_ content: repeat each Content) -> TupleView<(repeat each Content)> where repeat each Content : View}
  |                                            `- note: in call to function 'buildBlock'
3 |
/Users/admin/builder/spi-builder-workspace/Sources/UsefulThingsSwiftUI/VisualEffectView.swift:237:26: error: value of type 'VisualEffectView' has no member 'frame'
235 |                             emphasized: false
236 |                         )
237 |                         .frame(width: 120, height: 80)
    |                          `- error: value of type 'VisualEffectView' has no member 'frame'
238 |                         .overlay(
239 |                             VStack {
/Users/admin/builder/spi-builder-workspace/Sources/UsefulThingsSwiftUI/Grids.swift:44:31: error: 'segmented' is unavailable in watchOS
42 |                     Text("Horizontal").tag(Axis.Set.horizontal)
43 |                 }
44 |                 .pickerStyle(.segmented)
   |                               `- error: 'segmented' is unavailable in watchOS
45 |                 .padding()
46 |
SwiftUI.PickerStyle.segmented:2:43: note: 'segmented' has been explicitly marked unavailable here
1 | protocol PickerStyle {
2 | @export(implementation) public static var segmented: SegmentedPickerStyle { get }}
  |                                           `- note: 'segmented' has been explicitly marked unavailable here
3 |
SwiftCompile normal arm64_32 /Users/admin/builder/spi-builder-workspace/Sources/UsefulThingsSwiftUI/FileExport.swift (in target 'UsefulThingsSwiftUI' from project 'UsefulThingsSwiftUI')
    cd /Users/admin/builder/spi-builder-workspace/.swiftpm/xcode
    builtin-SwiftPerFileCompile FileExport.swift
SwiftCompile normal arm64_32 /Users/admin/builder/spi-builder-workspace/Sources/UsefulThingsSwiftUI/FloatingPanel.swift (in target 'UsefulThingsSwiftUI' from project 'UsefulThingsSwiftUI')
    cd /Users/admin/builder/spi-builder-workspace/.swiftpm/xcode
    builtin-SwiftPerFileCompile FloatingPanel.swift
SwiftCompile normal arm64_32 /Users/admin/builder/spi-builder-workspace/Sources/UsefulThingsSwiftUI/Glow.swift (in target 'UsefulThingsSwiftUI' from project 'UsefulThingsSwiftUI')
    cd /Users/admin/builder/spi-builder-workspace/.swiftpm/xcode
    builtin-SwiftPerFileCompile Glow.swift
SwiftCompile normal arm64_32 /Users/admin/builder/spi-builder-workspace/Sources/UsefulThingsSwiftUI/Grids.swift (in target 'UsefulThingsSwiftUI' from project 'UsefulThingsSwiftUI')
    cd /Users/admin/builder/spi-builder-workspace/.swiftpm/xcode
    builtin-SwiftPerFileCompile Grids.swift
SwiftCompile normal arm64_32 Compiling\ AnyDialogPresenter.swift,\ AnyFullScreenCoverPresenter.swift,\ AnyMacWindowPresenter.swift,\ AnyPopoverPresenter.swift /Users/admin/builder/spi-builder-workspace/Sources/UsefulThingsSwiftUI/ModalPresenter/AnyDialogPresenter.swift /Users/admin/builder/spi-builder-workspace/Sources/UsefulThingsSwiftUI/ModalPresenter/AnyFullScreenCoverPresenter.swift /Users/admin/builder/spi-builder-workspace/Sources/UsefulThingsSwiftUI/ModalPresenter/AnyMacWindowPresenter.swift /Users/admin/builder/spi-builder-workspace/Sources/UsefulThingsSwiftUI/ModalPresenter/AnyPopoverPresenter.swift (in target 'UsefulThingsSwiftUI' from project 'UsefulThingsSwiftUI')
SwiftCompile normal arm64_32 /Users/admin/builder/spi-builder-workspace/Sources/UsefulThingsSwiftUI/ModalPresenter/AnyDialogPresenter.swift (in target 'UsefulThingsSwiftUI' from project 'UsefulThingsSwiftUI')
    cd /Users/admin/builder/spi-builder-workspace/.swiftpm/xcode
    builtin-SwiftPerFileCompile AnyDialogPresenter.swift
SwiftCompile normal arm64_32 /Users/admin/builder/spi-builder-workspace/Sources/UsefulThingsSwiftUI/ModalPresenter/AnyFullScreenCoverPresenter.swift (in target 'UsefulThingsSwiftUI' from project 'UsefulThingsSwiftUI')
    cd /Users/admin/builder/spi-builder-workspace/.swiftpm/xcode
    builtin-SwiftPerFileCompile AnyFullScreenCoverPresenter.swift
SwiftCompile normal arm64_32 /Users/admin/builder/spi-builder-workspace/Sources/UsefulThingsSwiftUI/ModalPresenter/AnyMacWindowPresenter.swift (in target 'UsefulThingsSwiftUI' from project 'UsefulThingsSwiftUI')
    cd /Users/admin/builder/spi-builder-workspace/.swiftpm/xcode
    builtin-SwiftPerFileCompile AnyMacWindowPresenter.swift
SwiftCompile normal arm64_32 /Users/admin/builder/spi-builder-workspace/Sources/UsefulThingsSwiftUI/ModalPresenter/AnyPopoverPresenter.swift (in target 'UsefulThingsSwiftUI' from project 'UsefulThingsSwiftUI')
    cd /Users/admin/builder/spi-builder-workspace/.swiftpm/xcode
    builtin-SwiftPerFileCompile AnyPopoverPresenter.swift
SwiftCompile normal arm64_32 Compiling\ MacWindowPresenter.swift,\ PopoverPresenter.swift,\ SheetPresenter.swift,\ Nameable.swift /Users/admin/builder/spi-builder-workspace/Sources/UsefulThingsSwiftUI/ModalPresenter/MacWindowPresenter.swift /Users/admin/builder/spi-builder-workspace/Sources/UsefulThingsSwiftUI/ModalPresenter/PopoverPresenter.swift /Users/admin/builder/spi-builder-workspace/Sources/UsefulThingsSwiftUI/ModalPresenter/SheetPresenter.swift /Users/admin/builder/spi-builder-workspace/Sources/UsefulThingsSwiftUI/Nameable.swift (in target 'UsefulThingsSwiftUI' from project 'UsefulThingsSwiftUI')
SwiftCompile normal arm64_32 /Users/admin/builder/spi-builder-workspace/Sources/UsefulThingsSwiftUI/ModalPresenter/MacWindowPresenter.swift (in target 'UsefulThingsSwiftUI' from project 'UsefulThingsSwiftUI')
    cd /Users/admin/builder/spi-builder-workspace/.swiftpm/xcode
    builtin-SwiftPerFileCompile MacWindowPresenter.swift
SwiftCompile normal arm64_32 /Users/admin/builder/spi-builder-workspace/Sources/UsefulThingsSwiftUI/ModalPresenter/PopoverPresenter.swift (in target 'UsefulThingsSwiftUI' from project 'UsefulThingsSwiftUI')
    cd /Users/admin/builder/spi-builder-workspace/.swiftpm/xcode
    builtin-SwiftPerFileCompile PopoverPresenter.swift
SwiftCompile normal arm64_32 /Users/admin/builder/spi-builder-workspace/Sources/UsefulThingsSwiftUI/ModalPresenter/SheetPresenter.swift (in target 'UsefulThingsSwiftUI' from project 'UsefulThingsSwiftUI')
    cd /Users/admin/builder/spi-builder-workspace/.swiftpm/xcode
    builtin-SwiftPerFileCompile SheetPresenter.swift
SwiftCompile normal arm64_32 /Users/admin/builder/spi-builder-workspace/Sources/UsefulThingsSwiftUI/Nameable.swift (in target 'UsefulThingsSwiftUI' from project 'UsefulThingsSwiftUI')
    cd /Users/admin/builder/spi-builder-workspace/.swiftpm/xcode
    builtin-SwiftPerFileCompile Nameable.swift
SwiftCompile normal arm64_32 Compiling\ Color+.swift,\ CornerRadiusWithBorder.swift,\ CursorChangeOnHover.swift,\ DoubleClick.swift /Users/admin/builder/spi-builder-workspace/Sources/UsefulThingsSwiftUI/Color+.swift /Users/admin/builder/spi-builder-workspace/Sources/UsefulThingsSwiftUI/CornerRadiusWithBorder.swift /Users/admin/builder/spi-builder-workspace/Sources/UsefulThingsSwiftUI/CursorChangeOnHover.swift /Users/admin/builder/spi-builder-workspace/Sources/UsefulThingsSwiftUI/DoubleClick.swift (in target 'UsefulThingsSwiftUI' from project 'UsefulThingsSwiftUI')
/Users/admin/builder/spi-builder-workspace/Sources/UsefulThingsSwiftUI/Color+.swift:255:45: error: 'UITraitCollection' is unavailable in watchOS
253 |
254 |   extension Color {
255 |     public init(dynamicProvider: @escaping (UITraitCollection) -> Color) {
    |                                             `- error: 'UITraitCollection' is unavailable in watchOS
256 |       self = Self(UIColor { UIColor(dynamicProvider($0)) })
257 |     }
/Applications/Xcode-27.0.0-Release.Candidate.app/Contents/Developer/Platforms/WatchOS.platform/Developer/SDKs/WatchOS27.0.sdk/System/Library/Frameworks/UIKit.framework/Headers/UITraitCollection.h:23:12: note: 'UITraitCollection' has been explicitly marked unavailable here
 21 |
 22 | UIKIT_EXTERN API_AVAILABLE(ios(8.0)) API_UNAVAILABLE(watchos) NS_SWIFT_SENDABLE
 23 | @interface UITraitCollection : NSObject <NSCopying, NSSecureCoding>
    |            `- note: 'UITraitCollection' has been explicitly marked unavailable here
 24 |
 25 | - (instancetype)init NS_DESIGNATED_INITIALIZER;
/Users/admin/builder/spi-builder-workspace/Sources/UsefulThingsSwiftUI/VisualEffectView.swift:239:36: error: generic parameter 'each Content' could not be inferred
237 |                         .frame(width: 120, height: 80)
238 |                         .overlay(
239 |                             VStack {
    |                                    `- error: generic parameter 'each Content' could not be inferred
240 |                                 Image(systemName: "star.fill")
241 |                                 Text("HUD Window")
SwiftUI.ViewBuilder.buildBlock:2:44: note: in call to function 'buildBlock'
1 | struct ViewBuilder {
2 | @export(implementation) public static func buildBlock<each Content>(_ content: repeat each Content) -> TupleView<(repeat each Content)> where repeat each Content : View}
  |                                            `- note: in call to function 'buildBlock'
3 |
/Users/admin/builder/spi-builder-workspace/Sources/UsefulThingsSwiftUI/VisualEffectView.swift:237:26: error: value of type 'VisualEffectView' has no member 'frame'
235 |                             emphasized: false
236 |                         )
237 |                         .frame(width: 120, height: 80)
    |                          `- error: value of type 'VisualEffectView' has no member 'frame'
238 |                         .overlay(
239 |                             VStack {
/Users/admin/builder/spi-builder-workspace/Sources/UsefulThingsSwiftUI/Color+.swift:256:19: error: 'init(dynamicProvider:)' is unavailable in watchOS
254 |   extension Color {
255 |     public init(dynamicProvider: @escaping (UITraitCollection) -> Color) {
256 |       self = Self(UIColor { UIColor(dynamicProvider($0)) })
    |                   `- error: 'init(dynamicProvider:)' is unavailable in watchOS
257 |     }
258 |
/Applications/Xcode-27.0.0-Release.Candidate.app/Contents/Developer/Platforms/WatchOS.platform/Developer/SDKs/WatchOS27.0.sdk/System/Library/Frameworks/UIKit.framework/Headers/UIColor.h:144:1: note: 'init(dynamicProvider:)' has been explicitly marked unavailable here
142 |
143 | + (UIColor *)colorWithDynamicProvider:(UIColor * (^)(UITraitCollection *traitCollection))dynamicProvider API_AVAILABLE(ios(13.0), tvos(13.0)) API_UNAVAILABLE(watchos);
144 | - (UIColor *)initWithDynamicProvider:(UIColor * (^)(UITraitCollection *traitCollection))dynamicProvider API_AVAILABLE(ios(13.0), tvos(13.0)) API_UNAVAILABLE(watchos);
    | `- note: 'init(dynamicProvider:)' has been explicitly marked unavailable here
145 |
146 | /* Resolve any color to its most fundamental form (a non-dynamic color) for a specific trait collection.
/Users/admin/builder/spi-builder-workspace/Sources/UsefulThingsSwiftUI/Color+.swift:266:7: error: 'init(dynamicProvider:)' is unavailable in watchOS
264 |   extension UIColor {
265 |     public func inverted() -> Self {
266 |       Self {
    |       `- error: 'init(dynamicProvider:)' is unavailable in watchOS
267 |         self.resolvedColor(
268 |           with: .init(userInterfaceStyle: $0.userInterfaceStyle == .dark ? .light : .dark)
/Applications/Xcode-27.0.0-Release.Candidate.app/Contents/Developer/Platforms/WatchOS.platform/Developer/SDKs/WatchOS27.0.sdk/System/Library/Frameworks/UIKit.framework/Headers/UIColor.h:144:1: note: 'init(dynamicProvider:)' has been explicitly marked unavailable here
142 |
143 | + (UIColor *)colorWithDynamicProvider:(UIColor * (^)(UITraitCollection *traitCollection))dynamicProvider API_AVAILABLE(ios(13.0), tvos(13.0)) API_UNAVAILABLE(watchos);
144 | - (UIColor *)initWithDynamicProvider:(UIColor * (^)(UITraitCollection *traitCollection))dynamicProvider API_AVAILABLE(ios(13.0), tvos(13.0)) API_UNAVAILABLE(watchos);
    | `- note: 'init(dynamicProvider:)' has been explicitly marked unavailable here
145 |
146 | /* Resolve any color to its most fundamental form (a non-dynamic color) for a specific trait collection.
/Users/admin/builder/spi-builder-workspace/Sources/UsefulThingsSwiftUI/Color+.swift:267:14: error: 'resolvedColor(with:)' is unavailable in watchOS
265 |     public func inverted() -> Self {
266 |       Self {
267 |         self.resolvedColor(
    |              `- error: 'resolvedColor(with:)' is unavailable in watchOS
268 |           with: .init(userInterfaceStyle: $0.userInterfaceStyle == .dark ? .light : .dark)
269 |         )
/Applications/Xcode-27.0.0-Release.Candidate.app/Contents/Developer/Platforms/WatchOS.platform/Developer/SDKs/WatchOS27.0.sdk/System/Library/Frameworks/UIKit.framework/Headers/UIColor.h:148:1: note: 'resolvedColor(with:)' has been explicitly marked unavailable here
146 | /* Resolve any color to its most fundamental form (a non-dynamic color) for a specific trait collection.
147 |  */
148 | - (UIColor *)resolvedColorWithTraitCollection:(UITraitCollection *)traitCollection API_AVAILABLE(ios(13.0), tvos(13.0)) API_UNAVAILABLE(watchos);
    | `- note: 'resolvedColor(with:)' has been explicitly marked unavailable here
149 |
150 | @end
/Users/admin/builder/spi-builder-workspace/Sources/UsefulThingsSwiftUI/Color+.swift:268:18: error: 'init(userInterfaceStyle:)' is unavailable in watchOS
266 |       Self {
267 |         self.resolvedColor(
268 |           with: .init(userInterfaceStyle: $0.userInterfaceStyle == .dark ? .light : .dark)
    |                  `- error: 'init(userInterfaceStyle:)' is unavailable in watchOS
269 |         )
270 |       }
/Applications/Xcode-27.0.0-Release.Candidate.app/Contents/Developer/Platforms/WatchOS.platform/Developer/SDKs/WatchOS27.0.sdk/System/Library/Frameworks/UIKit.framework/Headers/UITraitCollection.h:41:1: note: 'init(userInterfaceStyle:)' has been explicitly marked unavailable here
 39 | @property (nonatomic, readonly) UIUserInterfaceIdiom userInterfaceIdiom; // unspecified: UIUserInterfaceIdiomUnspecified
 40 |
 41 | + (UITraitCollection *)traitCollectionWithUserInterfaceStyle:(UIUserInterfaceStyle)userInterfaceStyle API_AVAILABLE(tvos(10.0)) API_AVAILABLE(ios(12.0)) API_UNAVAILABLE(watchos);
    | `- note: 'init(userInterfaceStyle:)' has been explicitly marked unavailable here
 42 | @property (nonatomic, readonly) UIUserInterfaceStyle userInterfaceStyle API_AVAILABLE(tvos(10.0)) API_AVAILABLE(ios(12.0)) API_UNAVAILABLE(watchos); // unspecified: UIUserInterfaceStyleUnspecified
 43 |
SwiftCompile normal arm64_32 /Users/admin/builder/spi-builder-workspace/Sources/UsefulThingsSwiftUI/Color+.swift (in target 'UsefulThingsSwiftUI' from project 'UsefulThingsSwiftUI')
    cd /Users/admin/builder/spi-builder-workspace/.swiftpm/xcode
    builtin-SwiftPerFileCompile Color+.swift
SwiftCompile normal arm64_32 /Users/admin/builder/spi-builder-workspace/Sources/UsefulThingsSwiftUI/CornerRadiusWithBorder.swift (in target 'UsefulThingsSwiftUI' from project 'UsefulThingsSwiftUI')
    cd /Users/admin/builder/spi-builder-workspace/.swiftpm/xcode
    builtin-SwiftPerFileCompile CornerRadiusWithBorder.swift
SwiftCompile normal arm64_32 /Users/admin/builder/spi-builder-workspace/Sources/UsefulThingsSwiftUI/CursorChangeOnHover.swift (in target 'UsefulThingsSwiftUI' from project 'UsefulThingsSwiftUI')
    cd /Users/admin/builder/spi-builder-workspace/.swiftpm/xcode
    builtin-SwiftPerFileCompile CursorChangeOnHover.swift
SwiftCompile normal arm64_32 /Users/admin/builder/spi-builder-workspace/Sources/UsefulThingsSwiftUI/DoubleClick.swift (in target 'UsefulThingsSwiftUI' from project 'UsefulThingsSwiftUI')
    cd /Users/admin/builder/spi-builder-workspace/.swiftpm/xcode
    builtin-SwiftPerFileCompile DoubleClick.swift
SwiftEmitModule normal arm64 Emitting\ module\ for\ UsefulThingsSwiftUI (in target 'UsefulThingsSwiftUI' from project 'UsefulThingsSwiftUI')
SwiftCompile normal arm64 (in target 'UsefulThingsSwiftUI' from project 'UsefulThingsSwiftUI')
    cd /Users/admin/builder/spi-builder-workspace/.swiftpm/xcode

PruneExplicitPrecompiledModules /Users/admin/builder/spi-builder-workspace/.derivedData/Build/Intermediates.noindex/SwiftExplicitPrecompiledModules
PruneExplicitPrecompiledModules /Users/admin/builder/spi-builder-workspace/.derivedData/Build/Intermediates.noindex/ExplicitPrecompiledModules
PruneExplicitPrecompiledModules /Users/admin/builder/spi-builder-workspace/.derivedData/SDKExplicitPrecompiledModules
2026-09-24 03:22:47.978 xcodebuild[658:3897] [MT] IDERunDestination: Supported platforms for the buildables in the current scheme is empty.
** BUILD FAILED **
The following build commands failed:
	SwiftEmitModule normal arm64_32 Emitting\ module\ for\ UsefulThingsSwiftUI (in target 'UsefulThingsSwiftUI' from project 'UsefulThingsSwiftUI')
	SwiftCompile normal arm64_32 (in target 'UsefulThingsSwiftUI' from project 'UsefulThingsSwiftUI')
	Building workspace UsefulThingsSwiftUI with scheme UsefulThingsSwiftUI
(3 failures)
Command line invocation:
    /Applications/Xcode-27.0.0-Release.Candidate.app/Contents/Developer/usr/bin/xcodebuild -IDEClonedSourcePackagesDirPathOverride=/Users/admin/builder/spi-builder-workspace/.dependencies -resolvePackageDependencies
Resolve Package Graph
Resolved source packages:
  UsefulThingsSwiftUI: /Users/admin/builder/spi-builder-workspace
resolved source packages: UsefulThingsSwiftUI
2026-09-24 03:22:55.307 xcodebuild[830:4632] [MT] IDERunDestination: Supported platforms for the buildables in the current scheme is empty.
{
  "dependencies" : [
  ],
  "manifest_display_name" : "UsefulThingsSwiftUI",
  "name" : "UsefulThingsSwiftUI",
  "path" : "/Users/admin/builder/spi-builder-workspace",
  "platforms" : [
    {
      "name" : "ios",
      "version" : "14.0"
    },
    {
      "name" : "macos",
      "version" : "13.0"
    },
    {
      "name" : "tvos",
      "version" : "13.0"
    },
    {
      "name" : "watchos",
      "version" : "6.0"
    }
  ],
  "products" : [
    {
      "name" : "UsefulThingsSwiftUI",
      "targets" : [
        "UsefulThingsSwiftUI"
      ],
      "type" : {
        "library" : [
          "automatic"
        ]
      }
    }
  ],
  "targets" : [
    {
      "c99name" : "UsefulThingsSwiftUITests",
      "module_type" : "SwiftTarget",
      "name" : "UsefulThingsSwiftUITests",
      "path" : "Tests/UsefulThingsSwiftUITests",
      "sources" : [
        "UsefulThingsSwiftUITests.swift"
      ],
      "target_dependencies" : [
        "UsefulThingsSwiftUI"
      ],
      "type" : "test"
    },
    {
      "c99name" : "UsefulThingsSwiftUI",
      "module_type" : "SwiftTarget",
      "name" : "UsefulThingsSwiftUI",
      "path" : "Sources/UsefulThingsSwiftUI",
      "product_memberships" : [
        "UsefulThingsSwiftUI"
      ],
      "sources" : [
        "AccessibleSegmentedPicker.swift",
        "Axis.swift",
        "Binding+.swift",
        "CircularProgressView.swift",
        "Color+.swift",
        "CornerRadiusWithBorder.swift",
        "CursorChangeOnHover.swift",
        "DoubleClick.swift",
        "FileExport.swift",
        "FloatingPanel.swift",
        "Glow.swift",
        "Grids.swift",
        "Image+.swift",
        "MenuPicker.swift",
        "ModalPresenter/AlertPresenter.swift",
        "ModalPresenter/AnyAlertPresenter.swift",
        "ModalPresenter/AnyDialogPresenter.swift",
        "ModalPresenter/AnyFullScreenCoverPresenter.swift",
        "ModalPresenter/AnyMacWindowPresenter.swift",
        "ModalPresenter/AnyPopoverPresenter.swift",
        "ModalPresenter/AnySheetPresenter.swift",
        "ModalPresenter/AsyncModal.swift",
        "ModalPresenter/DialogPresenter.swift",
        "ModalPresenter/FullScreenCoverPresenter.swift",
        "ModalPresenter/MacWindowPresenter.swift",
        "ModalPresenter/PopoverPresenter.swift",
        "ModalPresenter/SheetPresenter.swift",
        "Nameable.swift",
        "OpenInWindow.swift",
        "PatientTextField.swift",
        "PopoverView.swift",
        "PopupButton.swift",
        "Rotation.swift",
        "ScrollViews.swift",
        "SegmentedControl.swift",
        "SizePreference.swift",
        "SplashView.swift",
        "Stacks.swift",
        "Transition.swift",
        "VisualEffectView.swift"
      ],
      "type" : "library"
    }
  ],
  "tools_version" : "5.9"
}
{
  "workspace" : {
    "name" : "UsefulThingsSwiftUI",
    "schemes" : [
      "UsefulThingsSwiftUI"
    ]
  }
}
2026-09-24 03:22:56.529 xcodebuild[839:4724] [MT] IDERunDestination: Supported platforms for the buildables in the current scheme is empty.
Running build ...
env DEVELOPER_DIR=/Applications/Xcode-27.0.0-Release.Candidate.app xcrun xcodebuild -IDEClonedSourcePackagesDirPathOverride=$PWD/.dependencies -skipMacroValidation -skipPackagePluginValidation -derivedDataPath $PWD/.derivedData build -scheme UsefulThingsSwiftUI -destination generic/platform=watchOS
Command line invocation:
    /Applications/Xcode-27.0.0-Release.Candidate.app/Contents/Developer/usr/bin/xcodebuild -IDEClonedSourcePackagesDirPathOverride=/Users/admin/builder/spi-builder-workspace/.dependencies -skipMacroValidation -skipPackagePluginValidation -derivedDataPath /Users/admin/builder/spi-builder-workspace/.derivedData build -scheme UsefulThingsSwiftUI -destination generic/platform=watchOS
Resolve Package Graph
Resolved source packages:
  UsefulThingsSwiftUI: /Users/admin/builder/spi-builder-workspace
ComputePackagePrebuildTargetDependencyGraph
Prepare packages
CreateBuildRequest
SendProjectDescription
CreateBuildOperation
ComputeTargetDependencyGraph
note: Building targets in dependency order
note: Target dependency graph (2 targets)
    Target 'UsefulThingsSwiftUI-product' in project 'UsefulThingsSwiftUI'
        ➜ Explicit dependency on target 'UsefulThingsSwiftUI' in project 'UsefulThingsSwiftUI'
    Target 'UsefulThingsSwiftUI' in project 'UsefulThingsSwiftUI' (no dependencies)
GatherProvisioningInputs
CreateBuildDescription
ClangStatCache /Applications/Xcode-27.0.0-Release.Candidate.app/Contents/Developer/Toolchains/XcodeDefault.xctoolchain/usr/bin/clang-stat-cache /Applications/Xcode-27.0.0-Release.Candidate.app/Contents/Developer/Platforms/WatchOS.platform/Developer/SDKs/WatchOS27.0.sdk /Users/admin/builder/spi-builder-workspace/.derivedData/SDKStatCaches.noindex/watchos27.0-24R360-e829b21a6f8c9b70876ba0858053c04477534ef55a1706bf4c1112bbb242f0a2.sdkstatcache
    cd /Users/admin/builder/spi-builder-workspace/.swiftpm/xcode
    /Applications/Xcode-27.0.0-Release.Candidate.app/Contents/Developer/Toolchains/XcodeDefault.xctoolchain/usr/bin/clang-stat-cache /Applications/Xcode-27.0.0-Release.Candidate.app/Contents/Developer/Platforms/WatchOS.platform/Developer/SDKs/WatchOS27.0.sdk -o /Users/admin/builder/spi-builder-workspace/.derivedData/SDKStatCaches.noindex/watchos27.0-24R360-e829b21a6f8c9b70876ba0858053c04477534ef55a1706bf4c1112bbb242f0a2.sdkstatcache
SwiftDriver UsefulThingsSwiftUI normal arm64 com.apple.xcode.tools.swift.compiler (in target 'UsefulThingsSwiftUI' from project 'UsefulThingsSwiftUI')
    cd /Users/admin/builder/spi-builder-workspace/.swiftpm/xcode
    builtin-SwiftDriver -- /Applications/Xcode-27.0.0-Release.Candidate.app/Contents/Developer/Toolchains/XcodeDefault.xctoolchain/usr/bin/swiftc -parse-as-library -module-name UsefulThingsSwiftUI -Onone @/Users/admin/builder/spi-builder-workspace/.derivedData/Build/Intermediates.noindex/UsefulThingsSwiftUI.build/Debug-watchos/UsefulThingsSwiftUI-t.build/Objects-normal/arm64/UsefulThingsSwiftUI.SwiftFileList -DSWIFT_PACKAGE -DDEBUG -DSWIFT_MODULE_RESOURCE_BUNDLE_UNAVAILABLE -DXcode -plugin-path /Applications/Xcode-27.0.0-Release.Candidate.app/Contents/Developer/Toolchains/XcodeDefault.xctoolchain/usr/lib/swift/host/plugins/testing -enable-experimental-feature DebugDescriptionMacro -sdk /Applications/Xcode-27.0.0-Release.Candidate.app/Contents/Developer/Platforms/WatchOS.platform/Developer/SDKs/WatchOS27.0.sdk -target arm64-apple-watchos9.0 -g -module-cache-path /Users/admin/builder/spi-builder-workspace/.derivedData/ModuleCache.noindex -Xfrontend -serialize-debugging-options -profile-coverage-mapping -profile-generate -enable-testing -index-store-path /Users/admin/builder/spi-builder-workspace/.derivedData/Index.noindex/DataStore -Xcc -D_LIBCPP_HARDENING_MODE\=_LIBCPP_HARDENING_MODE_DEBUG -swift-version 5 -I /Users/admin/builder/spi-builder-workspace/.derivedData/Build/Products/Debug-watchos -Isystem /Applications/Xcode-27.0.0-Release.Candidate.app/Contents/Developer/Platforms/WatchOS.platform/Developer/usr/lib -F /Users/admin/builder/spi-builder-workspace/.derivedData/Build/Products/Debug-watchos -F /Applications/Xcode-27.0.0-Release.Candidate.app/Contents/Developer/Platforms/WatchOS.platform/Developer/Library/Frameworks -F /Applications/Xcode-27.0.0-Release.Candidate.app/Contents/Developer/Platforms/WatchOS.platform/Developer/SDKs/WatchOS27.0.sdk/Developer/Library/Frameworks -c -j10 -enable-batch-mode -incremental -Xcc -ivfsstatcache -Xcc /Users/admin/builder/spi-builder-workspace/.derivedData/SDKStatCaches.noindex/watchos27.0-24R360-e829b21a6f8c9b70876ba0858053c04477534ef55a1706bf4c1112bbb242f0a2.sdkstatcache -output-file-map /Users/admin/builder/spi-builder-workspace/.derivedData/Build/Intermediates.noindex/UsefulThingsSwiftUI.build/Debug-watchos/UsefulThingsSwiftUI-t.build/Objects-normal/arm64/UsefulThingsSwiftUI-OutputFileMap.json -save-temps -no-color-diagnostics -explicit-module-build -module-cache-path /Users/admin/builder/spi-builder-workspace/.derivedData/Build/Intermediates.noindex/SwiftExplicitPrecompiledModules -clang-scanner-module-cache-path /Users/admin/builder/spi-builder-workspace/.derivedData/ModuleCache.noindex -sdk-module-cache-path /Users/admin/builder/spi-builder-workspace/.derivedData/SDKExplicitPrecompiledModules -emit-dependencies -emit-module -emit-module-path /Users/admin/builder/spi-builder-workspace/.derivedData/Build/Intermediates.noindex/UsefulThingsSwiftUI.build/Debug-watchos/UsefulThingsSwiftUI-t.build/Objects-normal/arm64/UsefulThingsSwiftUI.swiftmodule -serialize-diagnostics -dependency-scan-serialize-diagnostics-path /Users/admin/builder/spi-builder-workspace/.derivedData/Build/Intermediates.noindex/UsefulThingsSwiftUI.build/Debug-watchos/UsefulThingsSwiftUI-t.build/Objects-normal/arm64/UsefulThingsSwiftUI-dependency-scan.dia -validate-clang-modules-once -clang-build-session-file /Users/admin/builder/spi-builder-workspace/.derivedData/ModuleCache.noindex/Session.modulevalidation -Xcc -fmodules-prune-interval\=86400 -Xcc -fmodules-prune-after\=345600 -package-name spi_builder_workspace -emit-const-values -const-gather-protocols-list /Users/admin/builder/spi-builder-workspace/.derivedData/Build/Intermediates.noindex/UsefulThingsSwiftUI.build/Debug-watchos/UsefulThingsSwiftUI-t.build/Objects-normal/arm64/UsefulThingsSwiftUI_const_extract_protocols.json -Xcc -I/Users/admin/builder/spi-builder-workspace/.derivedData/Build/Products/Debug-watchos/include -Xcc -I/Users/admin/builder/spi-builder-workspace/.derivedData/Build/Intermediates.noindex/UsefulThingsSwiftUI.build/Debug-watchos/UsefulThingsSwiftUI-t.build/DerivedSources-normal/arm64 -Xcc -I/Users/admin/builder/spi-builder-workspace/.derivedData/Build/Intermediates.noindex/UsefulThingsSwiftUI.build/Debug-watchos/UsefulThingsSwiftUI-t.build/DerivedSources/arm64 -Xcc -I/Users/admin/builder/spi-builder-workspace/.derivedData/Build/Intermediates.noindex/UsefulThingsSwiftUI.build/Debug-watchos/UsefulThingsSwiftUI-t.build/DerivedSources -Xcc -DSWIFT_PACKAGE -Xcc -DDEBUG\=1 -emit-objc-header -emit-objc-header-path /Users/admin/builder/spi-builder-workspace/.derivedData/Build/Intermediates.noindex/UsefulThingsSwiftUI.build/Debug-watchos/UsefulThingsSwiftUI-t.build/Objects-normal/arm64/UsefulThingsSwiftUI-Swift.h -working-directory /Users/admin/builder/spi-builder-workspace/.swiftpm/xcode -experimental-emit-module-separately -disable-cmo
SwiftDriver UsefulThingsSwiftUI normal arm64_32 com.apple.xcode.tools.swift.compiler (in target 'UsefulThingsSwiftUI' from project 'UsefulThingsSwiftUI')
    cd /Users/admin/builder/spi-builder-workspace/.swiftpm/xcode
    builtin-SwiftDriver -- /Applications/Xcode-27.0.0-Release.Candidate.app/Contents/Developer/Toolchains/XcodeDefault.xctoolchain/usr/bin/swiftc -parse-as-library -module-name UsefulThingsSwiftUI -Onone @/Users/admin/builder/spi-builder-workspace/.derivedData/Build/Intermediates.noindex/UsefulThingsSwiftUI.build/Debug-watchos/UsefulThingsSwiftUI-t.build/Objects-normal/arm64_32/UsefulThingsSwiftUI.SwiftFileList -DSWIFT_PACKAGE -DDEBUG -DSWIFT_MODULE_RESOURCE_BUNDLE_UNAVAILABLE -DXcode -plugin-path /Applications/Xcode-27.0.0-Release.Candidate.app/Contents/Developer/Toolchains/XcodeDefault.xctoolchain/usr/lib/swift/host/plugins/testing -enable-experimental-feature DebugDescriptionMacro -sdk /Applications/Xcode-27.0.0-Release.Candidate.app/Contents/Developer/Platforms/WatchOS.platform/Developer/SDKs/WatchOS27.0.sdk -target arm64_32-apple-watchos9.0 -g -module-cache-path /Users/admin/builder/spi-builder-workspace/.derivedData/ModuleCache.noindex -Xfrontend -serialize-debugging-options -profile-coverage-mapping -profile-generate -enable-testing -index-store-path /Users/admin/builder/spi-builder-workspace/.derivedData/Index.noindex/DataStore -Xcc -D_LIBCPP_HARDENING_MODE\=_LIBCPP_HARDENING_MODE_DEBUG -swift-version 5 -I /Users/admin/builder/spi-builder-workspace/.derivedData/Build/Products/Debug-watchos -Isystem /Applications/Xcode-27.0.0-Release.Candidate.app/Contents/Developer/Platforms/WatchOS.platform/Developer/usr/lib -F /Users/admin/builder/spi-builder-workspace/.derivedData/Build/Products/Debug-watchos -F /Applications/Xcode-27.0.0-Release.Candidate.app/Contents/Developer/Platforms/WatchOS.platform/Developer/Library/Frameworks -F /Applications/Xcode-27.0.0-Release.Candidate.app/Contents/Developer/Platforms/WatchOS.platform/Developer/SDKs/WatchOS27.0.sdk/Developer/Library/Frameworks -c -j10 -enable-batch-mode -incremental -Xcc -ivfsstatcache -Xcc /Users/admin/builder/spi-builder-workspace/.derivedData/SDKStatCaches.noindex/watchos27.0-24R360-e829b21a6f8c9b70876ba0858053c04477534ef55a1706bf4c1112bbb242f0a2.sdkstatcache -output-file-map /Users/admin/builder/spi-builder-workspace/.derivedData/Build/Intermediates.noindex/UsefulThingsSwiftUI.build/Debug-watchos/UsefulThingsSwiftUI-t.build/Objects-normal/arm64_32/UsefulThingsSwiftUI-OutputFileMap.json -save-temps -no-color-diagnostics -explicit-module-build -module-cache-path /Users/admin/builder/spi-builder-workspace/.derivedData/Build/Intermediates.noindex/SwiftExplicitPrecompiledModules -clang-scanner-module-cache-path /Users/admin/builder/spi-builder-workspace/.derivedData/ModuleCache.noindex -sdk-module-cache-path /Users/admin/builder/spi-builder-workspace/.derivedData/SDKExplicitPrecompiledModules -emit-dependencies -emit-module -emit-module-path /Users/admin/builder/spi-builder-workspace/.derivedData/Build/Intermediates.noindex/UsefulThingsSwiftUI.build/Debug-watchos/UsefulThingsSwiftUI-t.build/Objects-normal/arm64_32/UsefulThingsSwiftUI.swiftmodule -serialize-diagnostics -dependency-scan-serialize-diagnostics-path /Users/admin/builder/spi-builder-workspace/.derivedData/Build/Intermediates.noindex/UsefulThingsSwiftUI.build/Debug-watchos/UsefulThingsSwiftUI-t.build/Objects-normal/arm64_32/UsefulThingsSwiftUI-dependency-scan.dia -validate-clang-modules-once -clang-build-session-file /Users/admin/builder/spi-builder-workspace/.derivedData/ModuleCache.noindex/Session.modulevalidation -Xcc -fmodules-prune-interval\=86400 -Xcc -fmodules-prune-after\=345600 -package-name spi_builder_workspace -emit-const-values -const-gather-protocols-list /Users/admin/builder/spi-builder-workspace/.derivedData/Build/Intermediates.noindex/UsefulThingsSwiftUI.build/Debug-watchos/UsefulThingsSwiftUI-t.build/Objects-normal/arm64_32/UsefulThingsSwiftUI_const_extract_protocols.json -Xcc -I/Users/admin/builder/spi-builder-workspace/.derivedData/Build/Products/Debug-watchos/include -Xcc -I/Users/admin/builder/spi-builder-workspace/.derivedData/Build/Intermediates.noindex/UsefulThingsSwiftUI.build/Debug-watchos/UsefulThingsSwiftUI-t.build/DerivedSources-normal/arm64_32 -Xcc -I/Users/admin/builder/spi-builder-workspace/.derivedData/Build/Intermediates.noindex/UsefulThingsSwiftUI.build/Debug-watchos/UsefulThingsSwiftUI-t.build/DerivedSources/arm64_32 -Xcc -I/Users/admin/builder/spi-builder-workspace/.derivedData/Build/Intermediates.noindex/UsefulThingsSwiftUI.build/Debug-watchos/UsefulThingsSwiftUI-t.build/DerivedSources -Xcc -DSWIFT_PACKAGE -Xcc -DDEBUG\=1 -emit-objc-header -emit-objc-header-path /Users/admin/builder/spi-builder-workspace/.derivedData/Build/Intermediates.noindex/UsefulThingsSwiftUI.build/Debug-watchos/UsefulThingsSwiftUI-t.build/Objects-normal/arm64_32/UsefulThingsSwiftUI-Swift.h -working-directory /Users/admin/builder/spi-builder-workspace/.swiftpm/xcode -experimental-emit-module-separately -disable-cmo
SwiftEmitModule normal arm64_32 Emitting\ module\ for\ UsefulThingsSwiftUI (in target 'UsefulThingsSwiftUI' from project 'UsefulThingsSwiftUI')
/Users/admin/builder/spi-builder-workspace/Sources/UsefulThingsSwiftUI/VisualEffectView.swift:239:36: error: generic parameter 'each Content' could not be inferred
237 |                         .frame(width: 120, height: 80)
238 |                         .overlay(
239 |                             VStack {
    |                                    `- error: generic parameter 'each Content' could not be inferred
240 |                                 Image(systemName: "star.fill")
241 |                                 Text("HUD Window")
SwiftUI.ViewBuilder.buildBlock:2:44: note: in call to function 'buildBlock'
1 | struct ViewBuilder {
2 | @export(implementation) public static func buildBlock<each Content>(_ content: repeat each Content) -> TupleView<(repeat each Content)> where repeat each Content : View}
  |                                            `- note: in call to function 'buildBlock'
3 |
/Users/admin/builder/spi-builder-workspace/Sources/UsefulThingsSwiftUI/VisualEffectView.swift:237:26: error: value of type 'VisualEffectView' has no member 'frame'
235 |                             emphasized: false
236 |                         )
237 |                         .frame(width: 120, height: 80)
    |                          `- error: value of type 'VisualEffectView' has no member 'frame'
238 |                         .overlay(
239 |                             VStack {
/Users/admin/builder/spi-builder-workspace/Sources/UsefulThingsSwiftUI/Color+.swift:255:45: error: 'UITraitCollection' is unavailable in watchOS
253 |
254 |   extension Color {
255 |     public init(dynamicProvider: @escaping (UITraitCollection) -> Color) {
    |                                             `- error: 'UITraitCollection' is unavailable in watchOS
256 |       self = Self(UIColor { UIColor(dynamicProvider($0)) })
257 |     }
/Applications/Xcode-27.0.0-Release.Candidate.app/Contents/Developer/Platforms/WatchOS.platform/Developer/SDKs/WatchOS27.0.sdk/System/Library/Frameworks/UIKit.framework/Headers/UITraitCollection.h:23:12: note: 'UITraitCollection' has been explicitly marked unavailable here
 21 |
 22 | UIKIT_EXTERN API_AVAILABLE(ios(8.0)) API_UNAVAILABLE(watchos) NS_SWIFT_SENDABLE
 23 | @interface UITraitCollection : NSObject <NSCopying, NSSecureCoding>
    |            `- note: 'UITraitCollection' has been explicitly marked unavailable here
 24 |
 25 | - (instancetype)init NS_DESIGNATED_INITIALIZER;
/Users/admin/builder/spi-builder-workspace/Sources/UsefulThingsSwiftUI/FileExport.swift:4:25: error: 'FileDocument' is unavailable in watchOS
 2 | import UniformTypeIdentifiers
 3 |
 4 | public struct TextFile: FileDocument {
   |                         `- error: 'FileDocument' is unavailable in watchOS
 5 |     // tell the system we support only plain text
 6 |     public static var readableContentTypes = [UTType.json, .text, .log, .html, .plainText]
SwiftUI.FileDocument:6:33: note: 'FileDocument' has been explicitly marked unavailable here
 4 | @available(watchOS, unavailable)
 5 | @available(visionOS, introduced: 1.0, deprecated: 100000.0, message: "Conform your type to Document instead.")
 6 | @preconcurrency public protocol FileDocument : Sendable {
   |                                 `- note: 'FileDocument' has been explicitly marked unavailable here
 7 |     static var readableContentTypes: [UTType] { get }
 8 |     static var writableContentTypes: [UTType] { get }
/Users/admin/builder/spi-builder-workspace/Sources/UsefulThingsSwiftUI/PopupButton.swift:105:2: error: no macro named 'Preview'
103 | #endif
104 |
105 | #Preview("Popup Button") {
    |  `- error: no macro named 'Preview'
106 |     struct SampleOption: Nameable {
107 |         let id = UUID()
/Users/admin/builder/spi-builder-workspace/Sources/UsefulThingsSwiftUI/SegmentedControl.swift:17:30: error: cannot find type 'Context' in scope
 15 |     }
 16 |
 17 |     func makeUIView(context: Context) -> UISegmentedControl {
    |                              `- error: cannot find type 'Context' in scope
 18 |         let control = UISegmentedControl(
 19 |             items: items.map(title)
/Users/admin/builder/spi-builder-workspace/Sources/UsefulThingsSwiftUI/SegmentedControl.swift:17:42: error: 'UISegmentedControl' is unavailable in watchOS
 15 |     }
 16 |
 17 |     func makeUIView(context: Context) -> UISegmentedControl {
    |                                          `- error: 'UISegmentedControl' is unavailable in watchOS
 18 |         let control = UISegmentedControl(
 19 |             items: items.map(title)
/Applications/Xcode-27.0.0-Release.Candidate.app/Contents/Developer/Platforms/WatchOS.platform/Developer/SDKs/WatchOS27.0.sdk/System/Library/Frameworks/UIKit.framework/Headers/UISegmentedControl.h:43:12: note: 'UISegmentedControl' has been explicitly marked unavailable here
 41 |
 42 | UIKIT_EXTERN API_AVAILABLE(ios(2.0)) API_UNAVAILABLE(watchos) NS_SWIFT_UI_ACTOR
 43 | @interface UISegmentedControl : UIControl <NSCoding>
    |            `- note: 'UISegmentedControl' has been explicitly marked unavailable here
 44 |
 45 | - (instancetype)initWithFrame:(CGRect)frame NS_DESIGNATED_INITIALIZER;
/Users/admin/builder/spi-builder-workspace/Sources/UsefulThingsSwiftUI/SegmentedControl.swift:33:18: error: cannot find type 'Context' in scope
 31 |     func updateUIView(
 32 |         _ control: UISegmentedControl,
 33 |         context: Context
    |                  `- error: cannot find type 'Context' in scope
 34 |     ) {
 35 |         control.selectedSegmentIndex =
/Users/admin/builder/spi-builder-workspace/Sources/UsefulThingsSwiftUI/SegmentedControl.swift:32:20: error: 'UISegmentedControl' is unavailable in watchOS
 30 |
 31 |     func updateUIView(
 32 |         _ control: UISegmentedControl,
    |                    `- error: 'UISegmentedControl' is unavailable in watchOS
 33 |         context: Context
 34 |     ) {
/Applications/Xcode-27.0.0-Release.Candidate.app/Contents/Developer/Platforms/WatchOS.platform/Developer/SDKs/WatchOS27.0.sdk/System/Library/Frameworks/UIKit.framework/Headers/UISegmentedControl.h:43:12: note: 'UISegmentedControl' has been explicitly marked unavailable here
 41 |
 42 | UIKIT_EXTERN API_AVAILABLE(ios(2.0)) API_UNAVAILABLE(watchos) NS_SWIFT_UI_ACTOR
 43 | @interface UISegmentedControl : UIControl <NSCoding>
    |            `- note: 'UISegmentedControl' has been explicitly marked unavailable here
 44 |
 45 | - (instancetype)initWithFrame:(CGRect)frame NS_DESIGNATED_INITIALIZER;
/Users/admin/builder/spi-builder-workspace/Sources/UsefulThingsSwiftUI/SegmentedControl.swift:67:32: error: 'UISegmentedControl' is unavailable in watchOS
 65 |
 66 |         @objc
 67 |         func changed(_ sender: UISegmentedControl) {
    |                                `- error: 'UISegmentedControl' is unavailable in watchOS
 68 |             guard parent.items.indices.contains(
 69 |                 sender.selectedSegmentIndex
/Applications/Xcode-27.0.0-Release.Candidate.app/Contents/Developer/Platforms/WatchOS.platform/Developer/SDKs/WatchOS27.0.sdk/System/Library/Frameworks/UIKit.framework/Headers/UISegmentedControl.h:43:12: note: 'UISegmentedControl' has been explicitly marked unavailable here
 41 |
 42 | UIKIT_EXTERN API_AVAILABLE(ios(2.0)) API_UNAVAILABLE(watchos) NS_SWIFT_UI_ACTOR
 43 | @interface UISegmentedControl : UIControl <NSCoding>
    |            `- note: 'UISegmentedControl' has been explicitly marked unavailable here
 44 |
 45 | - (instancetype)initWithFrame:(CGRect)frame NS_DESIGNATED_INITIALIZER;
/Users/admin/builder/spi-builder-workspace/Sources/UsefulThingsSwiftUI/SegmentedControl.swift:6:42: error: cannot find type 'UIViewRepresentable' in scope
  4 |
  5 | @available(iOS 15.0, *)
  6 | struct SegmentedControl<Item: Hashable>: UIViewRepresentable {
    |                                          `- error: cannot find type 'UIViewRepresentable' in scope
  7 |     @Environment(\.dynamicTypeSize) private var dynamicTypeSize
  8 |
Failed frontend command:
SwiftCompile normal arm64_32 (in target 'UsefulThingsSwiftUI' from project 'UsefulThingsSwiftUI')
    cd /Users/admin/builder/spi-builder-workspace/.swiftpm/xcode

/Applications/Xcode-27.0.0-Release.Candidate.app/Contents/Developer/Toolchains/XcodeDefault.xctoolchain/usr/bin/swift-frontend -frontend -emit-module -experimental-skip-non-inlinable-function-bodies-without-types /Users/admin/builder/spi-builder-workspace/Sources/UsefulThingsSwiftUI/AccessibleSegmentedPicker.swift /Users/admin/builder/spi-builder-workspace/Sources/UsefulThingsSwiftUI/Axis.swift /Users/admin/builder/spi-builder-workspace/Sources/UsefulThingsSwiftUI/Binding+.swift /Users/admin/builder/spi-builder-workspace/Sources/UsefulThingsSwiftUI/CircularProgressView.swift /Users/admin/builder/spi-builder-workspace/Sources/UsefulThingsSwiftUI/Color+.swift /Users/admin/builder/spi-builder-workspace/Sources/UsefulThingsSwiftUI/CornerRadiusWithBorder.swift /Users/admin/builder/spi-builder-workspace/Sources/UsefulThingsSwiftUI/CursorChangeOnHover.swift /Users/admin/builder/spi-builder-workspace/Sources/UsefulThingsSwiftUI/DoubleClick.swift /Users/admin/builder/spi-builder-workspace/Sources/UsefulThingsSwiftUI/FileExport.swift /Users/admin/builder/spi-builder-workspace/Sources/UsefulThingsSwiftUI/FloatingPanel.swift /Users/admin/builder/spi-builder-workspace/Sources/UsefulThingsSwiftUI/Glow.swift /Users/admin/builder/spi-builder-workspace/Sources/UsefulThingsSwiftUI/Grids.swift /Users/admin/builder/spi-builder-workspace/Sources/UsefulThingsSwiftUI/Image+.swift /Users/admin/builder/spi-builder-workspace/Sources/UsefulThingsSwiftUI/MenuPicker.swift /Users/admin/builder/spi-builder-workspace/Sources/UsefulThingsSwiftUI/ModalPresenter/AlertPresenter.swift /Users/admin/builder/spi-builder-workspace/Sources/UsefulThingsSwiftUI/ModalPresenter/AnyAlertPresenter.swift /Users/admin/builder/spi-builder-workspace/Sources/UsefulThingsSwiftUI/ModalPresenter/AnyDialogPresenter.swift /Users/admin/builder/spi-builder-workspace/Sources/UsefulThingsSwiftUI/ModalPresenter/AnyFullScreenCoverPresenter.swift /Users/admin/builder/spi-builder-workspace/Sources/UsefulThingsSwiftUI/ModalPresenter/AnyMacWindowPresenter.swift /Users/admin/builder/spi-builder-workspace/Sources/UsefulThingsSwiftUI/ModalPresenter/AnyPopoverPresenter.swift /Users/admin/builder/spi-builder-workspace/Sources/UsefulThingsSwiftUI/ModalPresenter/AnySheetPresenter.swift /Users/admin/builder/spi-builder-workspace/Sources/UsefulThingsSwiftUI/ModalPresenter/AsyncModal.swift /Users/admin/builder/spi-builder-workspace/Sources/UsefulThingsSwiftUI/ModalPresenter/DialogPresenter.swift /Users/admin/builder/spi-builder-workspace/Sources/UsefulThingsSwiftUI/ModalPresenter/FullScreenCoverPresenter.swift /Users/admin/builder/spi-builder-workspace/Sources/UsefulThingsSwiftUI/ModalPresenter/MacWindowPresenter.swift /Users/admin/builder/spi-builder-workspace/Sources/UsefulThingsSwiftUI/ModalPresenter/PopoverPresenter.swift /Users/admin/builder/spi-builder-workspace/Sources/UsefulThingsSwiftUI/ModalPresenter/SheetPresenter.swift /Users/admin/builder/spi-builder-workspace/Sources/UsefulThingsSwiftUI/Nameable.swift /Users/admin/builder/spi-builder-workspace/Sources/UsefulThingsSwiftUI/OpenInWindow.swift /Users/admin/builder/spi-builder-workspace/Sources/UsefulThingsSwiftUI/PatientTextField.swift /Users/admin/builder/spi-builder-workspace/Sources/UsefulThingsSwiftUI/PopoverView.swift /Users/admin/builder/spi-builder-workspace/Sources/UsefulThingsSwiftUI/PopupButton.swift /Users/admin/builder/spi-builder-workspace/Sources/UsefulThingsSwiftUI/Rotation.swift /Users/admin/builder/spi-builder-workspace/Sources/UsefulThingsSwiftUI/ScrollViews.swift /Users/admin/builder/spi-builder-workspace/Sources/UsefulThingsSwiftUI/SegmentedControl.swift /Users/admin/builder/spi-builder-workspace/Sources/UsefulThingsSwiftUI/SizePreference.swift /Users/admin/builder/spi-builder-workspace/Sources/UsefulThingsSwiftUI/SplashView.swift /Users/admin/builder/spi-builder-workspace/Sources/UsefulThingsSwiftUI/Stacks.swift /Users/admin/builder/spi-builder-workspace/Sources/UsefulThingsSwiftUI/Transition.swift /Users/admin/builder/spi-builder-workspace/Sources/UsefulThingsSwiftUI/VisualEffectView.swift -target arm64_32-apple-watchos9.0 -module-can-import-version UIKit 9127.0.84.1 9127.0.84 -disable-cross-import-overlay-search -load-resolved-plugin /Applications/Xcode-27.0.0-Release.Candidate.app/Contents/Developer/Platforms/WatchOS.platform/Developer/usr/lib/swift/host/plugins/libFoundationMacros.dylib\#/Applications/Xcode-27.0.0-Release.Candidate.app/Contents/Developer/Platforms/WatchOS.platform/Developer/usr/bin/swift-plugin-server\#FoundationMacros -load-resolved-plugin /Applications/Xcode-27.0.0-Release.Candidate.app/Contents/Developer/Platforms/WatchOS.platform/Developer/usr/lib/swift/host/plugins/libObservationMacros.dylib\#/Applications/Xcode-27.0.0-Release.Candidate.app/Contents/Developer/Platforms/WatchOS.platform/Developer/usr/bin/swift-plugin-server\#ObservationMacros -load-resolved-plugin /Applications/Xcode-27.0.0-Release.Candidate.app/Contents/Developer/Platforms/WatchOS.platform/Developer/usr/lib/swift/host/plugins/libPreviewsMacros.dylib\#/Applications/Xcode-27.0.0-Release.Candidate.app/Contents/Developer/Platforms/WatchOS.platform/Developer/usr/bin/swift-plugin-server\#PreviewsMacros -load-resolved-plugin /Applications/Xcode-27.0.0-Release.Candidate.app/Contents/Developer/Platforms/WatchOS.platform/Developer/usr/lib/swift/host/plugins/libSwiftMacros.dylib\#/Applications/Xcode-27.0.0-Release.Candidate.app/Contents/Developer/Platforms/WatchOS.platform/Developer/usr/bin/swift-plugin-server\#SwiftMacros -load-resolved-plugin /Applications/Xcode-27.0.0-Release.Candidate.app/Contents/Developer/Platforms/WatchOS.platform/Developer/usr/lib/swift/host/plugins/libSwiftUIMacros.dylib\#/Applications/Xcode-27.0.0-Release.Candidate.app/Contents/Developer/Platforms/WatchOS.platform/Developer/usr/bin/swift-plugin-server\#SwiftUIMacros -disable-implicit-swift-modules -Xcc -fno-implicit-modules -Xcc -fno-implicit-module-maps -explicit-swift-module-map-file /Users/admin/builder/spi-builder-workspace/.derivedData/Build/Intermediates.noindex/UsefulThingsSwiftUI.build/Debug-watchos/UsefulThingsSwiftUI-t.build/Objects-normal/arm64_32/UsefulThingsSwiftUI-dependencies-2.json -enable-objc-interop -sdk /Applications/Xcode-27.0.0-Release.Candidate.app/Contents/Developer/Platforms/WatchOS.platform/Developer/SDKs/WatchOS27.0.sdk -I /Users/admin/builder/spi-builder-workspace/.derivedData/Build/Products/Debug-watchos -Isystem /Applications/Xcode-27.0.0-Release.Candidate.app/Contents/Developer/Platforms/WatchOS.platform/Developer/usr/lib -F /Users/admin/builder/spi-builder-workspace/.derivedData/Build/Products/Debug-watchos -F /Applications/Xcode-27.0.0-Release.Candidate.app/Contents/Developer/Platforms/WatchOS.platform/Developer/Library/Frameworks -F /Applications/Xcode-27.0.0-Release.Candidate.app/Contents/Developer/Platforms/WatchOS.platform/Developer/SDKs/WatchOS27.0.sdk/Developer/Library/Frameworks -module-cache-path /Users/admin/builder/spi-builder-workspace/.derivedData/Build/Intermediates.noindex/SwiftExplicitPrecompiledModules -no-color-diagnostics -Xcc -fno-color-diagnostics -enable-testing -g -debug-info-format\=dwarf -dwarf-version\=4 -profile-generate -profile-coverage-mapping -swift-version 5 -Onone -D SWIFT_PACKAGE -D DEBUG -D SWIFT_MODULE_RESOURCE_BUNDLE_UNAVAILABLE -D Xcode -serialize-debugging-options -enable-experimental-feature DebugDescriptionMacro -empty-abi-descriptor -validate-clang-modules-once -clang-build-session-file /Users/admin/builder/spi-builder-workspace/.derivedData/ModuleCache.noindex/Session.modulevalidation -Xcc -working-directory -Xcc /Users/admin/builder/spi-builder-workspace/.swiftpm/xcode -enable-anonymous-context-mangled-names -file-compilation-dir /Users/admin/builder/spi-builder-workspace/.swiftpm/xcode -Xcc -D_LIBCPP_HARDENING_MODE\=_LIBCPP_HARDENING_MODE_DEBUG -Xcc -ivfsstatcache -Xcc /Users/admin/builder/spi-builder-workspace/.derivedData/SDKStatCaches.noindex/watchos27.0-24R360-e829b21a6f8c9b70876ba0858053c04477534ef55a1706bf4c1112bbb242f0a2.sdkstatcache -Xcc -fmodules-prune-interval\=86400 -Xcc -fmodules-prune-after\=345600 -Xcc -I/Users/admin/builder/spi-builder-workspace/.derivedData/Build/Products/Debug-watchos/include -Xcc -I/Users/admin/builder/spi-builder-workspace/.derivedData/Build/Intermediates.noindex/UsefulThingsSwiftUI.build/Debug-watchos/UsefulThingsSwiftUI-t.build/DerivedSources-normal/arm64_32 -Xcc -I/Users/admin/builder/spi-builder-workspace/.derivedData/Build/Intermediates.noindex/UsefulThingsSwiftUI.build/Debug-watchos/UsefulThingsSwiftUI-t.build/DerivedSources/arm64_32 -Xcc -I/Users/admin/builder/spi-builder-workspace/.derivedData/Build/Intermediates.noindex/UsefulThingsSwiftUI.build/Debug-watchos/UsefulThingsSwiftUI-t.build/DerivedSources -Xcc -DSWIFT_PACKAGE -Xcc -DDEBUG\=1 -no-auto-bridging-header-chaining -module-name UsefulThingsSwiftUI -package-name spi_builder_workspace -const-gather-protocols-file /Users/admin/builder/spi-builder-workspace/.derivedData/Build/Intermediates.noindex/UsefulThingsSwiftUI.build/Debug-watchos/UsefulThingsSwiftUI-t.build/Objects-normal/arm64_32/UsefulThingsSwiftUI_const_extract_protocols.json -disable-clang-spi -clang-target arm64_32-apple-watchos27.0 -target-sdk-version 27.0 -target-sdk-name watchos27.0 -in-process-plugin-server-path /Applications/Xcode-27.0.0-Release.Candidate.app/Contents/Developer/Toolchains/XcodeDefault.xctoolchain/usr/lib/swift/host/libSwiftInProcPluginServer.dylib -emit-module-doc-path /Users/admin/builder/spi-builder-workspace/.derivedData/Build/Intermediates.noindex/UsefulThingsSwiftUI.build/Debug-watchos/UsefulThingsSwiftUI-t.build/Objects-normal/arm64_32/UsefulThingsSwiftUI.swiftdoc -emit-module-source-info-path /Users/admin/builder/spi-builder-workspace/.derivedData/Build/Intermediates.noindex/UsefulThingsSwiftUI.build/Debug-watchos/UsefulThingsSwiftUI-t.build/Objects-normal/arm64_32/UsefulThingsSwiftUI.swiftsourceinfo -emit-objc-header-path /Users/admin/builder/spi-builder-workspace/.derivedData/Build/Intermediates.noindex/UsefulThingsSwiftUI.build/Debug-watchos/UsefulThingsSwiftUI-t.build/Objects-normal/arm64_32/UsefulThingsSwiftUI-Swift.h -serialize-diagnostics-path /Users/admin/builder/spi-builder-workspace/.derivedData/Build/Intermediates.noindex/UsefulThingsSwiftUI.build/Debug-watchos/UsefulThingsSwiftUI-t.build/Objects-normal/arm64_32/UsefulThingsSwiftUI-primary-emit-module.dia -emit-dependencies-path /Users/admin/builder/spi-builder-workspace/.derivedData/Build/Intermediates.noindex/UsefulThingsSwiftUI.build/Debug-watchos/UsefulThingsSwiftUI-t.build/Objects-normal/arm64_32/UsefulThingsSwiftUI-primary-emit-module.d -parse-as-library -o /Users/admin/builder/spi-builder-workspace/.derivedData/Build/Intermediates.noindex/UsefulThingsSwiftUI.build/Debug-watchos/UsefulThingsSwiftUI-t.build/Objects-normal/arm64_32/UsefulThingsSwiftUI.swiftmodule -emit-abi-descriptor-path /Users/admin/builder/spi-builder-workspace/.derivedData/Build/Intermediates.noindex/UsefulThingsSwiftUI.build/Debug-watchos/UsefulThingsSwiftUI-t.build/Objects-normal/arm64_32/UsefulThingsSwiftUI.abi.json
SwiftCompile normal arm64_32 Compiling\ AccessibleSegmentedPicker.swift,\ Axis.swift,\ Binding+.swift,\ CircularProgressView.swift /Users/admin/builder/spi-builder-workspace/Sources/UsefulThingsSwiftUI/AccessibleSegmentedPicker.swift /Users/admin/builder/spi-builder-workspace/Sources/UsefulThingsSwiftUI/Axis.swift /Users/admin/builder/spi-builder-workspace/Sources/UsefulThingsSwiftUI/Binding+.swift /Users/admin/builder/spi-builder-workspace/Sources/UsefulThingsSwiftUI/CircularProgressView.swift (in target 'UsefulThingsSwiftUI' from project 'UsefulThingsSwiftUI')
SwiftCompile normal arm64_32 /Users/admin/builder/spi-builder-workspace/Sources/UsefulThingsSwiftUI/AccessibleSegmentedPicker.swift (in target 'UsefulThingsSwiftUI' from project 'UsefulThingsSwiftUI')
    cd /Users/admin/builder/spi-builder-workspace/.swiftpm/xcode
    builtin-SwiftPerFileCompile AccessibleSegmentedPicker.swift
SwiftCompile normal arm64_32 /Users/admin/builder/spi-builder-workspace/Sources/UsefulThingsSwiftUI/Axis.swift (in target 'UsefulThingsSwiftUI' from project 'UsefulThingsSwiftUI')
    cd /Users/admin/builder/spi-builder-workspace/.swiftpm/xcode
    builtin-SwiftPerFileCompile Axis.swift
SwiftCompile normal arm64_32 /Users/admin/builder/spi-builder-workspace/Sources/UsefulThingsSwiftUI/Binding+.swift (in target 'UsefulThingsSwiftUI' from project 'UsefulThingsSwiftUI')
    cd /Users/admin/builder/spi-builder-workspace/.swiftpm/xcode
    builtin-SwiftPerFileCompile Binding+.swift
SwiftCompile normal arm64_32 /Users/admin/builder/spi-builder-workspace/Sources/UsefulThingsSwiftUI/CircularProgressView.swift (in target 'UsefulThingsSwiftUI' from project 'UsefulThingsSwiftUI')
    cd /Users/admin/builder/spi-builder-workspace/.swiftpm/xcode
    builtin-SwiftPerFileCompile CircularProgressView.swift
/Users/admin/builder/spi-builder-workspace/Sources/UsefulThingsSwiftUI/VisualEffectView.swift:239:36: error: generic parameter 'each Content' could not be inferred
237 |                         .frame(width: 120, height: 80)
238 |                         .overlay(
239 |                             VStack {
    |                                    `- error: generic parameter 'each Content' could not be inferred
240 |                                 Image(systemName: "star.fill")
241 |                                 Text("HUD Window")
SwiftUI.ViewBuilder.buildBlock:2:44: note: in call to function 'buildBlock'
1 | struct ViewBuilder {
2 | @export(implementation) public static func buildBlock<each Content>(_ content: repeat each Content) -> TupleView<(repeat each Content)> where repeat each Content : View}
  |                                            `- note: in call to function 'buildBlock'
3 |
/Users/admin/builder/spi-builder-workspace/Sources/UsefulThingsSwiftUI/VisualEffectView.swift:237:26: error: value of type 'VisualEffectView' has no member 'frame'
235 |                             emphasized: false
236 |                         )
237 |                         .frame(width: 120, height: 80)
    |                          `- error: value of type 'VisualEffectView' has no member 'frame'
238 |                         .overlay(
239 |                             VStack {
/Users/admin/builder/spi-builder-workspace/Sources/UsefulThingsSwiftUI/Binding+.swift:67:42: error: 'roundedBorder' is unavailable in watchOS
 65 |                         .font(.headline)
 66 |                     TextField("Optional Text", text: $optionalString ?? defaultValue)
 67 |                         .textFieldStyle(.roundedBorder)
    |                                          `- error: 'roundedBorder' is unavailable in watchOS
 68 |                     Text("Current value: \(optionalString ?? "nil")")
 69 |                     Button("Set to nil") { optionalString = nil }
SwiftUI.TextFieldStyle.roundedBorder:2:43: note: 'roundedBorder' has been explicitly marked unavailable here
1 | protocol TextFieldStyle {
2 | @export(implementation) public static var roundedBorder: RoundedBorderTextFieldStyle { get }}
  |                                           `- note: 'roundedBorder' has been explicitly marked unavailable here
3 |
/Users/admin/builder/spi-builder-workspace/Sources/UsefulThingsSwiftUI/Binding+.swift:96:42: error: 'roundedBorder' is unavailable in watchOS
 94 |                         .font(.headline)
 95 |                     TextField("Using bindOptional", text: bindOptional($optionalString, defaultValue))
 96 |                         .textFieldStyle(.roundedBorder)
    |                                          `- error: 'roundedBorder' is unavailable in watchOS
 97 |                 }
 98 |                 .padding()
SwiftUI.TextFieldStyle.roundedBorder:2:43: note: 'roundedBorder' has been explicitly marked unavailable here
1 | protocol TextFieldStyle {
2 | @export(implementation) public static var roundedBorder: RoundedBorderTextFieldStyle { get }}
  |                                           `- note: 'roundedBorder' has been explicitly marked unavailable here
3 |
macro expansion #Preview:31:54: error: 'roundedBorder' is unavailable in watchOS
`- /Users/admin/builder/spi-builder-workspace/Sources/UsefulThingsSwiftUI/Binding+.swift:107:2: note: expanded code originates here
 52 | }
 53 |
 54 | #Preview("Binding Extensions Demo") {
    | `- note: in expansion of macro 'Preview' here
 55 |     struct BindingDemo: View {
 56 |         @State private var optionalString: String? = "Hello"
    :
105 |
106 |     return BindingDemo()
107 | }
    +--- macro expansion #Preview --------------------------------------
    |29 |                                     .font(.headline)
    |30 |                                 TextField("Optional Text", text: $optionalString ?? defaultValue)
    |31 |                                     .textFieldStyle(.roundedBorder)
    |   |                                                      `- error: 'roundedBorder' is unavailable in watchOS
    |32 |                                 Text("Current value: \(optionalString ?? "nil")")
    |33 |                                 Button("Set to nil") {
    +-------------------------------------------------------------------
108 |
SwiftUI.TextFieldStyle.roundedBorder:2:43: note: 'roundedBorder' has been explicitly marked unavailable here
1 | protocol TextFieldStyle {
2 | @export(implementation) public static var roundedBorder: RoundedBorderTextFieldStyle { get }}
  |                                           `- note: 'roundedBorder' has been explicitly marked unavailable here
3 |
SwiftCompile normal arm64_32 Compiling\ Color+.swift,\ CornerRadiusWithBorder.swift,\ CursorChangeOnHover.swift,\ DoubleClick.swift /Users/admin/builder/spi-builder-workspace/Sources/UsefulThingsSwiftUI/Color+.swift /Users/admin/builder/spi-builder-workspace/Sources/UsefulThingsSwiftUI/CornerRadiusWithBorder.swift /Users/admin/builder/spi-builder-workspace/Sources/UsefulThingsSwiftUI/CursorChangeOnHover.swift /Users/admin/builder/spi-builder-workspace/Sources/UsefulThingsSwiftUI/DoubleClick.swift (in target 'UsefulThingsSwiftUI' from project 'UsefulThingsSwiftUI')
/Users/admin/builder/spi-builder-workspace/Sources/UsefulThingsSwiftUI/Color+.swift:255:45: error: 'UITraitCollection' is unavailable in watchOS
253 |
254 |   extension Color {
255 |     public init(dynamicProvider: @escaping (UITraitCollection) -> Color) {
    |                                             `- error: 'UITraitCollection' is unavailable in watchOS
256 |       self = Self(UIColor { UIColor(dynamicProvider($0)) })
257 |     }
/Applications/Xcode-27.0.0-Release.Candidate.app/Contents/Developer/Platforms/WatchOS.platform/Developer/SDKs/WatchOS27.0.sdk/System/Library/Frameworks/UIKit.framework/Headers/UITraitCollection.h:23:12: note: 'UITraitCollection' has been explicitly marked unavailable here
 21 |
 22 | UIKIT_EXTERN API_AVAILABLE(ios(8.0)) API_UNAVAILABLE(watchos) NS_SWIFT_SENDABLE
 23 | @interface UITraitCollection : NSObject <NSCopying, NSSecureCoding>
    |            `- note: 'UITraitCollection' has been explicitly marked unavailable here
 24 |
 25 | - (instancetype)init NS_DESIGNATED_INITIALIZER;
/Users/admin/builder/spi-builder-workspace/Sources/UsefulThingsSwiftUI/VisualEffectView.swift:239:36: error: generic parameter 'each Content' could not be inferred
237 |                         .frame(width: 120, height: 80)
238 |                         .overlay(
239 |                             VStack {
    |                                    `- error: generic parameter 'each Content' could not be inferred
240 |                                 Image(systemName: "star.fill")
241 |                                 Text("HUD Window")
SwiftUI.ViewBuilder.buildBlock:2:44: note: in call to function 'buildBlock'
1 | struct ViewBuilder {
2 | @export(implementation) public static func buildBlock<each Content>(_ content: repeat each Content) -> TupleView<(repeat each Content)> where repeat each Content : View}
  |                                            `- note: in call to function 'buildBlock'
3 |
/Users/admin/builder/spi-builder-workspace/Sources/UsefulThingsSwiftUI/VisualEffectView.swift:237:26: error: value of type 'VisualEffectView' has no member 'frame'
235 |                             emphasized: false
236 |                         )
237 |                         .frame(width: 120, height: 80)
    |                          `- error: value of type 'VisualEffectView' has no member 'frame'
238 |                         .overlay(
239 |                             VStack {
/Users/admin/builder/spi-builder-workspace/Sources/UsefulThingsSwiftUI/Color+.swift:256:19: error: 'init(dynamicProvider:)' is unavailable in watchOS
254 |   extension Color {
255 |     public init(dynamicProvider: @escaping (UITraitCollection) -> Color) {
256 |       self = Self(UIColor { UIColor(dynamicProvider($0)) })
    |                   `- error: 'init(dynamicProvider:)' is unavailable in watchOS
257 |     }
258 |
/Applications/Xcode-27.0.0-Release.Candidate.app/Contents/Developer/Platforms/WatchOS.platform/Developer/SDKs/WatchOS27.0.sdk/System/Library/Frameworks/UIKit.framework/Headers/UIColor.h:144:1: note: 'init(dynamicProvider:)' has been explicitly marked unavailable here
142 |
143 | + (UIColor *)colorWithDynamicProvider:(UIColor * (^)(UITraitCollection *traitCollection))dynamicProvider API_AVAILABLE(ios(13.0), tvos(13.0)) API_UNAVAILABLE(watchos);
144 | - (UIColor *)initWithDynamicProvider:(UIColor * (^)(UITraitCollection *traitCollection))dynamicProvider API_AVAILABLE(ios(13.0), tvos(13.0)) API_UNAVAILABLE(watchos);
    | `- note: 'init(dynamicProvider:)' has been explicitly marked unavailable here
145 |
146 | /* Resolve any color to its most fundamental form (a non-dynamic color) for a specific trait collection.
/Users/admin/builder/spi-builder-workspace/Sources/UsefulThingsSwiftUI/Color+.swift:266:7: error: 'init(dynamicProvider:)' is unavailable in watchOS
264 |   extension UIColor {
265 |     public func inverted() -> Self {
266 |       Self {
    |       `- error: 'init(dynamicProvider:)' is unavailable in watchOS
267 |         self.resolvedColor(
268 |           with: .init(userInterfaceStyle: $0.userInterfaceStyle == .dark ? .light : .dark)
/Applications/Xcode-27.0.0-Release.Candidate.app/Contents/Developer/Platforms/WatchOS.platform/Developer/SDKs/WatchOS27.0.sdk/System/Library/Frameworks/UIKit.framework/Headers/UIColor.h:144:1: note: 'init(dynamicProvider:)' has been explicitly marked unavailable here
142 |
143 | + (UIColor *)colorWithDynamicProvider:(UIColor * (^)(UITraitCollection *traitCollection))dynamicProvider API_AVAILABLE(ios(13.0), tvos(13.0)) API_UNAVAILABLE(watchos);
144 | - (UIColor *)initWithDynamicProvider:(UIColor * (^)(UITraitCollection *traitCollection))dynamicProvider API_AVAILABLE(ios(13.0), tvos(13.0)) API_UNAVAILABLE(watchos);
    | `- note: 'init(dynamicProvider:)' has been explicitly marked unavailable here
145 |
146 | /* Resolve any color to its most fundamental form (a non-dynamic color) for a specific trait collection.
/Users/admin/builder/spi-builder-workspace/Sources/UsefulThingsSwiftUI/Color+.swift:267:14: error: 'resolvedColor(with:)' is unavailable in watchOS
265 |     public func inverted() -> Self {
266 |       Self {
267 |         self.resolvedColor(
    |              `- error: 'resolvedColor(with:)' is unavailable in watchOS
268 |           with: .init(userInterfaceStyle: $0.userInterfaceStyle == .dark ? .light : .dark)
269 |         )
/Applications/Xcode-27.0.0-Release.Candidate.app/Contents/Developer/Platforms/WatchOS.platform/Developer/SDKs/WatchOS27.0.sdk/System/Library/Frameworks/UIKit.framework/Headers/UIColor.h:148:1: note: 'resolvedColor(with:)' has been explicitly marked unavailable here
146 | /* Resolve any color to its most fundamental form (a non-dynamic color) for a specific trait collection.
147 |  */
148 | - (UIColor *)resolvedColorWithTraitCollection:(UITraitCollection *)traitCollection API_AVAILABLE(ios(13.0), tvos(13.0)) API_UNAVAILABLE(watchos);
    | `- note: 'resolvedColor(with:)' has been explicitly marked unavailable here
149 |
150 | @end
/Users/admin/builder/spi-builder-workspace/Sources/UsefulThingsSwiftUI/Color+.swift:268:18: error: 'init(userInterfaceStyle:)' is unavailable in watchOS
266 |       Self {
267 |         self.resolvedColor(
268 |           with: .init(userInterfaceStyle: $0.userInterfaceStyle == .dark ? .light : .dark)
    |                  `- error: 'init(userInterfaceStyle:)' is unavailable in watchOS
269 |         )
270 |       }
/Applications/Xcode-27.0.0-Release.Candidate.app/Contents/Developer/Platforms/WatchOS.platform/Developer/SDKs/WatchOS27.0.sdk/System/Library/Frameworks/UIKit.framework/Headers/UITraitCollection.h:41:1: note: 'init(userInterfaceStyle:)' has been explicitly marked unavailable here
 39 | @property (nonatomic, readonly) UIUserInterfaceIdiom userInterfaceIdiom; // unspecified: UIUserInterfaceIdiomUnspecified
 40 |
 41 | + (UITraitCollection *)traitCollectionWithUserInterfaceStyle:(UIUserInterfaceStyle)userInterfaceStyle API_AVAILABLE(tvos(10.0)) API_AVAILABLE(ios(12.0)) API_UNAVAILABLE(watchos);
    | `- note: 'init(userInterfaceStyle:)' has been explicitly marked unavailable here
 42 | @property (nonatomic, readonly) UIUserInterfaceStyle userInterfaceStyle API_AVAILABLE(tvos(10.0)) API_AVAILABLE(ios(12.0)) API_UNAVAILABLE(watchos); // unspecified: UIUserInterfaceStyleUnspecified
 43 |
SwiftCompile normal arm64_32 /Users/admin/builder/spi-builder-workspace/Sources/UsefulThingsSwiftUI/Color+.swift (in target 'UsefulThingsSwiftUI' from project 'UsefulThingsSwiftUI')
    cd /Users/admin/builder/spi-builder-workspace/.swiftpm/xcode
    builtin-SwiftPerFileCompile Color+.swift
SwiftCompile normal arm64_32 /Users/admin/builder/spi-builder-workspace/Sources/UsefulThingsSwiftUI/CornerRadiusWithBorder.swift (in target 'UsefulThingsSwiftUI' from project 'UsefulThingsSwiftUI')
    cd /Users/admin/builder/spi-builder-workspace/.swiftpm/xcode
    builtin-SwiftPerFileCompile CornerRadiusWithBorder.swift
SwiftCompile normal arm64_32 /Users/admin/builder/spi-builder-workspace/Sources/UsefulThingsSwiftUI/CursorChangeOnHover.swift (in target 'UsefulThingsSwiftUI' from project 'UsefulThingsSwiftUI')
    cd /Users/admin/builder/spi-builder-workspace/.swiftpm/xcode
    builtin-SwiftPerFileCompile CursorChangeOnHover.swift
SwiftCompile normal arm64_32 /Users/admin/builder/spi-builder-workspace/Sources/UsefulThingsSwiftUI/DoubleClick.swift (in target 'UsefulThingsSwiftUI' from project 'UsefulThingsSwiftUI')
    cd /Users/admin/builder/spi-builder-workspace/.swiftpm/xcode
    builtin-SwiftPerFileCompile DoubleClick.swift
SwiftCompile normal arm64_32 Compiling\ FileExport.swift,\ FloatingPanel.swift,\ Glow.swift,\ Grids.swift /Users/admin/builder/spi-builder-workspace/Sources/UsefulThingsSwiftUI/FileExport.swift /Users/admin/builder/spi-builder-workspace/Sources/UsefulThingsSwiftUI/FloatingPanel.swift /Users/admin/builder/spi-builder-workspace/Sources/UsefulThingsSwiftUI/Glow.swift /Users/admin/builder/spi-builder-workspace/Sources/UsefulThingsSwiftUI/Grids.swift (in target 'UsefulThingsSwiftUI' from project 'UsefulThingsSwiftUI')
SwiftCompile normal arm64_32 /Users/admin/builder/spi-builder-workspace/Sources/UsefulThingsSwiftUI/FileExport.swift (in target 'UsefulThingsSwiftUI' from project 'UsefulThingsSwiftUI')
    cd /Users/admin/builder/spi-builder-workspace/.swiftpm/xcode
    builtin-SwiftPerFileCompile FileExport.swift
SwiftCompile normal arm64_32 /Users/admin/builder/spi-builder-workspace/Sources/UsefulThingsSwiftUI/FloatingPanel.swift (in target 'UsefulThingsSwiftUI' from project 'UsefulThingsSwiftUI')
    cd /Users/admin/builder/spi-builder-workspace/.swiftpm/xcode
    builtin-SwiftPerFileCompile FloatingPanel.swift
SwiftCompile normal arm64_32 /Users/admin/builder/spi-builder-workspace/Sources/UsefulThingsSwiftUI/Glow.swift (in target 'UsefulThingsSwiftUI' from project 'UsefulThingsSwiftUI')
    cd /Users/admin/builder/spi-builder-workspace/.swiftpm/xcode
    builtin-SwiftPerFileCompile Glow.swift
SwiftCompile normal arm64_32 /Users/admin/builder/spi-builder-workspace/Sources/UsefulThingsSwiftUI/Grids.swift (in target 'UsefulThingsSwiftUI' from project 'UsefulThingsSwiftUI')
    cd /Users/admin/builder/spi-builder-workspace/.swiftpm/xcode
    builtin-SwiftPerFileCompile Grids.swift
/Users/admin/builder/spi-builder-workspace/Sources/UsefulThingsSwiftUI/FileExport.swift:4:25: error: 'FileDocument' is unavailable in watchOS
 2 | import UniformTypeIdentifiers
 3 |
 4 | public struct TextFile: FileDocument {
   |                         `- error: 'FileDocument' is unavailable in watchOS
 5 |     // tell the system we support only plain text
 6 |     public static var readableContentTypes = [UTType.json, .text, .log, .html, .plainText]
SwiftUI.FileDocument:6:33: note: 'FileDocument' has been explicitly marked unavailable here
 4 | @available(watchOS, unavailable)
 5 | @available(visionOS, introduced: 1.0, deprecated: 100000.0, message: "Conform your type to Document instead.")
 6 | @preconcurrency public protocol FileDocument : Sendable {
   |                                 `- note: 'FileDocument' has been explicitly marked unavailable here
 7 |     static var readableContentTypes: [UTType] { get }
 8 |     static var writableContentTypes: [UTType] { get }
/Users/admin/builder/spi-builder-workspace/Sources/UsefulThingsSwiftUI/VisualEffectView.swift:239:36: error: generic parameter 'each Content' could not be inferred
237 |                         .frame(width: 120, height: 80)
238 |                         .overlay(
239 |                             VStack {
    |                                    `- error: generic parameter 'each Content' could not be inferred
240 |                                 Image(systemName: "star.fill")
241 |                                 Text("HUD Window")
SwiftUI.ViewBuilder.buildBlock:2:44: note: in call to function 'buildBlock'
1 | struct ViewBuilder {
2 | @export(implementation) public static func buildBlock<each Content>(_ content: repeat each Content) -> TupleView<(repeat each Content)> where repeat each Content : View}
  |                                            `- note: in call to function 'buildBlock'
3 |
/Users/admin/builder/spi-builder-workspace/Sources/UsefulThingsSwiftUI/VisualEffectView.swift:237:26: error: value of type 'VisualEffectView' has no member 'frame'
235 |                             emphasized: false
236 |                         )
237 |                         .frame(width: 120, height: 80)
    |                          `- error: value of type 'VisualEffectView' has no member 'frame'
238 |                         .overlay(
239 |                             VStack {
/Users/admin/builder/spi-builder-workspace/Sources/UsefulThingsSwiftUI/Grids.swift:44:31: error: 'segmented' is unavailable in watchOS
42 |                     Text("Horizontal").tag(Axis.Set.horizontal)
43 |                 }
44 |                 .pickerStyle(.segmented)
   |                               `- error: 'segmented' is unavailable in watchOS
45 |                 .padding()
46 |
SwiftUI.PickerStyle.segmented:2:43: note: 'segmented' has been explicitly marked unavailable here
1 | protocol PickerStyle {
2 | @export(implementation) public static var segmented: SegmentedPickerStyle { get }}
  |                                           `- note: 'segmented' has been explicitly marked unavailable here
3 |
SwiftCompile normal arm64_32 Compiling\ AnyDialogPresenter.swift,\ AnyFullScreenCoverPresenter.swift,\ AnyMacWindowPresenter.swift,\ AnyPopoverPresenter.swift /Users/admin/builder/spi-builder-workspace/Sources/UsefulThingsSwiftUI/ModalPresenter/AnyDialogPresenter.swift /Users/admin/builder/spi-builder-workspace/Sources/UsefulThingsSwiftUI/ModalPresenter/AnyFullScreenCoverPresenter.swift /Users/admin/builder/spi-builder-workspace/Sources/UsefulThingsSwiftUI/ModalPresenter/AnyMacWindowPresenter.swift /Users/admin/builder/spi-builder-workspace/Sources/UsefulThingsSwiftUI/ModalPresenter/AnyPopoverPresenter.swift (in target 'UsefulThingsSwiftUI' from project 'UsefulThingsSwiftUI')
SwiftCompile normal arm64_32 /Users/admin/builder/spi-builder-workspace/Sources/UsefulThingsSwiftUI/ModalPresenter/AnyDialogPresenter.swift (in target 'UsefulThingsSwiftUI' from project 'UsefulThingsSwiftUI')
    cd /Users/admin/builder/spi-builder-workspace/.swiftpm/xcode
    builtin-SwiftPerFileCompile AnyDialogPresenter.swift
SwiftCompile normal arm64_32 /Users/admin/builder/spi-builder-workspace/Sources/UsefulThingsSwiftUI/ModalPresenter/AnyFullScreenCoverPresenter.swift (in target 'UsefulThingsSwiftUI' from project 'UsefulThingsSwiftUI')
    cd /Users/admin/builder/spi-builder-workspace/.swiftpm/xcode
    builtin-SwiftPerFileCompile AnyFullScreenCoverPresenter.swift
SwiftCompile normal arm64_32 /Users/admin/builder/spi-builder-workspace/Sources/UsefulThingsSwiftUI/ModalPresenter/AnyMacWindowPresenter.swift (in target 'UsefulThingsSwiftUI' from project 'UsefulThingsSwiftUI')
    cd /Users/admin/builder/spi-builder-workspace/.swiftpm/xcode
    builtin-SwiftPerFileCompile AnyMacWindowPresenter.swift
SwiftCompile normal arm64_32 /Users/admin/builder/spi-builder-workspace/Sources/UsefulThingsSwiftUI/ModalPresenter/AnyPopoverPresenter.swift (in target 'UsefulThingsSwiftUI' from project 'UsefulThingsSwiftUI')
    cd /Users/admin/builder/spi-builder-workspace/.swiftpm/xcode
    builtin-SwiftPerFileCompile AnyPopoverPresenter.swift
SwiftCompile normal arm64_32 Compiling\ AnySheetPresenter.swift,\ AsyncModal.swift,\ DialogPresenter.swift,\ FullScreenCoverPresenter.swift /Users/admin/builder/spi-builder-workspace/Sources/UsefulThingsSwiftUI/ModalPresenter/AnySheetPresenter.swift /Users/admin/builder/spi-builder-workspace/Sources/UsefulThingsSwiftUI/ModalPresenter/AsyncModal.swift /Users/admin/builder/spi-builder-workspace/Sources/UsefulThingsSwiftUI/ModalPresenter/DialogPresenter.swift /Users/admin/builder/spi-builder-workspace/Sources/UsefulThingsSwiftUI/ModalPresenter/FullScreenCoverPresenter.swift (in target 'UsefulThingsSwiftUI' from project 'UsefulThingsSwiftUI')
SwiftCompile normal arm64_32 /Users/admin/builder/spi-builder-workspace/Sources/UsefulThingsSwiftUI/ModalPresenter/AnySheetPresenter.swift (in target 'UsefulThingsSwiftUI' from project 'UsefulThingsSwiftUI')
    cd /Users/admin/builder/spi-builder-workspace/.swiftpm/xcode
    builtin-SwiftPerFileCompile AnySheetPresenter.swift
SwiftCompile normal arm64_32 /Users/admin/builder/spi-builder-workspace/Sources/UsefulThingsSwiftUI/ModalPresenter/AsyncModal.swift (in target 'UsefulThingsSwiftUI' from project 'UsefulThingsSwiftUI')
    cd /Users/admin/builder/spi-builder-workspace/.swiftpm/xcode
    builtin-SwiftPerFileCompile AsyncModal.swift
SwiftCompile normal arm64_32 /Users/admin/builder/spi-builder-workspace/Sources/UsefulThingsSwiftUI/ModalPresenter/DialogPresenter.swift (in target 'UsefulThingsSwiftUI' from project 'UsefulThingsSwiftUI')
    cd /Users/admin/builder/spi-builder-workspace/.swiftpm/xcode
    builtin-SwiftPerFileCompile DialogPresenter.swift
SwiftCompile normal arm64_32 /Users/admin/builder/spi-builder-workspace/Sources/UsefulThingsSwiftUI/ModalPresenter/FullScreenCoverPresenter.swift (in target 'UsefulThingsSwiftUI' from project 'UsefulThingsSwiftUI')
    cd /Users/admin/builder/spi-builder-workspace/.swiftpm/xcode
    builtin-SwiftPerFileCompile FullScreenCoverPresenter.swift
SwiftCompile normal arm64_32 Compiling\ Rotation.swift,\ ScrollViews.swift,\ SegmentedControl.swift,\ SizePreference.swift /Users/admin/builder/spi-builder-workspace/Sources/UsefulThingsSwiftUI/Rotation.swift /Users/admin/builder/spi-builder-workspace/Sources/UsefulThingsSwiftUI/ScrollViews.swift /Users/admin/builder/spi-builder-workspace/Sources/UsefulThingsSwiftUI/SegmentedControl.swift /Users/admin/builder/spi-builder-workspace/Sources/UsefulThingsSwiftUI/SizePreference.swift (in target 'UsefulThingsSwiftUI' from project 'UsefulThingsSwiftUI')
/Users/admin/builder/spi-builder-workspace/Sources/UsefulThingsSwiftUI/VisualEffectView.swift:239:36: error: generic parameter 'each Content' could not be inferred
237 |                         .frame(width: 120, height: 80)
238 |                         .overlay(
239 |                             VStack {
    |                                    `- error: generic parameter 'each Content' could not be inferred
240 |                                 Image(systemName: "star.fill")
241 |                                 Text("HUD Window")
SwiftUI.ViewBuilder.buildBlock:2:44: note: in call to function 'buildBlock'
1 | struct ViewBuilder {
2 | @export(implementation) public static func buildBlock<each Content>(_ content: repeat each Content) -> TupleView<(repeat each Content)> where repeat each Content : View}
  |                                            `- note: in call to function 'buildBlock'
3 |
/Users/admin/builder/spi-builder-workspace/Sources/UsefulThingsSwiftUI/VisualEffectView.swift:237:26: error: value of type 'VisualEffectView' has no member 'frame'
235 |                             emphasized: false
236 |                         )
237 |                         .frame(width: 120, height: 80)
    |                          `- error: value of type 'VisualEffectView' has no member 'frame'
238 |                         .overlay(
239 |                             VStack {
SwiftCompile normal arm64_32 /Users/admin/builder/spi-builder-workspace/Sources/UsefulThingsSwiftUI/Rotation.swift (in target 'UsefulThingsSwiftUI' from project 'UsefulThingsSwiftUI')
    cd /Users/admin/builder/spi-builder-workspace/.swiftpm/xcode
    builtin-SwiftPerFileCompile Rotation.swift
SwiftCompile normal arm64_32 /Users/admin/builder/spi-builder-workspace/Sources/UsefulThingsSwiftUI/ScrollViews.swift (in target 'UsefulThingsSwiftUI' from project 'UsefulThingsSwiftUI')
    cd /Users/admin/builder/spi-builder-workspace/.swiftpm/xcode
    builtin-SwiftPerFileCompile ScrollViews.swift
SwiftCompile normal arm64_32 /Users/admin/builder/spi-builder-workspace/Sources/UsefulThingsSwiftUI/SegmentedControl.swift (in target 'UsefulThingsSwiftUI' from project 'UsefulThingsSwiftUI')
    cd /Users/admin/builder/spi-builder-workspace/.swiftpm/xcode
    builtin-SwiftPerFileCompile SegmentedControl.swift
SwiftCompile normal arm64_32 /Users/admin/builder/spi-builder-workspace/Sources/UsefulThingsSwiftUI/SizePreference.swift (in target 'UsefulThingsSwiftUI' from project 'UsefulThingsSwiftUI')
    cd /Users/admin/builder/spi-builder-workspace/.swiftpm/xcode
    builtin-SwiftPerFileCompile SizePreference.swift
SwiftCompile normal arm64_32 Compiling\ OpenInWindow.swift,\ PatientTextField.swift,\ PopoverView.swift,\ PopupButton.swift /Users/admin/builder/spi-builder-workspace/Sources/UsefulThingsSwiftUI/OpenInWindow.swift /Users/admin/builder/spi-builder-workspace/Sources/UsefulThingsSwiftUI/PatientTextField.swift /Users/admin/builder/spi-builder-workspace/Sources/UsefulThingsSwiftUI/PopoverView.swift /Users/admin/builder/spi-builder-workspace/Sources/UsefulThingsSwiftUI/PopupButton.swift (in target 'UsefulThingsSwiftUI' from project 'UsefulThingsSwiftUI')
/Users/admin/builder/spi-builder-workspace/Sources/UsefulThingsSwiftUI/VisualEffectView.swift:239:36: error: generic parameter 'each Content' could not be inferred
237 |                         .frame(width: 120, height: 80)
238 |                         .overlay(
239 |                             VStack {
    |                                    `- error: generic parameter 'each Content' could not be inferred
240 |                                 Image(systemName: "star.fill")
241 |                                 Text("HUD Window")
SwiftUI.ViewBuilder.buildBlock:2:44: note: in call to function 'buildBlock'
1 | struct ViewBuilder {
2 | @export(implementation) public static func buildBlock<each Content>(_ content: repeat each Content) -> TupleView<(repeat each Content)> where repeat each Content : View}
  |                                            `- note: in call to function 'buildBlock'
3 |
/Users/admin/builder/spi-builder-workspace/Sources/UsefulThingsSwiftUI/VisualEffectView.swift:237:26: error: value of type 'VisualEffectView' has no member 'frame'
235 |                             emphasized: false
236 |                         )
237 |                         .frame(width: 120, height: 80)
    |                          `- error: value of type 'VisualEffectView' has no member 'frame'
238 |                         .overlay(
239 |                             VStack {
/Users/admin/builder/spi-builder-workspace/Sources/UsefulThingsSwiftUI/PatientTextField.swift:232:46: error: 'roundedBorder' is unavailable in watchOS
230 |
231 |                         PatientTextField("Enter text here...", text: $textFieldText)
232 |                             .textFieldStyle(.roundedBorder)
    |                                              `- error: 'roundedBorder' is unavailable in watchOS
233 |
234 |                         Text("Current bound value:")
SwiftUI.TextFieldStyle.roundedBorder:2:43: note: 'roundedBorder' has been explicitly marked unavailable here
1 | protocol TextFieldStyle {
2 | @export(implementation) public static var roundedBorder: RoundedBorderTextFieldStyle { get }}
  |                                           `- note: 'roundedBorder' has been explicitly marked unavailable here
3 |
macro expansion #Preview:47:58: error: 'roundedBorder' is unavailable in watchOS
`- /Users/admin/builder/spi-builder-workspace/Sources/UsefulThingsSwiftUI/PatientTextField.swift:333:2: note: expanded code originates here
201 | #endif
202 |
203 | #Preview("Patient Text Components") {
    | `- note: in expansion of macro 'Preview' here
204 |     struct PatientTextDemo: View {
205 |         @State private var textFieldText: String = "Edit me slowly..."
    :
331 |
332 |     return PatientTextDemo()
333 | }
    +--- macro expansion #Preview --------------------------------------
    | 45 |
    | 46 |                                     PatientTextField("Enter text here...", text: $textFieldText)
    | 47 |                                         .textFieldStyle(.roundedBorder)
    |    |                                                          `- error: 'roundedBorder' is unavailable in watchOS
    | 48 |
    | 49 |                                     Text("Current bound value:")
    +-------------------------------------------------------------------
334 |
335 | #if DEBUG
SwiftUI.TextFieldStyle.roundedBorder:2:43: note: 'roundedBorder' has been explicitly marked unavailable here
1 | protocol TextFieldStyle {
2 | @export(implementation) public static var roundedBorder: RoundedBorderTextFieldStyle { get }}
  |                                           `- note: 'roundedBorder' has been explicitly marked unavailable here
3 |
SwiftCompile normal arm64_32 /Users/admin/builder/spi-builder-workspace/Sources/UsefulThingsSwiftUI/OpenInWindow.swift (in target 'UsefulThingsSwiftUI' from project 'UsefulThingsSwiftUI')
    cd /Users/admin/builder/spi-builder-workspace/.swiftpm/xcode
    builtin-SwiftPerFileCompile OpenInWindow.swift
SwiftCompile normal arm64_32 /Users/admin/builder/spi-builder-workspace/Sources/UsefulThingsSwiftUI/PatientTextField.swift (in target 'UsefulThingsSwiftUI' from project 'UsefulThingsSwiftUI')
    cd /Users/admin/builder/spi-builder-workspace/.swiftpm/xcode
    builtin-SwiftPerFileCompile PatientTextField.swift
SwiftCompile normal arm64_32 /Users/admin/builder/spi-builder-workspace/Sources/UsefulThingsSwiftUI/PopoverView.swift (in target 'UsefulThingsSwiftUI' from project 'UsefulThingsSwiftUI')
    cd /Users/admin/builder/spi-builder-workspace/.swiftpm/xcode
    builtin-SwiftPerFileCompile PopoverView.swift
SwiftCompile normal arm64_32 /Users/admin/builder/spi-builder-workspace/Sources/UsefulThingsSwiftUI/PopupButton.swift (in target 'UsefulThingsSwiftUI' from project 'UsefulThingsSwiftUI')
    cd /Users/admin/builder/spi-builder-workspace/.swiftpm/xcode
    builtin-SwiftPerFileCompile PopupButton.swift
SwiftCompile normal arm64_32 Compiling\ MacWindowPresenter.swift,\ PopoverPresenter.swift,\ SheetPresenter.swift,\ Nameable.swift /Users/admin/builder/spi-builder-workspace/Sources/UsefulThingsSwiftUI/ModalPresenter/MacWindowPresenter.swift /Users/admin/builder/spi-builder-workspace/Sources/UsefulThingsSwiftUI/ModalPresenter/PopoverPresenter.swift /Users/admin/builder/spi-builder-workspace/Sources/UsefulThingsSwiftUI/ModalPresenter/SheetPresenter.swift /Users/admin/builder/spi-builder-workspace/Sources/UsefulThingsSwiftUI/Nameable.swift (in target 'UsefulThingsSwiftUI' from project 'UsefulThingsSwiftUI')
SwiftCompile normal arm64_32 /Users/admin/builder/spi-builder-workspace/Sources/UsefulThingsSwiftUI/ModalPresenter/MacWindowPresenter.swift (in target 'UsefulThingsSwiftUI' from project 'UsefulThingsSwiftUI')
    cd /Users/admin/builder/spi-builder-workspace/.swiftpm/xcode
    builtin-SwiftPerFileCompile MacWindowPresenter.swift
SwiftCompile normal arm64_32 /Users/admin/builder/spi-builder-workspace/Sources/UsefulThingsSwiftUI/ModalPresenter/PopoverPresenter.swift (in target 'UsefulThingsSwiftUI' from project 'UsefulThingsSwiftUI')
    cd /Users/admin/builder/spi-builder-workspace/.swiftpm/xcode
    builtin-SwiftPerFileCompile PopoverPresenter.swift
SwiftCompile normal arm64_32 /Users/admin/builder/spi-builder-workspace/Sources/UsefulThingsSwiftUI/ModalPresenter/SheetPresenter.swift (in target 'UsefulThingsSwiftUI' from project 'UsefulThingsSwiftUI')
    cd /Users/admin/builder/spi-builder-workspace/.swiftpm/xcode
    builtin-SwiftPerFileCompile SheetPresenter.swift
SwiftCompile normal arm64_32 /Users/admin/builder/spi-builder-workspace/Sources/UsefulThingsSwiftUI/Nameable.swift (in target 'UsefulThingsSwiftUI' from project 'UsefulThingsSwiftUI')
    cd /Users/admin/builder/spi-builder-workspace/.swiftpm/xcode
    builtin-SwiftPerFileCompile Nameable.swift
SwiftCompile normal arm64 Compiling\ FileExport.swift,\ FloatingPanel.swift,\ Glow.swift,\ Grids.swift /Users/admin/builder/spi-builder-workspace/Sources/UsefulThingsSwiftUI/FileExport.swift /Users/admin/builder/spi-builder-workspace/Sources/UsefulThingsSwiftUI/FloatingPanel.swift /Users/admin/builder/spi-builder-workspace/Sources/UsefulThingsSwiftUI/Glow.swift /Users/admin/builder/spi-builder-workspace/Sources/UsefulThingsSwiftUI/Grids.swift (in target 'UsefulThingsSwiftUI' from project 'UsefulThingsSwiftUI')
/Users/admin/builder/spi-builder-workspace/Sources/UsefulThingsSwiftUI/FileExport.swift:4:25: error: 'FileDocument' is unavailable in watchOS
 2 | import UniformTypeIdentifiers
 3 |
 4 | public struct TextFile: FileDocument {
   |                         `- error: 'FileDocument' is unavailable in watchOS
 5 |     // tell the system we support only plain text
 6 |     public static var readableContentTypes = [UTType.json, .text, .log, .html, .plainText]
SwiftUI.FileDocument:6:33: note: 'FileDocument' has been explicitly marked unavailable here
 4 | @available(watchOS, unavailable)
 5 | @available(visionOS, introduced: 1.0, deprecated: 100000.0, message: "Conform your type to Document instead.")
 6 | @preconcurrency public protocol FileDocument : Sendable {
   |                                 `- note: 'FileDocument' has been explicitly marked unavailable here
 7 |     static var readableContentTypes: [UTType] { get }
 8 |     static var writableContentTypes: [UTType] { get }
/Users/admin/builder/spi-builder-workspace/Sources/UsefulThingsSwiftUI/VisualEffectView.swift:239:36: error: generic parameter 'each Content' could not be inferred
237 |                         .frame(width: 120, height: 80)
238 |                         .overlay(
239 |                             VStack {
    |                                    `- error: generic parameter 'each Content' could not be inferred
240 |                                 Image(systemName: "star.fill")
241 |                                 Text("HUD Window")
SwiftUI.ViewBuilder.buildBlock:2:44: note: in call to function 'buildBlock'
1 | struct ViewBuilder {
2 | @export(implementation) public static func buildBlock<each Content>(_ content: repeat each Content) -> TupleView<(repeat each Content)> where repeat each Content : View}
  |                                            `- note: in call to function 'buildBlock'
3 |
SwiftCompile normal arm64 /Users/admin/builder/spi-builder-workspace/Sources/UsefulThingsSwiftUI/FileExport.swift (in target 'UsefulThingsSwiftUI' from project 'UsefulThingsSwiftUI')
    cd /Users/admin/builder/spi-builder-workspace/.swiftpm/xcode
    builtin-SwiftPerFileCompile FileExport.swift
SwiftCompile normal arm64 /Users/admin/builder/spi-builder-workspace/Sources/UsefulThingsSwiftUI/FloatingPanel.swift (in target 'UsefulThingsSwiftUI' from project 'UsefulThingsSwiftUI')
    cd /Users/admin/builder/spi-builder-workspace/.swiftpm/xcode
    builtin-SwiftPerFileCompile FloatingPanel.swift
SwiftCompile normal arm64 /Users/admin/builder/spi-builder-workspace/Sources/UsefulThingsSwiftUI/Glow.swift (in target 'UsefulThingsSwiftUI' from project 'UsefulThingsSwiftUI')
    cd /Users/admin/builder/spi-builder-workspace/.swiftpm/xcode
    builtin-SwiftPerFileCompile Glow.swift
SwiftCompile normal arm64 /Users/admin/builder/spi-builder-workspace/Sources/UsefulThingsSwiftUI/Grids.swift (in target 'UsefulThingsSwiftUI' from project 'UsefulThingsSwiftUI')
    cd /Users/admin/builder/spi-builder-workspace/.swiftpm/xcode
    builtin-SwiftPerFileCompile Grids.swift
SwiftEmitModule normal arm64 Emitting\ module\ for\ UsefulThingsSwiftUI (in target 'UsefulThingsSwiftUI' from project 'UsefulThingsSwiftUI')
SwiftCompile normal arm64 (in target 'UsefulThingsSwiftUI' from project 'UsefulThingsSwiftUI')
    cd /Users/admin/builder/spi-builder-workspace/.swiftpm/xcode

PruneExplicitPrecompiledModules /Users/admin/builder/spi-builder-workspace/.derivedData/Build/Intermediates.noindex/SwiftExplicitPrecompiledModules
PruneExplicitPrecompiledModules /Users/admin/builder/spi-builder-workspace/.derivedData/SDKExplicitPrecompiledModules
PruneExplicitPrecompiledModules /Users/admin/builder/spi-builder-workspace/.derivedData/Build/Intermediates.noindex/ExplicitPrecompiledModules
2026-09-24 03:22:57.530 xcodebuild[840:4752] [MT] IDERunDestination: Supported platforms for the buildables in the current scheme is empty.
** BUILD FAILED **
The following build commands failed:
	SwiftCompile normal arm64_32 (in target 'UsefulThingsSwiftUI' from project 'UsefulThingsSwiftUI')
	SwiftEmitModule normal arm64_32 Emitting\ module\ for\ UsefulThingsSwiftUI (in target 'UsefulThingsSwiftUI' from project 'UsefulThingsSwiftUI')
	Building workspace UsefulThingsSwiftUI with scheme UsefulThingsSwiftUI
(3 failures)
BUILD FAILURE 6.4 watchOS