Build Information
Failed to build CJavaVM, reference 2.5.0 (654df5), with Swift 6.4 for macOS (Xcode) using Xcode 27.0 on 20 Sep 2026 02:06:59 UTC.
Build Command
env DEVELOPER_DIR=/Applications/Xcode-27.0.0-Release.Candidate.app xcrun xcodebuild -IDEClonedSourcePackagesDirPathOverride=$PWD/.dependencies -skipMacroValidation -skipPackagePluginValidation -derivedDataPath $PWD/.derivedData build -scheme CJavaVM -destination platform=macOS,arch=arm64Build Log
========================================
RunAll
========================================
Builder version: 5.1.0
Interrupt handler set up.
========================================
Checkout
========================================
Clone URL: https://github.com/SwiftJava/CJavaVM.git
Reference: 2.5.0
Initialized empty Git repository in /Users/admin/builder/spi-builder-workspace/.git/
From https://github.com/SwiftJava/CJavaVM
* tag 2.5.0 -> FETCH_HEAD
HEAD is now at 654df50 Swift 4.2/5
Cloned https://github.com/SwiftJava/CJavaVM.git
Revision (git rev-parse @):
654df50b44ba88e7382f6f5cc8eb2aa5179f544d
SUCCESS checkout https://github.com/SwiftJava/CJavaVM.git at 2.5.0
========================================
Build
========================================
Selected platform: macosXcodebuild
Swift version: 6.4
Building package at path: $PWD
https://github.com/SwiftJava/CJavaVM.git
Command line invocation:
/Applications/Xcode-27.0.0-Release.Candidate.app/Contents/Developer/usr/bin/xcodebuild -IDEClonedSourcePackagesDirPathOverride=/Users/admin/builder/spi-builder-workspace/.dependencies -resolvePackageDependencies
resolved source packages:
{
"dependencies" : [
],
"manifest_display_name" : "CJavaVM",
"name" : "CJavaVM",
"path" : "/Users/admin/builder/spi-builder-workspace",
"platforms" : [
],
"products" : [
{
"name" : "CJavaVM",
"targets" : [
"CJavaVM"
],
"type" : {
"library" : [
"automatic"
]
}
}
],
"targets" : [
{
"c99name" : "CJavaVM",
"module_type" : "SystemLibraryTarget",
"name" : "CJavaVM",
"path" : ".",
"product_memberships" : [
"CJavaVM"
],
"sources" : [
],
"type" : "system-target"
}
],
"tools_version" : "5.0"
}
warning: 'spi-builder-workspace': ignoring declared target(s) 'CJavaVM' in the system package
warning: 'spi-builder-workspace': system packages are deprecated; use system library targets instead
{
"project" : {
"configurations" : [
"Debug",
"Release"
],
"name" : "CJavaVM",
"schemes" : [
"CJavaVM"
],
"targets" : [
"CJavaVM"
]
}
}
Running build ...
env DEVELOPER_DIR=/Applications/Xcode-27.0.0-Release.Candidate.app xcrun xcodebuild -IDEClonedSourcePackagesDirPathOverride=$PWD/.dependencies -skipMacroValidation -skipPackagePluginValidation -derivedDataPath $PWD/.derivedData build -scheme CJavaVM -destination platform=macOS,arch=arm64
Command line invocation:
/Applications/Xcode-27.0.0-Release.Candidate.app/Contents/Developer/usr/bin/xcodebuild -IDEClonedSourcePackagesDirPathOverride=/Users/admin/builder/spi-builder-workspace/.dependencies -skipMacroValidation -skipPackagePluginValidation -derivedDataPath /Users/admin/builder/spi-builder-workspace/.derivedData build -scheme CJavaVM -destination platform=macOS,arch=arm64
ComputePackagePrebuildTargetDependencyGraph
Prepare packages
CreateBuildRequest
SendProjectDescription
CreateBuildOperation
ComputeTargetDependencyGraph
note: Building targets in dependency order
note: Target dependency graph (1 target)
Target 'CJavaVM' in project 'CJavaVM' (no dependencies)
GatherProvisioningInputs
CreateBuildDescription
ExecuteExternalTool /Applications/Xcode-27.0.0-Release.Candidate.app/Contents/Developer/Toolchains/XcodeDefault.xctoolchain/usr/bin/clang -v -E -dM -isysroot /Applications/Xcode-27.0.0-Release.Candidate.app/Contents/Developer/Platforms/MacOSX.platform/Developer/SDKs/MacOSX27.0.sdk -x c -c /dev/null
ExecuteExternalTool /Applications/Xcode-27.0.0-Release.Candidate.app/Contents/Developer/Toolchains/XcodeDefault.xctoolchain/usr/bin/clang -v -E -dM -arch arm64 -isysroot /Applications/Xcode-27.0.0-Release.Candidate.app/Contents/Developer/Platforms/MacOSX.platform/Developer/SDKs/MacOSX27.0.sdk -x c -c /dev/null
ExecuteExternalTool /Applications/Xcode-27.0.0-Release.Candidate.app/Contents/Developer/Toolchains/XcodeDefault.xctoolchain/usr/bin/ld -version_details
Build description signature: bac12a40c10bba8f875c9b8f9842af7e
Build description path: /Users/admin/builder/spi-builder-workspace/.derivedData/Build/Intermediates.noindex/XCBuildData/bac12a40c10bba8f875c9b8f9842af7e.xcbuilddata
/Users/admin/builder/spi-builder-workspace/CJavaVM.xcodeproj: error: The macOS deployment target 'MACOSX_DEPLOYMENT_TARGET' is set to 10.10, but the range of supported deployment target versions is 12.0 to 27.0.x. (in target 'CJavaVM' from project 'CJavaVM')
2026-09-19 22:06:55.531 xcodebuild[620:3913] [MT] IDERunDestination: Supported platforms for the buildables in the current scheme is empty.
** BUILD FAILED **
The following build commands failed:
Building project CJavaVM with scheme CJavaVM
(1 failure)
Command line invocation:
/Applications/Xcode-27.0.0-Release.Candidate.app/Contents/Developer/usr/bin/xcodebuild -IDEClonedSourcePackagesDirPathOverride=/Users/admin/builder/spi-builder-workspace/.dependencies -resolvePackageDependencies
resolved source packages:
{
"dependencies" : [
],
"manifest_display_name" : "CJavaVM",
"name" : "CJavaVM",
"path" : "/Users/admin/builder/spi-builder-workspace",
"platforms" : [
],
"products" : [
{
"name" : "CJavaVM",
"targets" : [
"CJavaVM"
],
"type" : {
"library" : [
"automatic"
]
}
}
],
"targets" : [
{
"c99name" : "CJavaVM",
"module_type" : "SystemLibraryTarget",
"name" : "CJavaVM",
"path" : ".",
"product_memberships" : [
"CJavaVM"
],
"sources" : [
],
"type" : "system-target"
}
],
"tools_version" : "5.0"
}
warning: 'spi-builder-workspace': ignoring declared target(s) 'CJavaVM' in the system package
warning: 'spi-builder-workspace': system packages are deprecated; use system library targets instead
{
"project" : {
"configurations" : [
"Debug",
"Release"
],
"name" : "CJavaVM",
"schemes" : [
"CJavaVM"
],
"targets" : [
"CJavaVM"
]
}
}
Running build ...
env DEVELOPER_DIR=/Applications/Xcode-27.0.0-Release.Candidate.app xcrun xcodebuild -IDEClonedSourcePackagesDirPathOverride=$PWD/.dependencies -skipMacroValidation -skipPackagePluginValidation -derivedDataPath $PWD/.derivedData build -scheme CJavaVM -destination platform=macOS,arch=arm64
Command line invocation:
/Applications/Xcode-27.0.0-Release.Candidate.app/Contents/Developer/usr/bin/xcodebuild -IDEClonedSourcePackagesDirPathOverride=/Users/admin/builder/spi-builder-workspace/.dependencies -skipMacroValidation -skipPackagePluginValidation -derivedDataPath /Users/admin/builder/spi-builder-workspace/.derivedData build -scheme CJavaVM -destination platform=macOS,arch=arm64
ComputePackagePrebuildTargetDependencyGraph
Prepare packages
CreateBuildRequest
SendProjectDescription
CreateBuildOperation
ComputeTargetDependencyGraph
note: Building targets in dependency order
note: Target dependency graph (1 target)
Target 'CJavaVM' in project 'CJavaVM' (no dependencies)
GatherProvisioningInputs
CreateBuildDescription
/Users/admin/builder/spi-builder-workspace/CJavaVM.xcodeproj: error: The macOS deployment target 'MACOSX_DEPLOYMENT_TARGET' is set to 10.10, but the range of supported deployment target versions is 12.0 to 27.0.x. (in target 'CJavaVM' from project 'CJavaVM')
2026-09-19 22:06:59.288 xcodebuild[656:4202] [MT] IDERunDestination: Supported platforms for the buildables in the current scheme is empty.
** BUILD FAILED **
The following build commands failed:
Building project CJavaVM with scheme CJavaVM
(1 failure)
BUILD FAILURE 6.4 macosXcodebuild