Build Information
Failed to build SwiftModalPicker, reference master (75b77f), with Swift 6.1 for watchOS using Xcode 16.3 on 11 Aug 2026 15:09:52 UTC.
Build Command
env DEVELOPER_DIR=/Applications/Xcode-16.3.0.app xcrun xcodebuild -IDEClonedSourcePackagesDirPathOverride=$PWD/.dependencies -skipMacroValidation -skipPackagePluginValidation -derivedDataPath $PWD/.derivedData build -scheme SwiftModalPicker -destination generic/platform=watchOSBuild Log
========================================
RunAll
========================================
Builder version: undefined version: run 'make version' to update
Interrupt handler set up.
========================================
Checkout
========================================
Clone URL: https://github.com/moslienko/SwiftModalPicker.git
Reference: master
Initialized empty Git repository in /Users/admin/builder/spi-builder-workspace/.git/
From https://github.com/moslienko/SwiftModalPicker
* branch master -> FETCH_HEAD
* [new branch] master -> origin/master
HEAD is now at 75b77f0 Merge branch 'master' of https://github.com/moslienko/SwiftModalPicker
Cloned https://github.com/moslienko/SwiftModalPicker.git
Revision (git rev-parse @):
75b77f04ef1b2081ed37dc28d9e080fc40958792
SUCCESS checkout https://github.com/moslienko/SwiftModalPicker.git at master
========================================
Build
========================================
Selected platform: watchOS
Swift version: 6.1
Building package at path: $PWD
https://github.com/moslienko/SwiftModalPicker.git
https://github.com/moslienko/SwiftModalPicker.git
{
"dependencies" : [
],
"manifest_display_name" : "SwiftModalPicker",
"name" : "SwiftModalPicker",
"path" : "/Users/admin/builder/spi-builder-workspace",
"platforms" : [
{
"name" : "ios",
"version" : "11.0"
}
],
"products" : [
{
"name" : "SwiftModalPicker",
"targets" : [
"SwiftModalPicker"
],
"type" : {
"library" : [
"automatic"
]
}
}
],
"targets" : [
{
"c99name" : "SwiftModalPickerTests",
"module_type" : "SwiftTarget",
"name" : "SwiftModalPickerTests",
"path" : "Tests",
"sources" : [
"LinuxMain.swift",
"SwiftModalPickerTests.swift"
],
"target_dependencies" : [
"SwiftModalPicker"
],
"type" : "test"
},
{
"c99name" : "SwiftModalPicker",
"module_type" : "SwiftTarget",
"name" : "SwiftModalPicker",
"path" : "Sources",
"product_memberships" : [
"SwiftModalPicker"
],
"sources" : [
"SwiftModalPicker.swift"
],
"type" : "library"
}
],
"tools_version" : "5.3"
}
Command line invocation:
/Applications/Xcode-16.3.0.app/Contents/Developer/usr/bin/xcodebuild -IDEClonedSourcePackagesDirPathOverride=/Users/admin/builder/spi-builder-workspace/.dependencies -resolvePackageDependencies
resolved source packages:
{
"dependencies" : [
],
"manifest_display_name" : "SwiftModalPicker",
"name" : "SwiftModalPicker",
"path" : "/Users/admin/builder/spi-builder-workspace",
"platforms" : [
{
"name" : "ios",
"version" : "11.0"
}
],
"products" : [
{
"name" : "SwiftModalPicker",
"targets" : [
"SwiftModalPicker"
],
"type" : {
"library" : [
"automatic"
]
}
}
],
"targets" : [
{
"c99name" : "SwiftModalPickerTests",
"module_type" : "SwiftTarget",
"name" : "SwiftModalPickerTests",
"path" : "Tests",
"sources" : [
"LinuxMain.swift",
"SwiftModalPickerTests.swift"
],
"target_dependencies" : [
"SwiftModalPicker"
],
"type" : "test"
},
{
"c99name" : "SwiftModalPicker",
"module_type" : "SwiftTarget",
"name" : "SwiftModalPicker",
"path" : "Sources",
"product_memberships" : [
"SwiftModalPicker"
],
"sources" : [
"SwiftModalPicker.swift"
],
"type" : "library"
}
],
"tools_version" : "5.3"
}
{
"project" : {
"configurations" : [
"Debug",
"Release"
],
"name" : "SwiftModalPicker",
"schemes" : [
"Example",
"SwiftModalPicker-iOS",
"SwiftModalPicker-macOS",
"SwiftModalPicker-tvOS",
"SwiftModalPicker-watchOS"
],
"targets" : [
"SwiftModalPicker-iOS",
"SwiftModalPicker-tvOS",
"SwiftModalPicker-watchOS",
"SwiftModalPicker-macOS",
"SwiftModalPicker-iOSTests",
"SwiftModalPicker-tvOSTests",
"SwiftModalPicker-macOSTests",
"Example"
]
}
}
{
"workspace" : {
"name" : "spi-builder-workspace",
"schemes" : [
"SwiftModalPicker"
]
}
}
Running build ...
env DEVELOPER_DIR=/Applications/Xcode-16.3.0.app xcrun xcodebuild -IDEClonedSourcePackagesDirPathOverride=$PWD/.dependencies -skipMacroValidation -skipPackagePluginValidation -derivedDataPath $PWD/.derivedData build -scheme SwiftModalPicker -destination generic/platform=watchOS OTHER_SWIFT_FLAGS=-stats-output-dir .stats -strict-concurrency=complete -enable-upcoming-feature StrictConcurrency -enable-upcoming-feature DisableOutwardActorInference -enable-upcoming-feature GlobalActorIsolatedTypesUsability -enable-upcoming-feature InferSendableFromCaptures
Command line invocation:
/Applications/Xcode-16.3.0.app/Contents/Developer/usr/bin/xcodebuild -IDEClonedSourcePackagesDirPathOverride=/Users/admin/builder/spi-builder-workspace/.dependencies -skipMacroValidation -skipPackagePluginValidation -derivedDataPath /Users/admin/builder/spi-builder-workspace/.derivedData build -scheme SwiftModalPicker -destination generic/platform=watchOS "OTHER_SWIFT_FLAGS=-stats-output-dir .stats -strict-concurrency=complete -enable-upcoming-feature StrictConcurrency -enable-upcoming-feature DisableOutwardActorInference -enable-upcoming-feature GlobalActorIsolatedTypesUsability -enable-upcoming-feature InferSendableFromCaptures"
Build settings from command line:
OTHER_SWIFT_FLAGS = -stats-output-dir .stats -strict-concurrency=complete -enable-upcoming-feature StrictConcurrency -enable-upcoming-feature DisableOutwardActorInference -enable-upcoming-feature GlobalActorIsolatedTypesUsability -enable-upcoming-feature InferSendableFromCaptures
Resolve Package Graph
Resolved source packages:
SwiftModalPicker: /Users/admin/builder/spi-builder-workspace
ComputePackagePrebuildTargetDependencyGraph
Prepare packages
CreateBuildRequest
SendProjectDescription
CreateBuildOperation
ComputeTargetDependencyGraph
note: Building targets in dependency order
note: Target dependency graph (2 targets)
Target 'SwiftModalPicker' in project 'SwiftModalPicker'
➜ Explicit dependency on target 'SwiftModalPicker' in project 'SwiftModalPicker'
Target 'SwiftModalPicker' in project 'SwiftModalPicker' (no dependencies)
GatherProvisioningInputs
CreateBuildDescription
ExecuteExternalTool /Applications/Xcode-16.3.0.app/Contents/Developer/Toolchains/XcodeDefault.xctoolchain/usr/bin/clang -v -E -dM -isysroot /Applications/Xcode-16.3.0.app/Contents/Developer/Platforms/WatchOS.platform/Developer/SDKs/WatchOS11.4.sdk -x c -c /dev/null
ExecuteExternalTool /Applications/Xcode-16.3.0.app/Contents/Developer/Toolchains/XcodeDefault.xctoolchain/usr/bin/swiftc --version
ExecuteExternalTool /Applications/Xcode-16.3.0.app/Contents/Developer/Toolchains/XcodeDefault.xctoolchain/usr/bin/ld -version_details
Build description signature: 539e6820b145c8fbf082ac6a81049048
Build description path: /Users/admin/builder/spi-builder-workspace/.derivedData/Build/Intermediates.noindex/XCBuildData/539e6820b145c8fbf082ac6a81049048.xcbuilddata
ClangStatCache /Applications/Xcode-16.3.0.app/Contents/Developer/Toolchains/XcodeDefault.xctoolchain/usr/bin/clang-stat-cache /Applications/Xcode-16.3.0.app/Contents/Developer/Platforms/WatchOS.platform/Developer/SDKs/WatchOS11.4.sdk /Users/admin/builder/spi-builder-workspace/.derivedData/SDKStatCaches.noindex/watchos11.4-22T246-43efb940ff07ba2497b70ec94253f576.sdkstatcache
cd /Users/admin/builder/spi-builder-workspace/.swiftpm/xcode
/Applications/Xcode-16.3.0.app/Contents/Developer/Toolchains/XcodeDefault.xctoolchain/usr/bin/clang-stat-cache /Applications/Xcode-16.3.0.app/Contents/Developer/Platforms/WatchOS.platform/Developer/SDKs/WatchOS11.4.sdk -o /Users/admin/builder/spi-builder-workspace/.derivedData/SDKStatCaches.noindex/watchos11.4-22T246-43efb940ff07ba2497b70ec94253f576.sdkstatcache
CreateBuildDirectory /Users/admin/builder/spi-builder-workspace/.derivedData/Build/Products
cd /Users/admin/builder/spi-builder-workspace/.swiftpm/xcode
builtin-create-build-directory /Users/admin/builder/spi-builder-workspace/.derivedData/Build/Products
CreateBuildDirectory /Users/admin/builder/spi-builder-workspace/.derivedData/Build/Intermediates.noindex
cd /Users/admin/builder/spi-builder-workspace/.swiftpm/xcode
builtin-create-build-directory /Users/admin/builder/spi-builder-workspace/.derivedData/Build/Intermediates.noindex
CreateBuildDirectory /Users/admin/builder/spi-builder-workspace/.derivedData/Build/Products/Debug-watchos
cd /Users/admin/builder/spi-builder-workspace/.swiftpm/xcode
builtin-create-build-directory /Users/admin/builder/spi-builder-workspace/.derivedData/Build/Products/Debug-watchos
CreateBuildDirectory /Users/admin/builder/spi-builder-workspace/.derivedData/Build/Intermediates.noindex/EagerLinkingTBDs/Debug-watchos
cd /Users/admin/builder/spi-builder-workspace/.swiftpm/xcode
builtin-create-build-directory /Users/admin/builder/spi-builder-workspace/.derivedData/Build/Intermediates.noindex/EagerLinkingTBDs/Debug-watchos
CreateBuildDirectory /Users/admin/builder/spi-builder-workspace/.derivedData/Build/Products/Debug-watchos/PackageFrameworks
cd /Users/admin/builder/spi-builder-workspace/.swiftpm/xcode
builtin-create-build-directory /Users/admin/builder/spi-builder-workspace/.derivedData/Build/Products/Debug-watchos/PackageFrameworks
WriteAuxiliaryFile /Users/admin/builder/spi-builder-workspace/.derivedData/Build/Intermediates.noindex/SwiftModalPicker.build/Debug-watchos/SwiftModalPicker.build/SwiftModalPicker.DependencyStaticMetadataFileList (in target 'SwiftModalPicker' from project 'SwiftModalPicker')
cd /Users/admin/builder/spi-builder-workspace
write-file /Users/admin/builder/spi-builder-workspace/.derivedData/Build/Intermediates.noindex/SwiftModalPicker.build/Debug-watchos/SwiftModalPicker.build/SwiftModalPicker.DependencyStaticMetadataFileList
WriteAuxiliaryFile /Users/admin/builder/spi-builder-workspace/.derivedData/Build/Intermediates.noindex/SwiftModalPicker.build/Debug-watchos/SwiftModalPicker.build/SwiftModalPicker.modulemap (in target 'SwiftModalPicker' from project 'SwiftModalPicker')
cd /Users/admin/builder/spi-builder-workspace
write-file /Users/admin/builder/spi-builder-workspace/.derivedData/Build/Intermediates.noindex/SwiftModalPicker.build/Debug-watchos/SwiftModalPicker.build/SwiftModalPicker.modulemap
WriteAuxiliaryFile /Users/admin/builder/spi-builder-workspace/.derivedData/Build/Intermediates.noindex/SwiftModalPicker.build/Debug-watchos/SwiftModalPicker.build/SwiftModalPicker.DependencyMetadataFileList (in target 'SwiftModalPicker' from project 'SwiftModalPicker')
cd /Users/admin/builder/spi-builder-workspace
write-file /Users/admin/builder/spi-builder-workspace/.derivedData/Build/Intermediates.noindex/SwiftModalPicker.build/Debug-watchos/SwiftModalPicker.build/SwiftModalPicker.DependencyMetadataFileList
WriteAuxiliaryFile /Users/admin/builder/spi-builder-workspace/.derivedData/Build/Intermediates.noindex/SwiftModalPicker.build/Debug-watchos/SwiftModalPicker.build/Objects-normal/armv7k/SwiftModalPicker.LinkFileList (in target 'SwiftModalPicker' from project 'SwiftModalPicker')
cd /Users/admin/builder/spi-builder-workspace
write-file /Users/admin/builder/spi-builder-workspace/.derivedData/Build/Intermediates.noindex/SwiftModalPicker.build/Debug-watchos/SwiftModalPicker.build/Objects-normal/armv7k/SwiftModalPicker.LinkFileList
WriteAuxiliaryFile /Users/admin/builder/spi-builder-workspace/.derivedData/Build/Intermediates.noindex/SwiftModalPicker.build/Debug-watchos/SwiftModalPicker.build/Objects-normal/armv7k/SwiftModalPicker_const_extract_protocols.json (in target 'SwiftModalPicker' from project 'SwiftModalPicker')
cd /Users/admin/builder/spi-builder-workspace
write-file /Users/admin/builder/spi-builder-workspace/.derivedData/Build/Intermediates.noindex/SwiftModalPicker.build/Debug-watchos/SwiftModalPicker.build/Objects-normal/armv7k/SwiftModalPicker_const_extract_protocols.json
WriteAuxiliaryFile /Users/admin/builder/spi-builder-workspace/.derivedData/Build/Intermediates.noindex/SwiftModalPicker.build/Debug-watchos/SwiftModalPicker.build/Objects-normal/armv7k/SwiftModalPicker-OutputFileMap.json (in target 'SwiftModalPicker' from project 'SwiftModalPicker')
cd /Users/admin/builder/spi-builder-workspace
write-file /Users/admin/builder/spi-builder-workspace/.derivedData/Build/Intermediates.noindex/SwiftModalPicker.build/Debug-watchos/SwiftModalPicker.build/Objects-normal/armv7k/SwiftModalPicker-OutputFileMap.json
WriteAuxiliaryFile /Users/admin/builder/spi-builder-workspace/.derivedData/Build/Intermediates.noindex/SwiftModalPicker.build/Debug-watchos/SwiftModalPicker.build/Objects-normal/armv7k/SwiftModalPicker.SwiftConstValuesFileList (in target 'SwiftModalPicker' from project 'SwiftModalPicker')
cd /Users/admin/builder/spi-builder-workspace
write-file /Users/admin/builder/spi-builder-workspace/.derivedData/Build/Intermediates.noindex/SwiftModalPicker.build/Debug-watchos/SwiftModalPicker.build/Objects-normal/armv7k/SwiftModalPicker.SwiftConstValuesFileList
WriteAuxiliaryFile /Users/admin/builder/spi-builder-workspace/.derivedData/Build/Intermediates.noindex/SwiftModalPicker.build/Debug-watchos/SwiftModalPicker.build/Objects-normal/armv7k/SwiftModalPicker.SwiftFileList (in target 'SwiftModalPicker' from project 'SwiftModalPicker')
cd /Users/admin/builder/spi-builder-workspace
write-file /Users/admin/builder/spi-builder-workspace/.derivedData/Build/Intermediates.noindex/SwiftModalPicker.build/Debug-watchos/SwiftModalPicker.build/Objects-normal/armv7k/SwiftModalPicker.SwiftFileList
WriteAuxiliaryFile /Users/admin/builder/spi-builder-workspace/.derivedData/Build/Intermediates.noindex/SwiftModalPicker.build/Debug-watchos/SwiftModalPicker.build/Objects-normal/arm64_32/SwiftModalPicker_const_extract_protocols.json (in target 'SwiftModalPicker' from project 'SwiftModalPicker')
cd /Users/admin/builder/spi-builder-workspace
write-file /Users/admin/builder/spi-builder-workspace/.derivedData/Build/Intermediates.noindex/SwiftModalPicker.build/Debug-watchos/SwiftModalPicker.build/Objects-normal/arm64_32/SwiftModalPicker_const_extract_protocols.json
WriteAuxiliaryFile /Users/admin/builder/spi-builder-workspace/.derivedData/Build/Intermediates.noindex/SwiftModalPicker.build/Debug-watchos/SwiftModalPicker.build/Objects-normal/arm64_32/SwiftModalPicker.SwiftFileList (in target 'SwiftModalPicker' from project 'SwiftModalPicker')
cd /Users/admin/builder/spi-builder-workspace
write-file /Users/admin/builder/spi-builder-workspace/.derivedData/Build/Intermediates.noindex/SwiftModalPicker.build/Debug-watchos/SwiftModalPicker.build/Objects-normal/arm64_32/SwiftModalPicker.SwiftFileList
WriteAuxiliaryFile /Users/admin/builder/spi-builder-workspace/.derivedData/Build/Intermediates.noindex/SwiftModalPicker.build/Debug-watchos/SwiftModalPicker.build/Objects-normal/arm64_32/SwiftModalPicker.SwiftConstValuesFileList (in target 'SwiftModalPicker' from project 'SwiftModalPicker')
cd /Users/admin/builder/spi-builder-workspace
write-file /Users/admin/builder/spi-builder-workspace/.derivedData/Build/Intermediates.noindex/SwiftModalPicker.build/Debug-watchos/SwiftModalPicker.build/Objects-normal/arm64_32/SwiftModalPicker.SwiftConstValuesFileList
WriteAuxiliaryFile /Users/admin/builder/spi-builder-workspace/.derivedData/Build/Intermediates.noindex/SwiftModalPicker.build/Debug-watchos/SwiftModalPicker.build/Objects-normal/arm64_32/SwiftModalPicker.LinkFileList (in target 'SwiftModalPicker' from project 'SwiftModalPicker')
cd /Users/admin/builder/spi-builder-workspace
write-file /Users/admin/builder/spi-builder-workspace/.derivedData/Build/Intermediates.noindex/SwiftModalPicker.build/Debug-watchos/SwiftModalPicker.build/Objects-normal/arm64_32/SwiftModalPicker.LinkFileList
WriteAuxiliaryFile /Users/admin/builder/spi-builder-workspace/.derivedData/Build/Intermediates.noindex/SwiftModalPicker.build/Debug-watchos/SwiftModalPicker.build/Objects-normal/arm64_32/SwiftModalPicker-OutputFileMap.json (in target 'SwiftModalPicker' from project 'SwiftModalPicker')
cd /Users/admin/builder/spi-builder-workspace
write-file /Users/admin/builder/spi-builder-workspace/.derivedData/Build/Intermediates.noindex/SwiftModalPicker.build/Debug-watchos/SwiftModalPicker.build/Objects-normal/arm64_32/SwiftModalPicker-OutputFileMap.json
WriteAuxiliaryFile /Users/admin/builder/spi-builder-workspace/.derivedData/Build/Intermediates.noindex/SwiftModalPicker.build/Debug-watchos/SwiftModalPicker.build/Objects-normal/arm64/SwiftModalPicker_const_extract_protocols.json (in target 'SwiftModalPicker' from project 'SwiftModalPicker')
cd /Users/admin/builder/spi-builder-workspace
write-file /Users/admin/builder/spi-builder-workspace/.derivedData/Build/Intermediates.noindex/SwiftModalPicker.build/Debug-watchos/SwiftModalPicker.build/Objects-normal/arm64/SwiftModalPicker_const_extract_protocols.json
WriteAuxiliaryFile /Users/admin/builder/spi-builder-workspace/.derivedData/Build/Intermediates.noindex/SwiftModalPicker.build/Debug-watchos/SwiftModalPicker.build/Objects-normal/arm64/SwiftModalPicker.SwiftFileList (in target 'SwiftModalPicker' from project 'SwiftModalPicker')
cd /Users/admin/builder/spi-builder-workspace
write-file /Users/admin/builder/spi-builder-workspace/.derivedData/Build/Intermediates.noindex/SwiftModalPicker.build/Debug-watchos/SwiftModalPicker.build/Objects-normal/arm64/SwiftModalPicker.SwiftFileList
WriteAuxiliaryFile /Users/admin/builder/spi-builder-workspace/.derivedData/Build/Intermediates.noindex/SwiftModalPicker.build/Debug-watchos/SwiftModalPicker.build/Objects-normal/arm64/SwiftModalPicker.SwiftConstValuesFileList (in target 'SwiftModalPicker' from project 'SwiftModalPicker')
cd /Users/admin/builder/spi-builder-workspace
write-file /Users/admin/builder/spi-builder-workspace/.derivedData/Build/Intermediates.noindex/SwiftModalPicker.build/Debug-watchos/SwiftModalPicker.build/Objects-normal/arm64/SwiftModalPicker.SwiftConstValuesFileList
WriteAuxiliaryFile /Users/admin/builder/spi-builder-workspace/.derivedData/Build/Intermediates.noindex/SwiftModalPicker.build/Debug-watchos/SwiftModalPicker.build/Objects-normal/arm64/SwiftModalPicker.LinkFileList (in target 'SwiftModalPicker' from project 'SwiftModalPicker')
cd /Users/admin/builder/spi-builder-workspace
write-file /Users/admin/builder/spi-builder-workspace/.derivedData/Build/Intermediates.noindex/SwiftModalPicker.build/Debug-watchos/SwiftModalPicker.build/Objects-normal/arm64/SwiftModalPicker.LinkFileList
WriteAuxiliaryFile /Users/admin/builder/spi-builder-workspace/.derivedData/Build/Intermediates.noindex/SwiftModalPicker.build/Debug-watchos/SwiftModalPicker.build/Objects-normal/arm64/SwiftModalPicker-OutputFileMap.json (in target 'SwiftModalPicker' from project 'SwiftModalPicker')
cd /Users/admin/builder/spi-builder-workspace
write-file /Users/admin/builder/spi-builder-workspace/.derivedData/Build/Intermediates.noindex/SwiftModalPicker.build/Debug-watchos/SwiftModalPicker.build/Objects-normal/arm64/SwiftModalPicker-OutputFileMap.json
Copy /Users/admin/builder/spi-builder-workspace/.derivedData/Build/Intermediates.noindex/GeneratedModuleMaps-watchos/SwiftModalPicker.modulemap /Users/admin/builder/spi-builder-workspace/.derivedData/Build/Intermediates.noindex/SwiftModalPicker.build/Debug-watchos/SwiftModalPicker.build/SwiftModalPicker.modulemap (in target 'SwiftModalPicker' from project 'SwiftModalPicker')
cd /Users/admin/builder/spi-builder-workspace
builtin-copy -exclude .DS_Store -exclude CVS -exclude .svn -exclude .git -exclude .hg -resolve-src-symlinks /Users/admin/builder/spi-builder-workspace/.derivedData/Build/Intermediates.noindex/SwiftModalPicker.build/Debug-watchos/SwiftModalPicker.build/SwiftModalPicker.modulemap /Users/admin/builder/spi-builder-workspace/.derivedData/Build/Intermediates.noindex/GeneratedModuleMaps-watchos
SwiftDriver SwiftModalPicker normal arm64_32 com.apple.xcode.tools.swift.compiler (in target 'SwiftModalPicker' from project 'SwiftModalPicker')
cd /Users/admin/builder/spi-builder-workspace/.swiftpm/xcode
builtin-SwiftDriver -- /Applications/Xcode-16.3.0.app/Contents/Developer/Toolchains/XcodeDefault.xctoolchain/usr/bin/swiftc -module-name SwiftModalPicker -Onone -enforce-exclusivity\=checked @/Users/admin/builder/spi-builder-workspace/.derivedData/Build/Intermediates.noindex/SwiftModalPicker.build/Debug-watchos/SwiftModalPicker.build/Objects-normal/arm64_32/SwiftModalPicker.SwiftFileList -DSWIFT_PACKAGE -DDEBUG -stats-output-dir .stats -strict-concurrency\=complete -enable-upcoming-feature StrictConcurrency -enable-upcoming-feature DisableOutwardActorInference -enable-upcoming-feature GlobalActorIsolatedTypesUsability -enable-upcoming-feature InferSendableFromCaptures -plugin-path /Applications/Xcode-16.3.0.app/Contents/Developer/Toolchains/XcodeDefault.xctoolchain/usr/lib/swift/host/plugins/testing -enable-experimental-feature DebugDescriptionMacro -sdk /Applications/Xcode-16.3.0.app/Contents/Developer/Platforms/WatchOS.platform/Developer/SDKs/WatchOS11.4.sdk -target arm64_32-apple-watchos5.0 -g -module-cache-path /Users/admin/builder/spi-builder-workspace/.derivedData/ModuleCache.noindex -Xfrontend -serialize-debugging-options -profile-coverage-mapping -profile-generate -enable-testing -index-store-path /Users/admin/builder/spi-builder-workspace/.derivedData/Index.noindex/DataStore -swift-version 5 -I /Users/admin/builder/spi-builder-workspace/.derivedData/Build/Products/Debug-watchos -I /Applications/Xcode-16.3.0.app/Contents/Developer/Platforms/WatchOS.platform/Developer/usr/lib -F /Users/admin/builder/spi-builder-workspace/.derivedData/Build/Products/Debug-watchos -F /Applications/Xcode-16.3.0.app/Contents/Developer/Platforms/WatchOS.platform/Developer/Library/Frameworks -F /Applications/Xcode-16.3.0.app/Contents/Developer/Platforms/WatchOS.platform/Developer/SDKs/WatchOS11.4.sdk/Developer/Library/Frameworks -parse-as-library -c -j10 -enable-batch-mode -incremental -Xcc -ivfsstatcache -Xcc /Users/admin/builder/spi-builder-workspace/.derivedData/SDKStatCaches.noindex/watchos11.4-22T246-43efb940ff07ba2497b70ec94253f576.sdkstatcache -output-file-map /Users/admin/builder/spi-builder-workspace/.derivedData/Build/Intermediates.noindex/SwiftModalPicker.build/Debug-watchos/SwiftModalPicker.build/Objects-normal/arm64_32/SwiftModalPicker-OutputFileMap.json -use-frontend-parseable-output -save-temps -no-color-diagnostics -serialize-diagnostics -emit-dependencies -emit-module -emit-module-path /Users/admin/builder/spi-builder-workspace/.derivedData/Build/Intermediates.noindex/SwiftModalPicker.build/Debug-watchos/SwiftModalPicker.build/Objects-normal/arm64_32/SwiftModalPicker.swiftmodule -validate-clang-modules-once -clang-build-session-file /Users/admin/builder/spi-builder-workspace/.derivedData/ModuleCache.noindex/Session.modulevalidation -Xcc -I/Users/admin/builder/spi-builder-workspace/.derivedData/Build/Intermediates.noindex/SwiftModalPicker.build/Debug-watchos/SwiftModalPicker.build/swift-overrides.hmap -emit-const-values -Xfrontend -const-gather-protocols-file -Xfrontend /Users/admin/builder/spi-builder-workspace/.derivedData/Build/Intermediates.noindex/SwiftModalPicker.build/Debug-watchos/SwiftModalPicker.build/Objects-normal/arm64_32/SwiftModalPicker_const_extract_protocols.json -Xcc -I/Users/admin/builder/spi-builder-workspace/.derivedData/Build/Products/Debug-watchos/include -Xcc -I/Users/admin/builder/spi-builder-workspace/.derivedData/Build/Intermediates.noindex/SwiftModalPicker.build/Debug-watchos/SwiftModalPicker.build/DerivedSources-normal/arm64_32 -Xcc -I/Users/admin/builder/spi-builder-workspace/.derivedData/Build/Intermediates.noindex/SwiftModalPicker.build/Debug-watchos/SwiftModalPicker.build/DerivedSources/arm64_32 -Xcc -I/Users/admin/builder/spi-builder-workspace/.derivedData/Build/Intermediates.noindex/SwiftModalPicker.build/Debug-watchos/SwiftModalPicker.build/DerivedSources -Xcc -DSWIFT_PACKAGE -Xcc -DDEBUG\=1 -emit-objc-header -emit-objc-header-path /Users/admin/builder/spi-builder-workspace/.derivedData/Build/Intermediates.noindex/SwiftModalPicker.build/Debug-watchos/SwiftModalPicker.build/Objects-normal/arm64_32/SwiftModalPicker-Swift.h -working-directory /Users/admin/builder/spi-builder-workspace/.swiftpm/xcode -experimental-emit-module-separately -disable-cmo
SwiftDriver SwiftModalPicker normal armv7k com.apple.xcode.tools.swift.compiler (in target 'SwiftModalPicker' from project 'SwiftModalPicker')
cd /Users/admin/builder/spi-builder-workspace/.swiftpm/xcode
builtin-SwiftDriver -- /Applications/Xcode-16.3.0.app/Contents/Developer/Toolchains/XcodeDefault.xctoolchain/usr/bin/swiftc -module-name SwiftModalPicker -Onone -enforce-exclusivity\=checked @/Users/admin/builder/spi-builder-workspace/.derivedData/Build/Intermediates.noindex/SwiftModalPicker.build/Debug-watchos/SwiftModalPicker.build/Objects-normal/armv7k/SwiftModalPicker.SwiftFileList -DSWIFT_PACKAGE -DDEBUG -stats-output-dir .stats -strict-concurrency\=complete -enable-upcoming-feature StrictConcurrency -enable-upcoming-feature DisableOutwardActorInference -enable-upcoming-feature GlobalActorIsolatedTypesUsability -enable-upcoming-feature InferSendableFromCaptures -plugin-path /Applications/Xcode-16.3.0.app/Contents/Developer/Toolchains/XcodeDefault.xctoolchain/usr/lib/swift/host/plugins/testing -enable-experimental-feature DebugDescriptionMacro -sdk /Applications/Xcode-16.3.0.app/Contents/Developer/Platforms/WatchOS.platform/Developer/SDKs/WatchOS11.4.sdk -target armv7k-apple-watchos5.0 -g -module-cache-path /Users/admin/builder/spi-builder-workspace/.derivedData/ModuleCache.noindex -Xfrontend -serialize-debugging-options -profile-coverage-mapping -profile-generate -enable-testing -index-store-path /Users/admin/builder/spi-builder-workspace/.derivedData/Index.noindex/DataStore -swift-version 5 -I /Users/admin/builder/spi-builder-workspace/.derivedData/Build/Products/Debug-watchos -I /Applications/Xcode-16.3.0.app/Contents/Developer/Platforms/WatchOS.platform/Developer/usr/lib -F /Users/admin/builder/spi-builder-workspace/.derivedData/Build/Products/Debug-watchos -F /Applications/Xcode-16.3.0.app/Contents/Developer/Platforms/WatchOS.platform/Developer/Library/Frameworks -F /Applications/Xcode-16.3.0.app/Contents/Developer/Platforms/WatchOS.platform/Developer/SDKs/WatchOS11.4.sdk/Developer/Library/Frameworks -parse-as-library -c -j10 -enable-batch-mode -incremental -Xcc -ivfsstatcache -Xcc /Users/admin/builder/spi-builder-workspace/.derivedData/SDKStatCaches.noindex/watchos11.4-22T246-43efb940ff07ba2497b70ec94253f576.sdkstatcache -output-file-map /Users/admin/builder/spi-builder-workspace/.derivedData/Build/Intermediates.noindex/SwiftModalPicker.build/Debug-watchos/SwiftModalPicker.build/Objects-normal/armv7k/SwiftModalPicker-OutputFileMap.json -use-frontend-parseable-output -save-temps -no-color-diagnostics -serialize-diagnostics -emit-dependencies -emit-module -emit-module-path /Users/admin/builder/spi-builder-workspace/.derivedData/Build/Intermediates.noindex/SwiftModalPicker.build/Debug-watchos/SwiftModalPicker.build/Objects-normal/armv7k/SwiftModalPicker.swiftmodule -validate-clang-modules-once -clang-build-session-file /Users/admin/builder/spi-builder-workspace/.derivedData/ModuleCache.noindex/Session.modulevalidation -Xcc -I/Users/admin/builder/spi-builder-workspace/.derivedData/Build/Intermediates.noindex/SwiftModalPicker.build/Debug-watchos/SwiftModalPicker.build/swift-overrides.hmap -emit-const-values -Xfrontend -const-gather-protocols-file -Xfrontend /Users/admin/builder/spi-builder-workspace/.derivedData/Build/Intermediates.noindex/SwiftModalPicker.build/Debug-watchos/SwiftModalPicker.build/Objects-normal/armv7k/SwiftModalPicker_const_extract_protocols.json -Xcc -I/Users/admin/builder/spi-builder-workspace/.derivedData/Build/Products/Debug-watchos/include -Xcc -I/Users/admin/builder/spi-builder-workspace/.derivedData/Build/Intermediates.noindex/SwiftModalPicker.build/Debug-watchos/SwiftModalPicker.build/DerivedSources-normal/armv7k -Xcc -I/Users/admin/builder/spi-builder-workspace/.derivedData/Build/Intermediates.noindex/SwiftModalPicker.build/Debug-watchos/SwiftModalPicker.build/DerivedSources/armv7k -Xcc -I/Users/admin/builder/spi-builder-workspace/.derivedData/Build/Intermediates.noindex/SwiftModalPicker.build/Debug-watchos/SwiftModalPicker.build/DerivedSources -Xcc -DSWIFT_PACKAGE -Xcc -DDEBUG\=1 -emit-objc-header -emit-objc-header-path /Users/admin/builder/spi-builder-workspace/.derivedData/Build/Intermediates.noindex/SwiftModalPicker.build/Debug-watchos/SwiftModalPicker.build/Objects-normal/armv7k/SwiftModalPicker-Swift.h -working-directory /Users/admin/builder/spi-builder-workspace/.swiftpm/xcode -experimental-emit-module-separately -disable-cmo
SwiftDriver SwiftModalPicker normal arm64 com.apple.xcode.tools.swift.compiler (in target 'SwiftModalPicker' from project 'SwiftModalPicker')
cd /Users/admin/builder/spi-builder-workspace/.swiftpm/xcode
builtin-SwiftDriver -- /Applications/Xcode-16.3.0.app/Contents/Developer/Toolchains/XcodeDefault.xctoolchain/usr/bin/swiftc -module-name SwiftModalPicker -Onone -enforce-exclusivity\=checked @/Users/admin/builder/spi-builder-workspace/.derivedData/Build/Intermediates.noindex/SwiftModalPicker.build/Debug-watchos/SwiftModalPicker.build/Objects-normal/arm64/SwiftModalPicker.SwiftFileList -DSWIFT_PACKAGE -DDEBUG -stats-output-dir .stats -strict-concurrency\=complete -enable-upcoming-feature StrictConcurrency -enable-upcoming-feature DisableOutwardActorInference -enable-upcoming-feature GlobalActorIsolatedTypesUsability -enable-upcoming-feature InferSendableFromCaptures -plugin-path /Applications/Xcode-16.3.0.app/Contents/Developer/Toolchains/XcodeDefault.xctoolchain/usr/lib/swift/host/plugins/testing -enable-experimental-feature DebugDescriptionMacro -sdk /Applications/Xcode-16.3.0.app/Contents/Developer/Platforms/WatchOS.platform/Developer/SDKs/WatchOS11.4.sdk -target arm64-apple-watchos5.0 -g -module-cache-path /Users/admin/builder/spi-builder-workspace/.derivedData/ModuleCache.noindex -Xfrontend -serialize-debugging-options -profile-coverage-mapping -profile-generate -enable-testing -index-store-path /Users/admin/builder/spi-builder-workspace/.derivedData/Index.noindex/DataStore -swift-version 5 -I /Users/admin/builder/spi-builder-workspace/.derivedData/Build/Products/Debug-watchos -I /Applications/Xcode-16.3.0.app/Contents/Developer/Platforms/WatchOS.platform/Developer/usr/lib -F /Users/admin/builder/spi-builder-workspace/.derivedData/Build/Products/Debug-watchos -F /Applications/Xcode-16.3.0.app/Contents/Developer/Platforms/WatchOS.platform/Developer/Library/Frameworks -F /Applications/Xcode-16.3.0.app/Contents/Developer/Platforms/WatchOS.platform/Developer/SDKs/WatchOS11.4.sdk/Developer/Library/Frameworks -parse-as-library -c -j10 -enable-batch-mode -incremental -Xcc -ivfsstatcache -Xcc /Users/admin/builder/spi-builder-workspace/.derivedData/SDKStatCaches.noindex/watchos11.4-22T246-43efb940ff07ba2497b70ec94253f576.sdkstatcache -output-file-map /Users/admin/builder/spi-builder-workspace/.derivedData/Build/Intermediates.noindex/SwiftModalPicker.build/Debug-watchos/SwiftModalPicker.build/Objects-normal/arm64/SwiftModalPicker-OutputFileMap.json -use-frontend-parseable-output -save-temps -no-color-diagnostics -serialize-diagnostics -emit-dependencies -emit-module -emit-module-path /Users/admin/builder/spi-builder-workspace/.derivedData/Build/Intermediates.noindex/SwiftModalPicker.build/Debug-watchos/SwiftModalPicker.build/Objects-normal/arm64/SwiftModalPicker.swiftmodule -validate-clang-modules-once -clang-build-session-file /Users/admin/builder/spi-builder-workspace/.derivedData/ModuleCache.noindex/Session.modulevalidation -Xcc -I/Users/admin/builder/spi-builder-workspace/.derivedData/Build/Intermediates.noindex/SwiftModalPicker.build/Debug-watchos/SwiftModalPicker.build/swift-overrides.hmap -emit-const-values -Xfrontend -const-gather-protocols-file -Xfrontend /Users/admin/builder/spi-builder-workspace/.derivedData/Build/Intermediates.noindex/SwiftModalPicker.build/Debug-watchos/SwiftModalPicker.build/Objects-normal/arm64/SwiftModalPicker_const_extract_protocols.json -Xcc -I/Users/admin/builder/spi-builder-workspace/.derivedData/Build/Products/Debug-watchos/include -Xcc -I/Users/admin/builder/spi-builder-workspace/.derivedData/Build/Intermediates.noindex/SwiftModalPicker.build/Debug-watchos/SwiftModalPicker.build/DerivedSources-normal/arm64 -Xcc -I/Users/admin/builder/spi-builder-workspace/.derivedData/Build/Intermediates.noindex/SwiftModalPicker.build/Debug-watchos/SwiftModalPicker.build/DerivedSources/arm64 -Xcc -I/Users/admin/builder/spi-builder-workspace/.derivedData/Build/Intermediates.noindex/SwiftModalPicker.build/Debug-watchos/SwiftModalPicker.build/DerivedSources -Xcc -DSWIFT_PACKAGE -Xcc -DDEBUG\=1 -emit-objc-header -emit-objc-header-path /Users/admin/builder/spi-builder-workspace/.derivedData/Build/Intermediates.noindex/SwiftModalPicker.build/Debug-watchos/SwiftModalPicker.build/Objects-normal/arm64/SwiftModalPicker-Swift.h -working-directory /Users/admin/builder/spi-builder-workspace/.swiftpm/xcode -experimental-emit-module-separately -disable-cmo
SwiftEmitModule normal armv7k Emitting\ module\ for\ SwiftModalPicker (in target 'SwiftModalPicker' from project 'SwiftModalPicker')
SwiftCompile normal armv7k /Users/admin/builder/spi-builder-workspace/Sources/SwiftModalPicker.swift (in target 'SwiftModalPicker' from project 'SwiftModalPicker')
cd /Users/admin/builder/spi-builder-workspace/.swiftpm/xcode
/Users/admin/builder/spi-builder-workspace/Sources/SwiftModalPicker.swift:20:35: error: cannot find type 'UIToolbar' in scope
private lazy var doneToolbar: UIToolbar = {
^~~~~~~~~
/Users/admin/builder/spi-builder-workspace/Sources/SwiftModalPicker.swift:30:34: error: cannot find type 'UIPickerView' in scope
private lazy var pickerView: UIPickerView = {
^~~~~~~~~~~~
/Users/admin/builder/spi-builder-workspace/Sources/SwiftModalPicker.swift:38:38: error: cannot find type 'UIDatePicker' in scope
private lazy var datePickerView: UIDatePicker = {
^~~~~~~~~~~~
/Users/admin/builder/spi-builder-workspace/Sources/SwiftModalPicker.swift:194:42: error: cannot find type 'UIPickerView' in scope
public func pickerView(_ pickerView: UIPickerView, titleForRow row: Int, forComponent component: Int) -> String? {
^~~~~~~~~~~~
/Users/admin/builder/spi-builder-workspace/Sources/SwiftModalPicker.swift:207:42: error: cannot find type 'UIPickerView' in scope
public func pickerView(_ pickerView: UIPickerView, numberOfRowsInComponent component: Int) -> Int {
^~~~~~~~~~~~
/Users/admin/builder/spi-builder-workspace/Sources/SwiftModalPicker.swift:112:39: error: cannot find type 'UIView' in scope
public func showPicker(from view: UIView) {
^~~~~~
/Applications/Xcode-16.3.0.app/Contents/Developer/Platforms/WatchOS.platform/Developer/SDKs/WatchOS11.4.sdk/System/Library/Frameworks/UIKit.framework/Headers/NSTextAttachment.h:23:1: note: interface 'UIView' forward declared here
@class UIView;
^
/Users/admin/builder/spi-builder-workspace/Sources/SwiftModalPicker.swift:13:32: error: cannot find type 'UITextField' in scope
public class SwiftModalPicker: UITextField {
^~~~~~~~~~~
/Users/admin/builder/spi-builder-workspace/Sources/SwiftModalPicker.swift:192:29: error: cannot find type 'UIPickerViewDelegate' in scope
extension SwiftModalPicker: UIPickerViewDelegate {
^~~~~~~~~~~~~~~~~~~~
/Users/admin/builder/spi-builder-workspace/Sources/SwiftModalPicker.swift:201:29: error: cannot find type 'UIPickerViewDataSource' in scope
extension SwiftModalPicker: UIPickerViewDataSource {
^~~~~~~~~~~~~~~~~~~~~~
/Users/admin/builder/spi-builder-workspace/Sources/SwiftModalPicker.swift:203:51: error: cannot find type 'UIPickerView' in scope
public func numberOfComponents(in pickerView: UIPickerView) -> Int {
^~~~~~~~~~~~
/Users/admin/builder/spi-builder-workspace/Sources/SwiftModalPicker.swift:225:29: error: cannot find type 'UIBarButtonItem' in scope
case custom(button: UIBarButtonItem)
^~~~~~~~~~~~~~~
/Users/admin/builder/spi-builder-workspace/Sources/SwiftModalPicker.swift:228:21: error: cannot find type 'UIBarButtonItem' in scope
var button: UIBarButtonItem {
^~~~~~~~~~~~~~~
/Users/admin/builder/spi-builder-workspace/Sources/SwiftModalPicker.swift:246:29: error: cannot find type 'UIDatePicker' in scope
var datePickerMode: UIDatePicker.Mode = .date
^~~~~~~~~~~~
/Users/admin/builder/spi-builder-workspace/Sources/SwiftModalPicker.swift:250:118: error: cannot find type 'UIDatePicker' in scope
public init(selectedDate: Date = Date(), minimumDate: Date? = nil, maximumDate: Date? = nil, datePickerMode: UIDatePicker.Mode = .date, timeZone: TimeZone? = .current, calendar: Calendar? = .current) {
^~~~~~~~~~~~
/Users/admin/builder/spi-builder-workspace/Sources/SwiftModalPicker.swift:262:11: error: cannot find type 'UIView' in scope
extension UIView {
^~~~~~
/Applications/Xcode-16.3.0.app/Contents/Developer/Platforms/WatchOS.platform/Developer/SDKs/WatchOS11.4.sdk/System/Library/Frameworks/UIKit.framework/Headers/NSTextAttachment.h:23:1: note: interface 'UIView' forward declared here
@class UIView;
^
Failed frontend command:
/Applications/Xcode-16.3.0.app/Contents/Developer/Toolchains/XcodeDefault.xctoolchain/usr/bin/swift-frontend -frontend -emit-module -experimental-skip-non-inlinable-function-bodies-without-types /Users/admin/builder/spi-builder-workspace/Sources/SwiftModalPicker.swift -target armv7k-apple-watchos5.0 -enable-objc-interop -sdk /Applications/Xcode-16.3.0.app/Contents/Developer/Platforms/WatchOS.platform/Developer/SDKs/WatchOS11.4.sdk -I /Users/admin/builder/spi-builder-workspace/.derivedData/Build/Products/Debug-watchos -I /Applications/Xcode-16.3.0.app/Contents/Developer/Platforms/WatchOS.platform/Developer/usr/lib -F /Users/admin/builder/spi-builder-workspace/.derivedData/Build/Products/Debug-watchos -F /Applications/Xcode-16.3.0.app/Contents/Developer/Platforms/WatchOS.platform/Developer/Library/Frameworks -F /Applications/Xcode-16.3.0.app/Contents/Developer/Platforms/WatchOS.platform/Developer/SDKs/WatchOS11.4.sdk/Developer/Library/Frameworks -no-color-diagnostics -enable-testing -g -debug-info-format\=dwarf -dwarf-version\=4 -module-cache-path /Users/admin/builder/spi-builder-workspace/.derivedData/ModuleCache.noindex -profile-generate -profile-coverage-mapping -swift-version 5 -enforce-exclusivity\=checked -stats-output-dir /Users/admin/builder/spi-builder-workspace/.swiftpm/xcode/.stats -Onone -D SWIFT_PACKAGE -D DEBUG -serialize-debugging-options -const-gather-protocols-file /Users/admin/builder/spi-builder-workspace/.derivedData/Build/Intermediates.noindex/SwiftModalPicker.build/Debug-watchos/SwiftModalPicker.build/Objects-normal/armv7k/SwiftModalPicker_const_extract_protocols.json -enable-upcoming-feature StrictConcurrency -enable-upcoming-feature DisableOutwardActorInference -enable-upcoming-feature GlobalActorIsolatedTypesUsability -enable-upcoming-feature InferSendableFromCaptures -enable-experimental-feature DebugDescriptionMacro -strict-concurrency\=complete -empty-abi-descriptor -plugin-path /Applications/Xcode-16.3.0.app/Contents/Developer/Toolchains/XcodeDefault.xctoolchain/usr/lib/swift/host/plugins/testing -validate-clang-modules-once -clang-build-session-file /Users/admin/builder/spi-builder-workspace/.derivedData/ModuleCache.noindex/Session.modulevalidation -Xcc -working-directory -Xcc /Users/admin/builder/spi-builder-workspace/.swiftpm/xcode -resource-dir /Applications/Xcode-16.3.0.app/Contents/Developer/Toolchains/XcodeDefault.xctoolchain/usr/lib/swift -enable-anonymous-context-mangled-names -file-compilation-dir /Users/admin/builder/spi-builder-workspace/.swiftpm/xcode -Xcc -ivfsstatcache -Xcc /Users/admin/builder/spi-builder-workspace/.derivedData/SDKStatCaches.noindex/watchos11.4-22T246-43efb940ff07ba2497b70ec94253f576.sdkstatcache -Xcc -I/Users/admin/builder/spi-builder-workspace/.derivedData/Build/Intermediates.noindex/SwiftModalPicker.build/Debug-watchos/SwiftModalPicker.build/swift-overrides.hmap -Xcc -I/Users/admin/builder/spi-builder-workspace/.derivedData/Build/Products/Debug-watchos/include -Xcc -I/Users/admin/builder/spi-builder-workspace/.derivedData/Build/Intermediates.noindex/SwiftModalPicker.build/Debug-watchos/SwiftModalPicker.build/DerivedSources-normal/armv7k -Xcc -I/Users/admin/builder/spi-builder-workspace/.derivedData/Build/Intermediates.noindex/SwiftModalPicker.build/Debug-watchos/SwiftModalPicker.build/DerivedSources/armv7k -Xcc -I/Users/admin/builder/spi-builder-workspace/.derivedData/Build/Intermediates.noindex/SwiftModalPicker.build/Debug-watchos/SwiftModalPicker.build/DerivedSources -Xcc -DSWIFT_PACKAGE -Xcc -DDEBUG\=1 -module-name SwiftModalPicker -frontend-parseable-output -disable-clang-spi -target-sdk-version 11.4 -target-sdk-name watchos11.4 -external-plugin-path /Applications/Xcode-16.3.0.app/Contents/Developer/Platforms/WatchOS.platform/Developer/usr/lib/swift/host/plugins\#/Applications/Xcode-16.3.0.app/Contents/Developer/Platforms/WatchOS.platform/Developer/usr/bin/swift-plugin-server -external-plugin-path /Applications/Xcode-16.3.0.app/Contents/Developer/Platforms/WatchOS.platform/Developer/usr/local/lib/swift/host/plugins\#/Applications/Xcode-16.3.0.app/Contents/Developer/Platforms/WatchOS.platform/Developer/usr/bin/swift-plugin-server -in-process-plugin-server-path /Applications/Xcode-16.3.0.app/Contents/Developer/Toolchains/XcodeDefault.xctoolchain/usr/lib/swift/host/libSwiftInProcPluginServer.dylib -plugin-path /Applications/Xcode-16.3.0.app/Contents/Developer/Toolchains/XcodeDefault.xctoolchain/usr/lib/swift/host/plugins -plugin-path /Applications/Xcode-16.3.0.app/Contents/Developer/Toolchains/XcodeDefault.xctoolchain/usr/local/lib/swift/host/plugins -emit-module-doc-path /Users/admin/builder/spi-builder-workspace/.derivedData/Build/Intermediates.noindex/SwiftModalPicker.build/Debug-watchos/SwiftModalPicker.build/Objects-normal/armv7k/SwiftModalPicker.swiftdoc -emit-module-source-info-path /Users/admin/builder/spi-builder-workspace/.derivedData/Build/Intermediates.noindex/SwiftModalPicker.build/Debug-watchos/SwiftModalPicker.build/Objects-normal/armv7k/SwiftModalPicker.swiftsourceinfo -emit-objc-header-path /Users/admin/builder/spi-builder-workspace/.derivedData/Build/Intermediates.noindex/SwiftModalPicker.build/Debug-watchos/SwiftModalPicker.build/Objects-normal/armv7k/SwiftModalPicker-Swift.h -serialize-diagnostics-path /Users/admin/builder/spi-builder-workspace/.derivedData/Build/Intermediates.noindex/SwiftModalPicker.build/Debug-watchos/SwiftModalPicker.build/Objects-normal/armv7k/SwiftModalPicker-master-emit-module.dia -emit-dependencies-path /Users/admin/builder/spi-builder-workspace/.derivedData/Build/Intermediates.noindex/SwiftModalPicker.build/Debug-watchos/SwiftModalPicker.build/Objects-normal/armv7k/SwiftModalPicker-master-emit-module.d -parse-as-library -o /Users/admin/builder/spi-builder-workspace/.derivedData/Build/Intermediates.noindex/SwiftModalPicker.build/Debug-watchos/SwiftModalPicker.build/Objects-normal/armv7k/SwiftModalPicker.swiftmodule -emit-abi-descriptor-path /Users/admin/builder/spi-builder-workspace/.derivedData/Build/Intermediates.noindex/SwiftModalPicker.build/Debug-watchos/SwiftModalPicker.build/Objects-normal/armv7k/SwiftModalPicker.abi.json
SwiftEmitModule normal arm64_32 Emitting\ module\ for\ SwiftModalPicker (in target 'SwiftModalPicker' from project 'SwiftModalPicker')
Failed frontend command:
/Applications/Xcode-16.3.0.app/Contents/Developer/Toolchains/XcodeDefault.xctoolchain/usr/bin/swift-frontend -frontend -emit-module -experimental-skip-non-inlinable-function-bodies-without-types /Users/admin/builder/spi-builder-workspace/Sources/SwiftModalPicker.swift -target arm64_32-apple-watchos5.0 -enable-objc-interop -sdk /Applications/Xcode-16.3.0.app/Contents/Developer/Platforms/WatchOS.platform/Developer/SDKs/WatchOS11.4.sdk -I /Users/admin/builder/spi-builder-workspace/.derivedData/Build/Products/Debug-watchos -I /Applications/Xcode-16.3.0.app/Contents/Developer/Platforms/WatchOS.platform/Developer/usr/lib -F /Users/admin/builder/spi-builder-workspace/.derivedData/Build/Products/Debug-watchos -F /Applications/Xcode-16.3.0.app/Contents/Developer/Platforms/WatchOS.platform/Developer/Library/Frameworks -F /Applications/Xcode-16.3.0.app/Contents/Developer/Platforms/WatchOS.platform/Developer/SDKs/WatchOS11.4.sdk/Developer/Library/Frameworks -no-color-diagnostics -enable-testing -g -debug-info-format\=dwarf -dwarf-version\=4 -module-cache-path /Users/admin/builder/spi-builder-workspace/.derivedData/ModuleCache.noindex -profile-generate -profile-coverage-mapping -swift-version 5 -enforce-exclusivity\=checked -stats-output-dir /Users/admin/builder/spi-builder-workspace/.swiftpm/xcode/.stats -Onone -D SWIFT_PACKAGE -D DEBUG -serialize-debugging-options -const-gather-protocols-file /Users/admin/builder/spi-builder-workspace/.derivedData/Build/Intermediates.noindex/SwiftModalPicker.build/Debug-watchos/SwiftModalPicker.build/Objects-normal/arm64_32/SwiftModalPicker_const_extract_protocols.json -enable-upcoming-feature StrictConcurrency -enable-upcoming-feature DisableOutwardActorInference -enable-upcoming-feature GlobalActorIsolatedTypesUsability -enable-upcoming-feature InferSendableFromCaptures -enable-experimental-feature DebugDescriptionMacro -strict-concurrency\=complete -empty-abi-descriptor -plugin-path /Applications/Xcode-16.3.0.app/Contents/Developer/Toolchains/XcodeDefault.xctoolchain/usr/lib/swift/host/plugins/testing -validate-clang-modules-once -clang-build-session-file /Users/admin/builder/spi-builder-workspace/.derivedData/ModuleCache.noindex/Session.modulevalidation -Xcc -working-directory -Xcc /Users/admin/builder/spi-builder-workspace/.swiftpm/xcode -resource-dir /Applications/Xcode-16.3.0.app/Contents/Developer/Toolchains/XcodeDefault.xctoolchain/usr/lib/swift -enable-anonymous-context-mangled-names -file-compilation-dir /Users/admin/builder/spi-builder-workspace/.swiftpm/xcode -Xcc -ivfsstatcache -Xcc /Users/admin/builder/spi-builder-workspace/.derivedData/SDKStatCaches.noindex/watchos11.4-22T246-43efb940ff07ba2497b70ec94253f576.sdkstatcache -Xcc -I/Users/admin/builder/spi-builder-workspace/.derivedData/Build/Intermediates.noindex/SwiftModalPicker.build/Debug-watchos/SwiftModalPicker.build/swift-overrides.hmap -Xcc -I/Users/admin/builder/spi-builder-workspace/.derivedData/Build/Products/Debug-watchos/include -Xcc -I/Users/admin/builder/spi-builder-workspace/.derivedData/Build/Intermediates.noindex/SwiftModalPicker.build/Debug-watchos/SwiftModalPicker.build/DerivedSources-normal/arm64_32 -Xcc -I/Users/admin/builder/spi-builder-workspace/.derivedData/Build/Intermediates.noindex/SwiftModalPicker.build/Debug-watchos/SwiftModalPicker.build/DerivedSources/arm64_32 -Xcc -I/Users/admin/builder/spi-builder-workspace/.derivedData/Build/Intermediates.noindex/SwiftModalPicker.build/Debug-watchos/SwiftModalPicker.build/DerivedSources -Xcc -DSWIFT_PACKAGE -Xcc -DDEBUG\=1 -module-name SwiftModalPicker -frontend-parseable-output -disable-clang-spi -target-sdk-version 11.4 -target-sdk-name watchos11.4 -external-plugin-path /Applications/Xcode-16.3.0.app/Contents/Developer/Platforms/WatchOS.platform/Developer/usr/lib/swift/host/plugins\#/Applications/Xcode-16.3.0.app/Contents/Developer/Platforms/WatchOS.platform/Developer/usr/bin/swift-plugin-server -external-plugin-path /Applications/Xcode-16.3.0.app/Contents/Developer/Platforms/WatchOS.platform/Developer/usr/local/lib/swift/host/plugins\#/Applications/Xcode-16.3.0.app/Contents/Developer/Platforms/WatchOS.platform/Developer/usr/bin/swift-plugin-server -in-process-plugin-server-path /Applications/Xcode-16.3.0.app/Contents/Developer/Toolchains/XcodeDefault.xctoolchain/usr/lib/swift/host/libSwiftInProcPluginServer.dylib -plugin-path /Applications/Xcode-16.3.0.app/Contents/Developer/Toolchains/XcodeDefault.xctoolchain/usr/lib/swift/host/plugins -plugin-path /Applications/Xcode-16.3.0.app/Contents/Developer/Toolchains/XcodeDefault.xctoolchain/usr/local/lib/swift/host/plugins -emit-module-doc-path /Users/admin/builder/spi-builder-workspace/.derivedData/Build/Intermediates.noindex/SwiftModalPicker.build/Debug-watchos/SwiftModalPicker.build/Objects-normal/arm64_32/SwiftModalPicker.swiftdoc -emit-module-source-info-path /Users/admin/builder/spi-builder-workspace/.derivedData/Build/Intermediates.noindex/SwiftModalPicker.build/Debug-watchos/SwiftModalPicker.build/Objects-normal/arm64_32/SwiftModalPicker.swiftsourceinfo -emit-objc-header-path /Users/admin/builder/spi-builder-workspace/.derivedData/Build/Intermediates.noindex/SwiftModalPicker.build/Debug-watchos/SwiftModalPicker.build/Objects-normal/arm64_32/SwiftModalPicker-Swift.h -serialize-diagnostics-path /Users/admin/builder/spi-builder-workspace/.derivedData/Build/Intermediates.noindex/SwiftModalPicker.build/Debug-watchos/SwiftModalPicker.build/Objects-normal/arm64_32/SwiftModalPicker-master-emit-module.dia -emit-dependencies-path /Users/admin/builder/spi-builder-workspace/.derivedData/Build/Intermediates.noindex/SwiftModalPicker.build/Debug-watchos/SwiftModalPicker.build/Objects-normal/arm64_32/SwiftModalPicker-master-emit-module.d -parse-as-library -o /Users/admin/builder/spi-builder-workspace/.derivedData/Build/Intermediates.noindex/SwiftModalPicker.build/Debug-watchos/SwiftModalPicker.build/Objects-normal/arm64_32/SwiftModalPicker.swiftmodule -emit-abi-descriptor-path /Users/admin/builder/spi-builder-workspace/.derivedData/Build/Intermediates.noindex/SwiftModalPicker.build/Debug-watchos/SwiftModalPicker.build/Objects-normal/arm64_32/SwiftModalPicker.abi.json
SwiftCompile normal arm64_32 /Users/admin/builder/spi-builder-workspace/Sources/SwiftModalPicker.swift (in target 'SwiftModalPicker' from project 'SwiftModalPicker')
cd /Users/admin/builder/spi-builder-workspace/.swiftpm/xcode
/Users/admin/builder/spi-builder-workspace/Sources/SwiftModalPicker.swift:20:35: error: cannot find type 'UIToolbar' in scope
private lazy var doneToolbar: UIToolbar = {
^~~~~~~~~
/Users/admin/builder/spi-builder-workspace/Sources/SwiftModalPicker.swift:30:34: error: cannot find type 'UIPickerView' in scope
private lazy var pickerView: UIPickerView = {
^~~~~~~~~~~~
/Users/admin/builder/spi-builder-workspace/Sources/SwiftModalPicker.swift:38:38: error: cannot find type 'UIDatePicker' in scope
private lazy var datePickerView: UIDatePicker = {
^~~~~~~~~~~~
/Users/admin/builder/spi-builder-workspace/Sources/SwiftModalPicker.swift:194:42: error: cannot find type 'UIPickerView' in scope
public func pickerView(_ pickerView: UIPickerView, titleForRow row: Int, forComponent component: Int) -> String? {
^~~~~~~~~~~~
/Users/admin/builder/spi-builder-workspace/Sources/SwiftModalPicker.swift:207:42: error: cannot find type 'UIPickerView' in scope
public func pickerView(_ pickerView: UIPickerView, numberOfRowsInComponent component: Int) -> Int {
^~~~~~~~~~~~
/Users/admin/builder/spi-builder-workspace/Sources/SwiftModalPicker.swift:112:39: error: cannot find type 'UIView' in scope
public func showPicker(from view: UIView) {
^~~~~~
/Applications/Xcode-16.3.0.app/Contents/Developer/Platforms/WatchOS.platform/Developer/SDKs/WatchOS11.4.sdk/System/Library/Frameworks/UIKit.framework/Headers/NSTextAttachment.h:23:1: note: interface 'UIView' forward declared here
@class UIView;
^
/Users/admin/builder/spi-builder-workspace/Sources/SwiftModalPicker.swift:13:32: error: cannot find type 'UITextField' in scope
public class SwiftModalPicker: UITextField {
^~~~~~~~~~~
/Users/admin/builder/spi-builder-workspace/Sources/SwiftModalPicker.swift:192:29: error: cannot find type 'UIPickerViewDelegate' in scope
extension SwiftModalPicker: UIPickerViewDelegate {
^~~~~~~~~~~~~~~~~~~~
/Users/admin/builder/spi-builder-workspace/Sources/SwiftModalPicker.swift:201:29: error: cannot find type 'UIPickerViewDataSource' in scope
extension SwiftModalPicker: UIPickerViewDataSource {
^~~~~~~~~~~~~~~~~~~~~~
/Users/admin/builder/spi-builder-workspace/Sources/SwiftModalPicker.swift:203:51: error: cannot find type 'UIPickerView' in scope
public func numberOfComponents(in pickerView: UIPickerView) -> Int {
^~~~~~~~~~~~
/Users/admin/builder/spi-builder-workspace/Sources/SwiftModalPicker.swift:225:29: error: cannot find type 'UIBarButtonItem' in scope
case custom(button: UIBarButtonItem)
^~~~~~~~~~~~~~~
/Users/admin/builder/spi-builder-workspace/Sources/SwiftModalPicker.swift:228:21: error: cannot find type 'UIBarButtonItem' in scope
var button: UIBarButtonItem {
^~~~~~~~~~~~~~~
/Users/admin/builder/spi-builder-workspace/Sources/SwiftModalPicker.swift:246:29: error: cannot find type 'UIDatePicker' in scope
var datePickerMode: UIDatePicker.Mode = .date
^~~~~~~~~~~~
/Users/admin/builder/spi-builder-workspace/Sources/SwiftModalPicker.swift:250:118: error: cannot find type 'UIDatePicker' in scope
public init(selectedDate: Date = Date(), minimumDate: Date? = nil, maximumDate: Date? = nil, datePickerMode: UIDatePicker.Mode = .date, timeZone: TimeZone? = .current, calendar: Calendar? = .current) {
^~~~~~~~~~~~
/Users/admin/builder/spi-builder-workspace/Sources/SwiftModalPicker.swift:262:11: error: cannot find type 'UIView' in scope
extension UIView {
^~~~~~
/Applications/Xcode-16.3.0.app/Contents/Developer/Platforms/WatchOS.platform/Developer/SDKs/WatchOS11.4.sdk/System/Library/Frameworks/UIKit.framework/Headers/NSTextAttachment.h:23:1: note: interface 'UIView' forward declared here
@class UIView;
^
SwiftEmitModule normal arm64 Emitting\ module\ for\ SwiftModalPicker (in target 'SwiftModalPicker' from project 'SwiftModalPicker')
SwiftCompile normal arm64 /Users/admin/builder/spi-builder-workspace/Sources/SwiftModalPicker.swift (in target 'SwiftModalPicker' from project 'SwiftModalPicker')
cd /Users/admin/builder/spi-builder-workspace/.swiftpm/xcode
/Users/admin/builder/spi-builder-workspace/Sources/SwiftModalPicker.swift:20:35: error: cannot find type 'UIToolbar' in scope
private lazy var doneToolbar: UIToolbar = {
^~~~~~~~~
/Users/admin/builder/spi-builder-workspace/Sources/SwiftModalPicker.swift:30:34: error: cannot find type 'UIPickerView' in scope
private lazy var pickerView: UIPickerView = {
^~~~~~~~~~~~
/Users/admin/builder/spi-builder-workspace/Sources/SwiftModalPicker.swift:38:38: error: cannot find type 'UIDatePicker' in scope
private lazy var datePickerView: UIDatePicker = {
^~~~~~~~~~~~
/Users/admin/builder/spi-builder-workspace/Sources/SwiftModalPicker.swift:194:42: error: cannot find type 'UIPickerView' in scope
public func pickerView(_ pickerView: UIPickerView, titleForRow row: Int, forComponent component: Int) -> String? {
^~~~~~~~~~~~
/Users/admin/builder/spi-builder-workspace/Sources/SwiftModalPicker.swift:207:42: error: cannot find type 'UIPickerView' in scope
public func pickerView(_ pickerView: UIPickerView, numberOfRowsInComponent component: Int) -> Int {
^~~~~~~~~~~~
/Users/admin/builder/spi-builder-workspace/Sources/SwiftModalPicker.swift:112:39: error: cannot find type 'UIView' in scope
public func showPicker(from view: UIView) {
^~~~~~
/Applications/Xcode-16.3.0.app/Contents/Developer/Platforms/WatchOS.platform/Developer/SDKs/WatchOS11.4.sdk/System/Library/Frameworks/UIKit.framework/Headers/NSTextAttachment.h:23:1: note: interface 'UIView' forward declared here
@class UIView;
^
/Users/admin/builder/spi-builder-workspace/Sources/SwiftModalPicker.swift:13:32: error: cannot find type 'UITextField' in scope
public class SwiftModalPicker: UITextField {
^~~~~~~~~~~
/Users/admin/builder/spi-builder-workspace/Sources/SwiftModalPicker.swift:192:29: error: cannot find type 'UIPickerViewDelegate' in scope
extension SwiftModalPicker: UIPickerViewDelegate {
^~~~~~~~~~~~~~~~~~~~
/Users/admin/builder/spi-builder-workspace/Sources/SwiftModalPicker.swift:201:29: error: cannot find type 'UIPickerViewDataSource' in scope
extension SwiftModalPicker: UIPickerViewDataSource {
^~~~~~~~~~~~~~~~~~~~~~
/Users/admin/builder/spi-builder-workspace/Sources/SwiftModalPicker.swift:203:51: error: cannot find type 'UIPickerView' in scope
public func numberOfComponents(in pickerView: UIPickerView) -> Int {
^~~~~~~~~~~~
/Users/admin/builder/spi-builder-workspace/Sources/SwiftModalPicker.swift:225:29: error: cannot find type 'UIBarButtonItem' in scope
case custom(button: UIBarButtonItem)
^~~~~~~~~~~~~~~
/Users/admin/builder/spi-builder-workspace/Sources/SwiftModalPicker.swift:228:21: error: cannot find type 'UIBarButtonItem' in scope
var button: UIBarButtonItem {
^~~~~~~~~~~~~~~
/Users/admin/builder/spi-builder-workspace/Sources/SwiftModalPicker.swift:246:29: error: cannot find type 'UIDatePicker' in scope
var datePickerMode: UIDatePicker.Mode = .date
^~~~~~~~~~~~
/Users/admin/builder/spi-builder-workspace/Sources/SwiftModalPicker.swift:250:118: error: cannot find type 'UIDatePicker' in scope
public init(selectedDate: Date = Date(), minimumDate: Date? = nil, maximumDate: Date? = nil, datePickerMode: UIDatePicker.Mode = .date, timeZone: TimeZone? = .current, calendar: Calendar? = .current) {
^~~~~~~~~~~~
/Users/admin/builder/spi-builder-workspace/Sources/SwiftModalPicker.swift:262:11: error: cannot find type 'UIView' in scope
extension UIView {
^~~~~~
/Applications/Xcode-16.3.0.app/Contents/Developer/Platforms/WatchOS.platform/Developer/SDKs/WatchOS11.4.sdk/System/Library/Frameworks/UIKit.framework/Headers/NSTextAttachment.h:23:1: note: interface 'UIView' forward declared here
@class UIView;
^
Failed frontend command:
/Applications/Xcode-16.3.0.app/Contents/Developer/Toolchains/XcodeDefault.xctoolchain/usr/bin/swift-frontend -frontend -emit-module -experimental-skip-non-inlinable-function-bodies-without-types /Users/admin/builder/spi-builder-workspace/Sources/SwiftModalPicker.swift -target arm64-apple-watchos5.0 -Xllvm -aarch64-use-tbi -enable-objc-interop -sdk /Applications/Xcode-16.3.0.app/Contents/Developer/Platforms/WatchOS.platform/Developer/SDKs/WatchOS11.4.sdk -I /Users/admin/builder/spi-builder-workspace/.derivedData/Build/Products/Debug-watchos -I /Applications/Xcode-16.3.0.app/Contents/Developer/Platforms/WatchOS.platform/Developer/usr/lib -F /Users/admin/builder/spi-builder-workspace/.derivedData/Build/Products/Debug-watchos -F /Applications/Xcode-16.3.0.app/Contents/Developer/Platforms/WatchOS.platform/Developer/Library/Frameworks -F /Applications/Xcode-16.3.0.app/Contents/Developer/Platforms/WatchOS.platform/Developer/SDKs/WatchOS11.4.sdk/Developer/Library/Frameworks -no-color-diagnostics -enable-testing -g -debug-info-format\=dwarf -dwarf-version\=4 -module-cache-path /Users/admin/builder/spi-builder-workspace/.derivedData/ModuleCache.noindex -profile-generate -profile-coverage-mapping -swift-version 5 -enforce-exclusivity\=checked -stats-output-dir /Users/admin/builder/spi-builder-workspace/.swiftpm/xcode/.stats -Onone -D SWIFT_PACKAGE -D DEBUG -serialize-debugging-options -const-gather-protocols-file /Users/admin/builder/spi-builder-workspace/.derivedData/Build/Intermediates.noindex/SwiftModalPicker.build/Debug-watchos/SwiftModalPicker.build/Objects-normal/arm64/SwiftModalPicker_const_extract_protocols.json -enable-upcoming-feature StrictConcurrency -enable-upcoming-feature DisableOutwardActorInference -enable-upcoming-feature GlobalActorIsolatedTypesUsability -enable-upcoming-feature InferSendableFromCaptures -enable-experimental-feature DebugDescriptionMacro -strict-concurrency\=complete -empty-abi-descriptor -plugin-path /Applications/Xcode-16.3.0.app/Contents/Developer/Toolchains/XcodeDefault.xctoolchain/usr/lib/swift/host/plugins/testing -validate-clang-modules-once -clang-build-session-file /Users/admin/builder/spi-builder-workspace/.derivedData/ModuleCache.noindex/Session.modulevalidation -Xcc -working-directory -Xcc /Users/admin/builder/spi-builder-workspace/.swiftpm/xcode -resource-dir /Applications/Xcode-16.3.0.app/Contents/Developer/Toolchains/XcodeDefault.xctoolchain/usr/lib/swift -enable-anonymous-context-mangled-names -file-compilation-dir /Users/admin/builder/spi-builder-workspace/.swiftpm/xcode -Xcc -ivfsstatcache -Xcc /Users/admin/builder/spi-builder-workspace/.derivedData/SDKStatCaches.noindex/watchos11.4-22T246-43efb940ff07ba2497b70ec94253f576.sdkstatcache -Xcc -I/Users/admin/builder/spi-builder-workspace/.derivedData/Build/Intermediates.noindex/SwiftModalPicker.build/Debug-watchos/SwiftModalPicker.build/swift-overrides.hmap -Xcc -I/Users/admin/builder/spi-builder-workspace/.derivedData/Build/Products/Debug-watchos/include -Xcc -I/Users/admin/builder/spi-builder-workspace/.derivedData/Build/Intermediates.noindex/SwiftModalPicker.build/Debug-watchos/SwiftModalPicker.build/DerivedSources-normal/arm64 -Xcc -I/Users/admin/builder/spi-builder-workspace/.derivedData/Build/Intermediates.noindex/SwiftModalPicker.build/Debug-watchos/SwiftModalPicker.build/DerivedSources/arm64 -Xcc -I/Users/admin/builder/spi-builder-workspace/.derivedData/Build/Intermediates.noindex/SwiftModalPicker.build/Debug-watchos/SwiftModalPicker.build/DerivedSources -Xcc -DSWIFT_PACKAGE -Xcc -DDEBUG\=1 -module-name SwiftModalPicker -frontend-parseable-output -disable-clang-spi -target-sdk-version 11.4 -target-sdk-name watchos11.4 -external-plugin-path /Applications/Xcode-16.3.0.app/Contents/Developer/Platforms/WatchOS.platform/Developer/usr/lib/swift/host/plugins\#/Applications/Xcode-16.3.0.app/Contents/Developer/Platforms/WatchOS.platform/Developer/usr/bin/swift-plugin-server -external-plugin-path /Applications/Xcode-16.3.0.app/Contents/Developer/Platforms/WatchOS.platform/Developer/usr/local/lib/swift/host/plugins\#/Applications/Xcode-16.3.0.app/Contents/Developer/Platforms/WatchOS.platform/Developer/usr/bin/swift-plugin-server -in-process-plugin-server-path /Applications/Xcode-16.3.0.app/Contents/Developer/Toolchains/XcodeDefault.xctoolchain/usr/lib/swift/host/libSwiftInProcPluginServer.dylib -plugin-path /Applications/Xcode-16.3.0.app/Contents/Developer/Toolchains/XcodeDefault.xctoolchain/usr/lib/swift/host/plugins -plugin-path /Applications/Xcode-16.3.0.app/Contents/Developer/Toolchains/XcodeDefault.xctoolchain/usr/local/lib/swift/host/plugins -emit-module-doc-path /Users/admin/builder/spi-builder-workspace/.derivedData/Build/Intermediates.noindex/SwiftModalPicker.build/Debug-watchos/SwiftModalPicker.build/Objects-normal/arm64/SwiftModalPicker.swiftdoc -emit-module-source-info-path /Users/admin/builder/spi-builder-workspace/.derivedData/Build/Intermediates.noindex/SwiftModalPicker.build/Debug-watchos/SwiftModalPicker.build/Objects-normal/arm64/SwiftModalPicker.swiftsourceinfo -emit-objc-header-path /Users/admin/builder/spi-builder-workspace/.derivedData/Build/Intermediates.noindex/SwiftModalPicker.build/Debug-watchos/SwiftModalPicker.build/Objects-normal/arm64/SwiftModalPicker-Swift.h -serialize-diagnostics-path /Users/admin/builder/spi-builder-workspace/.derivedData/Build/Intermediates.noindex/SwiftModalPicker.build/Debug-watchos/SwiftModalPicker.build/Objects-normal/arm64/SwiftModalPicker-master-emit-module.dia -emit-dependencies-path /Users/admin/builder/spi-builder-workspace/.derivedData/Build/Intermediates.noindex/SwiftModalPicker.build/Debug-watchos/SwiftModalPicker.build/Objects-normal/arm64/SwiftModalPicker-master-emit-module.d -parse-as-library -o /Users/admin/builder/spi-builder-workspace/.derivedData/Build/Intermediates.noindex/SwiftModalPicker.build/Debug-watchos/SwiftModalPicker.build/Objects-normal/arm64/SwiftModalPicker.swiftmodule -emit-abi-descriptor-path /Users/admin/builder/spi-builder-workspace/.derivedData/Build/Intermediates.noindex/SwiftModalPicker.build/Debug-watchos/SwiftModalPicker.build/Objects-normal/arm64/SwiftModalPicker.abi.json
SwiftCompile normal arm64 Compiling\ SwiftModalPicker.swift /Users/admin/builder/spi-builder-workspace/Sources/SwiftModalPicker.swift (in target 'SwiftModalPicker' from project 'SwiftModalPicker')
SwiftCompile normal arm64 /Users/admin/builder/spi-builder-workspace/Sources/SwiftModalPicker.swift (in target 'SwiftModalPicker' from project 'SwiftModalPicker')
cd /Users/admin/builder/spi-builder-workspace/.swiftpm/xcode
SwiftCompile normal armv7k Compiling\ SwiftModalPicker.swift /Users/admin/builder/spi-builder-workspace/Sources/SwiftModalPicker.swift (in target 'SwiftModalPicker' from project 'SwiftModalPicker')
SwiftCompile normal armv7k /Users/admin/builder/spi-builder-workspace/Sources/SwiftModalPicker.swift (in target 'SwiftModalPicker' from project 'SwiftModalPicker')
cd /Users/admin/builder/spi-builder-workspace/.swiftpm/xcode
SwiftCompile normal arm64_32 Compiling\ SwiftModalPicker.swift /Users/admin/builder/spi-builder-workspace/Sources/SwiftModalPicker.swift (in target 'SwiftModalPicker' from project 'SwiftModalPicker')
SwiftCompile normal arm64_32 /Users/admin/builder/spi-builder-workspace/Sources/SwiftModalPicker.swift (in target 'SwiftModalPicker' from project 'SwiftModalPicker')
cd /Users/admin/builder/spi-builder-workspace/.swiftpm/xcode
** BUILD FAILED **
The following build commands failed:
SwiftCompile normal armv7k /Users/admin/builder/spi-builder-workspace/Sources/SwiftModalPicker.swift (in target 'SwiftModalPicker' from project 'SwiftModalPicker')
SwiftEmitModule normal armv7k Emitting\ module\ for\ SwiftModalPicker (in target 'SwiftModalPicker' from project 'SwiftModalPicker')
SwiftEmitModule normal arm64_32 Emitting\ module\ for\ SwiftModalPicker (in target 'SwiftModalPicker' from project 'SwiftModalPicker')
SwiftCompile normal arm64_32 /Users/admin/builder/spi-builder-workspace/Sources/SwiftModalPicker.swift (in target 'SwiftModalPicker' from project 'SwiftModalPicker')
SwiftCompile normal arm64 /Users/admin/builder/spi-builder-workspace/Sources/SwiftModalPicker.swift (in target 'SwiftModalPicker' from project 'SwiftModalPicker')
SwiftEmitModule normal arm64 Emitting\ module\ for\ SwiftModalPicker (in target 'SwiftModalPicker' from project 'SwiftModalPicker')
Building workspace spi-builder-workspace with scheme SwiftModalPicker
(7 failures)
Command line invocation:
/Applications/Xcode-16.3.0.app/Contents/Developer/usr/bin/xcodebuild -IDEClonedSourcePackagesDirPathOverride=/Users/admin/builder/spi-builder-workspace/.dependencies -resolvePackageDependencies
Resolve Package Graph
Resolved source packages:
SwiftModalPicker: /Users/admin/builder/spi-builder-workspace
resolved source packages: SwiftModalPicker
{
"dependencies" : [
],
"manifest_display_name" : "SwiftModalPicker",
"name" : "SwiftModalPicker",
"path" : "/Users/admin/builder/spi-builder-workspace",
"platforms" : [
{
"name" : "ios",
"version" : "11.0"
}
],
"products" : [
{
"name" : "SwiftModalPicker",
"targets" : [
"SwiftModalPicker"
],
"type" : {
"library" : [
"automatic"
]
}
}
],
"targets" : [
{
"c99name" : "SwiftModalPickerTests",
"module_type" : "SwiftTarget",
"name" : "SwiftModalPickerTests",
"path" : "Tests",
"sources" : [
"LinuxMain.swift",
"SwiftModalPickerTests.swift"
],
"target_dependencies" : [
"SwiftModalPicker"
],
"type" : "test"
},
{
"c99name" : "SwiftModalPicker",
"module_type" : "SwiftTarget",
"name" : "SwiftModalPicker",
"path" : "Sources",
"product_memberships" : [
"SwiftModalPicker"
],
"sources" : [
"SwiftModalPicker.swift"
],
"type" : "library"
}
],
"tools_version" : "5.3"
}
{
"workspace" : {
"name" : "spi-builder-workspace",
"schemes" : [
"SwiftModalPicker"
]
}
}
Running build ...
env DEVELOPER_DIR=/Applications/Xcode-16.3.0.app xcrun xcodebuild -IDEClonedSourcePackagesDirPathOverride=$PWD/.dependencies -skipMacroValidation -skipPackagePluginValidation -derivedDataPath $PWD/.derivedData build -scheme SwiftModalPicker -destination generic/platform=watchOS
Command line invocation:
/Applications/Xcode-16.3.0.app/Contents/Developer/usr/bin/xcodebuild -IDEClonedSourcePackagesDirPathOverride=/Users/admin/builder/spi-builder-workspace/.dependencies -skipMacroValidation -skipPackagePluginValidation -derivedDataPath /Users/admin/builder/spi-builder-workspace/.derivedData build -scheme SwiftModalPicker -destination generic/platform=watchOS
Resolve Package Graph
Resolved source packages:
SwiftModalPicker: /Users/admin/builder/spi-builder-workspace
ComputePackagePrebuildTargetDependencyGraph
Prepare packages
CreateBuildRequest
SendProjectDescription
CreateBuildOperation
ComputeTargetDependencyGraph
note: Building targets in dependency order
note: Target dependency graph (2 targets)
Target 'SwiftModalPicker' in project 'SwiftModalPicker'
➜ Explicit dependency on target 'SwiftModalPicker' in project 'SwiftModalPicker'
Target 'SwiftModalPicker' in project 'SwiftModalPicker' (no dependencies)
GatherProvisioningInputs
CreateBuildDescription
ExecuteExternalTool /Applications/Xcode-16.3.0.app/Contents/Developer/Toolchains/XcodeDefault.xctoolchain/usr/bin/clang -v -E -dM -isysroot /Applications/Xcode-16.3.0.app/Contents/Developer/Platforms/WatchOS.platform/Developer/SDKs/WatchOS11.4.sdk -x c -c /dev/null
ExecuteExternalTool /Applications/Xcode-16.3.0.app/Contents/Developer/Toolchains/XcodeDefault.xctoolchain/usr/bin/swiftc --version
ExecuteExternalTool /Applications/Xcode-16.3.0.app/Contents/Developer/Toolchains/XcodeDefault.xctoolchain/usr/bin/ld -version_details
Build description signature: 15ff1e0056e8398f60e60bbb04d5e3a5
Build description path: /Users/admin/builder/spi-builder-workspace/.derivedData/Build/Intermediates.noindex/XCBuildData/15ff1e0056e8398f60e60bbb04d5e3a5.xcbuilddata
ClangStatCache /Applications/Xcode-16.3.0.app/Contents/Developer/Toolchains/XcodeDefault.xctoolchain/usr/bin/clang-stat-cache /Applications/Xcode-16.3.0.app/Contents/Developer/Platforms/WatchOS.platform/Developer/SDKs/WatchOS11.4.sdk /Users/admin/builder/spi-builder-workspace/.derivedData/SDKStatCaches.noindex/watchos11.4-22T246-43efb940ff07ba2497b70ec94253f576.sdkstatcache
cd /Users/admin/builder/spi-builder-workspace/.swiftpm/xcode
/Applications/Xcode-16.3.0.app/Contents/Developer/Toolchains/XcodeDefault.xctoolchain/usr/bin/clang-stat-cache /Applications/Xcode-16.3.0.app/Contents/Developer/Platforms/WatchOS.platform/Developer/SDKs/WatchOS11.4.sdk -o /Users/admin/builder/spi-builder-workspace/.derivedData/SDKStatCaches.noindex/watchos11.4-22T246-43efb940ff07ba2497b70ec94253f576.sdkstatcache
SwiftDriver SwiftModalPicker normal armv7k com.apple.xcode.tools.swift.compiler (in target 'SwiftModalPicker' from project 'SwiftModalPicker')
cd /Users/admin/builder/spi-builder-workspace/.swiftpm/xcode
builtin-SwiftDriver -- /Applications/Xcode-16.3.0.app/Contents/Developer/Toolchains/XcodeDefault.xctoolchain/usr/bin/swiftc -module-name SwiftModalPicker -Onone -enforce-exclusivity\=checked @/Users/admin/builder/spi-builder-workspace/.derivedData/Build/Intermediates.noindex/SwiftModalPicker.build/Debug-watchos/SwiftModalPicker.build/Objects-normal/armv7k/SwiftModalPicker.SwiftFileList -DSWIFT_PACKAGE -DDEBUG -DXcode -plugin-path /Applications/Xcode-16.3.0.app/Contents/Developer/Toolchains/XcodeDefault.xctoolchain/usr/lib/swift/host/plugins/testing -enable-experimental-feature DebugDescriptionMacro -sdk /Applications/Xcode-16.3.0.app/Contents/Developer/Platforms/WatchOS.platform/Developer/SDKs/WatchOS11.4.sdk -target armv7k-apple-watchos5.0 -g -module-cache-path /Users/admin/builder/spi-builder-workspace/.derivedData/ModuleCache.noindex -Xfrontend -serialize-debugging-options -profile-coverage-mapping -profile-generate -enable-testing -index-store-path /Users/admin/builder/spi-builder-workspace/.derivedData/Index.noindex/DataStore -swift-version 5 -I /Users/admin/builder/spi-builder-workspace/.derivedData/Build/Products/Debug-watchos -I /Applications/Xcode-16.3.0.app/Contents/Developer/Platforms/WatchOS.platform/Developer/usr/lib -F /Users/admin/builder/spi-builder-workspace/.derivedData/Build/Products/Debug-watchos -F /Applications/Xcode-16.3.0.app/Contents/Developer/Platforms/WatchOS.platform/Developer/Library/Frameworks -F /Applications/Xcode-16.3.0.app/Contents/Developer/Platforms/WatchOS.platform/Developer/SDKs/WatchOS11.4.sdk/Developer/Library/Frameworks -parse-as-library -c -j10 -enable-batch-mode -incremental -Xcc -ivfsstatcache -Xcc /Users/admin/builder/spi-builder-workspace/.derivedData/SDKStatCaches.noindex/watchos11.4-22T246-43efb940ff07ba2497b70ec94253f576.sdkstatcache -output-file-map /Users/admin/builder/spi-builder-workspace/.derivedData/Build/Intermediates.noindex/SwiftModalPicker.build/Debug-watchos/SwiftModalPicker.build/Objects-normal/armv7k/SwiftModalPicker-OutputFileMap.json -use-frontend-parseable-output -save-temps -no-color-diagnostics -serialize-diagnostics -emit-dependencies -emit-module -emit-module-path /Users/admin/builder/spi-builder-workspace/.derivedData/Build/Intermediates.noindex/SwiftModalPicker.build/Debug-watchos/SwiftModalPicker.build/Objects-normal/armv7k/SwiftModalPicker.swiftmodule -validate-clang-modules-once -clang-build-session-file /Users/admin/builder/spi-builder-workspace/.derivedData/ModuleCache.noindex/Session.modulevalidation -Xcc -I/Users/admin/builder/spi-builder-workspace/.derivedData/Build/Intermediates.noindex/SwiftModalPicker.build/Debug-watchos/SwiftModalPicker.build/swift-overrides.hmap -emit-const-values -Xfrontend -const-gather-protocols-file -Xfrontend /Users/admin/builder/spi-builder-workspace/.derivedData/Build/Intermediates.noindex/SwiftModalPicker.build/Debug-watchos/SwiftModalPicker.build/Objects-normal/armv7k/SwiftModalPicker_const_extract_protocols.json -Xcc -I/Users/admin/builder/spi-builder-workspace/.derivedData/Build/Products/Debug-watchos/include -Xcc -I/Users/admin/builder/spi-builder-workspace/.derivedData/Build/Intermediates.noindex/SwiftModalPicker.build/Debug-watchos/SwiftModalPicker.build/DerivedSources-normal/armv7k -Xcc -I/Users/admin/builder/spi-builder-workspace/.derivedData/Build/Intermediates.noindex/SwiftModalPicker.build/Debug-watchos/SwiftModalPicker.build/DerivedSources/armv7k -Xcc -I/Users/admin/builder/spi-builder-workspace/.derivedData/Build/Intermediates.noindex/SwiftModalPicker.build/Debug-watchos/SwiftModalPicker.build/DerivedSources -Xcc -DSWIFT_PACKAGE -Xcc -DDEBUG\=1 -emit-objc-header -emit-objc-header-path /Users/admin/builder/spi-builder-workspace/.derivedData/Build/Intermediates.noindex/SwiftModalPicker.build/Debug-watchos/SwiftModalPicker.build/Objects-normal/armv7k/SwiftModalPicker-Swift.h -working-directory /Users/admin/builder/spi-builder-workspace/.swiftpm/xcode -experimental-emit-module-separately -disable-cmo
SwiftDriver SwiftModalPicker normal arm64 com.apple.xcode.tools.swift.compiler (in target 'SwiftModalPicker' from project 'SwiftModalPicker')
cd /Users/admin/builder/spi-builder-workspace/.swiftpm/xcode
builtin-SwiftDriver -- /Applications/Xcode-16.3.0.app/Contents/Developer/Toolchains/XcodeDefault.xctoolchain/usr/bin/swiftc -module-name SwiftModalPicker -Onone -enforce-exclusivity\=checked @/Users/admin/builder/spi-builder-workspace/.derivedData/Build/Intermediates.noindex/SwiftModalPicker.build/Debug-watchos/SwiftModalPicker.build/Objects-normal/arm64/SwiftModalPicker.SwiftFileList -DSWIFT_PACKAGE -DDEBUG -DXcode -plugin-path /Applications/Xcode-16.3.0.app/Contents/Developer/Toolchains/XcodeDefault.xctoolchain/usr/lib/swift/host/plugins/testing -enable-experimental-feature DebugDescriptionMacro -sdk /Applications/Xcode-16.3.0.app/Contents/Developer/Platforms/WatchOS.platform/Developer/SDKs/WatchOS11.4.sdk -target arm64-apple-watchos5.0 -g -module-cache-path /Users/admin/builder/spi-builder-workspace/.derivedData/ModuleCache.noindex -Xfrontend -serialize-debugging-options -profile-coverage-mapping -profile-generate -enable-testing -index-store-path /Users/admin/builder/spi-builder-workspace/.derivedData/Index.noindex/DataStore -swift-version 5 -I /Users/admin/builder/spi-builder-workspace/.derivedData/Build/Products/Debug-watchos -I /Applications/Xcode-16.3.0.app/Contents/Developer/Platforms/WatchOS.platform/Developer/usr/lib -F /Users/admin/builder/spi-builder-workspace/.derivedData/Build/Products/Debug-watchos -F /Applications/Xcode-16.3.0.app/Contents/Developer/Platforms/WatchOS.platform/Developer/Library/Frameworks -F /Applications/Xcode-16.3.0.app/Contents/Developer/Platforms/WatchOS.platform/Developer/SDKs/WatchOS11.4.sdk/Developer/Library/Frameworks -parse-as-library -c -j10 -enable-batch-mode -incremental -Xcc -ivfsstatcache -Xcc /Users/admin/builder/spi-builder-workspace/.derivedData/SDKStatCaches.noindex/watchos11.4-22T246-43efb940ff07ba2497b70ec94253f576.sdkstatcache -output-file-map /Users/admin/builder/spi-builder-workspace/.derivedData/Build/Intermediates.noindex/SwiftModalPicker.build/Debug-watchos/SwiftModalPicker.build/Objects-normal/arm64/SwiftModalPicker-OutputFileMap.json -use-frontend-parseable-output -save-temps -no-color-diagnostics -serialize-diagnostics -emit-dependencies -emit-module -emit-module-path /Users/admin/builder/spi-builder-workspace/.derivedData/Build/Intermediates.noindex/SwiftModalPicker.build/Debug-watchos/SwiftModalPicker.build/Objects-normal/arm64/SwiftModalPicker.swiftmodule -validate-clang-modules-once -clang-build-session-file /Users/admin/builder/spi-builder-workspace/.derivedData/ModuleCache.noindex/Session.modulevalidation -Xcc -I/Users/admin/builder/spi-builder-workspace/.derivedData/Build/Intermediates.noindex/SwiftModalPicker.build/Debug-watchos/SwiftModalPicker.build/swift-overrides.hmap -emit-const-values -Xfrontend -const-gather-protocols-file -Xfrontend /Users/admin/builder/spi-builder-workspace/.derivedData/Build/Intermediates.noindex/SwiftModalPicker.build/Debug-watchos/SwiftModalPicker.build/Objects-normal/arm64/SwiftModalPicker_const_extract_protocols.json -Xcc -I/Users/admin/builder/spi-builder-workspace/.derivedData/Build/Products/Debug-watchos/include -Xcc -I/Users/admin/builder/spi-builder-workspace/.derivedData/Build/Intermediates.noindex/SwiftModalPicker.build/Debug-watchos/SwiftModalPicker.build/DerivedSources-normal/arm64 -Xcc -I/Users/admin/builder/spi-builder-workspace/.derivedData/Build/Intermediates.noindex/SwiftModalPicker.build/Debug-watchos/SwiftModalPicker.build/DerivedSources/arm64 -Xcc -I/Users/admin/builder/spi-builder-workspace/.derivedData/Build/Intermediates.noindex/SwiftModalPicker.build/Debug-watchos/SwiftModalPicker.build/DerivedSources -Xcc -DSWIFT_PACKAGE -Xcc -DDEBUG\=1 -emit-objc-header -emit-objc-header-path /Users/admin/builder/spi-builder-workspace/.derivedData/Build/Intermediates.noindex/SwiftModalPicker.build/Debug-watchos/SwiftModalPicker.build/Objects-normal/arm64/SwiftModalPicker-Swift.h -working-directory /Users/admin/builder/spi-builder-workspace/.swiftpm/xcode -experimental-emit-module-separately -disable-cmo
SwiftDriver SwiftModalPicker normal arm64_32 com.apple.xcode.tools.swift.compiler (in target 'SwiftModalPicker' from project 'SwiftModalPicker')
cd /Users/admin/builder/spi-builder-workspace/.swiftpm/xcode
builtin-SwiftDriver -- /Applications/Xcode-16.3.0.app/Contents/Developer/Toolchains/XcodeDefault.xctoolchain/usr/bin/swiftc -module-name SwiftModalPicker -Onone -enforce-exclusivity\=checked @/Users/admin/builder/spi-builder-workspace/.derivedData/Build/Intermediates.noindex/SwiftModalPicker.build/Debug-watchos/SwiftModalPicker.build/Objects-normal/arm64_32/SwiftModalPicker.SwiftFileList -DSWIFT_PACKAGE -DDEBUG -DXcode -plugin-path /Applications/Xcode-16.3.0.app/Contents/Developer/Toolchains/XcodeDefault.xctoolchain/usr/lib/swift/host/plugins/testing -enable-experimental-feature DebugDescriptionMacro -sdk /Applications/Xcode-16.3.0.app/Contents/Developer/Platforms/WatchOS.platform/Developer/SDKs/WatchOS11.4.sdk -target arm64_32-apple-watchos5.0 -g -module-cache-path /Users/admin/builder/spi-builder-workspace/.derivedData/ModuleCache.noindex -Xfrontend -serialize-debugging-options -profile-coverage-mapping -profile-generate -enable-testing -index-store-path /Users/admin/builder/spi-builder-workspace/.derivedData/Index.noindex/DataStore -swift-version 5 -I /Users/admin/builder/spi-builder-workspace/.derivedData/Build/Products/Debug-watchos -I /Applications/Xcode-16.3.0.app/Contents/Developer/Platforms/WatchOS.platform/Developer/usr/lib -F /Users/admin/builder/spi-builder-workspace/.derivedData/Build/Products/Debug-watchos -F /Applications/Xcode-16.3.0.app/Contents/Developer/Platforms/WatchOS.platform/Developer/Library/Frameworks -F /Applications/Xcode-16.3.0.app/Contents/Developer/Platforms/WatchOS.platform/Developer/SDKs/WatchOS11.4.sdk/Developer/Library/Frameworks -parse-as-library -c -j10 -enable-batch-mode -incremental -Xcc -ivfsstatcache -Xcc /Users/admin/builder/spi-builder-workspace/.derivedData/SDKStatCaches.noindex/watchos11.4-22T246-43efb940ff07ba2497b70ec94253f576.sdkstatcache -output-file-map /Users/admin/builder/spi-builder-workspace/.derivedData/Build/Intermediates.noindex/SwiftModalPicker.build/Debug-watchos/SwiftModalPicker.build/Objects-normal/arm64_32/SwiftModalPicker-OutputFileMap.json -use-frontend-parseable-output -save-temps -no-color-diagnostics -serialize-diagnostics -emit-dependencies -emit-module -emit-module-path /Users/admin/builder/spi-builder-workspace/.derivedData/Build/Intermediates.noindex/SwiftModalPicker.build/Debug-watchos/SwiftModalPicker.build/Objects-normal/arm64_32/SwiftModalPicker.swiftmodule -validate-clang-modules-once -clang-build-session-file /Users/admin/builder/spi-builder-workspace/.derivedData/ModuleCache.noindex/Session.modulevalidation -Xcc -I/Users/admin/builder/spi-builder-workspace/.derivedData/Build/Intermediates.noindex/SwiftModalPicker.build/Debug-watchos/SwiftModalPicker.build/swift-overrides.hmap -emit-const-values -Xfrontend -const-gather-protocols-file -Xfrontend /Users/admin/builder/spi-builder-workspace/.derivedData/Build/Intermediates.noindex/SwiftModalPicker.build/Debug-watchos/SwiftModalPicker.build/Objects-normal/arm64_32/SwiftModalPicker_const_extract_protocols.json -Xcc -I/Users/admin/builder/spi-builder-workspace/.derivedData/Build/Products/Debug-watchos/include -Xcc -I/Users/admin/builder/spi-builder-workspace/.derivedData/Build/Intermediates.noindex/SwiftModalPicker.build/Debug-watchos/SwiftModalPicker.build/DerivedSources-normal/arm64_32 -Xcc -I/Users/admin/builder/spi-builder-workspace/.derivedData/Build/Intermediates.noindex/SwiftModalPicker.build/Debug-watchos/SwiftModalPicker.build/DerivedSources/arm64_32 -Xcc -I/Users/admin/builder/spi-builder-workspace/.derivedData/Build/Intermediates.noindex/SwiftModalPicker.build/Debug-watchos/SwiftModalPicker.build/DerivedSources -Xcc -DSWIFT_PACKAGE -Xcc -DDEBUG\=1 -emit-objc-header -emit-objc-header-path /Users/admin/builder/spi-builder-workspace/.derivedData/Build/Intermediates.noindex/SwiftModalPicker.build/Debug-watchos/SwiftModalPicker.build/Objects-normal/arm64_32/SwiftModalPicker-Swift.h -working-directory /Users/admin/builder/spi-builder-workspace/.swiftpm/xcode -experimental-emit-module-separately -disable-cmo
SwiftEmitModule normal arm64_32 Emitting\ module\ for\ SwiftModalPicker (in target 'SwiftModalPicker' from project 'SwiftModalPicker')
SwiftCompile normal arm64_32 /Users/admin/builder/spi-builder-workspace/Sources/SwiftModalPicker.swift (in target 'SwiftModalPicker' from project 'SwiftModalPicker')
cd /Users/admin/builder/spi-builder-workspace/.swiftpm/xcode
/Users/admin/builder/spi-builder-workspace/Sources/SwiftModalPicker.swift:20:35: error: cannot find type 'UIToolbar' in scope
private lazy var doneToolbar: UIToolbar = {
^~~~~~~~~
/Users/admin/builder/spi-builder-workspace/Sources/SwiftModalPicker.swift:30:34: error: cannot find type 'UIPickerView' in scope
private lazy var pickerView: UIPickerView = {
^~~~~~~~~~~~
/Users/admin/builder/spi-builder-workspace/Sources/SwiftModalPicker.swift:38:38: error: cannot find type 'UIDatePicker' in scope
private lazy var datePickerView: UIDatePicker = {
^~~~~~~~~~~~
/Users/admin/builder/spi-builder-workspace/Sources/SwiftModalPicker.swift:194:42: error: cannot find type 'UIPickerView' in scope
public func pickerView(_ pickerView: UIPickerView, titleForRow row: Int, forComponent component: Int) -> String? {
^~~~~~~~~~~~
/Users/admin/builder/spi-builder-workspace/Sources/SwiftModalPicker.swift:207:42: error: cannot find type 'UIPickerView' in scope
public func pickerView(_ pickerView: UIPickerView, numberOfRowsInComponent component: Int) -> Int {
^~~~~~~~~~~~
/Users/admin/builder/spi-builder-workspace/Sources/SwiftModalPicker.swift:112:39: error: cannot find type 'UIView' in scope
public func showPicker(from view: UIView) {
^~~~~~
/Applications/Xcode-16.3.0.app/Contents/Developer/Platforms/WatchOS.platform/Developer/SDKs/WatchOS11.4.sdk/System/Library/Frameworks/UIKit.framework/Headers/NSTextAttachment.h:23:1: note: interface 'UIView' forward declared here
@class UIView;
^
/Users/admin/builder/spi-builder-workspace/Sources/SwiftModalPicker.swift:13:32: error: cannot find type 'UITextField' in scope
public class SwiftModalPicker: UITextField {
^~~~~~~~~~~
/Users/admin/builder/spi-builder-workspace/Sources/SwiftModalPicker.swift:192:29: error: cannot find type 'UIPickerViewDelegate' in scope
extension SwiftModalPicker: UIPickerViewDelegate {
^~~~~~~~~~~~~~~~~~~~
/Users/admin/builder/spi-builder-workspace/Sources/SwiftModalPicker.swift:201:29: error: cannot find type 'UIPickerViewDataSource' in scope
extension SwiftModalPicker: UIPickerViewDataSource {
^~~~~~~~~~~~~~~~~~~~~~
/Users/admin/builder/spi-builder-workspace/Sources/SwiftModalPicker.swift:203:51: error: cannot find type 'UIPickerView' in scope
public func numberOfComponents(in pickerView: UIPickerView) -> Int {
^~~~~~~~~~~~
/Users/admin/builder/spi-builder-workspace/Sources/SwiftModalPicker.swift:225:29: error: cannot find type 'UIBarButtonItem' in scope
case custom(button: UIBarButtonItem)
^~~~~~~~~~~~~~~
/Users/admin/builder/spi-builder-workspace/Sources/SwiftModalPicker.swift:228:21: error: cannot find type 'UIBarButtonItem' in scope
var button: UIBarButtonItem {
^~~~~~~~~~~~~~~
/Users/admin/builder/spi-builder-workspace/Sources/SwiftModalPicker.swift:246:29: error: cannot find type 'UIDatePicker' in scope
var datePickerMode: UIDatePicker.Mode = .date
^~~~~~~~~~~~
/Users/admin/builder/spi-builder-workspace/Sources/SwiftModalPicker.swift:250:118: error: cannot find type 'UIDatePicker' in scope
public init(selectedDate: Date = Date(), minimumDate: Date? = nil, maximumDate: Date? = nil, datePickerMode: UIDatePicker.Mode = .date, timeZone: TimeZone? = .current, calendar: Calendar? = .current) {
^~~~~~~~~~~~
/Users/admin/builder/spi-builder-workspace/Sources/SwiftModalPicker.swift:262:11: error: cannot find type 'UIView' in scope
extension UIView {
^~~~~~
/Applications/Xcode-16.3.0.app/Contents/Developer/Platforms/WatchOS.platform/Developer/SDKs/WatchOS11.4.sdk/System/Library/Frameworks/UIKit.framework/Headers/NSTextAttachment.h:23:1: note: interface 'UIView' forward declared here
@class UIView;
^
Failed frontend command:
/Applications/Xcode-16.3.0.app/Contents/Developer/Toolchains/XcodeDefault.xctoolchain/usr/bin/swift-frontend -frontend -emit-module -experimental-skip-non-inlinable-function-bodies-without-types /Users/admin/builder/spi-builder-workspace/Sources/SwiftModalPicker.swift -target arm64_32-apple-watchos5.0 -enable-objc-interop -sdk /Applications/Xcode-16.3.0.app/Contents/Developer/Platforms/WatchOS.platform/Developer/SDKs/WatchOS11.4.sdk -I /Users/admin/builder/spi-builder-workspace/.derivedData/Build/Products/Debug-watchos -I /Applications/Xcode-16.3.0.app/Contents/Developer/Platforms/WatchOS.platform/Developer/usr/lib -F /Users/admin/builder/spi-builder-workspace/.derivedData/Build/Products/Debug-watchos -F /Applications/Xcode-16.3.0.app/Contents/Developer/Platforms/WatchOS.platform/Developer/Library/Frameworks -F /Applications/Xcode-16.3.0.app/Contents/Developer/Platforms/WatchOS.platform/Developer/SDKs/WatchOS11.4.sdk/Developer/Library/Frameworks -no-color-diagnostics -enable-testing -g -debug-info-format\=dwarf -dwarf-version\=4 -module-cache-path /Users/admin/builder/spi-builder-workspace/.derivedData/ModuleCache.noindex -profile-generate -profile-coverage-mapping -swift-version 5 -enforce-exclusivity\=checked -Onone -D SWIFT_PACKAGE -D DEBUG -D Xcode -serialize-debugging-options -const-gather-protocols-file /Users/admin/builder/spi-builder-workspace/.derivedData/Build/Intermediates.noindex/SwiftModalPicker.build/Debug-watchos/SwiftModalPicker.build/Objects-normal/arm64_32/SwiftModalPicker_const_extract_protocols.json -enable-experimental-feature DebugDescriptionMacro -empty-abi-descriptor -plugin-path /Applications/Xcode-16.3.0.app/Contents/Developer/Toolchains/XcodeDefault.xctoolchain/usr/lib/swift/host/plugins/testing -validate-clang-modules-once -clang-build-session-file /Users/admin/builder/spi-builder-workspace/.derivedData/ModuleCache.noindex/Session.modulevalidation -Xcc -working-directory -Xcc /Users/admin/builder/spi-builder-workspace/.swiftpm/xcode -resource-dir /Applications/Xcode-16.3.0.app/Contents/Developer/Toolchains/XcodeDefault.xctoolchain/usr/lib/swift -enable-anonymous-context-mangled-names -file-compilation-dir /Users/admin/builder/spi-builder-workspace/.swiftpm/xcode -Xcc -ivfsstatcache -Xcc /Users/admin/builder/spi-builder-workspace/.derivedData/SDKStatCaches.noindex/watchos11.4-22T246-43efb940ff07ba2497b70ec94253f576.sdkstatcache -Xcc -I/Users/admin/builder/spi-builder-workspace/.derivedData/Build/Intermediates.noindex/SwiftModalPicker.build/Debug-watchos/SwiftModalPicker.build/swift-overrides.hmap -Xcc -I/Users/admin/builder/spi-builder-workspace/.derivedData/Build/Products/Debug-watchos/include -Xcc -I/Users/admin/builder/spi-builder-workspace/.derivedData/Build/Intermediates.noindex/SwiftModalPicker.build/Debug-watchos/SwiftModalPicker.build/DerivedSources-normal/arm64_32 -Xcc -I/Users/admin/builder/spi-builder-workspace/.derivedData/Build/Intermediates.noindex/SwiftModalPicker.build/Debug-watchos/SwiftModalPicker.build/DerivedSources/arm64_32 -Xcc -I/Users/admin/builder/spi-builder-workspace/.derivedData/Build/Intermediates.noindex/SwiftModalPicker.build/Debug-watchos/SwiftModalPicker.build/DerivedSources -Xcc -DSWIFT_PACKAGE -Xcc -DDEBUG\=1 -module-name SwiftModalPicker -frontend-parseable-output -disable-clang-spi -target-sdk-version 11.4 -target-sdk-name watchos11.4 -external-plugin-path /Applications/Xcode-16.3.0.app/Contents/Developer/Platforms/WatchOS.platform/Developer/usr/lib/swift/host/plugins\#/Applications/Xcode-16.3.0.app/Contents/Developer/Platforms/WatchOS.platform/Developer/usr/bin/swift-plugin-server -external-plugin-path /Applications/Xcode-16.3.0.app/Contents/Developer/Platforms/WatchOS.platform/Developer/usr/local/lib/swift/host/plugins\#/Applications/Xcode-16.3.0.app/Contents/Developer/Platforms/WatchOS.platform/Developer/usr/bin/swift-plugin-server -in-process-plugin-server-path /Applications/Xcode-16.3.0.app/Contents/Developer/Toolchains/XcodeDefault.xctoolchain/usr/lib/swift/host/libSwiftInProcPluginServer.dylib -plugin-path /Applications/Xcode-16.3.0.app/Contents/Developer/Toolchains/XcodeDefault.xctoolchain/usr/lib/swift/host/plugins -plugin-path /Applications/Xcode-16.3.0.app/Contents/Developer/Toolchains/XcodeDefault.xctoolchain/usr/local/lib/swift/host/plugins -emit-module-doc-path /Users/admin/builder/spi-builder-workspace/.derivedData/Build/Intermediates.noindex/SwiftModalPicker.build/Debug-watchos/SwiftModalPicker.build/Objects-normal/arm64_32/SwiftModalPicker.swiftdoc -emit-module-source-info-path /Users/admin/builder/spi-builder-workspace/.derivedData/Build/Intermediates.noindex/SwiftModalPicker.build/Debug-watchos/SwiftModalPicker.build/Objects-normal/arm64_32/SwiftModalPicker.swiftsourceinfo -emit-objc-header-path /Users/admin/builder/spi-builder-workspace/.derivedData/Build/Intermediates.noindex/SwiftModalPicker.build/Debug-watchos/SwiftModalPicker.build/Objects-normal/arm64_32/SwiftModalPicker-Swift.h -serialize-diagnostics-path /Users/admin/builder/spi-builder-workspace/.derivedData/Build/Intermediates.noindex/SwiftModalPicker.build/Debug-watchos/SwiftModalPicker.build/Objects-normal/arm64_32/SwiftModalPicker-master-emit-module.dia -emit-dependencies-path /Users/admin/builder/spi-builder-workspace/.derivedData/Build/Intermediates.noindex/SwiftModalPicker.build/Debug-watchos/SwiftModalPicker.build/Objects-normal/arm64_32/SwiftModalPicker-master-emit-module.d -parse-as-library -o /Users/admin/builder/spi-builder-workspace/.derivedData/Build/Intermediates.noindex/SwiftModalPicker.build/Debug-watchos/SwiftModalPicker.build/Objects-normal/arm64_32/SwiftModalPicker.swiftmodule -emit-abi-descriptor-path /Users/admin/builder/spi-builder-workspace/.derivedData/Build/Intermediates.noindex/SwiftModalPicker.build/Debug-watchos/SwiftModalPicker.build/Objects-normal/arm64_32/SwiftModalPicker.abi.json
SwiftCompile normal arm64_32 Compiling\ SwiftModalPicker.swift /Users/admin/builder/spi-builder-workspace/Sources/SwiftModalPicker.swift (in target 'SwiftModalPicker' from project 'SwiftModalPicker')
SwiftCompile normal arm64_32 /Users/admin/builder/spi-builder-workspace/Sources/SwiftModalPicker.swift (in target 'SwiftModalPicker' from project 'SwiftModalPicker')
cd /Users/admin/builder/spi-builder-workspace/.swiftpm/xcode
SwiftEmitModule normal arm64 Emitting\ module\ for\ SwiftModalPicker (in target 'SwiftModalPicker' from project 'SwiftModalPicker')
Failed frontend command:
/Applications/Xcode-16.3.0.app/Contents/Developer/Toolchains/XcodeDefault.xctoolchain/usr/bin/swift-frontend -frontend -emit-module -experimental-skip-non-inlinable-function-bodies-without-types /Users/admin/builder/spi-builder-workspace/Sources/SwiftModalPicker.swift -target arm64-apple-watchos5.0 -Xllvm -aarch64-use-tbi -enable-objc-interop -sdk /Applications/Xcode-16.3.0.app/Contents/Developer/Platforms/WatchOS.platform/Developer/SDKs/WatchOS11.4.sdk -I /Users/admin/builder/spi-builder-workspace/.derivedData/Build/Products/Debug-watchos -I /Applications/Xcode-16.3.0.app/Contents/Developer/Platforms/WatchOS.platform/Developer/usr/lib -F /Users/admin/builder/spi-builder-workspace/.derivedData/Build/Products/Debug-watchos -F /Applications/Xcode-16.3.0.app/Contents/Developer/Platforms/WatchOS.platform/Developer/Library/Frameworks -F /Applications/Xcode-16.3.0.app/Contents/Developer/Platforms/WatchOS.platform/Developer/SDKs/WatchOS11.4.sdk/Developer/Library/Frameworks -no-color-diagnostics -enable-testing -g -debug-info-format\=dwarf -dwarf-version\=4 -module-cache-path /Users/admin/builder/spi-builder-workspace/.derivedData/ModuleCache.noindex -profile-generate -profile-coverage-mapping -swift-version 5 -enforce-exclusivity\=checked -Onone -D SWIFT_PACKAGE -D DEBUG -D Xcode -serialize-debugging-options -const-gather-protocols-file /Users/admin/builder/spi-builder-workspace/.derivedData/Build/Intermediates.noindex/SwiftModalPicker.build/Debug-watchos/SwiftModalPicker.build/Objects-normal/arm64/SwiftModalPicker_const_extract_protocols.json -enable-experimental-feature DebugDescriptionMacro -empty-abi-descriptor -plugin-path /Applications/Xcode-16.3.0.app/Contents/Developer/Toolchains/XcodeDefault.xctoolchain/usr/lib/swift/host/plugins/testing -validate-clang-modules-once -clang-build-session-file /Users/admin/builder/spi-builder-workspace/.derivedData/ModuleCache.noindex/Session.modulevalidation -Xcc -working-directory -Xcc /Users/admin/builder/spi-builder-workspace/.swiftpm/xcode -resource-dir /Applications/Xcode-16.3.0.app/Contents/Developer/Toolchains/XcodeDefault.xctoolchain/usr/lib/swift -enable-anonymous-context-mangled-names -file-compilation-dir /Users/admin/builder/spi-builder-workspace/.swiftpm/xcode -Xcc -ivfsstatcache -Xcc /Users/admin/builder/spi-builder-workspace/.derivedData/SDKStatCaches.noindex/watchos11.4-22T246-43efb940ff07ba2497b70ec94253f576.sdkstatcache -Xcc -I/Users/admin/builder/spi-builder-workspace/.derivedData/Build/Intermediates.noindex/SwiftModalPicker.build/Debug-watchos/SwiftModalPicker.build/swift-overrides.hmap -Xcc -I/Users/admin/builder/spi-builder-workspace/.derivedData/Build/Products/Debug-watchos/include -Xcc -I/Users/admin/builder/spi-builder-workspace/.derivedData/Build/Intermediates.noindex/SwiftModalPicker.build/Debug-watchos/SwiftModalPicker.build/DerivedSources-normal/arm64 -Xcc -I/Users/admin/builder/spi-builder-workspace/.derivedData/Build/Intermediates.noindex/SwiftModalPicker.build/Debug-watchos/SwiftModalPicker.build/DerivedSources/arm64 -Xcc -I/Users/admin/builder/spi-builder-workspace/.derivedData/Build/Intermediates.noindex/SwiftModalPicker.build/Debug-watchos/SwiftModalPicker.build/DerivedSources -Xcc -DSWIFT_PACKAGE -Xcc -DDEBUG\=1 -module-name SwiftModalPicker -frontend-parseable-output -disable-clang-spi -target-sdk-version 11.4 -target-sdk-name watchos11.4 -external-plugin-path /Applications/Xcode-16.3.0.app/Contents/Developer/Platforms/WatchOS.platform/Developer/usr/lib/swift/host/plugins\#/Applications/Xcode-16.3.0.app/Contents/Developer/Platforms/WatchOS.platform/Developer/usr/bin/swift-plugin-server -external-plugin-path /Applications/Xcode-16.3.0.app/Contents/Developer/Platforms/WatchOS.platform/Developer/usr/local/lib/swift/host/plugins\#/Applications/Xcode-16.3.0.app/Contents/Developer/Platforms/WatchOS.platform/Developer/usr/bin/swift-plugin-server -in-process-plugin-server-path /Applications/Xcode-16.3.0.app/Contents/Developer/Toolchains/XcodeDefault.xctoolchain/usr/lib/swift/host/libSwiftInProcPluginServer.dylib -plugin-path /Applications/Xcode-16.3.0.app/Contents/Developer/Toolchains/XcodeDefault.xctoolchain/usr/lib/swift/host/plugins -plugin-path /Applications/Xcode-16.3.0.app/Contents/Developer/Toolchains/XcodeDefault.xctoolchain/usr/local/lib/swift/host/plugins -emit-module-doc-path /Users/admin/builder/spi-builder-workspace/.derivedData/Build/Intermediates.noindex/SwiftModalPicker.build/Debug-watchos/SwiftModalPicker.build/Objects-normal/arm64/SwiftModalPicker.swiftdoc -emit-module-source-info-path /Users/admin/builder/spi-builder-workspace/.derivedData/Build/Intermediates.noindex/SwiftModalPicker.build/Debug-watchos/SwiftModalPicker.build/Objects-normal/arm64/SwiftModalPicker.swiftsourceinfo -emit-objc-header-path /Users/admin/builder/spi-builder-workspace/.derivedData/Build/Intermediates.noindex/SwiftModalPicker.build/Debug-watchos/SwiftModalPicker.build/Objects-normal/arm64/SwiftModalPicker-Swift.h -serialize-diagnostics-path /Users/admin/builder/spi-builder-workspace/.derivedData/Build/Intermediates.noindex/SwiftModalPicker.build/Debug-watchos/SwiftModalPicker.build/Objects-normal/arm64/SwiftModalPicker-master-emit-module.dia -emit-dependencies-path /Users/admin/builder/spi-builder-workspace/.derivedData/Build/Intermediates.noindex/SwiftModalPicker.build/Debug-watchos/SwiftModalPicker.build/Objects-normal/arm64/SwiftModalPicker-master-emit-module.d -parse-as-library -o /Users/admin/builder/spi-builder-workspace/.derivedData/Build/Intermediates.noindex/SwiftModalPicker.build/Debug-watchos/SwiftModalPicker.build/Objects-normal/arm64/SwiftModalPicker.swiftmodule -emit-abi-descriptor-path /Users/admin/builder/spi-builder-workspace/.derivedData/Build/Intermediates.noindex/SwiftModalPicker.build/Debug-watchos/SwiftModalPicker.build/Objects-normal/arm64/SwiftModalPicker.abi.json
SwiftCompile normal arm64 /Users/admin/builder/spi-builder-workspace/Sources/SwiftModalPicker.swift (in target 'SwiftModalPicker' from project 'SwiftModalPicker')
cd /Users/admin/builder/spi-builder-workspace/.swiftpm/xcode
/Users/admin/builder/spi-builder-workspace/Sources/SwiftModalPicker.swift:20:35: error: cannot find type 'UIToolbar' in scope
private lazy var doneToolbar: UIToolbar = {
^~~~~~~~~
/Users/admin/builder/spi-builder-workspace/Sources/SwiftModalPicker.swift:30:34: error: cannot find type 'UIPickerView' in scope
private lazy var pickerView: UIPickerView = {
^~~~~~~~~~~~
/Users/admin/builder/spi-builder-workspace/Sources/SwiftModalPicker.swift:38:38: error: cannot find type 'UIDatePicker' in scope
private lazy var datePickerView: UIDatePicker = {
^~~~~~~~~~~~
/Users/admin/builder/spi-builder-workspace/Sources/SwiftModalPicker.swift:194:42: error: cannot find type 'UIPickerView' in scope
public func pickerView(_ pickerView: UIPickerView, titleForRow row: Int, forComponent component: Int) -> String? {
^~~~~~~~~~~~
/Users/admin/builder/spi-builder-workspace/Sources/SwiftModalPicker.swift:207:42: error: cannot find type 'UIPickerView' in scope
public func pickerView(_ pickerView: UIPickerView, numberOfRowsInComponent component: Int) -> Int {
^~~~~~~~~~~~
/Users/admin/builder/spi-builder-workspace/Sources/SwiftModalPicker.swift:112:39: error: cannot find type 'UIView' in scope
public func showPicker(from view: UIView) {
^~~~~~
/Applications/Xcode-16.3.0.app/Contents/Developer/Platforms/WatchOS.platform/Developer/SDKs/WatchOS11.4.sdk/System/Library/Frameworks/UIKit.framework/Headers/NSTextAttachment.h:23:1: note: interface 'UIView' forward declared here
@class UIView;
^
/Users/admin/builder/spi-builder-workspace/Sources/SwiftModalPicker.swift:13:32: error: cannot find type 'UITextField' in scope
public class SwiftModalPicker: UITextField {
^~~~~~~~~~~
/Users/admin/builder/spi-builder-workspace/Sources/SwiftModalPicker.swift:192:29: error: cannot find type 'UIPickerViewDelegate' in scope
extension SwiftModalPicker: UIPickerViewDelegate {
^~~~~~~~~~~~~~~~~~~~
/Users/admin/builder/spi-builder-workspace/Sources/SwiftModalPicker.swift:201:29: error: cannot find type 'UIPickerViewDataSource' in scope
extension SwiftModalPicker: UIPickerViewDataSource {
^~~~~~~~~~~~~~~~~~~~~~
/Users/admin/builder/spi-builder-workspace/Sources/SwiftModalPicker.swift:203:51: error: cannot find type 'UIPickerView' in scope
public func numberOfComponents(in pickerView: UIPickerView) -> Int {
^~~~~~~~~~~~
/Users/admin/builder/spi-builder-workspace/Sources/SwiftModalPicker.swift:225:29: error: cannot find type 'UIBarButtonItem' in scope
case custom(button: UIBarButtonItem)
^~~~~~~~~~~~~~~
/Users/admin/builder/spi-builder-workspace/Sources/SwiftModalPicker.swift:228:21: error: cannot find type 'UIBarButtonItem' in scope
var button: UIBarButtonItem {
^~~~~~~~~~~~~~~
/Users/admin/builder/spi-builder-workspace/Sources/SwiftModalPicker.swift:246:29: error: cannot find type 'UIDatePicker' in scope
var datePickerMode: UIDatePicker.Mode = .date
^~~~~~~~~~~~
/Users/admin/builder/spi-builder-workspace/Sources/SwiftModalPicker.swift:250:118: error: cannot find type 'UIDatePicker' in scope
public init(selectedDate: Date = Date(), minimumDate: Date? = nil, maximumDate: Date? = nil, datePickerMode: UIDatePicker.Mode = .date, timeZone: TimeZone? = .current, calendar: Calendar? = .current) {
^~~~~~~~~~~~
/Users/admin/builder/spi-builder-workspace/Sources/SwiftModalPicker.swift:262:11: error: cannot find type 'UIView' in scope
extension UIView {
^~~~~~
/Applications/Xcode-16.3.0.app/Contents/Developer/Platforms/WatchOS.platform/Developer/SDKs/WatchOS11.4.sdk/System/Library/Frameworks/UIKit.framework/Headers/NSTextAttachment.h:23:1: note: interface 'UIView' forward declared here
@class UIView;
^
SwiftEmitModule normal armv7k Emitting\ module\ for\ SwiftModalPicker (in target 'SwiftModalPicker' from project 'SwiftModalPicker')
Failed frontend command:
/Applications/Xcode-16.3.0.app/Contents/Developer/Toolchains/XcodeDefault.xctoolchain/usr/bin/swift-frontend -frontend -emit-module -experimental-skip-non-inlinable-function-bodies-without-types /Users/admin/builder/spi-builder-workspace/Sources/SwiftModalPicker.swift -target armv7k-apple-watchos5.0 -enable-objc-interop -sdk /Applications/Xcode-16.3.0.app/Contents/Developer/Platforms/WatchOS.platform/Developer/SDKs/WatchOS11.4.sdk -I /Users/admin/builder/spi-builder-workspace/.derivedData/Build/Products/Debug-watchos -I /Applications/Xcode-16.3.0.app/Contents/Developer/Platforms/WatchOS.platform/Developer/usr/lib -F /Users/admin/builder/spi-builder-workspace/.derivedData/Build/Products/Debug-watchos -F /Applications/Xcode-16.3.0.app/Contents/Developer/Platforms/WatchOS.platform/Developer/Library/Frameworks -F /Applications/Xcode-16.3.0.app/Contents/Developer/Platforms/WatchOS.platform/Developer/SDKs/WatchOS11.4.sdk/Developer/Library/Frameworks -no-color-diagnostics -enable-testing -g -debug-info-format\=dwarf -dwarf-version\=4 -module-cache-path /Users/admin/builder/spi-builder-workspace/.derivedData/ModuleCache.noindex -profile-generate -profile-coverage-mapping -swift-version 5 -enforce-exclusivity\=checked -Onone -D SWIFT_PACKAGE -D DEBUG -D Xcode -serialize-debugging-options -const-gather-protocols-file /Users/admin/builder/spi-builder-workspace/.derivedData/Build/Intermediates.noindex/SwiftModalPicker.build/Debug-watchos/SwiftModalPicker.build/Objects-normal/armv7k/SwiftModalPicker_const_extract_protocols.json -enable-experimental-feature DebugDescriptionMacro -empty-abi-descriptor -plugin-path /Applications/Xcode-16.3.0.app/Contents/Developer/Toolchains/XcodeDefault.xctoolchain/usr/lib/swift/host/plugins/testing -validate-clang-modules-once -clang-build-session-file /Users/admin/builder/spi-builder-workspace/.derivedData/ModuleCache.noindex/Session.modulevalidation -Xcc -working-directory -Xcc /Users/admin/builder/spi-builder-workspace/.swiftpm/xcode -resource-dir /Applications/Xcode-16.3.0.app/Contents/Developer/Toolchains/XcodeDefault.xctoolchain/usr/lib/swift -enable-anonymous-context-mangled-names -file-compilation-dir /Users/admin/builder/spi-builder-workspace/.swiftpm/xcode -Xcc -ivfsstatcache -Xcc /Users/admin/builder/spi-builder-workspace/.derivedData/SDKStatCaches.noindex/watchos11.4-22T246-43efb940ff07ba2497b70ec94253f576.sdkstatcache -Xcc -I/Users/admin/builder/spi-builder-workspace/.derivedData/Build/Intermediates.noindex/SwiftModalPicker.build/Debug-watchos/SwiftModalPicker.build/swift-overrides.hmap -Xcc -I/Users/admin/builder/spi-builder-workspace/.derivedData/Build/Products/Debug-watchos/include -Xcc -I/Users/admin/builder/spi-builder-workspace/.derivedData/Build/Intermediates.noindex/SwiftModalPicker.build/Debug-watchos/SwiftModalPicker.build/DerivedSources-normal/armv7k -Xcc -I/Users/admin/builder/spi-builder-workspace/.derivedData/Build/Intermediates.noindex/SwiftModalPicker.build/Debug-watchos/SwiftModalPicker.build/DerivedSources/armv7k -Xcc -I/Users/admin/builder/spi-builder-workspace/.derivedData/Build/Intermediates.noindex/SwiftModalPicker.build/Debug-watchos/SwiftModalPicker.build/DerivedSources -Xcc -DSWIFT_PACKAGE -Xcc -DDEBUG\=1 -module-name SwiftModalPicker -frontend-parseable-output -disable-clang-spi -target-sdk-version 11.4 -target-sdk-name watchos11.4 -external-plugin-path /Applications/Xcode-16.3.0.app/Contents/Developer/Platforms/WatchOS.platform/Developer/usr/lib/swift/host/plugins\#/Applications/Xcode-16.3.0.app/Contents/Developer/Platforms/WatchOS.platform/Developer/usr/bin/swift-plugin-server -external-plugin-path /Applications/Xcode-16.3.0.app/Contents/Developer/Platforms/WatchOS.platform/Developer/usr/local/lib/swift/host/plugins\#/Applications/Xcode-16.3.0.app/Contents/Developer/Platforms/WatchOS.platform/Developer/usr/bin/swift-plugin-server -in-process-plugin-server-path /Applications/Xcode-16.3.0.app/Contents/Developer/Toolchains/XcodeDefault.xctoolchain/usr/lib/swift/host/libSwiftInProcPluginServer.dylib -plugin-path /Applications/Xcode-16.3.0.app/Contents/Developer/Toolchains/XcodeDefault.xctoolchain/usr/lib/swift/host/plugins -plugin-path /Applications/Xcode-16.3.0.app/Contents/Developer/Toolchains/XcodeDefault.xctoolchain/usr/local/lib/swift/host/plugins -emit-module-doc-path /Users/admin/builder/spi-builder-workspace/.derivedData/Build/Intermediates.noindex/SwiftModalPicker.build/Debug-watchos/SwiftModalPicker.build/Objects-normal/armv7k/SwiftModalPicker.swiftdoc -emit-module-source-info-path /Users/admin/builder/spi-builder-workspace/.derivedData/Build/Intermediates.noindex/SwiftModalPicker.build/Debug-watchos/SwiftModalPicker.build/Objects-normal/armv7k/SwiftModalPicker.swiftsourceinfo -emit-objc-header-path /Users/admin/builder/spi-builder-workspace/.derivedData/Build/Intermediates.noindex/SwiftModalPicker.build/Debug-watchos/SwiftModalPicker.build/Objects-normal/armv7k/SwiftModalPicker-Swift.h -serialize-diagnostics-path /Users/admin/builder/spi-builder-workspace/.derivedData/Build/Intermediates.noindex/SwiftModalPicker.build/Debug-watchos/SwiftModalPicker.build/Objects-normal/armv7k/SwiftModalPicker-master-emit-module.dia -emit-dependencies-path /Users/admin/builder/spi-builder-workspace/.derivedData/Build/Intermediates.noindex/SwiftModalPicker.build/Debug-watchos/SwiftModalPicker.build/Objects-normal/armv7k/SwiftModalPicker-master-emit-module.d -parse-as-library -o /Users/admin/builder/spi-builder-workspace/.derivedData/Build/Intermediates.noindex/SwiftModalPicker.build/Debug-watchos/SwiftModalPicker.build/Objects-normal/armv7k/SwiftModalPicker.swiftmodule -emit-abi-descriptor-path /Users/admin/builder/spi-builder-workspace/.derivedData/Build/Intermediates.noindex/SwiftModalPicker.build/Debug-watchos/SwiftModalPicker.build/Objects-normal/armv7k/SwiftModalPicker.abi.json
SwiftCompile normal armv7k /Users/admin/builder/spi-builder-workspace/Sources/SwiftModalPicker.swift (in target 'SwiftModalPicker' from project 'SwiftModalPicker')
cd /Users/admin/builder/spi-builder-workspace/.swiftpm/xcode
/Users/admin/builder/spi-builder-workspace/Sources/SwiftModalPicker.swift:20:35: error: cannot find type 'UIToolbar' in scope
private lazy var doneToolbar: UIToolbar = {
^~~~~~~~~
/Users/admin/builder/spi-builder-workspace/Sources/SwiftModalPicker.swift:30:34: error: cannot find type 'UIPickerView' in scope
private lazy var pickerView: UIPickerView = {
^~~~~~~~~~~~
/Users/admin/builder/spi-builder-workspace/Sources/SwiftModalPicker.swift:38:38: error: cannot find type 'UIDatePicker' in scope
private lazy var datePickerView: UIDatePicker = {
^~~~~~~~~~~~
/Users/admin/builder/spi-builder-workspace/Sources/SwiftModalPicker.swift:194:42: error: cannot find type 'UIPickerView' in scope
public func pickerView(_ pickerView: UIPickerView, titleForRow row: Int, forComponent component: Int) -> String? {
^~~~~~~~~~~~
/Users/admin/builder/spi-builder-workspace/Sources/SwiftModalPicker.swift:207:42: error: cannot find type 'UIPickerView' in scope
public func pickerView(_ pickerView: UIPickerView, numberOfRowsInComponent component: Int) -> Int {
^~~~~~~~~~~~
/Users/admin/builder/spi-builder-workspace/Sources/SwiftModalPicker.swift:112:39: error: cannot find type 'UIView' in scope
public func showPicker(from view: UIView) {
^~~~~~
/Applications/Xcode-16.3.0.app/Contents/Developer/Platforms/WatchOS.platform/Developer/SDKs/WatchOS11.4.sdk/System/Library/Frameworks/UIKit.framework/Headers/NSTextAttachment.h:23:1: note: interface 'UIView' forward declared here
@class UIView;
^
/Users/admin/builder/spi-builder-workspace/Sources/SwiftModalPicker.swift:13:32: error: cannot find type 'UITextField' in scope
public class SwiftModalPicker: UITextField {
^~~~~~~~~~~
/Users/admin/builder/spi-builder-workspace/Sources/SwiftModalPicker.swift:192:29: error: cannot find type 'UIPickerViewDelegate' in scope
extension SwiftModalPicker: UIPickerViewDelegate {
^~~~~~~~~~~~~~~~~~~~
/Users/admin/builder/spi-builder-workspace/Sources/SwiftModalPicker.swift:201:29: error: cannot find type 'UIPickerViewDataSource' in scope
extension SwiftModalPicker: UIPickerViewDataSource {
^~~~~~~~~~~~~~~~~~~~~~
/Users/admin/builder/spi-builder-workspace/Sources/SwiftModalPicker.swift:203:51: error: cannot find type 'UIPickerView' in scope
public func numberOfComponents(in pickerView: UIPickerView) -> Int {
^~~~~~~~~~~~
/Users/admin/builder/spi-builder-workspace/Sources/SwiftModalPicker.swift:225:29: error: cannot find type 'UIBarButtonItem' in scope
case custom(button: UIBarButtonItem)
^~~~~~~~~~~~~~~
/Users/admin/builder/spi-builder-workspace/Sources/SwiftModalPicker.swift:228:21: error: cannot find type 'UIBarButtonItem' in scope
var button: UIBarButtonItem {
^~~~~~~~~~~~~~~
/Users/admin/builder/spi-builder-workspace/Sources/SwiftModalPicker.swift:246:29: error: cannot find type 'UIDatePicker' in scope
var datePickerMode: UIDatePicker.Mode = .date
^~~~~~~~~~~~
/Users/admin/builder/spi-builder-workspace/Sources/SwiftModalPicker.swift:250:118: error: cannot find type 'UIDatePicker' in scope
public init(selectedDate: Date = Date(), minimumDate: Date? = nil, maximumDate: Date? = nil, datePickerMode: UIDatePicker.Mode = .date, timeZone: TimeZone? = .current, calendar: Calendar? = .current) {
^~~~~~~~~~~~
/Users/admin/builder/spi-builder-workspace/Sources/SwiftModalPicker.swift:262:11: error: cannot find type 'UIView' in scope
extension UIView {
^~~~~~
/Applications/Xcode-16.3.0.app/Contents/Developer/Platforms/WatchOS.platform/Developer/SDKs/WatchOS11.4.sdk/System/Library/Frameworks/UIKit.framework/Headers/NSTextAttachment.h:23:1: note: interface 'UIView' forward declared here
@class UIView;
^
SwiftCompile normal armv7k Compiling\ SwiftModalPicker.swift /Users/admin/builder/spi-builder-workspace/Sources/SwiftModalPicker.swift (in target 'SwiftModalPicker' from project 'SwiftModalPicker')
SwiftCompile normal armv7k /Users/admin/builder/spi-builder-workspace/Sources/SwiftModalPicker.swift (in target 'SwiftModalPicker' from project 'SwiftModalPicker')
cd /Users/admin/builder/spi-builder-workspace/.swiftpm/xcode
SwiftCompile normal arm64 Compiling\ SwiftModalPicker.swift /Users/admin/builder/spi-builder-workspace/Sources/SwiftModalPicker.swift (in target 'SwiftModalPicker' from project 'SwiftModalPicker')
SwiftCompile normal arm64 /Users/admin/builder/spi-builder-workspace/Sources/SwiftModalPicker.swift (in target 'SwiftModalPicker' from project 'SwiftModalPicker')
cd /Users/admin/builder/spi-builder-workspace/.swiftpm/xcode
** BUILD FAILED **
The following build commands failed:
SwiftCompile normal arm64_32 /Users/admin/builder/spi-builder-workspace/Sources/SwiftModalPicker.swift (in target 'SwiftModalPicker' from project 'SwiftModalPicker')
SwiftEmitModule normal arm64_32 Emitting\ module\ for\ SwiftModalPicker (in target 'SwiftModalPicker' from project 'SwiftModalPicker')
SwiftEmitModule normal arm64 Emitting\ module\ for\ SwiftModalPicker (in target 'SwiftModalPicker' from project 'SwiftModalPicker')
SwiftCompile normal arm64 /Users/admin/builder/spi-builder-workspace/Sources/SwiftModalPicker.swift (in target 'SwiftModalPicker' from project 'SwiftModalPicker')
SwiftEmitModule normal armv7k Emitting\ module\ for\ SwiftModalPicker (in target 'SwiftModalPicker' from project 'SwiftModalPicker')
SwiftCompile normal armv7k /Users/admin/builder/spi-builder-workspace/Sources/SwiftModalPicker.swift (in target 'SwiftModalPicker' from project 'SwiftModalPicker')
Building workspace spi-builder-workspace with scheme SwiftModalPicker
(7 failures)
BUILD FAILURE 6.1 watchOS