Build Information
Failed to build swift-concurrency-task-manager, reference main (1ea1d0), with Swift 6.2 for Linux on 18 Oct 2026 02:14:18 UTC.
Build Command
bash -c docker run --pull=always --rm -v "checkouts-54344845-0":/host -w "$PWD" -e JAVA_HOME="/root/.sdkman/candidates/java/current" -e SPI_BUILD="1" -e SPI_PROCESSING="1" registry.gitlab.com/saguaro1/spi-images:linux-6.2-latest swift build --triple x86_64-unknown-linux-gnu 2>&1Build Log
========================================
RunAll
========================================
Builder version: 5.1.3
Interrupt handler set up.
========================================
Checkout
========================================
Clone URL: https://github.com/VergeGroup/swift-concurrency-task-manager.git
Reference: main
Initialized empty Git repository in /host/spi-builder-workspace/.git/
hint: Using 'master' as the name for the initial branch. This default branch name
hint: is subject to change. To configure the initial branch name to use in all
hint: of your new repositories, which will suppress this warning, call:
hint:
hint: git config --global init.defaultBranch <name>
hint:
hint: Names commonly chosen instead of 'master' are 'main', 'trunk' and
hint: 'development'. The just-created branch can be renamed via this command:
hint:
hint: git branch -m <name>
From https://github.com/VergeGroup/swift-concurrency-task-manager
* branch main -> FETCH_HEAD
* [new branch] main -> origin/main
HEAD is now at 1ea1d06 Skip canceled operations before invocation (#17)
Cloned https://github.com/VergeGroup/swift-concurrency-task-manager.git
Revision (git rev-parse @):
1ea1d064f9fa7f9ef31820248a6e823669e8bcea
SUCCESS checkout https://github.com/VergeGroup/swift-concurrency-task-manager.git at main
========================================
Build
========================================
Selected platform: linux
Swift version: 6.2
Building package at path: $PWD
https://github.com/VergeGroup/swift-concurrency-task-manager.git
Running build ...
bash -c docker run --pull=always --rm -v "checkouts-54344845-0":/host -w "$PWD" -e JAVA_HOME="/root/.sdkman/candidates/java/current" -e SPI_BUILD="1" -e SPI_PROCESSING="1" registry.gitlab.com/saguaro1/spi-images:linux-6.2-latest swift build --triple x86_64-unknown-linux-gnu 2>&1
linux-6.2-latest: Pulling from saguaro1/spi-images
Digest: sha256:af72ee10f3ab8145e300c2afec9616a3ae441bd9d7c561ce3ed6cd39331f6017
Status: Image is up to date for registry.gitlab.com/saguaro1/spi-images:linux-6.2-latest
Fetching https://github.com/apple/swift-collections.git
[1/28874] Fetching swift-collections
Fetched https://github.com/apple/swift-collections.git from cache (1.19s)
Computing version for https://github.com/apple/swift-collections.git
Computed https://github.com/apple/swift-collections.git at 1.7.3 (1.43s)
Creating working copy for https://github.com/apple/swift-collections.git
Working copy of https://github.com/apple/swift-collections.git resolved at 1.7.3
Building for debugging...
[0/5] Write sources
[4/5] Write swift-version-24593BA9C3E375BF.txt
[6/33] Emitting module InternalCollectionsUtilities
[7/36] Compiling InternalCollectionsUtilities _UnsafeBitSet+_Word.swift
[8/36] Compiling InternalCollectionsUtilities _UnsafeBitSet.swift
[9/36] Compiling InternalCollectionsUtilities UnsafeBufferPointer+Extras.swift
[10/36] Compiling InternalCollectionsUtilities UnsafeMutableBufferPointer+Extras.swift
[11/36] Compiling InternalCollectionsUtilities UnsafeRawBufferPointer+Extras.swift
[12/36] Compiling InternalCollectionsUtilities _SortedCollection.swift
[13/36] Compiling InternalCollectionsUtilities _UniqueCollection.swift
[14/36] Compiling InternalCollectionsUtilities Strideable+LimitHelpers.swift
[15/36] Compiling InternalCollectionsUtilities String+Padding.swift
[16/36] Compiling InternalCollectionsUtilities TemporaryAllocation.swift
[17/36] Compiling InternalCollectionsUtilities _UnsafeBitSet+Index.swift
[18/36] Compiling InternalCollectionsUtilities FixedWidthInteger+roundUpToPowerOfTwo.swift
[19/36] Compiling InternalCollectionsUtilities Integer rank.swift
[20/36] Compiling InternalCollectionsUtilities UInt+first and last set bit.swift
[21/36] Compiling InternalCollectionsUtilities UInt+reversed.swift
[22/36] Compiling InternalCollectionsUtilities BorrowingIteratorProtocol+Equality.swift
[23/36] Compiling InternalCollectionsUtilities BorrowingIteratorProtocol+Extras.swift
[24/36] Compiling InternalCollectionsUtilities Debugging.swift
[25/36] Compiling InternalCollectionsUtilities Descriptions.swift
[26/36] Compiling InternalCollectionsUtilities MutableSpan+Extras.swift
[27/36] Compiling InternalCollectionsUtilities OutputSpan+Extras.swift
[28/36] Compiling InternalCollectionsUtilities RandomAccessCollection+Offsets.swift
[29/36] Compiling InternalCollectionsUtilities Span+Extras.swift
[30/36] Compiling InternalCollectionsUtilities UnsafeMutablePointer+Extras.swift
[31/36] Compiling InternalCollectionsUtilities UnsafeMutableRawBufferPointer+Extras.swift
[32/36] Compiling InternalCollectionsUtilities UnsafePointer+Extras.swift
[33/36] Compiling InternalCollectionsUtilities Iterable+CopyContents.swift
[34/36] Compiling InternalCollectionsUtilities Iterable+Equality.swift
[35/36] Compiling InternalCollectionsUtilities LifetimeOverride.swift
[36/36] Compiling InternalCollectionsUtilities MutableRef.swift
[38/41] Compiling SpanPreview OutputSpan+InputSpanHelpers.swift
[39/41] Compiling SpanPreview MutableSpan+InputSpanHelpers.swift
[40/41] Emitting module SpanPreview
[41/41] Compiling SpanPreview InputSpan.swift
[43/84] Compiling DequeModule UniqueDeque+Initializers.swift
[44/84] Compiling DequeModule UniqueDeque+Insertions.swift
[45/84] Compiling DequeModule UniqueDeque+Iterable.swift
[46/84] Compiling DequeModule UniqueDeque+Prepend.swift
[47/84] Compiling DequeModule UniqueDeque+Removals.swift
[48/84] Compiling DequeModule UniqueDeque+Consumption.swift
[49/84] Compiling DequeModule UniqueDeque+ContainerOperations.swift
[50/84] Compiling DequeModule UniqueDeque+Deprecations.swift
[51/84] Compiling DequeModule UniqueDeque+Descriptions.swift
[52/84] Compiling DequeModule UniqueDeque+Equatable.swift
[53/84] Compiling DequeModule UniqueDeque+Hashable.swift
[54/89] Compiling DequeModule RigidDeque+Descriptions.swift
[55/89] Compiling DequeModule RigidDeque+Equatable.swift
[56/89] Compiling DequeModule RigidDeque+Hashable.swift
[57/89] Compiling DequeModule RigidDeque+Initializers.swift
[58/89] Compiling DequeModule RigidDeque+Insertions.swift
[59/89] Compiling DequeModule RigidDeque+Iterable.swift
[60/89] Compiling DequeModule _DequeBuffer.swift
[61/89] Compiling DequeModule _DequeBufferHeader.swift
[62/89] Compiling DequeModule RigidDeque+Append.swift
[63/89] Compiling DequeModule RigidDeque+Consumption.swift
[64/89] Compiling DequeModule RigidDeque+ContainerOperations.swift
[65/89] Compiling DequeModule RigidDeque+Deprecations.swift
[66/89] Compiling DequeModule RigidDeque+Prepend.swift
[67/89] Compiling DequeModule RigidDeque+Removals.swift
[68/89] Compiling DequeModule RigidDeque+Replacements.swift
[69/89] Compiling DequeModule RigidDeque+Testing.swift
[70/89] Compiling DequeModule RigidDeque.swift
[71/89] Compiling DequeModule UniqueDeque+Append.swift
[72/89] Compiling DequeModule Deque+Codable.swift
[73/89] Compiling DequeModule Deque+Collection.swift
[74/89] Compiling DequeModule Deque+CustomReflectable.swift
[75/89] Compiling DequeModule Deque+Descriptions.swift
[76/89] Compiling DequeModule Deque+Equatable.swift
[77/89] Compiling DequeModule Deque+ExpressibleByArrayLiteral.swift
[78/89] Compiling DequeModule Deque+Extras.swift
[79/89] Compiling DequeModule Deque+Hashable.swift
[80/89] Compiling DequeModule Deque+Testing.swift
[81/89] Compiling DequeModule Deque._Storage.swift
[82/89] Compiling DequeModule Deque._UnsafeHandle.swift
[83/89] Compiling DequeModule Deque.swift
[84/89] Compiling DequeModule UniqueDeque+Replacements.swift
[85/89] Compiling DequeModule UniqueDeque.swift
[86/89] Compiling DequeModule _DequeSlot.swift
[87/89] Compiling DequeModule _UnsafeDequeHandle.swift
[88/89] Compiling DequeModule _UnsafeDequeSegments.swift
[89/89] Emitting module DequeModule
[91/97] Compiling ConcurrencyTaskManager _Log.swift
/host/spi-builder-workspace/Sources/ConcurrencyTaskManager/SwiftUI.swift:1:8: error: no such module 'SwiftUI'
1 | import SwiftUI
| `- error: no such module 'SwiftUI'
2 |
3 | /// A property wrapper that owns a task manager in a SwiftUI view's state.
[92/97] Compiling ConcurrencyTaskManager TaskType.swift
/host/spi-builder-workspace/Sources/ConcurrencyTaskManager/SwiftUI.swift:1:8: error: no such module 'SwiftUI'
1 | import SwiftUI
| `- error: no such module 'SwiftUI'
2 |
3 | /// A property wrapper that owns a task manager in a SwiftUI view's state.
error: emit-module command failed with exit code 1 (use -v to see invocation)
[93/97] Emitting module ConcurrencyTaskManager
/host/spi-builder-workspace/Sources/ConcurrencyTaskManager/SwiftUI.swift:1:8: error: no such module 'SwiftUI'
1 | import SwiftUI
| `- error: no such module 'SwiftUI'
2 |
3 | /// A property wrapper that owns a task manager in a SwiftUI view's state.
[94/97] Compiling ConcurrencyTaskManager SwiftUI.swift
/host/spi-builder-workspace/Sources/ConcurrencyTaskManager/SwiftUI.swift:1:8: error: no such module 'SwiftUI'
1 | import SwiftUI
| `- error: no such module 'SwiftUI'
2 |
3 | /// A property wrapper that owns a task manager in a SwiftUI view's state.
[95/97] Compiling ConcurrencyTaskManager TaskManager.swift
/host/spi-builder-workspace/Sources/ConcurrencyTaskManager/SwiftUI.swift:1:8: error: no such module 'SwiftUI'
1 | import SwiftUI
| `- error: no such module 'SwiftUI'
2 |
3 | /// A property wrapper that owns a task manager in a SwiftUI view's state.
[96/97] Compiling ConcurrencyTaskManager AutoReleaseContinuationBox.swift
/host/spi-builder-workspace/Sources/ConcurrencyTaskManager/SwiftUI.swift:1:8: error: no such module 'SwiftUI'
1 | import SwiftUI
| `- error: no such module 'SwiftUI'
2 |
3 | /// A property wrapper that owns a task manager in a SwiftUI view's state.
[97/97] Compiling ConcurrencyTaskManager TaskNode.swift
/host/spi-builder-workspace/Sources/ConcurrencyTaskManager/SwiftUI.swift:1:8: error: no such module 'SwiftUI'
1 | import SwiftUI
| `- error: no such module 'SwiftUI'
2 |
3 | /// A property wrapper that owns a task manager in a SwiftUI view's state.
BUILD FAILURE 6.2 linux