The Swift Package Index logo.Swift Package Index

Build Information

Failed to build VCR, reference 0.1.0 (aee80c), with Swift 6.4 for Linux on 23 Sep 2026 07:15:44 UTC.

Build Command

bash -c docker run --pull=always --rm -v "checkouts-54344843-0":/host -w "$PWD" -e JAVA_HOME="/root/.sdkman/candidates/java/current" -e SPI_BUILD="1" -e SPI_PROCESSING="1" registry.gitlab.com/saguaro1/spi-images:basic-6.4-latest swift build --triple x86_64-unknown-linux-gnu 2>&1

Build Log

========================================
RunAll
========================================
Builder version: 5.1.0
Interrupt handler set up.
========================================
Checkout
========================================
Clone URL: https://github.com/grdsdev/swift-vcr.git
Reference: 0.1.0
Initialized empty Git repository in /host/spi-builder-workspace/.git/
hint: Using 'master' as the name for the initial branch. This default branch name
hint: is subject to change. To configure the initial branch name to use in all
hint: of your new repositories, which will suppress this warning, call:
hint:
hint: 	git config --global init.defaultBranch <name>
hint:
hint: Names commonly chosen instead of 'master' are 'main', 'trunk' and
hint: 'development'. The just-created branch can be renamed via this command:
hint:
hint: 	git branch -m <name>
From https://github.com/grdsdev/swift-vcr
 * tag               0.1.0      -> FETCH_HEAD
HEAD is now at aee80c9 Add support for binary request bodies via httpBodyStream
Cloned https://github.com/grdsdev/swift-vcr.git
Revision (git rev-parse @):
aee80c9b638cde25bb8cfd47705a37d48f375597
SUCCESS checkout https://github.com/grdsdev/swift-vcr.git at 0.1.0
========================================
Build
========================================
Selected platform:         linux
Swift version:             6.4
Building package at path:  $PWD
https://github.com/grdsdev/swift-vcr.git
Running build ...
bash -c docker run --pull=always --rm -v "checkouts-54344843-0":/host -w "$PWD" -e JAVA_HOME="/root/.sdkman/candidates/java/current" -e SPI_BUILD="1" -e SPI_PROCESSING="1" registry.gitlab.com/saguaro1/spi-images:basic-6.4-latest swift build --triple x86_64-unknown-linux-gnu 2>&1
basic-6.4-latest: Pulling from saguaro1/spi-images
Digest: sha256:c77fcce225e223ac0fafed844619173fc6de8d62dd560eeb28db3182af6a282b
Status: Image is up to date for registry.gitlab.com/saguaro1/spi-images:basic-6.4-latest
Building for debugging...
[Planning deferred tasks]
error: SwiftCompile normal x86_64 failed with a nonzero exit code. Command line:     cd /host

/host/spi-builder-workspace/Sources/VCR/Cassette.swift:40:37: error: cannot find type 'URLRequest' in scope
 38 |
 39 |   /// Find a matching interaction for the given request
 40 |   func findInteraction(for request: URLRequest) -> HTTPInteraction? {
    |                                     `- error: cannot find type 'URLRequest' in scope
 41 |     let matcher = self.matcher.createMatcher()
 42 |     return _interactions.value.first { interaction in
/host/spi-builder-workspace/Sources/VCR/RequestMatcher.swift:5:27: error: cannot find type 'URLRequest' in scope
 3 | /// Protocol for matching HTTP requests
 4 | public protocol RequestMatcher: Sendable {
 5 |   func matches(_ request: URLRequest, recorded: RecordedRequest) -> Bool
   |                           `- error: cannot find type 'URLRequest' in scope
 6 | }
 7 |
/host/spi-builder-workspace/Sources/VCR/HTTPInteraction.swift:17:25: error: cannot find type 'URLRequest' in scope
15 |   }
16 |
17 |   init(from urlRequest: URLRequest) {
   |                         `- error: cannot find type 'URLRequest' in scope
18 |     self.method = urlRequest.httpMethod ?? "GET"
19 |     self.url = urlRequest.url?.absoluteString ?? ""
/host/spi-builder-workspace/Sources/VCR/HTTPInteraction.swift:37:27: error: 'HTTPURLResponse' is unavailable: This type has moved to the FoundationNetworking module. Import that module to use it.
35 |   }
36 |
37 |   init(from httpResponse: HTTPURLResponse, body: Data?) {
   |                           `- error: 'HTTPURLResponse' is unavailable: This type has moved to the FoundationNetworking module. Import that module to use it.
38 |     self.statusCode = httpResponse.statusCode
39 |     self.headers = httpResponse.allHeaderFields.reduce(into: [:]) { result, pair in
Foundation.HTTPURLResponse:2:18: note: 'HTTPURLResponse' has been explicitly marked unavailable here
1 | @available(*, unavailable, message: "This type has moved to the FoundationNetworking module. Import that module to use it.")
2 | public typealias HTTPURLResponse = AnyObject
  |                  `- note: 'HTTPURLResponse' has been explicitly marked unavailable here
/host/spi-builder-workspace/Sources/VCR/HTTPInteraction.swift:61:11: error: cannot find type 'URLRequest' in scope
59 | }
60 |
61 | extension URLRequest {
   |           `- error: cannot find type 'URLRequest' in scope
62 |   fileprivate var data: Data? {
63 |     httpBody ?? httpBodyStream.map { Data(reading: $0, withBufferSize: 1024) }
/host/spi-builder-workspace/Sources/VCR/RequestMatcher.swift:12:34: error: cannot find type 'URLRequest' in scope
10 |   public init() {}
11 |
12 |   public func matches(_ request: URLRequest, recorded: RecordedRequest) -> Bool {
   |                                  `- error: cannot find type 'URLRequest' in scope
13 |     let method = request.httpMethod ?? "GET"
14 |     let url = request.url?.absoluteString ?? ""
/host/spi-builder-workspace/Sources/VCR/RequestMatcher.swift:23:34: error: cannot find type 'URLRequest' in scope
21 |   public init() {}
22 |
23 |   public func matches(_ request: URLRequest, recorded: RecordedRequest) -> Bool {
   |                                  `- error: cannot find type 'URLRequest' in scope
24 |     let method = request.httpMethod ?? "GET"
25 |     let url = request.url?.absoluteString ?? ""
/host/spi-builder-workspace/Sources/VCR/RequestMatcher.swift:46:34: error: cannot find type 'URLRequest' in scope
44 |   }
45 |
46 |   public func matches(_ request: URLRequest, recorded: RecordedRequest) -> Bool {
   |                                  `- error: cannot find type 'URLRequest' in scope
47 |     let method = request.httpMethod ?? "GET"
48 |     let url = request.url?.absoluteString ?? ""
/host/spi-builder-workspace/Sources/VCR/RequestMatcher.swift:74:34: error: cannot find type 'URLRequest' in scope
72 |   }
73 |
74 |   public func matches(_ request: URLRequest, recorded: RecordedRequest) -> Bool {
   |                                  `- error: cannot find type 'URLRequest' in scope
75 |     matchers.allSatisfy { $0.matches(request, recorded: recorded) }
76 |   }
/host/spi-builder-workspace/Sources/VCR/VCR.swift:220:20: error: 'URLSessionConfiguration' is unavailable: This type has moved to the FoundationNetworking module. Import that module to use it.
218 |   /// - Returns: URLSession with VCR protocol registered
219 |   public static func urlSession(
220 |     configuration: URLSessionConfiguration = .default
    |                    `- error: 'URLSessionConfiguration' is unavailable: This type has moved to the FoundationNetworking module. Import that module to use it.
221 |   ) -> URLSession {
222 |     let config = configuration
Foundation.URLSessionConfiguration:2:18: note: 'URLSessionConfiguration' has been explicitly marked unavailable here
1 | @available(*, unavailable, message: "This type has moved to the FoundationNetworking module. Import that module to use it.")
2 | public typealias URLSessionConfiguration = AnyObject
  |                  `- note: 'URLSessionConfiguration' has been explicitly marked unavailable here
/host/spi-builder-workspace/Sources/VCR/VCR.swift:221:8: error: 'URLSession' is unavailable: This type has moved to the FoundationNetworking module. Import that module to use it.
219 |   public static func urlSession(
220 |     configuration: URLSessionConfiguration = .default
221 |   ) -> URLSession {
    |        `- error: 'URLSession' is unavailable: This type has moved to the FoundationNetworking module. Import that module to use it.
222 |     let config = configuration
223 |     var protocolClasses = config.protocolClasses ?? []
Foundation.URLSession:2:18: note: 'URLSession' has been explicitly marked unavailable here
1 | @available(*, unavailable, message: "This type has moved to the FoundationNetworking module. Import that module to use it.")
2 | public typealias URLSession = AnyObject
  |                  `- note: 'URLSession' has been explicitly marked unavailable here
/host/spi-builder-workspace/Sources/VCR/VCR.swift:220:47: error: type 'URLSessionConfiguration' (aka 'AnyObject') has no member 'default'
218 |   /// - Returns: URLSession with VCR protocol registered
219 |   public static func urlSession(
220 |     configuration: URLSessionConfiguration = .default
    |                                               `- error: type 'URLSessionConfiguration' (aka 'AnyObject') has no member 'default'
221 |   ) -> URLSession {
222 |     let config = configuration
/host/spi-builder-workspace/Sources/VCR/VCR.swift:220:47: error: value of type '_' expected to be instance of class or class-constrained type
218 |   /// - Returns: URLSession with VCR protocol registered
219 |   public static func urlSession(
220 |     configuration: URLSessionConfiguration = .default
    |                                               `- error: value of type '_' expected to be instance of class or class-constrained type
221 |   ) -> URLSession {
222 |     let config = configuration
/host/spi-builder-workspace/Sources/VCR/VCRURLProtocol.swift:5:25: error: 'URLSessionDataTask' is unavailable: This type has moved to the FoundationNetworking module. Import that module to use it.
  3 | /// URLProtocol subclass that intercepts URLSession requests for VCR recording/playback
  4 | final class VCRURLProtocol: URLProtocol {
  5 |   private var dataTask: URLSessionDataTask?
    |                         `- error: 'URLSessionDataTask' is unavailable: This type has moved to the FoundationNetworking module. Import that module to use it.
  6 |   private static let internalSessionKey = "VCRURLProtocol.InternalSession"
  7 |
Foundation.URLSessionDataTask:2:18: note: 'URLSessionDataTask' has been explicitly marked unavailable here
1 | @available(*, unavailable, message: "This type has moved to the FoundationNetworking module. Import that module to use it.")
2 | public typealias URLSessionDataTask = AnyObject
  |                  `- note: 'URLSessionDataTask' has been explicitly marked unavailable here
/host/spi-builder-workspace/Sources/VCR/VCRURLProtocol.swift:8:45: error: cannot find type 'URLRequest' in scope
  6 |   private static let internalSessionKey = "VCRURLProtocol.InternalSession"
  7 |
  8 |   override class func canInit(with request: URLRequest) -> Bool {
    |                                             `- error: cannot find type 'URLRequest' in scope
  9 |     // Don't intercept our own internal requests
 10 |     if URLProtocol.property(forKey: internalSessionKey, in: request) != nil {
/host/spi-builder-workspace/Sources/VCR/VCRURLProtocol.swift:24:68: error: cannot find type 'URLRequest' in scope
 22 |   }
 23 |
 24 |   override class func canonicalRequest(for request: URLRequest) -> URLRequest {
    |                                                                    `- error: cannot find type 'URLRequest' in scope
 25 |     return request
 26 |   }
/host/spi-builder-workspace/Sources/VCR/VCRURLProtocol.swift:24:53: error: cannot find type 'URLRequest' in scope
 22 |   }
 23 |
 24 |   override class func canonicalRequest(for request: URLRequest) -> URLRequest {
    |                                                     `- error: cannot find type 'URLRequest' in scope
 25 |     return request
 26 |   }
/host/spi-builder-workspace/Sources/VCR/VCRURLProtocol.swift:28:17: error: method does not override any method from its superclass
 26 |   }
 27 |
 28 |   override func startLoading() {
    |                 `- error: method does not override any method from its superclass
 29 |     guard let cassette = VCR.shared.currentCassette else {
 30 |       // No cassette inserted, pass through
/host/spi-builder-workspace/Sources/VCR/VCRURLProtocol.swift:52:17: error: method does not override any method from its superclass
 50 |   }
 51 |
 52 |   override func stopLoading() {
    |                 `- error: method does not override any method from its superclass
 53 |     dataTask?.cancel()
 54 |     dataTask = nil
/host/spi-builder-workspace/Sources/VCR/VCRURLProtocol.swift:4:29: error: 'URLProtocol' is unavailable: This type has moved to the FoundationNetworking module. Import that module to use it.
  2 |
  3 | /// URLProtocol subclass that intercepts URLSession requests for VCR recording/playback
  4 | final class VCRURLProtocol: URLProtocol {
    |                             `- error: 'URLProtocol' is unavailable: This type has moved to the FoundationNetworking module. Import that module to use it.
  5 |   private var dataTask: URLSessionDataTask?
  6 |   private static let internalSessionKey = "VCRURLProtocol.InternalSession"
Foundation.URLProtocol:2:18: note: 'URLProtocol' has been explicitly marked unavailable here
1 | @available(*, unavailable, message: "This type has moved to the FoundationNetworking module. Import that module to use it.")
2 | public typealias URLProtocol = AnyObject
  |                  `- note: 'URLProtocol' has been explicitly marked unavailable here
Failed frontend command:
/usr/bin/swift-frontend -frontend -emit-module -experimental-skip-non-inlinable-function-bodies-without-types /host/spi-builder-workspace/Sources/VCR/Cassette.swift /host/spi-builder-workspace/Sources/VCR/HTTPInteraction.swift /host/spi-builder-workspace/Sources/VCR/RecordMode.swift /host/spi-builder-workspace/Sources/VCR/RequestMatcher.swift /host/spi-builder-workspace/Sources/VCR/VCR.swift /host/spi-builder-workspace/Sources/VCR/VCRConfiguration.swift /host/spi-builder-workspace/Sources/VCR/VCRURLProtocol.swift -target x86_64-unknown-linux-gnu -disable-objc-interop -I /host/spi-builder-workspace/.build/out/Products/Debug-linux-x86_64 -module-cache-path /host/spi-builder-workspace/.build/out/ModuleCache.noindex -color-diagnostics -Xcc -fcolor-diagnostics -enable-testing -g -debug-info-format\=dwarf -dwarf-version\=4 -swift-version 6 -Onone -D SWIFT_PACKAGE -D DEBUG -D SWIFT_MODULE_RESOURCE_BUNDLE_UNAVAILABLE -D Xcode -serialize-debugging-options -enable-experimental-feature DebugDescriptionMacro -empty-abi-descriptor -external-plugin-path /usr/lib/swift/host/plugins/testing\#/usr/bin/swift-plugin-server -validate-clang-modules-once -clang-build-session-file /host/spi-builder-workspace/.build/out/ModuleCache.noindex/Session.modulevalidation -Xcc -working-directory -Xcc /host -enable-anonymous-context-mangled-names -file-compilation-dir /host -Xcc -fno-omit-frame-pointer -Xcc -D_LIBCPP_HARDENING_MODE\=_LIBCPP_HARDENING_MODE_DEBUG -Xcc -fmodules-prune-interval\=86400 -Xcc -fmodules-prune-after\=345600 -Xcc -I/host/spi-builder-workspace/.build/out/Products/Debug-linux-x86_64/include -Xcc -I/host/spi-builder-workspace/.build/out/Intermediates.noindex/VCR.build/Debug-linux-x86_64/VCR-t.build/DerivedSources-normal/x86_64 -Xcc -I/host/spi-builder-workspace/.build/out/Intermediates.noindex/VCR.build/Debug-linux-x86_64/VCR-t.build/DerivedSources/x86_64 -Xcc -I/host/spi-builder-workspace/.build/out/Intermediates.noindex/VCR.build/Debug-linux-x86_64/VCR-t.build/DerivedSources -Xcc -DSWIFT_PACKAGE -Xcc -DDEBUG\=1 -no-auto-bridging-header-chaining -module-name VCR -package-name spi_builder_workspace -const-gather-protocols-file /host/spi-builder-workspace/.build/out/Intermediates.noindex/VCR.build/Debug-linux-x86_64/VCR-t.build/Objects-normal/x86_64/VCR_const_extract_protocols.json -in-process-plugin-server-path /usr/lib/swift/host/libSwiftInProcPluginServer.so -plugin-path /usr/lib/swift/host/plugins -plugin-path /usr/local/lib/swift/host/plugins -emit-module-doc-path /host/spi-builder-workspace/.build/out/Intermediates.noindex/VCR.build/Debug-linux-x86_64/VCR-t.build/Objects-normal/x86_64/Modules/VCR.swiftdoc -emit-module-source-info-path /host/spi-builder-workspace/.build/out/Intermediates.noindex/VCR.build/Debug-linux-x86_64/VCR-t.build/Objects-normal/x86_64/Modules/VCR.swiftsourceinfo -emit-objc-header-path /host/spi-builder-workspace/.build/out/Intermediates.noindex/VCR.build/Debug-linux-x86_64/VCR-t.build/Objects-normal/x86_64/VCR-Swift.h -serialize-diagnostics-path /host/spi-builder-workspace/.build/out/Intermediates.noindex/VCR.build/Debug-linux-x86_64/VCR-t.build/Objects-normal/x86_64/VCR-primary-emit-module.dia -emit-dependencies-path /host/spi-builder-workspace/.build/out/Intermediates.noindex/VCR.build/Debug-linux-x86_64/VCR-t.build/Objects-normal/x86_64/VCR-primary-emit-module.d -parse-as-library -o /host/spi-builder-workspace/.build/out/Intermediates.noindex/VCR.build/Debug-linux-x86_64/VCR-t.build/Objects-normal/x86_64/Modules/VCR.swiftmodule
[27 / 35] VCR
error: Build failed
BUILD FAILURE 6.4 linux