The Swift Package Index logo.Swift Package Index

Build Information

Failed to build swift-web, reference main (3248f4), with Swift 6.2 for Wasm on 12 Aug 2026 07:11:21 UTC.

Build Command

bash -c docker run --pull=always --rm -v "checkouts-54344843-3":/host -w "$PWD" -e JAVA_HOME="/root/.sdkman/candidates/java/current" -e SPI_BUILD="1" -e SPI_PROCESSING="1" registry.gitlab.com/saguaro1/spi-images:wasm-6.2-latest swift build --swift-sdk swift-6.2-RELEASE_wasm 2>&1

Build Log

========================================
RunAll
========================================
Builder version: 729ceb5fcd9493dc13ee340bc4f0908bd201f85d
Interrupt handler set up.
========================================
Checkout
========================================
Clone URL: https://github.com/pointfreeco/swift-web.git
Reference: main
Initialized empty Git repository in /host/spi-builder-workspace/.git/
hint: Using 'master' as the name for the initial branch. This default branch name
hint: is subject to change. To configure the initial branch name to use in all
hint: of your new repositories, which will suppress this warning, call:
hint:
hint: 	git config --global init.defaultBranch <name>
hint:
hint: Names commonly chosen instead of 'master' are 'main', 'trunk' and
hint: 'development'. The just-created branch can be renamed via this command:
hint:
hint: 	git branch -m <name>
From https://github.com/pointfreeco/swift-web
 * branch            main       -> FETCH_HEAD
 * [new branch]      main       -> origin/main
HEAD is now at 3248f47 wip
Cloned https://github.com/pointfreeco/swift-web.git
Revision (git rev-parse @):
3248f47e1de56dfcb66700f180350c8d56451ef5
SUCCESS checkout https://github.com/pointfreeco/swift-web.git at main
========================================
Build
========================================
Selected platform:         wasm
Swift version:             6.2
Building package at path:  $PWD
https://github.com/pointfreeco/swift-web.git
Running build ...
bash -c docker run --pull=always --rm -v "checkouts-54344843-3":/host -w "$PWD" -e JAVA_HOME="/root/.sdkman/candidates/java/current" -e SPI_BUILD="1" -e SPI_PROCESSING="1" registry.gitlab.com/saguaro1/spi-images:wasm-6.2-latest swift build --swift-sdk swift-6.2-RELEASE_wasm 2>&1
wasm-6.2-latest: Pulling from saguaro1/spi-images
Digest: sha256:70428a4f4110aef5b17a27427e965f31cf3855e8cf1dfdc416ed61c780337965
Status: Image is up to date for registry.gitlab.com/saguaro1/spi-images:wasm-6.2-latest
Fetching https://github.com/pointfreeco/swift-html
[1/1250] Fetching swift-html
Fetched https://github.com/pointfreeco/swift-html from cache (0.50s)
Fetching https://github.com/pointfreeco/swift-prelude
[1/3574] Fetching swift-prelude
Fetched https://github.com/pointfreeco/swift-prelude from cache (0.52s)
Fetching https://github.com/pointfreeco/swift-snapshot-testing
[1/16376] Fetching swift-snapshot-testing
Fetched https://github.com/pointfreeco/swift-snapshot-testing from cache (2.17s)
Fetching https://github.com/swiftlang/swift-syntax
Fetching https://github.com/apple/swift-nio.git
Fetching https://github.com/pointfreeco/swift-dependencies
Fetching https://github.com/apple/swift-crypto.git
[1/7324] Fetching swift-dependencies
Fetched https://github.com/pointfreeco/swift-dependencies from cache (0.53s)
[1/18322] Fetching swift-crypto
[2933/103608] Fetching swift-crypto, swift-nio
[4519/180075] Fetching swift-crypto, swift-nio, swift-syntax
Fetched https://github.com/apple/swift-crypto.git from cache (1.99s)
[103180/161753] Fetching swift-nio, swift-syntax
Fetching https://github.com/apple/swift-nio-extras.git
Fetched https://github.com/swiftlang/swift-syntax from cache (6.30s)
Fetched https://github.com/apple/swift-nio.git from cache (6.48s)
[1/6646] Fetching swift-nio-extras
Fetched https://github.com/apple/swift-nio-extras.git from cache (0.89s)
Computing version for https://github.com/swiftlang/swift-syntax
Computed https://github.com/swiftlang/swift-syntax at 603.0.2 (7.47s)
Computing version for https://github.com/apple/swift-crypto.git
Computed https://github.com/apple/swift-crypto.git at 3.15.1 (0.56s)
Fetching https://github.com/apple/swift-asn1.git
[1/1914] Fetching swift-asn1
Fetched https://github.com/apple/swift-asn1.git from cache (0.45s)
Computing version for https://github.com/apple/swift-asn1.git
Computed https://github.com/apple/swift-asn1.git at 1.7.1 (1.74s)
Computing version for https://github.com/pointfreeco/swift-dependencies
Computed https://github.com/pointfreeco/swift-dependencies at 1.15.0 (0.22s)
Fetching https://github.com/pointfreeco/xctest-dynamic-overlay
Fetching https://github.com/pointfreeco/swift-clocks
Fetching https://github.com/pointfreeco/combine-schedulers
Fetching https://github.com/pointfreeco/swift-concurrency-extras
[1/2665] Fetching combine-schedulers
[2666/3723] Fetching combine-schedulers, swift-concurrency-extras
Fetched https://github.com/pointfreeco/swift-concurrency-extras from cache (0.50s)
Fetched https://github.com/pointfreeco/combine-schedulers from cache (0.50s)
[1/1434] Fetching swift-clocks
[1435/4012] Fetching swift-clocks, xctest-dynamic-overlay
Fetched https://github.com/pointfreeco/swift-clocks from cache (0.74s)
Fetched https://github.com/pointfreeco/xctest-dynamic-overlay from cache (0.74s)
Computing version for https://github.com/pointfreeco/swift-clocks
Computed https://github.com/pointfreeco/swift-clocks at 1.1.0 (0.94s)
Computing version for https://github.com/pointfreeco/combine-schedulers
Computed https://github.com/pointfreeco/combine-schedulers at 1.2.0 (0.16s)
Fetching https://github.com/OpenCombine/OpenCombine.git
[1/8284] Fetching opencombine
Fetched https://github.com/OpenCombine/OpenCombine.git from cache (0.69s)
Computing version for https://github.com/OpenCombine/OpenCombine.git
Computed https://github.com/OpenCombine/OpenCombine.git at 0.14.0 (0.89s)
Computing version for https://github.com/pointfreeco/swift-concurrency-extras
Computed https://github.com/pointfreeco/swift-concurrency-extras at 1.4.1 (0.16s)
Computing version for https://github.com/pointfreeco/xctest-dynamic-overlay
Computed https://github.com/pointfreeco/xctest-dynamic-overlay at 1.11.0 (0.23s)
Computing version for https://github.com/apple/swift-nio-extras.git
Computed https://github.com/apple/swift-nio-extras.git at 1.34.3 (0.37s)
Fetching https://github.com/apple/swift-nio-ssl.git
Fetching https://github.com/apple/swift-certificates.git
Fetching https://github.com/swift-server/swift-service-lifecycle.git
Fetching https://github.com/apple/swift-log.git
Fetching https://github.com/apple/swift-http-types.git
Fetching https://github.com/apple/swift-async-algorithms.git
[13/1274] Fetching swift-http-types
[144/4085] Fetching swift-http-types, swift-service-lifecycle
[3402/12038] Fetching swift-http-types, swift-service-lifecycle, swift-log
[3937/19509] Fetching swift-http-types, swift-service-lifecycle, swift-log, swift-certificates
[15103/35356] Fetching swift-http-types, swift-service-lifecycle, swift-log, swift-certificates, swift-nio-ssl
[30445/42011] Fetching swift-http-types, swift-service-lifecycle, swift-log, swift-certificates, swift-nio-ssl, swift-async-algorithms
Fetched https://github.com/apple/swift-http-types.git from cache (1.42s)
Fetched https://github.com/apple/swift-certificates.git from cache (1.43s)
Fetching https://github.com/apple/swift-algorithms.git
Fetching https://github.com/apple/swift-atomics.git
Fetched https://github.com/swift-server/swift-service-lifecycle.git from cache (1.44s)
Fetching https://github.com/apple/swift-http-structured-headers.git
Fetched https://github.com/apple/swift-async-algorithms.git from cache (1.69s)
Fetched https://github.com/apple/swift-log.git from cache (1.69s)
Fetching https://github.com/apple/swift-nio-http2.git
Fetched https://github.com/apple/swift-nio-ssl.git from cache (1.70s)
[1/1253] Fetching swift-http-structured-headers
Fetched https://github.com/apple/swift-http-structured-headers.git from cache (0.49s)
[1/1876] Fetching swift-atomics
[602/7969] Fetching swift-atomics, swift-algorithms
Fetched https://github.com/apple/swift-atomics.git from cache (0.65s)
Fetched https://github.com/apple/swift-algorithms.git from cache (0.68s)
[1/12212] Fetching swift-nio-http2
Fetched https://github.com/apple/swift-nio-http2.git from cache (1.11s)
Computing version for https://github.com/apple/swift-algorithms.git
Computed https://github.com/apple/swift-algorithms.git at 1.2.1 (2.97s)
Fetching https://github.com/apple/swift-numerics.git
[1/6553] Fetching swift-numerics
Fetched https://github.com/apple/swift-numerics.git from cache (0.67s)
Computing version for https://github.com/apple/swift-atomics.git
Computed https://github.com/apple/swift-atomics.git at 1.3.1 (0.87s)
Computing version for https://github.com/swift-server/swift-service-lifecycle.git
Computed https://github.com/swift-server/swift-service-lifecycle.git at 2.11.0 (0.19s)
Computing version for https://github.com/apple/swift-async-algorithms.git
Computed https://github.com/apple/swift-async-algorithms.git at 1.1.5 (0.26s)
Fetching https://github.com/apple/swift-collections.git
[1/26599] Fetching swift-collections
Fetched https://github.com/apple/swift-collections.git from cache (1.32s)
Computing version for https://github.com/apple/swift-collections.git
Computed https://github.com/apple/swift-collections.git at 1.6.0 (1.64s)
Computing version for https://github.com/apple/swift-http-types.git
Computed https://github.com/apple/swift-http-types.git at 1.6.0 (0.19s)
Computing version for https://github.com/apple/swift-numerics.git
Computed https://github.com/apple/swift-numerics.git at 1.1.1 (0.17s)
Computing version for https://github.com/apple/swift-nio-ssl.git
Computed https://github.com/apple/swift-nio-ssl.git at 2.37.2 (0.23s)
Computing version for https://github.com/apple/swift-nio.git
Computed https://github.com/apple/swift-nio.git at 2.101.3 (0.46s)
Fetching https://github.com/apple/swift-system.git
[1/6720] Fetching swift-system
Fetched https://github.com/apple/swift-system.git from cache (0.64s)
Computing version for https://github.com/apple/swift-http-structured-headers.git
Computed https://github.com/apple/swift-http-structured-headers.git at 1.7.0 (0.83s)
Computing version for https://github.com/apple/swift-certificates.git
Computed https://github.com/apple/swift-certificates.git at 1.19.4 (0.24s)
Computing version for https://github.com/apple/swift-log.git
Computed https://github.com/apple/swift-log.git at 1.15.0 (0.20s)
Computing version for https://github.com/apple/swift-system.git
Computed https://github.com/apple/swift-system.git at 1.8.0 (0.24s)
Computing version for https://github.com/apple/swift-nio-http2.git
Computed https://github.com/apple/swift-nio-http2.git at 1.45.0 (0.21s)
Creating working copy for https://github.com/pointfreeco/swift-html
Working copy of https://github.com/pointfreeco/swift-html resolved at 14d01d1 (14d01d1)
Creating working copy for https://github.com/swift-server/swift-service-lifecycle.git
Working copy of https://github.com/swift-server/swift-service-lifecycle.git resolved at 2.11.0
Creating working copy for https://github.com/pointfreeco/swift-concurrency-extras
Working copy of https://github.com/pointfreeco/swift-concurrency-extras resolved at 1.4.1
Creating working copy for https://github.com/apple/swift-atomics.git
Working copy of https://github.com/apple/swift-atomics.git resolved at 1.3.1
Creating working copy for https://github.com/apple/swift-algorithms.git
Working copy of https://github.com/apple/swift-algorithms.git resolved at 1.2.1
Creating working copy for https://github.com/apple/swift-nio-http2.git
Working copy of https://github.com/apple/swift-nio-http2.git resolved at 1.45.0
Creating working copy for https://github.com/apple/swift-http-structured-headers.git
Working copy of https://github.com/apple/swift-http-structured-headers.git resolved at 1.7.0
Creating working copy for https://github.com/pointfreeco/swift-clocks
Working copy of https://github.com/pointfreeco/swift-clocks resolved at 1.1.0
Creating working copy for https://github.com/apple/swift-crypto.git
Working copy of https://github.com/apple/swift-crypto.git resolved at 3.15.1
Creating working copy for https://github.com/pointfreeco/swift-dependencies
Working copy of https://github.com/pointfreeco/swift-dependencies resolved at 1.15.0
Creating working copy for https://github.com/apple/swift-log.git
Working copy of https://github.com/apple/swift-log.git resolved at 1.15.0
Creating working copy for https://github.com/apple/swift-certificates.git
Working copy of https://github.com/apple/swift-certificates.git resolved at 1.19.4
Creating working copy for https://github.com/apple/swift-collections.git
Working copy of https://github.com/apple/swift-collections.git resolved at 1.6.0
Creating working copy for https://github.com/apple/swift-async-algorithms.git
Working copy of https://github.com/apple/swift-async-algorithms.git resolved at 1.1.5
Creating working copy for https://github.com/apple/swift-nio-extras.git
Working copy of https://github.com/apple/swift-nio-extras.git resolved at 1.34.3
Creating working copy for https://github.com/apple/swift-numerics.git
Working copy of https://github.com/apple/swift-numerics.git resolved at 1.1.1
Creating working copy for https://github.com/OpenCombine/OpenCombine.git
Working copy of https://github.com/OpenCombine/OpenCombine.git resolved at 0.14.0
Creating working copy for https://github.com/pointfreeco/swift-prelude
Working copy of https://github.com/pointfreeco/swift-prelude resolved at da5ead2 (da5ead2)
Creating working copy for https://github.com/swiftlang/swift-syntax
Working copy of https://github.com/swiftlang/swift-syntax resolved at 603.0.2
Creating working copy for https://github.com/pointfreeco/combine-schedulers
Working copy of https://github.com/pointfreeco/combine-schedulers resolved at 1.2.0
Creating working copy for https://github.com/pointfreeco/xctest-dynamic-overlay
Working copy of https://github.com/pointfreeco/xctest-dynamic-overlay resolved at 1.11.0
Creating working copy for https://github.com/apple/swift-system.git
Working copy of https://github.com/apple/swift-system.git resolved at 1.8.0
Creating working copy for https://github.com/pointfreeco/swift-snapshot-testing
Working copy of https://github.com/pointfreeco/swift-snapshot-testing resolved at async (2dcb7e9)
Creating working copy for https://github.com/apple/swift-http-types.git
Working copy of https://github.com/apple/swift-http-types.git resolved at 1.6.0
Creating working copy for https://github.com/apple/swift-nio-ssl.git
Working copy of https://github.com/apple/swift-nio-ssl.git resolved at 2.37.2
Creating working copy for https://github.com/apple/swift-asn1.git
Working copy of https://github.com/apple/swift-asn1.git resolved at 1.7.1
Creating working copy for https://github.com/apple/swift-nio.git
Working copy of https://github.com/apple/swift-nio.git resolved at 2.101.3
Building for debugging...
[0/429] Write sources
[35/429] Compiling CNIOWindows shim.c
[36/429] Compiling CNIOWindows WSAStartup.c
[37/429] Compiling _AtomicsShims.c
[38/429] Compiling CNIOLLHTTP c_nio_http.c
[39/429] Compiling CNIOWASI CNIOWASI.c
[40/429] Compiling CNIOPosix event_loop_id.c
[41/429] Compiling CNIOOpenBSD shim.c
[42/429] Compiling CNIOLinux liburing_shims.c
[42/429] Compiling CNIOExtrasZlib zutil.c
[44/429] Compiling CNIOLinux shim.c
[45/429] Compiling CNIOFreeBSD shim.c
[46/429] Compiling CNIOLLHTTP c_nio_api.c
[47/429] Compiling CNIOExtrasZlib inftrees.c
[48/429] Compiling CNIOExtrasZlib inffast.c
[49/429] Compiling CNIOExtrasZlib crc32.c
[50/429] Compiling CNIODarwin shim.c
[51/429] Compiling CNIOExtrasZlib trees.c
[52/429] Compiling CNIOExtrasZlib adler32.c
[53/429] Compiling CNIOExtrasZlib inflate.c
[54/429] Compiling fiat_p256_adx_sqr.S
[55/429] Compiling CNIOExtrasZlib deflate.c
[56/429] Compiling fiat_p256_adx_mul.S
[57/429] Compiling fiat_curve25519_adx_square.S
[58/429] Compiling fiat_curve25519_adx_mul.S
[59/429] Compiling md5-x86_64-linux.S
[60/429] Compiling md5-x86_64-apple.S
[61/429] Compiling md5-586-linux.S
[62/429] Compiling md5-586-apple.S
[63/429] Compiling chacha20_poly1305_x86_64-linux.S
[64/429] Compiling chacha20_poly1305_x86_64-apple.S
[65/429] Compiling chacha20_poly1305_armv8-win.S
[66/429] Compiling CCryptoBoringSSLShims shims.c
[67/429] Compiling chacha20_poly1305_armv8-apple.S
[68/429] Compiling chacha-x86_64-linux.S
[69/429] Compiling chacha20_poly1305_armv8-linux.S
[70/429] Compiling chacha-x86_64-apple.S
[71/429] Compiling chacha-x86-linux.S
[72/429] Compiling chacha-x86-apple.S
[73/429] Compiling chacha-armv8-win.S
[74/429] Compiling chacha-armv8-apple.S
[75/429] Compiling chacha-armv8-linux.S
[76/429] Compiling aes128gcmsiv-x86_64-linux.S
[77/429] Compiling chacha-armv4-linux.S
[78/429] Compiling x86_64-mont5-apple.S
[79/429] Compiling aes128gcmsiv-x86_64-apple.S
[80/429] Compiling x86_64-mont5-linux.S
[81/429] Compiling x86_64-mont-linux.S
[82/429] Compiling x86_64-mont-apple.S
[83/429] Compiling x86-mont-linux.S
[84/429] Compiling vpaes-x86_64-apple.S
[85/429] Compiling x86-mont-apple.S
[86/429] Compiling vpaes-x86_64-linux.S
[87/429] Compiling vpaes-x86-linux.S
[88/429] Compiling vpaes-armv8-win.S
[89/429] Compiling vpaes-x86-apple.S
[90/429] Compiling vpaes-armv8-linux.S
[91/429] Compiling vpaes-armv8-apple.S
[92/429] Compiling vpaes-armv7-linux.S
[93/429] Compiling sha512-x86_64-linux.S
[94/429] Compiling sha512-x86_64-apple.S
[95/429] Compiling sha512-armv8-win.S
[96/429] Compiling sha512-armv8-apple.S
[97/429] Compiling sha512-armv8-linux.S
[98/429] Compiling sha512-armv4-linux.S
[98/429] Compiling sha512-586-linux.S
[100/429] Compiling sha512-586-apple.S
[101/429] Compiling sha256-x86_64-linux.S
[102/429] Compiling sha256-armv8-win.S
[103/429] Compiling sha256-x86_64-apple.S
[104/429] Compiling sha256-armv8-linux.S
[105/429] Compiling sha256-armv8-apple.S
[106/429] Compiling sha256-armv4-linux.S
[107/429] Compiling sha256-586-linux.S
[108/429] Compiling sha256-586-apple.S
[109/429] Compiling err_data.cc
[110/429] Compiling sha1-x86_64-linux.S
[111/429] Compiling sha1-x86_64-apple.S
[112/429] Compiling sha1-armv8-win.S
[113/429] Compiling sha1-armv8-linux.S
[114/429] Compiling sha1-armv8-apple.S
[115/429] Compiling sha1-armv4-large-linux.S
[116/429] Compiling sha1-586-apple.S
[117/429] Compiling sha1-586-linux.S
[118/429] Compiling rsaz-avx2-apple.S
[119/429] Compiling rsaz-avx2-linux.S
[120/429] Compiling rdrand-x86_64-linux.S
[121/429] Compiling rdrand-x86_64-apple.S
[122/429] Compiling p256_beeu-x86_64-asm-apple.S
[123/429] Compiling p256_beeu-x86_64-asm-linux.S
[124/429] Compiling p256_beeu-armv8-asm-win.S
[125/429] Compiling p256_beeu-armv8-asm-linux.S
[126/429] Compiling p256_beeu-armv8-asm-apple.S
[127/429] Write swift-version-24593BA9C3E375BF.txt
[128/429] Compiling CNIOLLHTTP c_nio_llhttp.c
[129/429] Compiling p256-x86_64-asm-linux.S
[130/429] Compiling p256-x86_64-asm-apple.S
[131/429] Compiling p256-armv8-asm-linux.S
[132/429] Compiling p256-armv8-asm-win.S
[133/429] Compiling p256-armv8-asm-apple.S
[135/516] Emitting module _NIOBase64
[135/516] Compiling c-nioatomics.c
[136/527] Compiling c-atomics.c
[137/527] Compiling ghashv8-armv8-win.S
[139/534] Emitting module NIOConcurrencyHelpers
[140/534] Compiling IssueReporting IssueSeverity.swift
[141/534] Compiling IssueReporting ReportIssue.swift
[142/536] Emitting module ConcurrencyExtras
[143/537] Compiling _NIODataStructures _TinyArray.swift
[144/537] Compiling _NIODataStructures PriorityQueue.swift
[145/537] Compiling InternalCollectionsUtilities _SortedCollection.swift
[146/537] Compiling InternalCollectionsUtilities _UniqueCollection.swift
[147/537] Compiling ConcurrencyExtras MainSerialExecutor.swift
[148/537] Compiling ConcurrencyExtras ActorIsolated.swift
[149/537] Compiling ConcurrencyExtras AnyHashableSendable.swift
[150/538] Compiling ConcurrencyExtras UncheckedSendable.swift
[151/538] Emitting module InternalCollectionsUtilities
[153/538] Compiling ConcurrencyExtras Locking.swift
[154/538] Compiling ConcurrencyExtras UncheckedBox.swift
[155/538] Compiling ConcurrencyExtras AsyncStream.swift
[156/538] Compiling ConcurrencyExtras AsyncThrowingStream.swift
[158/538] Compiling Html XmlRender.swift
[159/538] Compiling Html Tag.swift
[160/538] Compiling IssueReporting IssueReporter.swift
[161/538] Compiling IssueReporting BreakpointReporter.swift
[162/538] Compiling Html Events.swift
[163/538] Compiling Html Html4.swift
[166/538] Compiling Html Node.swift
[167/538] Compiling Html HtmlRender.swift
[168/538] Compiling Html MediaType.swift
[169/538] Compiling _NIOBase64 Base64.swift
[171/538] Compiling IssueReporting Unimplemented.swift
[176/541] Compiling IssueReporting DefaultReporter.swift
[177/541] Compiling IssueReporting FatalErrorReporter.swift
[182/541] Compiling IssueReporting IsTesting.swift
[183/542] Compiling ghashv8-armv8-linux.S
[184/542] Compiling ghashv8-armv8-apple.S
[185/542] Compiling ghashv8-armv7-linux.S
[186/578] Compiling ghash-x86_64-linux.S
[188/578] Compiling ContainersPreview Container+SpanwiseZip.swift
[189/578] Compiling ContainersPreview Container.swift
[190/578] Compiling ContainersPreview ContainerIterator.swift
[191/578] Compiling ContainersPreview DynamicContainer.swift
[192/578] Compiling ContainersPreview MutableContainer.swift
[193/582] Compiling ContainersPreview BorrowingIteratorProtocol+Map.swift
[194/582] Compiling ContainersPreview BorrowingIteratorProtocol+Reduce.swift
[195/582] Compiling ContainersPreview BorrowingIteratorProtocol+SpanwiseZip.swift
[196/582] Compiling ContainersPreview BorrowingIteratorProtocol.swift
[197/582] Compiling ContainersPreview BorrowingSequence+Algorithms.swift
[197/582] Compiling ghash-x86_64-apple.S
[198/582] Compiling ghash-x86-linux.S
[200/582] Compiling ContainersPreview PermutableContainer.swift
[201/582] Compiling ContainersPreview RandomAccessContainer.swift
[202/582] Compiling ContainersPreview RangeExpression2.swift
[203/582] Compiling ContainersPreview RangeReplaceableContainer.swift
[204/582] Compiling ContainersPreview Strideable+Limits.swift
[205/582] Compiling ContainersPreview Drain+Map.swift
[206/582] Compiling ContainersPreview Drain+Reduce.swift
[207/582] Compiling ContainersPreview Drain.swift
[208/582] Compiling ContainersPreview Producer+Collect.swift
[209/582] Compiling ContainersPreview Producer+Filter.swift
[210/582] Compiling ContainersPreview BorrowingSequence+Standard Conformances.swift
[211/582] Compiling ContainersPreview BorrowingSequence+Utilities.swift
[212/582] Compiling ContainersPreview BorrowingSequence.swift
[213/582] Compiling ContainersPreview BidirectionalContainer.swift
[214/582] Compiling ContainersPreview Container+Filter.swift
[215/582] Compiling ContainersPreview Producer+Map.swift
[216/582] Compiling ContainersPreview Producer+Reduce.swift
[217/582] Compiling ContainersPreview Producer.swift
[218/582] Compiling ContainersPreview InputSpan.swift
[219/582] Compiling ContainersPreview MutableRef.swift
[220/582] Compiling ContainersPreview Ref.swift
[221/582] Compiling ContainersPreview Shared.swift
[222/582] Compiling ContainersPreview SpanIterator.swift
[223/582] Compiling ContainersPreview UniqueBox.swift
[223/582] Compiling ghash-x86-apple.S
[224/582] Compiling ghash-ssse3-x86_64-linux.S
[225/582] Compiling ghash-ssse3-x86_64-apple.S
[226/582] Compiling ghash-ssse3-x86-linux.S
[229/582] Compiling ghash-ssse3-x86-apple.S
[230/582] Compiling ghash-neon-armv8-win.S
[231/582] Compiling ghash-neon-armv8-linux.S
[233/582] Compiling _NIODataStructures Heap.swift
[234/582] Emitting module _NIODataStructures
[235/583] Compiling NIOConcurrencyHelpers NIOLock.swift
[236/583] Compiling NIOConcurrencyHelpers NIOAtomic.swift
[236/583] Compiling ghash-neon-armv8-apple.S
[238/583] Compiling ghash-armv4-linux.S
[240/583] Emitting module IssueReporting
[240/583] Compiling co-586-linux.S
[242/583] Compiling ContainersPreview OutputSpan+Extras.swift
[243/583] Compiling ContainersPreview TemporaryAllocation.swift
[244/583] Compiling ContainersPreview BorrowingIteratorProtocol+Copy.swift
[245/583] Compiling ContainersPreview BorrowingIteratorProtocol+ElementsEqual.swift
[246/583] Compiling ContainersPreview BorrowingIteratorProtocol+Filter.swift
[247/583] Emitting module ContainersPreview
[247/584] Compiling bsaes-armv7-linux.S
[248/584] Compiling co-586-apple.S
[250/584] Compiling NIOConcurrencyHelpers lock.swift
[251/584] Compiling bn-armv8-win.S
[251/584] Compiling bn-armv8-linux.S
[253/584] Compiling bn-armv8-apple.S
[254/584] Compiling bn-586-linux.S
[255/584] Compiling bn-586-apple.S
[256/625] Compiling armv8-mont-win.S
[257/625] Compiling armv8-mont-linux.S
[258/625] Compiling armv8-mont-apple.S
[259/625] Compiling armv4-mont-linux.S
[260/625] Compiling aesv8-gcm-armv8-win.S
[261/625] Compiling aesv8-gcm-armv8-linux.S
[262/625] Compiling aesv8-gcm-armv8-apple.S
[263/625] Compiling aesv8-armv8-win.S
[264/625] Compiling aesv8-armv8-linux.S
[266/625] Compiling NIOConcurrencyHelpers NIOLockedValueBox.swift
[267/625] Compiling NIOConcurrencyHelpers atomics.swift
[268/625] Compiling NIOConcurrencyHelpers NIOThreadPoolWorkAvailable.swift
[268/625] Compiling aesv8-armv8-apple.S
[269/626] Compiling aesv8-armv7-linux.S
[271/626] Compiling aesni-x86_64-linux.S
[272/626] Compiling aesni-x86_64-apple.S
[273/626] Compiling aesni-x86-linux.S
[274/626] Compiling aesni-x86-apple.S
[276/626] Compiling DequeModule Deque+Codable.swift
[277/626] Compiling DequeModule Deque+Collection.swift
[278/626] Compiling DequeModule Deque+CustomReflectable.swift
[278/626] Compiling aesni-gcm-x86_64-linux.S
[279/626] Compiling aesni-gcm-x86_64-apple.S
[280/626] Compiling aes-gcm-avx512-x86_64-linux.S
[281/626] Compiling aes-gcm-avx512-x86_64-apple.S
[282/626] Compiling aes-gcm-avx2-x86_64-linux.S
[283/626] Compiling aes-gcm-avx2-x86_64-apple.S
[285/626] Compiling DequeModule RigidDeque+Equatable.swift
[286/626] Compiling DequeModule RigidDeque+Experimental.swift
[287/626] Compiling DequeModule RigidDeque+Hashable.swift
[288/626] Compiling DequeModule Deque+Descriptions.swift
[289/626] Compiling DequeModule Deque+Equatable.swift
[290/626] Compiling DequeModule Deque+ExpressibleByArrayLiteral.swift
[291/626] Compiling DequeModule _DequeBuffer.swift
[292/626] Compiling DequeModule _DequeBufferHeader.swift
[293/626] Compiling DequeModule RigidDeque+Append.swift
[294/626] Compiling DequeModule RigidDeque+Consumption.swift
[295/626] Compiling DequeModule RigidDeque+Container.swift
[296/626] Compiling DequeModule RigidDeque+Descriptions.swift
[297/631] Compiling DequeModule RigidDeque+Removals.swift
[298/631] Compiling DequeModule RigidDeque+Replacements.swift
[299/631] Compiling DequeModule RigidDeque+Testing.swift
[300/631] Compiling DequeModule RigidDeque.swift
[301/631] Compiling DequeModule UniqueDeque+Append.swift
[302/631] Compiling DequeModule UniqueDeque+Consumption.swift
[303/631] Compiling DequeModule RigidDeque+Initializers.swift
[304/631] Compiling DequeModule RigidDeque+Insertions.swift
[305/631] Compiling DequeModule RigidDeque+Prepend.swift
[306/631] Compiling DequeModule UniqueDeque+Container.swift
[307/631] Compiling DequeModule UniqueDeque+Deprecated.swift
[308/631] Compiling DequeModule UniqueDeque+Descriptions.swift
/host/spi-builder-workspace/.build/checkouts/swift-snapshot-testing/Sources/SnapshotTesting/Diffing.swift:14:48: error: cannot find type 'XCTAttachment' in scope
12 |   /// Compares two values. If the values do not match, returns a failure message and artifacts
13 |   /// describing the failure.
14 |   public var diff: (Value, Value) -> (String, [XCTAttachment])?
   |                                                `- error: cannot find type 'XCTAttachment' in scope
15 |
16 |   /// Creates a new `Diffing` on `Value`.
/host/spi-builder-workspace/.build/checkouts/swift-snapshot-testing/Sources/SnapshotTesting/Diffing.swift:30:63: error: cannot find type 'XCTAttachment' in scope
28 |     toData: @escaping (_ value: Value) -> Data,
29 |     fromData: @escaping (_ data: Data) -> Value,
30 |     diff: @escaping (_ lhs: Value, _ rhs: Value) -> (String, [XCTAttachment])?
   |                                                               `- error: cannot find type 'XCTAttachment' in scope
31 |   ) {
32 |     self.toData = toData
/host/spi-builder-workspace/.build/checkouts/swift-snapshot-testing/Sources/SnapshotTesting/Diffing.swift:30:11: error: @escaping attribute only applies to function types
28 |     toData: @escaping (_ value: Value) -> Data,
29 |     fromData: @escaping (_ data: Data) -> Value,
30 |     diff: @escaping (_ lhs: Value, _ rhs: Value) -> (String, [XCTAttachment])?
   |           `- error: @escaping attribute only applies to function types
31 |   ) {
32 |     self.toData = toData
/host/spi-builder-workspace/.build/checkouts/swift-snapshot-testing/Sources/SnapshotTesting/Internal/Deprecations.swift:115:11: error: cannot find 'DispatchQueue' in scope
113 |       #if !os(Linux) && !os(Windows)
114 |         if ProcessInfo.processInfo.environment.keys.contains("__XCODE_BUILT_PRODUCTS_DIR_PATHS") {
115 |           DispatchQueue.mainSync {
    |           `- error: cannot find 'DispatchQueue' in scope
116 |             XCTContext.runActivity(named: "Attached Failure Diff") { activity in
117 |               attachments.forEach {
/host/spi-builder-workspace/.build/checkouts/swift-snapshot-testing/Sources/SnapshotTesting/Internal/Deprecations.swift:116:13: error: cannot find 'XCTContext' in scope
114 |         if ProcessInfo.processInfo.environment.keys.contains("__XCODE_BUILT_PRODUCTS_DIR_PATHS") {
115 |           DispatchQueue.mainSync {
116 |             XCTContext.runActivity(named: "Attached Failure Diff") { activity in
    |             `- error: cannot find 'XCTContext' in scope
117 |               attachments.forEach {
118 |                 activity.add($0)
/host/spi-builder-workspace/.build/checkouts/swift-snapshot-testing/Sources/SnapshotTesting/Internal/Deprecations.swift:129:41: error: cannot infer contextual base in reference to member 'whitespacesAndNewlines'
127 |       Snapshot does not match reference.
128 |
129 |       \(failure.trimmingCharacters(in: .whitespacesAndNewlines))
    |                                         `- error: cannot infer contextual base in reference to member 'whitespacesAndNewlines'
130 |       """
131 |
/host/spi-builder-workspace/.build/checkouts/swift-snapshot-testing/Sources/SnapshotTesting/Diffing.swift:14:48: error: cannot find type 'XCTAttachment' in scope
12 |   /// Compares two values. If the values do not match, returns a failure message and artifacts
13 |   /// describing the failure.
14 |   public var diff: (Value, Value) -> (String, [XCTAttachment])?
   |                                                `- error: cannot find type 'XCTAttachment' in scope
15 |
16 |   /// Creates a new `Diffing` on `Value`.
/host/spi-builder-workspace/.build/checkouts/swift-snapshot-testing/Sources/SnapshotTesting/Diffing.swift:30:63: error: cannot find type 'XCTAttachment' in scope
28 |     toData: @escaping (_ value: Value) -> Data,
29 |     fromData: @escaping (_ data: Data) -> Value,
30 |     diff: @escaping (_ lhs: Value, _ rhs: Value) -> (String, [XCTAttachment])?
   |                                                               `- error: cannot find type 'XCTAttachment' in scope
31 |   ) {
32 |     self.toData = toData
/host/spi-builder-workspace/.build/checkouts/swift-snapshot-testing/Sources/SnapshotTesting/Diffing.swift:30:11: error: @escaping attribute only applies to function types
28 |     toData: @escaping (_ value: Value) -> Data,
29 |     fromData: @escaping (_ data: Data) -> Value,
30 |     diff: @escaping (_ lhs: Value, _ rhs: Value) -> (String, [XCTAttachment])?
   |           `- error: @escaping attribute only applies to function types
31 |   ) {
32 |     self.toData = toData
/host/spi-builder-workspace/.build/checkouts/swift-snapshot-testing/Sources/SnapshotTesting/Internal/Deprecations.swift:115:11: error: cannot find 'DispatchQueue' in scope
113 |       #if !os(Linux) && !os(Windows)
114 |         if ProcessInfo.processInfo.environment.keys.contains("__XCODE_BUILT_PRODUCTS_DIR_PATHS") {
115 |           DispatchQueue.mainSync {
    |           `- error: cannot find 'DispatchQueue' in scope
116 |             XCTContext.runActivity(named: "Attached Failure Diff") { activity in
117 |               attachments.forEach {
/host/spi-builder-workspace/.build/checkouts/swift-snapshot-testing/Sources/SnapshotTesting/Internal/Deprecations.swift:116:13: error: cannot find 'XCTContext' in scope
114 |         if ProcessInfo.processInfo.environment.keys.contains("__XCODE_BUILT_PRODUCTS_DIR_PATHS") {
115 |           DispatchQueue.mainSync {
116 |             XCTContext.runActivity(named: "Attached Failure Diff") { activity in
    |             `- error: cannot find 'XCTContext' in scope
117 |               attachments.forEach {
118 |                 activity.add($0)
/host/spi-builder-workspace/.build/checkouts/swift-snapshot-testing/Sources/SnapshotTesting/Internal/Deprecations.swift:129:41: error: cannot infer contextual base in reference to member 'whitespacesAndNewlines'
127 |       Snapshot does not match reference.
128 |
129 |       \(failure.trimmingCharacters(in: .whitespacesAndNewlines))
    |                                         `- error: cannot infer contextual base in reference to member 'whitespacesAndNewlines'
130 |       """
131 |
/host/spi-builder-workspace/.build/checkouts/swift-snapshot-testing/Sources/SnapshotTesting/Diffing.swift:14:48: error: cannot find type 'XCTAttachment' in scope
12 |   /// Compares two values. If the values do not match, returns a failure message and artifacts
13 |   /// describing the failure.
14 |   public var diff: (Value, Value) -> (String, [XCTAttachment])?
   |                                                `- error: cannot find type 'XCTAttachment' in scope
15 |
16 |   /// Creates a new `Diffing` on `Value`.
/host/spi-builder-workspace/.build/checkouts/swift-snapshot-testing/Sources/SnapshotTesting/Diffing.swift:30:63: error: cannot find type 'XCTAttachment' in scope
28 |     toData: @escaping (_ value: Value) -> Data,
29 |     fromData: @escaping (_ data: Data) -> Value,
30 |     diff: @escaping (_ lhs: Value, _ rhs: Value) -> (String, [XCTAttachment])?
   |                                                               `- error: cannot find type 'XCTAttachment' in scope
31 |   ) {
32 |     self.toData = toData
/host/spi-builder-workspace/.build/checkouts/swift-snapshot-testing/Sources/SnapshotTesting/Diffing.swift:30:11: error: @escaping attribute only applies to function types
28 |     toData: @escaping (_ value: Value) -> Data,
29 |     fromData: @escaping (_ data: Data) -> Value,
30 |     diff: @escaping (_ lhs: Value, _ rhs: Value) -> (String, [XCTAttachment])?
   |           `- error: @escaping attribute only applies to function types
31 |   ) {
32 |     self.toData = toData
/host/spi-builder-workspace/.build/checkouts/swift-snapshot-testing/Sources/SnapshotTesting/Internal/Deprecations.swift:115:11: error: cannot find 'DispatchQueue' in scope
113 |       #if !os(Linux) && !os(Windows)
114 |         if ProcessInfo.processInfo.environment.keys.contains("__XCODE_BUILT_PRODUCTS_DIR_PATHS") {
115 |           DispatchQueue.mainSync {
    |           `- error: cannot find 'DispatchQueue' in scope
116 |             XCTContext.runActivity(named: "Attached Failure Diff") { activity in
117 |               attachments.forEach {
/host/spi-builder-workspace/.build/checkouts/swift-snapshot-testing/Sources/SnapshotTesting/Internal/Deprecations.swift:116:13: error: cannot find 'XCTContext' in scope
114 |         if ProcessInfo.processInfo.environment.keys.contains("__XCODE_BUILT_PRODUCTS_DIR_PATHS") {
115 |           DispatchQueue.mainSync {
116 |             XCTContext.runActivity(named: "Attached Failure Diff") { activity in
    |             `- error: cannot find 'XCTContext' in scope
117 |               attachments.forEach {
118 |                 activity.add($0)
/host/spi-builder-workspace/.build/checkouts/swift-snapshot-testing/Sources/SnapshotTesting/Internal/Deprecations.swift:129:41: error: cannot infer contextual base in reference to member 'whitespacesAndNewlines'
127 |       Snapshot does not match reference.
128 |
129 |       \(failure.trimmingCharacters(in: .whitespacesAndNewlines))
    |                                         `- error: cannot infer contextual base in reference to member 'whitespacesAndNewlines'
130 |       """
131 |
/host/spi-builder-workspace/.build/checkouts/swift-snapshot-testing/Sources/SnapshotTesting/Diffing.swift:14:48: error: cannot find type 'XCTAttachment' in scope
12 |   /// Compares two values. If the values do not match, returns a failure message and artifacts
13 |   /// describing the failure.
14 |   public var diff: (Value, Value) -> (String, [XCTAttachment])?
   |                                                `- error: cannot find type 'XCTAttachment' in scope
15 |
16 |   /// Creates a new `Diffing` on `Value`.
/host/spi-builder-workspace/.build/checkouts/swift-snapshot-testing/Sources/SnapshotTesting/Diffing.swift:30:63: error: cannot find type 'XCTAttachment' in scope
28 |     toData: @escaping (_ value: Value) -> Data,
29 |     fromData: @escaping (_ data: Data) -> Value,
30 |     diff: @escaping (_ lhs: Value, _ rhs: Value) -> (String, [XCTAttachment])?
   |                                                               `- error: cannot find type 'XCTAttachment' in scope
31 |   ) {
32 |     self.toData = toData
/host/spi-builder-workspace/.build/checkouts/swift-snapshot-testing/Sources/SnapshotTesting/Diffing.swift:30:11: error: @escaping attribute only applies to function types
28 |     toData: @escaping (_ value: Value) -> Data,
29 |     fromData: @escaping (_ data: Data) -> Value,
30 |     diff: @escaping (_ lhs: Value, _ rhs: Value) -> (String, [XCTAttachment])?
   |           `- error: @escaping attribute only applies to function types
31 |   ) {
32 |     self.toData = toData
/host/spi-builder-workspace/.build/checkouts/swift-snapshot-testing/Sources/SnapshotTesting/Internal/Deprecations.swift:115:11: error: cannot find 'DispatchQueue' in scope
113 |       #if !os(Linux) && !os(Windows)
114 |         if ProcessInfo.processInfo.environment.keys.contains("__XCODE_BUILT_PRODUCTS_DIR_PATHS") {
115 |           DispatchQueue.mainSync {
    |           `- error: cannot find 'DispatchQueue' in scope
116 |             XCTContext.runActivity(named: "Attached Failure Diff") { activity in
117 |               attachments.forEach {
/host/spi-builder-workspace/.build/checkouts/swift-snapshot-testing/Sources/SnapshotTesting/Internal/Deprecations.swift:116:13: error: cannot find 'XCTContext' in scope
114 |         if ProcessInfo.processInfo.environment.keys.contains("__XCODE_BUILT_PRODUCTS_DIR_PATHS") {
115 |           DispatchQueue.mainSync {
116 |             XCTContext.runActivity(named: "Attached Failure Diff") { activity in
    |             `- error: cannot find 'XCTContext' in scope
117 |               attachments.forEach {
118 |                 activity.add($0)
/host/spi-builder-workspace/.build/checkouts/swift-snapshot-testing/Sources/SnapshotTesting/Internal/Deprecations.swift:129:41: error: cannot infer contextual base in reference to member 'whitespacesAndNewlines'
127 |       Snapshot does not match reference.
128 |
129 |       \(failure.trimmingCharacters(in: .whitespacesAndNewlines))
    |                                         `- error: cannot infer contextual base in reference to member 'whitespacesAndNewlines'
130 |       """
131 |
/host/spi-builder-workspace/.build/checkouts/swift-snapshot-testing/Sources/SnapshotTesting/Snapshotting/String.swift:25:22: error: cannot find 'XCTAttachment' in scope
23 |       .flatMap { [$0.patchMark] + $0.lines }
24 |       .joined(separator: "\n")
25 |     let attachment = XCTAttachment(
   |                      `- error: cannot find 'XCTAttachment' in scope
26 |       data: Data(failure.utf8), uniformTypeIdentifier: "public.patch-file")
27 |     return (failure, [attachment])
/host/spi-builder-workspace/.build/checkouts/swift-snapshot-testing/Sources/SnapshotTesting/Diffing.swift:30:63: error: cannot find type 'XCTAttachment' in scope
28 |     toData: @escaping (_ value: Value) -> Data,
29 |     fromData: @escaping (_ data: Data) -> Value,
30 |     diff: @escaping (_ lhs: Value, _ rhs: Value) -> (String, [XCTAttachment])?
   |                                                               `- error: cannot find type 'XCTAttachment' in scope
31 |   ) {
32 |     self.toData = toData
/host/spi-builder-workspace/.build/checkouts/swift-snapshot-testing/Sources/SnapshotTesting/Diffing.swift:30:11: error: @escaping attribute only applies to function types
28 |     toData: @escaping (_ value: Value) -> Data,
29 |     fromData: @escaping (_ data: Data) -> Value,
30 |     diff: @escaping (_ lhs: Value, _ rhs: Value) -> (String, [XCTAttachment])?
   |           `- error: @escaping attribute only applies to function types
31 |   ) {
32 |     self.toData = toData
/host/spi-builder-workspace/.build/checkouts/swift-snapshot-testing/Sources/SnapshotTesting/Snapshotting/String.swift:15:36: error: 'nil' requires a contextual type
13 |     fromData: { String(decoding: $0, as: UTF8.self) }
14 |   ) { old, new in
15 |     guard old != new else { return nil }
   |                                    `- error: 'nil' requires a contextual type
16 |     let hunks = chunk(
17 |       diff: SnapshotTesting.diff(
/host/spi-builder-workspace/.build/checkouts/swift-snapshot-testing/Sources/SnapshotTesting/Snapshotting/Any.swift:17:12: error: generic parameter 'Format' could not be inferred
 15 |   /// ```
 16 |   public static var description: Snapshotting {
 17 |     return SimplySnapshotting.lines.pullback(String.init(describing:))
    |            |- error: generic parameter 'Format' could not be inferred
    |            `- note: explicitly specify the generic arguments to fix this issue
 18 |   }
 19 | }
/host/spi-builder-workspace/.build/checkouts/swift-snapshot-testing/Sources/SnapshotTesting/Snapshotting.swift:118:37: note: 'Format' declared as parameter to type 'SimplySnapshotting'
116 |
117 | /// A snapshot strategy where the type being snapshot is also a diffable type.
118 | public typealias SimplySnapshotting<Format> = Snapshotting<Format, Format>
    |                                     `- note: 'Format' declared as parameter to type 'SimplySnapshotting'
119 |
120 | extension Snapshotting where Value == Format {
/host/spi-builder-workspace/.build/checkouts/swift-snapshot-testing/Sources/SnapshotTesting/Snapshotting/Any.swift:17:53: error: generic parameter 'Subject' could not be inferred
 15 |   /// ```
 16 |   public static var description: Snapshotting {
 17 |     return SimplySnapshotting.lines.pullback(String.init(describing:))
    |                                                     `- error: generic parameter 'Subject' could not be inferred
 18 |   }
 19 | }
Swift.String.init:2:19: note: in call to initializer
1 | struct String {
2 | @inlinable public init<Subject>(describing instance: Subject) where Subject : CustomStringConvertible, Subject : TextOutputStreamable}
  |                   `- note: in call to initializer
3 |
/host/spi-builder-workspace/.build/checkouts/swift-snapshot-testing/Sources/SnapshotTesting/Snapshotting/Any.swift:45:12: error: generic parameter 'Format' could not be inferred
 43 |   /// ```
 44 |   public static var dump: Snapshotting {
 45 |     return SimplySnapshotting.lines.pullback { snap($0) }
    |            |- error: generic parameter 'Format' could not be inferred
    |            `- note: explicitly specify the generic arguments to fix this issue
 46 |   }
 47 | }
/host/spi-builder-workspace/.build/checkouts/swift-snapshot-testing/Sources/SnapshotTesting/Snapshotting.swift:118:37: note: 'Format' declared as parameter to type 'SimplySnapshotting'
116 |
117 | /// A snapshot strategy where the type being snapshot is also a diffable type.
118 | public typealias SimplySnapshotting<Format> = Snapshotting<Format, Format>
    |                                     `- note: 'Format' declared as parameter to type 'SimplySnapshotting'
119 |
120 | extension Snapshotting where Value == Format {
/host/spi-builder-workspace/.build/checkouts/swift-snapshot-testing/Sources/SnapshotTesting/Snapshotting/Any.swift:58:24: error: generic parameter 'Format' could not be inferred
 56 |     ]
 57 |
 58 |     var snapshotting = SimplySnapshotting.lines.pullback { (data: Value) in
    |                        |- error: generic parameter 'Format' could not be inferred
    |                        `- note: explicitly specify the generic arguments to fix this issue
 59 |       try! String(
 60 |         decoding: JSONSerialization.data(
/host/spi-builder-workspace/.build/checkouts/swift-snapshot-testing/Sources/SnapshotTesting/Snapshotting.swift:118:37: note: 'Format' declared as parameter to type 'SimplySnapshotting'
116 |
117 | /// A snapshot strategy where the type being snapshot is also a diffable type.
118 | public typealias SimplySnapshotting<Format> = Snapshotting<Format, Format>
    |                                     `- note: 'Format' declared as parameter to type 'SimplySnapshotting'
119 |
120 | extension Snapshotting where Value == Format {
/host/spi-builder-workspace/.build/checkouts/swift-snapshot-testing/Sources/SnapshotTesting/Snapshotting/String.swift:25:22: error: cannot find 'XCTAttachment' in scope
23 |       .flatMap { [$0.patchMark] + $0.lines }
24 |       .joined(separator: "\n")
25 |     let attachment = XCTAttachment(
   |                      `- error: cannot find 'XCTAttachment' in scope
26 |       data: Data(failure.utf8), uniformTypeIdentifier: "public.patch-file")
27 |     return (failure, [attachment])
/host/spi-builder-workspace/.build/checkouts/swift-snapshot-testing/Sources/SnapshotTesting/Diffing.swift:30:63: error: cannot find type 'XCTAttachment' in scope
28 |     toData: @escaping (_ value: Value) -> Data,
29 |     fromData: @escaping (_ data: Data) -> Value,
30 |     diff: @escaping (_ lhs: Value, _ rhs: Value) -> (String, [XCTAttachment])?
   |                                                               `- error: cannot find type 'XCTAttachment' in scope
31 |   ) {
32 |     self.toData = toData
/host/spi-builder-workspace/.build/checkouts/swift-snapshot-testing/Sources/SnapshotTesting/Diffing.swift:30:11: error: @escaping attribute only applies to function types
28 |     toData: @escaping (_ value: Value) -> Data,
29 |     fromData: @escaping (_ data: Data) -> Value,
30 |     diff: @escaping (_ lhs: Value, _ rhs: Value) -> (String, [XCTAttachment])?
   |           `- error: @escaping attribute only applies to function types
31 |   ) {
32 |     self.toData = toData
/host/spi-builder-workspace/.build/checkouts/swift-snapshot-testing/Sources/SnapshotTesting/Snapshotting/String.swift:15:36: error: 'nil' requires a contextual type
13 |     fromData: { String(decoding: $0, as: UTF8.self) }
14 |   ) { old, new in
15 |     guard old != new else { return nil }
   |                                    `- error: 'nil' requires a contextual type
16 |     let hunks = chunk(
17 |       diff: SnapshotTesting.diff(
/host/spi-builder-workspace/.build/checkouts/swift-snapshot-testing/Sources/SnapshotTesting/Snapshotting/Any.swift:17:12: error: generic parameter 'Format' could not be inferred
 15 |   /// ```
 16 |   public static var description: Snapshotting {
 17 |     return SimplySnapshotting.lines.pullback(String.init(describing:))
    |            |- error: generic parameter 'Format' could not be inferred
    |            `- note: explicitly specify the generic arguments to fix this issue
 18 |   }
 19 | }
/host/spi-builder-workspace/.build/checkouts/swift-snapshot-testing/Sources/SnapshotTesting/Snapshotting.swift:118:37: note: 'Format' declared as parameter to type 'SimplySnapshotting'
116 |
117 | /// A snapshot strategy where the type being snapshot is also a diffable type.
118 | public typealias SimplySnapshotting<Format> = Snapshotting<Format, Format>
    |                                     `- note: 'Format' declared as parameter to type 'SimplySnapshotting'
119 |
120 | extension Snapshotting where Value == Format {
/host/spi-builder-workspace/.build/checkouts/swift-snapshot-testing/Sources/SnapshotTesting/Snapshotting/Any.swift:17:53: error: generic parameter 'Subject' could not be inferred
 15 |   /// ```
 16 |   public static var description: Snapshotting {
 17 |     return SimplySnapshotting.lines.pullback(String.init(describing:))
    |                                                     `- error: generic parameter 'Subject' could not be inferred
 18 |   }
 19 | }
Swift.String.init:2:19: note: in call to initializer
1 | struct String {
2 | @inlinable public init<Subject>(describing instance: Subject) where Subject : CustomStringConvertible, Subject : TextOutputStreamable}
  |                   `- note: in call to initializer
3 |
/host/spi-builder-workspace/.build/checkouts/swift-snapshot-testing/Sources/SnapshotTesting/Snapshotting/Any.swift:45:12: error: generic parameter 'Format' could not be inferred
 43 |   /// ```
 44 |   public static var dump: Snapshotting {
 45 |     return SimplySnapshotting.lines.pullback { snap($0) }
    |            |- error: generic parameter 'Format' could not be inferred
    |            `- note: explicitly specify the generic arguments to fix this issue
 46 |   }
 47 | }
/host/spi-builder-workspace/.build/checkouts/swift-snapshot-testing/Sources/SnapshotTesting/Snapshotting.swift:118:37: note: 'Format' declared as parameter to type 'SimplySnapshotting'
116 |
117 | /// A snapshot strategy where the type being snapshot is also a diffable type.
118 | public typealias SimplySnapshotting<Format> = Snapshotting<Format, Format>
    |                                     `- note: 'Format' declared as parameter to type 'SimplySnapshotting'
119 |
120 | extension Snapshotting where Value == Format {
/host/spi-builder-workspace/.build/checkouts/swift-snapshot-testing/Sources/SnapshotTesting/Snapshotting/Any.swift:58:24: error: generic parameter 'Format' could not be inferred
 56 |     ]
 57 |
 58 |     var snapshotting = SimplySnapshotting.lines.pullback { (data: Value) in
    |                        |- error: generic parameter 'Format' could not be inferred
    |                        `- note: explicitly specify the generic arguments to fix this issue
 59 |       try! String(
 60 |         decoding: JSONSerialization.data(
/host/spi-builder-workspace/.build/checkouts/swift-snapshot-testing/Sources/SnapshotTesting/Snapshotting.swift:118:37: note: 'Format' declared as parameter to type 'SimplySnapshotting'
116 |
117 | /// A snapshot strategy where the type being snapshot is also a diffable type.
118 | public typealias SimplySnapshotting<Format> = Snapshotting<Format, Format>
    |                                     `- note: 'Format' declared as parameter to type 'SimplySnapshotting'
119 |
120 | extension Snapshotting where Value == Format {
/host/spi-builder-workspace/.build/checkouts/swift-snapshot-testing/Sources/SnapshotTesting/Snapshotting/String.swift:25:22: error: cannot find 'XCTAttachment' in scope
23 |       .flatMap { [$0.patchMark] + $0.lines }
24 |       .joined(separator: "\n")
25 |     let attachment = XCTAttachment(
   |                      `- error: cannot find 'XCTAttachment' in scope
26 |       data: Data(failure.utf8), uniformTypeIdentifier: "public.patch-file")
27 |     return (failure, [attachment])
/host/spi-builder-workspace/.build/checkouts/swift-snapshot-testing/Sources/SnapshotTesting/Diffing.swift:30:63: error: cannot find type 'XCTAttachment' in scope
28 |     toData: @escaping (_ value: Value) -> Data,
29 |     fromData: @escaping (_ data: Data) -> Value,
30 |     diff: @escaping (_ lhs: Value, _ rhs: Value) -> (String, [XCTAttachment])?
   |                                                               `- error: cannot find type 'XCTAttachment' in scope
31 |   ) {
32 |     self.toData = toData
/host/spi-builder-workspace/.build/checkouts/swift-snapshot-testing/Sources/SnapshotTesting/Diffing.swift:30:11: error: @escaping attribute only applies to function types
28 |     toData: @escaping (_ value: Value) -> Data,
29 |     fromData: @escaping (_ data: Data) -> Value,
30 |     diff: @escaping (_ lhs: Value, _ rhs: Value) -> (String, [XCTAttachment])?
   |           `- error: @escaping attribute only applies to function types
31 |   ) {
32 |     self.toData = toData
/host/spi-builder-workspace/.build/checkouts/swift-snapshot-testing/Sources/SnapshotTesting/Snapshotting/String.swift:15:36: error: 'nil' requires a contextual type
13 |     fromData: { String(decoding: $0, as: UTF8.self) }
14 |   ) { old, new in
15 |     guard old != new else { return nil }
   |                                    `- error: 'nil' requires a contextual type
16 |     let hunks = chunk(
17 |       diff: SnapshotTesting.diff(
/host/spi-builder-workspace/.build/checkouts/swift-snapshot-testing/Sources/SnapshotTesting/Snapshotting/Any.swift:17:12: error: generic parameter 'Format' could not be inferred
 15 |   /// ```
 16 |   public static var description: Snapshotting {
 17 |     return SimplySnapshotting.lines.pullback(String.init(describing:))
    |            |- error: generic parameter 'Format' could not be inferred
    |            `- note: explicitly specify the generic arguments to fix this issue
 18 |   }
 19 | }
/host/spi-builder-workspace/.build/checkouts/swift-snapshot-testing/Sources/SnapshotTesting/Snapshotting.swift:118:37: note: 'Format' declared as parameter to type 'SimplySnapshotting'
116 |
117 | /// A snapshot strategy where the type being snapshot is also a diffable type.
118 | public typealias SimplySnapshotting<Format> = Snapshotting<Format, Format>
    |                                     `- note: 'Format' declared as parameter to type 'SimplySnapshotting'
119 |
120 | extension Snapshotting where Value == Format {
/host/spi-builder-workspace/.build/checkouts/swift-snapshot-testing/Sources/SnapshotTesting/Snapshotting/Any.swift:17:53: error: generic parameter 'Subject' could not be inferred
 15 |   /// ```
 16 |   public static var description: Snapshotting {
 17 |     return SimplySnapshotting.lines.pullback(String.init(describing:))
    |                                                     `- error: generic parameter 'Subject' could not be inferred
 18 |   }
 19 | }
Swift.String.init:2:19: note: in call to initializer
1 | struct String {
2 | @inlinable public init<Subject>(describing instance: Subject) where Subject : CustomStringConvertible, Subject : TextOutputStreamable}
  |                   `- note: in call to initializer
3 |
/host/spi-builder-workspace/.build/checkouts/swift-snapshot-testing/Sources/SnapshotTesting/Snapshotting/Any.swift:45:12: error: generic parameter 'Format' could not be inferred
 43 |   /// ```
 44 |   public static var dump: Snapshotting {
 45 |     return SimplySnapshotting.lines.pullback { snap($0) }
    |            |- error: generic parameter 'Format' could not be inferred
    |            `- note: explicitly specify the generic arguments to fix this issue
 46 |   }
 47 | }
/host/spi-builder-workspace/.build/checkouts/swift-snapshot-testing/Sources/SnapshotTesting/Snapshotting.swift:118:37: note: 'Format' declared as parameter to type 'SimplySnapshotting'
116 |
117 | /// A snapshot strategy where the type being snapshot is also a diffable type.
118 | public typealias SimplySnapshotting<Format> = Snapshotting<Format, Format>
    |                                     `- note: 'Format' declared as parameter to type 'SimplySnapshotting'
119 |
120 | extension Snapshotting where Value == Format {
/host/spi-builder-workspace/.build/checkouts/swift-snapshot-testing/Sources/SnapshotTesting/Snapshotting/Any.swift:58:24: error: generic parameter 'Format' could not be inferred
 56 |     ]
 57 |
 58 |     var snapshotting = SimplySnapshotting.lines.pullback { (data: Value) in
    |                        |- error: generic parameter 'Format' could not be inferred
    |                        `- note: explicitly specify the generic arguments to fix this issue
 59 |       try! String(
 60 |         decoding: JSONSerialization.data(
/host/spi-builder-workspace/.build/checkouts/swift-snapshot-testing/Sources/SnapshotTesting/Snapshotting.swift:118:37: note: 'Format' declared as parameter to type 'SimplySnapshotting'
116 |
117 | /// A snapshot strategy where the type being snapshot is also a diffable type.
118 | public typealias SimplySnapshotting<Format> = Snapshotting<Format, Format>
    |                                     `- note: 'Format' declared as parameter to type 'SimplySnapshotting'
119 |
120 | extension Snapshotting where Value == Format {
[318/635] Compiling DequeModule UniqueDeque+Equatable.swift
/host/spi-builder-workspace/.build/checkouts/swift-snapshot-testing/Sources/SnapshotTesting/Snapshotting/String.swift:25:22: error: cannot find 'XCTAttachment' in scope
23 |       .flatMap { [$0.patchMark] + $0.lines }
24 |       .joined(separator: "\n")
25 |     let attachment = XCTAttachment(
   |                      `- error: cannot find 'XCTAttachment' in scope
26 |       data: Data(failure.utf8), uniformTypeIdentifier: "public.patch-file")
27 |     return (failure, [attachment])
/host/spi-builder-workspace/.build/checkouts/swift-snapshot-testing/Sources/SnapshotTesting/Diffing.swift:30:63: error: cannot find type 'XCTAttachment' in scope
28 |     toData: @escaping (_ value: Value) -> Data,
29 |     fromData: @escaping (_ data: Data) -> Value,
30 |     diff: @escaping (_ lhs: Value, _ rhs: Value) -> (String, [XCTAttachment])?
   |                                                               `- error: cannot find type 'XCTAttachment' in scope
31 |   ) {
32 |     self.toData = toData
/host/spi-builder-workspace/.build/checkouts/swift-snapshot-testing/Sources/SnapshotTesting/Diffing.swift:30:11: error: @escaping attribute only applies to function types
28 |     toData: @escaping (_ value: Value) -> Data,
29 |     fromData: @escaping (_ data: Data) -> Value,
30 |     diff: @escaping (_ lhs: Value, _ rhs: Value) -> (String, [XCTAttachment])?
   |           `- error: @escaping attribute only applies to function types
31 |   ) {
32 |     self.toData = toData
/host/spi-builder-workspace/.build/checkouts/swift-snapshot-testing/Sources/SnapshotTesting/Snapshotting/String.swift:15:36: error: 'nil' requires a contextual type
13 |     fromData: { String(decoding: $0, as: UTF8.self) }
14 |   ) { old, new in
15 |     guard old != new else { return nil }
   |                                    `- error: 'nil' requires a contextual type
16 |     let hunks = chunk(
17 |       diff: SnapshotTesting.diff(
/host/spi-builder-workspace/.build/checkouts/swift-snapshot-testing/Sources/SnapshotTesting/Snapshotting/Any.swift:17:12: error: generic parameter 'Format' could not be inferred
 15 |   /// ```
 16 |   public static var description: Snapshotting {
 17 |     return SimplySnapshotting.lines.pullback(String.init(describing:))
    |            |- error: generic parameter 'Format' could not be inferred
    |            `- note: explicitly specify the generic arguments to fix this issue
 18 |   }
 19 | }
/host/spi-builder-workspace/.build/checkouts/swift-snapshot-testing/Sources/SnapshotTesting/Snapshotting.swift:118:37: note: 'Format' declared as parameter to type 'SimplySnapshotting'
116 |
117 | /// A snapshot strategy where the type being snapshot is also a diffable type.
118 | public typealias SimplySnapshotting<Format> = Snapshotting<Format, Format>
    |                                     `- note: 'Format' declared as parameter to type 'SimplySnapshotting'
119 |
120 | extension Snapshotting where Value == Format {
/host/spi-builder-workspace/.build/checkouts/swift-snapshot-testing/Sources/SnapshotTesting/Snapshotting/Any.swift:17:53: error: generic parameter 'Subject' could not be inferred
 15 |   /// ```
 16 |   public static var description: Snapshotting {
 17 |     return SimplySnapshotting.lines.pullback(String.init(describing:))
    |                                                     `- error: generic parameter 'Subject' could not be inferred
 18 |   }
 19 | }
Swift.String.init:2:19: note: in call to initializer
1 | struct String {
2 | @inlinable public init<Subject>(describing instance: Subject) where Subject : CustomStringConvertible, Subject : TextOutputStreamable}
  |                   `- note: in call to initializer
3 |
/host/spi-builder-workspace/.build/checkouts/swift-snapshot-testing/Sources/SnapshotTesting/Snapshotting/Any.swift:45:12: error: generic parameter 'Format' could not be inferred
 43 |   /// ```
 44 |   public static var dump: Snapshotting {
 45 |     return SimplySnapshotting.lines.pullback { snap($0) }
    |            |- error: generic parameter 'Format' could not be inferred
    |            `- note: explicitly specify the generic arguments to fix this issue
 46 |   }
 47 | }
/host/spi-builder-workspace/.build/checkouts/swift-snapshot-testing/Sources/SnapshotTesting/Snapshotting.swift:118:37: note: 'Format' declared as parameter to type 'SimplySnapshotting'
116 |
117 | /// A snapshot strategy where the type being snapshot is also a diffable type.
118 | public typealias SimplySnapshotting<Format> = Snapshotting<Format, Format>
    |                                     `- note: 'Format' declared as parameter to type 'SimplySnapshotting'
119 |
120 | extension Snapshotting where Value == Format {
/host/spi-builder-workspace/.build/checkouts/swift-snapshot-testing/Sources/SnapshotTesting/Snapshotting/Any.swift:58:24: error: generic parameter 'Format' could not be inferred
 56 |     ]
 57 |
 58 |     var snapshotting = SimplySnapshotting.lines.pullback { (data: Value) in
    |                        |- error: generic parameter 'Format' could not be inferred
    |                        `- note: explicitly specify the generic arguments to fix this issue
 59 |       try! String(
 60 |         decoding: JSONSerialization.data(
/host/spi-builder-workspace/.build/checkouts/swift-snapshot-testing/Sources/SnapshotTesting/Snapshotting.swift:118:37: note: 'Format' declared as parameter to type 'SimplySnapshotting'
116 |
117 | /// A snapshot strategy where the type being snapshot is also a diffable type.
118 | public typealias SimplySnapshotting<Format> = Snapshotting<Format, Format>
    |                                     `- note: 'Format' declared as parameter to type 'SimplySnapshotting'
119 |
120 | extension Snapshotting where Value == Format {
[325/635] Compiling DequeModule UniqueDeque+Experimental.swift
/host/spi-builder-workspace/.build/checkouts/swift-snapshot-testing/Sources/SnapshotTesting/Diffing.swift:30:63: error: cannot find type 'XCTAttachment' in scope
28 |     toData: @escaping (_ value: Value) -> Data,
29 |     fromData: @escaping (_ data: Data) -> Value,
30 |     diff: @escaping (_ lhs: Value, _ rhs: Value) -> (String, [XCTAttachment])?
   |                                                               `- error: cannot find type 'XCTAttachment' in scope
31 |   ) {
32 |     self.toData = toData
/host/spi-builder-workspace/.build/checkouts/swift-snapshot-testing/Sources/SnapshotTesting/Diffing.swift:30:11: error: @escaping attribute only applies to function types
28 |     toData: @escaping (_ value: Value) -> Data,
29 |     fromData: @escaping (_ data: Data) -> Value,
30 |     diff: @escaping (_ lhs: Value, _ rhs: Value) -> (String, [XCTAttachment])?
   |           `- error: @escaping attribute only applies to function types
31 |   ) {
32 |     self.toData = toData
/host/spi-builder-workspace/.build/checkouts/swift-snapshot-testing/Sources/SnapshotTesting/Snapshotting/Data.swift:10:40: error: 'nil' requires a contextual type
 8 |       pathExtension: nil,
 9 |       diffing: .init(toData: { $0 }, fromData: { $0 }) { old, new in
10 |         guard old != new else { return nil }
   |                                        `- error: 'nil' requires a contextual type
11 |         let message =
12 |           old.count == new.count
/host/spi-builder-workspace/.build/checkouts/swift-snapshot-testing/Sources/SnapshotTesting/Snapshotting/String.swift:25:22: error: cannot find 'XCTAttachment' in scope
23 |       .flatMap { [$0.patchMark] + $0.lines }
24 |       .joined(separator: "\n")
25 |     let attachment = XCTAttachment(
   |                      `- error: cannot find 'XCTAttachment' in scope
26 |       data: Data(failure.utf8), uniformTypeIdentifier: "public.patch-file")
27 |     return (failure, [attachment])
/host/spi-builder-workspace/.build/checkouts/swift-snapshot-testing/Sources/SnapshotTesting/Snapshotting/String.swift:15:36: error: 'nil' requires a contextual type
13 |     fromData: { String(decoding: $0, as: UTF8.self) }
14 |   ) { old, new in
15 |     guard old != new else { return nil }
   |                                    `- error: 'nil' requires a contextual type
16 |     let hunks = chunk(
17 |       diff: SnapshotTesting.diff(
/host/spi-builder-workspace/.build/checkouts/swift-snapshot-testing/Sources/SnapshotTesting/Snapshotting/Encodable.swift:30:24: error: generic parameter 'Format' could not be inferred
28 |   /// - Parameter encoder: A JSON encoder.
29 |   public static func json(_ encoder: JSONEncoder) -> Snapshotting {
30 |     var snapshotting = SimplySnapshotting.lines.pullback { (encodable: Value) in
   |                        |- error: generic parameter 'Format' could not be inferred
   |                        `- note: explicitly specify the generic arguments to fix this issue
31 |       try! String(decoding: encoder.encode(encodable), as: UTF8.self)
32 |     }
/host/spi-builder-workspace/.build/checkouts/swift-snapshot-testing/Sources/SnapshotTesting/Snapshotting.swift:118:37: note: 'Format' declared as parameter to type 'SimplySnapshotting'
116 |
117 | /// A snapshot strategy where the type being snapshot is also a diffable type.
118 | public typealias SimplySnapshotting<Format> = Snapshotting<Format, Format>
    |                                     `- note: 'Format' declared as parameter to type 'SimplySnapshotting'
119 |
120 | extension Snapshotting where Value == Format {
/host/spi-builder-workspace/.build/checkouts/swift-snapshot-testing/Sources/SnapshotTesting/Snapshotting/Encodable.swift:72:24: error: generic parameter 'Format' could not be inferred
70 |   /// - Parameter encoder: A property list encoder.
71 |   public static func plist(_ encoder: PropertyListEncoder) -> Snapshotting {
72 |     var snapshotting = SimplySnapshotting.lines.pullback { (encodable: Value) in
   |                        |- error: generic parameter 'Format' could not be inferred
   |                        `- note: explicitly specify the generic arguments to fix this issue
73 |       try! String(decoding: encoder.encode(encodable), as: UTF8.self)
74 |     }
/host/spi-builder-workspace/.build/checkouts/swift-snapshot-testing/Sources/SnapshotTesting/Snapshotting.swift:118:37: note: 'Format' declared as parameter to type 'SimplySnapshotting'
116 |
117 | /// A snapshot strategy where the type being snapshot is also a diffable type.
118 | public typealias SimplySnapshotting<Format> = Snapshotting<Format, Format>
    |                                     `- note: 'Format' declared as parameter to type 'SimplySnapshotting'
119 |
120 | extension Snapshotting where Value == Format {
[326/635] Compiling DequeModule Deque+Extras.swift
/host/spi-builder-workspace/.build/checkouts/swift-snapshot-testing/Sources/SnapshotTesting/Diffing.swift:30:63: error: cannot find type 'XCTAttachment' in scope
28 |     toData: @escaping (_ value: Value) -> Data,
29 |     fromData: @escaping (_ data: Data) -> Value,
30 |     diff: @escaping (_ lhs: Value, _ rhs: Value) -> (String, [XCTAttachment])?
   |                                                               `- error: cannot find type 'XCTAttachment' in scope
31 |   ) {
32 |     self.toData = toData
/host/spi-builder-workspace/.build/checkouts/swift-snapshot-testing/Sources/SnapshotTesting/Diffing.swift:30:11: error: @escaping attribute only applies to function types
28 |     toData: @escaping (_ value: Value) -> Data,
29 |     fromData: @escaping (_ data: Data) -> Value,
30 |     diff: @escaping (_ lhs: Value, _ rhs: Value) -> (String, [XCTAttachment])?
   |           `- error: @escaping attribute only applies to function types
31 |   ) {
32 |     self.toData = toData
/host/spi-builder-workspace/.build/checkouts/swift-snapshot-testing/Sources/SnapshotTesting/Snapshotting/Data.swift:10:40: error: 'nil' requires a contextual type
 8 |       pathExtension: nil,
 9 |       diffing: .init(toData: { $0 }, fromData: { $0 }) { old, new in
10 |         guard old != new else { return nil }
   |                                        `- error: 'nil' requires a contextual type
11 |         let message =
12 |           old.count == new.count
/host/spi-builder-workspace/.build/checkouts/swift-snapshot-testing/Sources/SnapshotTesting/Snapshotting/String.swift:25:22: error: cannot find 'XCTAttachment' in scope
23 |       .flatMap { [$0.patchMark] + $0.lines }
24 |       .joined(separator: "\n")
25 |     let attachment = XCTAttachment(
   |                      `- error: cannot find 'XCTAttachment' in scope
26 |       data: Data(failure.utf8), uniformTypeIdentifier: "public.patch-file")
27 |     return (failure, [attachment])
/host/spi-builder-workspace/.build/checkouts/swift-snapshot-testing/Sources/SnapshotTesting/Snapshotting/String.swift:15:36: error: 'nil' requires a contextual type
13 |     fromData: { String(decoding: $0, as: UTF8.self) }
14 |   ) { old, new in
15 |     guard old != new else { return nil }
   |                                    `- error: 'nil' requires a contextual type
16 |     let hunks = chunk(
17 |       diff: SnapshotTesting.diff(
/host/spi-builder-workspace/.build/checkouts/swift-snapshot-testing/Sources/SnapshotTesting/Snapshotting/Encodable.swift:30:24: error: generic parameter 'Format' could not be inferred
28 |   /// - Parameter encoder: A JSON encoder.
29 |   public static func json(_ encoder: JSONEncoder) -> Snapshotting {
30 |     var snapshotting = SimplySnapshotting.lines.pullback { (encodable: Value) in
   |                        |- error: generic parameter 'Format' could not be inferred
   |                        `- note: explicitly specify the generic arguments to fix this issue
31 |       try! String(decoding: encoder.encode(encodable), as: UTF8.self)
32 |     }
/host/spi-builder-workspace/.build/checkouts/swift-snapshot-testing/Sources/SnapshotTesting/Snapshotting.swift:118:37: note: 'Format' declared as parameter to type 'SimplySnapshotting'
116 |
117 | /// A snapshot strategy where the type being snapshot is also a diffable type.
118 | public typealias SimplySnapshotting<Format> = Snapshotting<Format, Format>
    |                                     `- note: 'Format' declared as parameter to type 'SimplySnapshotting'
119 |
120 | extension Snapshotting where Value == Format {
/host/spi-builder-workspace/.build/checkouts/swift-snapshot-testing/Sources/SnapshotTesting/Snapshotting/Encodable.swift:72:24: error: generic parameter 'Format' could not be inferred
70 |   /// - Parameter encoder: A property list encoder.
71 |   public static func plist(_ encoder: PropertyListEncoder) -> Snapshotting {
72 |     var snapshotting = SimplySnapshotting.lines.pullback { (encodable: Value) in
   |                        |- error: generic parameter 'Format' could not be inferred
   |                        `- note: explicitly specify the generic arguments to fix this issue
73 |       try! String(decoding: encoder.encode(encodable), as: UTF8.self)
74 |     }
/host/spi-builder-workspace/.build/checkouts/swift-snapshot-testing/Sources/SnapshotTesting/Snapshotting.swift:118:37: note: 'Format' declared as parameter to type 'SimplySnapshotting'
116 |
117 | /// A snapshot strategy where the type being snapshot is also a diffable type.
118 | public typealias SimplySnapshotting<Format> = Snapshotting<Format, Format>
    |                                     `- note: 'Format' declared as parameter to type 'SimplySnapshotting'
119 |
120 | extension Snapshotting where Value == Format {
[327/635] Compiling DequeModule Deque+Hashable.swift
/host/spi-builder-workspace/.build/checkouts/swift-snapshot-testing/Sources/SnapshotTesting/Diffing.swift:30:63: error: cannot find type 'XCTAttachment' in scope
28 |     toData: @escaping (_ value: Value) -> Data,
29 |     fromData: @escaping (_ data: Data) -> Value,
30 |     diff: @escaping (_ lhs: Value, _ rhs: Value) -> (String, [XCTAttachment])?
   |                                                               `- error: cannot find type 'XCTAttachment' in scope
31 |   ) {
32 |     self.toData = toData
/host/spi-builder-workspace/.build/checkouts/swift-snapshot-testing/Sources/SnapshotTesting/Diffing.swift:30:11: error: @escaping attribute only applies to function types
28 |     toData: @escaping (_ value: Value) -> Data,
29 |     fromData: @escaping (_ data: Data) -> Value,
30 |     diff: @escaping (_ lhs: Value, _ rhs: Value) -> (String, [XCTAttachment])?
   |           `- error: @escaping attribute only applies to function types
31 |   ) {
32 |     self.toData = toData
/host/spi-builder-workspace/.build/checkouts/swift-snapshot-testing/Sources/SnapshotTesting/Snapshotting/Data.swift:10:40: error: 'nil' requires a contextual type
 8 |       pathExtension: nil,
 9 |       diffing: .init(toData: { $0 }, fromData: { $0 }) { old, new in
10 |         guard old != new else { return nil }
   |                                        `- error: 'nil' requires a contextual type
11 |         let message =
12 |           old.count == new.count
/host/spi-builder-workspace/.build/checkouts/swift-snapshot-testing/Sources/SnapshotTesting/Snapshotting/String.swift:25:22: error: cannot find 'XCTAttachment' in scope
23 |       .flatMap { [$0.patchMark] + $0.lines }
24 |       .joined(separator: "\n")
25 |     let attachment = XCTAttachment(
   |                      `- error: cannot find 'XCTAttachment' in scope
26 |       data: Data(failure.utf8), uniformTypeIdentifier: "public.patch-file")
27 |     return (failure, [attachment])
/host/spi-builder-workspace/.build/checkouts/swift-snapshot-testing/Sources/SnapshotTesting/Snapshotting/String.swift:15:36: error: 'nil' requires a contextual type
13 |     fromData: { String(decoding: $0, as: UTF8.self) }
14 |   ) { old, new in
15 |     guard old != new else { return nil }
   |                                    `- error: 'nil' requires a contextual type
16 |     let hunks = chunk(
17 |       diff: SnapshotTesting.diff(
/host/spi-builder-workspace/.build/checkouts/swift-snapshot-testing/Sources/SnapshotTesting/Snapshotting/Encodable.swift:30:24: error: generic parameter 'Format' could not be inferred
28 |   /// - Parameter encoder: A JSON encoder.
29 |   public static func json(_ encoder: JSONEncoder) -> Snapshotting {
30 |     var snapshotting = SimplySnapshotting.lines.pullback { (encodable: Value) in
   |                        |- error: generic parameter 'Format' could not be inferred
   |                        `- note: explicitly specify the generic arguments to fix this issue
31 |       try! String(decoding: encoder.encode(encodable), as: UTF8.self)
32 |     }
/host/spi-builder-workspace/.build/checkouts/swift-snapshot-testing/Sources/SnapshotTesting/Snapshotting.swift:118:37: note: 'Format' declared as parameter to type 'SimplySnapshotting'
116 |
117 | /// A snapshot strategy where the type being snapshot is also a diffable type.
118 | public typealias SimplySnapshotting<Format> = Snapshotting<Format, Format>
    |                                     `- note: 'Format' declared as parameter to type 'SimplySnapshotting'
119 |
120 | extension Snapshotting where Value == Format {
/host/spi-builder-workspace/.build/checkouts/swift-snapshot-testing/Sources/SnapshotTesting/Snapshotting/Encodable.swift:72:24: error: generic parameter 'Format' could not be inferred
70 |   /// - Parameter encoder: A property list encoder.
71 |   public static func plist(_ encoder: PropertyListEncoder) -> Snapshotting {
72 |     var snapshotting = SimplySnapshotting.lines.pullback { (encodable: Value) in
   |                        |- error: generic parameter 'Format' could not be inferred
   |                        `- note: explicitly specify the generic arguments to fix this issue
73 |       try! String(decoding: encoder.encode(encodable), as: UTF8.self)
74 |     }
/host/spi-builder-workspace/.build/checkouts/swift-snapshot-testing/Sources/SnapshotTesting/Snapshotting.swift:118:37: note: 'Format' declared as parameter to type 'SimplySnapshotting'
116 |
117 | /// A snapshot strategy where the type being snapshot is also a diffable type.
118 | public typealias SimplySnapshotting<Format> = Snapshotting<Format, Format>
    |                                     `- note: 'Format' declared as parameter to type 'SimplySnapshotting'
119 |
120 | extension Snapshotting where Value == Format {
[328/635] Compiling DequeModule Deque+Testing.swift
/host/spi-builder-workspace/.build/checkouts/swift-snapshot-testing/Sources/SnapshotTesting/Diffing.swift:30:63: error: cannot find type 'XCTAttachment' in scope
28 |     toData: @escaping (_ value: Value) -> Data,
29 |     fromData: @escaping (_ data: Data) -> Value,
30 |     diff: @escaping (_ lhs: Value, _ rhs: Value) -> (String, [XCTAttachment])?
   |                                                               `- error: cannot find type 'XCTAttachment' in scope
31 |   ) {
32 |     self.toData = toData
/host/spi-builder-workspace/.build/checkouts/swift-snapshot-testing/Sources/SnapshotTesting/Diffing.swift:30:11: error: @escaping attribute only applies to function types
28 |     toData: @escaping (_ value: Value) -> Data,
29 |     fromData: @escaping (_ data: Data) -> Value,
30 |     diff: @escaping (_ lhs: Value, _ rhs: Value) -> (String, [XCTAttachment])?
   |           `- error: @escaping attribute only applies to function types
31 |   ) {
32 |     self.toData = toData
/host/spi-builder-workspace/.build/checkouts/swift-snapshot-testing/Sources/SnapshotTesting/Snapshotting/Data.swift:10:40: error: 'nil' requires a contextual type
 8 |       pathExtension: nil,
 9 |       diffing: .init(toData: { $0 }, fromData: { $0 }) { old, new in
10 |         guard old != new else { return nil }
   |                                        `- error: 'nil' requires a contextual type
11 |         let message =
12 |           old.count == new.count
/host/spi-builder-workspace/.build/checkouts/swift-snapshot-testing/Sources/SnapshotTesting/Snapshotting/String.swift:25:22: error: cannot find 'XCTAttachment' in scope
23 |       .flatMap { [$0.patchMark] + $0.lines }
24 |       .joined(separator: "\n")
25 |     let attachment = XCTAttachment(
   |                      `- error: cannot find 'XCTAttachment' in scope
26 |       data: Data(failure.utf8), uniformTypeIdentifier: "public.patch-file")
27 |     return (failure, [attachment])
/host/spi-builder-workspace/.build/checkouts/swift-snapshot-testing/Sources/SnapshotTesting/Snapshotting/String.swift:15:36: error: 'nil' requires a contextual type
13 |     fromData: { String(decoding: $0, as: UTF8.self) }
14 |   ) { old, new in
15 |     guard old != new else { return nil }
   |                                    `- error: 'nil' requires a contextual type
16 |     let hunks = chunk(
17 |       diff: SnapshotTesting.diff(
/host/spi-builder-workspace/.build/checkouts/swift-snapshot-testing/Sources/SnapshotTesting/Snapshotting/Encodable.swift:30:24: error: generic parameter 'Format' could not be inferred
28 |   /// - Parameter encoder: A JSON encoder.
29 |   public static func json(_ encoder: JSONEncoder) -> Snapshotting {
30 |     var snapshotting = SimplySnapshotting.lines.pullback { (encodable: Value) in
   |                        |- error: generic parameter 'Format' could not be inferred
   |                        `- note: explicitly specify the generic arguments to fix this issue
31 |       try! String(decoding: encoder.encode(encodable), as: UTF8.self)
32 |     }
/host/spi-builder-workspace/.build/checkouts/swift-snapshot-testing/Sources/SnapshotTesting/Snapshotting.swift:118:37: note: 'Format' declared as parameter to type 'SimplySnapshotting'
116 |
117 | /// A snapshot strategy where the type being snapshot is also a diffable type.
118 | public typealias SimplySnapshotting<Format> = Snapshotting<Format, Format>
    |                                     `- note: 'Format' declared as parameter to type 'SimplySnapshotting'
119 |
120 | extension Snapshotting where Value == Format {
/host/spi-builder-workspace/.build/checkouts/swift-snapshot-testing/Sources/SnapshotTesting/Snapshotting/Encodable.swift:72:24: error: generic parameter 'Format' could not be inferred
70 |   /// - Parameter encoder: A property list encoder.
71 |   public static func plist(_ encoder: PropertyListEncoder) -> Snapshotting {
72 |     var snapshotting = SimplySnapshotting.lines.pullback { (encodable: Value) in
   |                        |- error: generic parameter 'Format' could not be inferred
   |                        `- note: explicitly specify the generic arguments to fix this issue
73 |       try! String(decoding: encoder.encode(encodable), as: UTF8.self)
74 |     }
/host/spi-builder-workspace/.build/checkouts/swift-snapshot-testing/Sources/SnapshotTesting/Snapshotting.swift:118:37: note: 'Format' declared as parameter to type 'SimplySnapshotting'
116 |
117 | /// A snapshot strategy where the type being snapshot is also a diffable type.
118 | public typealias SimplySnapshotting<Format> = Snapshotting<Format, Format>
    |                                     `- note: 'Format' declared as parameter to type 'SimplySnapshotting'
119 |
120 | extension Snapshotting where Value == Format {
[329/635] Compiling DequeModule Deque._Storage.swift
/host/spi-builder-workspace/.build/checkouts/swift-snapshot-testing/Sources/SnapshotTesting/Snapshotting/String.swift:25:22: error: cannot find 'XCTAttachment' in scope
23 |       .flatMap { [$0.patchMark] + $0.lines }
24 |       .joined(separator: "\n")
25 |     let attachment = XCTAttachment(
   |                      `- error: cannot find 'XCTAttachment' in scope
26 |       data: Data(failure.utf8), uniformTypeIdentifier: "public.patch-file")
27 |     return (failure, [attachment])
/host/spi-builder-workspace/.build/checkouts/swift-snapshot-testing/Sources/SnapshotTesting/Diffing.swift:30:63: error: cannot find type 'XCTAttachment' in scope
28 |     toData: @escaping (_ value: Value) -> Data,
29 |     fromData: @escaping (_ data: Data) -> Value,
30 |     diff: @escaping (_ lhs: Value, _ rhs: Value) -> (String, [XCTAttachment])?
   |                                                               `- error: cannot find type 'XCTAttachment' in scope
31 |   ) {
32 |     self.toData = toData
/host/spi-builder-workspace/.build/checkouts/swift-snapshot-testing/Sources/SnapshotTesting/Diffing.swift:30:11: error: @escaping attribute only applies to function types
28 |     toData: @escaping (_ value: Value) -> Data,
29 |     fromData: @escaping (_ data: Data) -> Value,
30 |     diff: @escaping (_ lhs: Value, _ rhs: Value) -> (String, [XCTAttachment])?
   |           `- error: @escaping attribute only applies to function types
31 |   ) {
32 |     self.toData = toData
/host/spi-builder-workspace/.build/checkouts/swift-snapshot-testing/Sources/SnapshotTesting/Snapshotting/String.swift:15:36: error: 'nil' requires a contextual type
13 |     fromData: { String(decoding: $0, as: UTF8.self) }
14 |   ) { old, new in
15 |     guard old != new else { return nil }
   |                                    `- error: 'nil' requires a contextual type
16 |     let hunks = chunk(
17 |       diff: SnapshotTesting.diff(
[330/635] Compiling DequeModule Deque._UnsafeHandle.swift
/host/spi-builder-workspace/.build/checkouts/swift-snapshot-testing/Sources/SnapshotTesting/Snapshotting/String.swift:25:22: error: cannot find 'XCTAttachment' in scope
23 |       .flatMap { [$0.patchMark] + $0.lines }
24 |       .joined(separator: "\n")
25 |     let attachment = XCTAttachment(
   |                      `- error: cannot find 'XCTAttachment' in scope
26 |       data: Data(failure.utf8), uniformTypeIdentifier: "public.patch-file")
27 |     return (failure, [attachment])
/host/spi-builder-workspace/.build/checkouts/swift-snapshot-testing/Sources/SnapshotTesting/Diffing.swift:30:63: error: cannot find type 'XCTAttachment' in scope
28 |     toData: @escaping (_ value: Value) -> Data,
29 |     fromData: @escaping (_ data: Data) -> Value,
30 |     diff: @escaping (_ lhs: Value, _ rhs: Value) -> (String, [XCTAttachment])?
   |                                                               `- error: cannot find type 'XCTAttachment' in scope
31 |   ) {
32 |     self.toData = toData
/host/spi-builder-workspace/.build/checkouts/swift-snapshot-testing/Sources/SnapshotTesting/Diffing.swift:30:11: error: @escaping attribute only applies to function types
28 |     toData: @escaping (_ value: Value) -> Data,
29 |     fromData: @escaping (_ data: Data) -> Value,
30 |     diff: @escaping (_ lhs: Value, _ rhs: Value) -> (String, [XCTAttachment])?
   |           `- error: @escaping attribute only applies to function types
31 |   ) {
32 |     self.toData = toData
/host/spi-builder-workspace/.build/checkouts/swift-snapshot-testing/Sources/SnapshotTesting/Snapshotting/String.swift:15:36: error: 'nil' requires a contextual type
13 |     fromData: { String(decoding: $0, as: UTF8.self) }
14 |   ) { old, new in
15 |     guard old != new else { return nil }
   |                                    `- error: 'nil' requires a contextual type
16 |     let hunks = chunk(
17 |       diff: SnapshotTesting.diff(
[331/635] Compiling DequeModule Deque.swift
/host/spi-builder-workspace/.build/checkouts/swift-snapshot-testing/Sources/SnapshotTesting/Snapshotting/String.swift:25:22: error: cannot find 'XCTAttachment' in scope
23 |       .flatMap { [$0.patchMark] + $0.lines }
24 |       .joined(separator: "\n")
25 |     let attachment = XCTAttachment(
   |                      `- error: cannot find 'XCTAttachment' in scope
26 |       data: Data(failure.utf8), uniformTypeIdentifier: "public.patch-file")
27 |     return (failure, [attachment])
/host/spi-builder-workspace/.build/checkouts/swift-snapshot-testing/Sources/SnapshotTesting/Diffing.swift:30:63: error: cannot find type 'XCTAttachment' in scope
28 |     toData: @escaping (_ value: Value) -> Data,
29 |     fromData: @escaping (_ data: Data) -> Value,
30 |     diff: @escaping (_ lhs: Value, _ rhs: Value) -> (String, [XCTAttachment])?
   |                                                               `- error: cannot find type 'XCTAttachment' in scope
31 |   ) {
32 |     self.toData = toData
/host/spi-builder-workspace/.build/checkouts/swift-snapshot-testing/Sources/SnapshotTesting/Diffing.swift:30:11: error: @escaping attribute only applies to function types
28 |     toData: @escaping (_ value: Value) -> Data,
29 |     fromData: @escaping (_ data: Data) -> Value,
30 |     diff: @escaping (_ lhs: Value, _ rhs: Value) -> (String, [XCTAttachment])?
   |           `- error: @escaping attribute only applies to function types
31 |   ) {
32 |     self.toData = toData
/host/spi-builder-workspace/.build/checkouts/swift-snapshot-testing/Sources/SnapshotTesting/Snapshotting/String.swift:15:36: error: 'nil' requires a contextual type
13 |     fromData: { String(decoding: $0, as: UTF8.self) }
14 |   ) { old, new in
15 |     guard old != new else { return nil }
   |                                    `- error: 'nil' requires a contextual type
16 |     let hunks = chunk(
17 |       diff: SnapshotTesting.diff(
/host/spi-builder-workspace/.build/checkouts/swift-snapshot-testing/Sources/SnapshotTesting/Snapshotting/String.swift:25:22: error: cannot find 'XCTAttachment' in scope
23 |       .flatMap { [$0.patchMark] + $0.lines }
24 |       .joined(separator: "\n")
25 |     let attachment = XCTAttachment(
   |                      `- error: cannot find 'XCTAttachment' in scope
26 |       data: Data(failure.utf8), uniformTypeIdentifier: "public.patch-file")
27 |     return (failure, [attachment])
/host/spi-builder-workspace/.build/checkouts/swift-snapshot-testing/Sources/SnapshotTesting/Diffing.swift:30:63: error: cannot find type 'XCTAttachment' in scope
28 |     toData: @escaping (_ value: Value) -> Data,
29 |     fromData: @escaping (_ data: Data) -> Value,
30 |     diff: @escaping (_ lhs: Value, _ rhs: Value) -> (String, [XCTAttachment])?
   |                                                               `- error: cannot find type 'XCTAttachment' in scope
31 |   ) {
32 |     self.toData = toData
/host/spi-builder-workspace/.build/checkouts/swift-snapshot-testing/Sources/SnapshotTesting/Diffing.swift:30:11: error: @escaping attribute only applies to function types
28 |     toData: @escaping (_ value: Value) -> Data,
29 |     fromData: @escaping (_ data: Data) -> Value,
30 |     diff: @escaping (_ lhs: Value, _ rhs: Value) -> (String, [XCTAttachment])?
   |           `- error: @escaping attribute only applies to function types
31 |   ) {
32 |     self.toData = toData
/host/spi-builder-workspace/.build/checkouts/swift-snapshot-testing/Sources/SnapshotTesting/Snapshotting/String.swift:15:36: error: 'nil' requires a contextual type
13 |     fromData: { String(decoding: $0, as: UTF8.self) }
14 |   ) { old, new in
15 |     guard old != new else { return nil }
   |                                    `- error: 'nil' requires a contextual type
16 |     let hunks = chunk(
17 |       diff: SnapshotTesting.diff(
[336/635] Compiling ConcurrencyExtras LockIsolated.swift
[337/635] Compiling DequeModule UniqueDeque+Hashable.swift
[338/635] Compiling DequeModule UniqueDeque+Initializers.swift
[339/635] Compiling DequeModule UniqueDeque+Insertions.swift
[340/635] Compiling DequeModule UniqueDeque+Prepend.swift
[341/635] Compiling DequeModule UniqueDeque+Removals.swift
error: emit-module command failed with exit code 1 (use -v to see invocation)
[348/635] Emitting module SnapshotTesting
/host/spi-builder-workspace/.build/checkouts/swift-snapshot-testing/Sources/SnapshotTesting/AssertSnapshot.swift:368:11: error: cannot find type 'DispatchQueue' in scope
366 | }
367 |
368 | extension DispatchQueue {
    |           `- error: cannot find type 'DispatchQueue' in scope
369 |   private static let key = DispatchSpecificKey<UInt8>()
370 |   private static let value: UInt8 = 0
/host/spi-builder-workspace/.build/checkouts/swift-snapshot-testing/Sources/SnapshotTesting/Diffing.swift:14:48: error: cannot find type 'XCTAttachment' in scope
12 |   /// Compares two values. If the values do not match, returns a failure message and artifacts
13 |   /// describing the failure.
14 |   public var diff: (Value, Value) -> (String, [XCTAttachment])?
   |                                                `- error: cannot find type 'XCTAttachment' in scope
15 |
16 |   /// Creates a new `Diffing` on `Value`.
/host/spi-builder-workspace/.build/checkouts/swift-snapshot-testing/Sources/SnapshotTesting/Diffing.swift:30:63: error: cannot find type 'XCTAttachment' in scope
28 |     toData: @escaping (_ value: Value) -> Data,
29 |     fromData: @escaping (_ data: Data) -> Value,
30 |     diff: @escaping (_ lhs: Value, _ rhs: Value) -> (String, [XCTAttachment])?
   |                                                               `- error: cannot find type 'XCTAttachment' in scope
31 |   ) {
32 |     self.toData = toData
/host/spi-builder-workspace/.build/checkouts/swift-snapshot-testing/Sources/SnapshotTesting/Diffing.swift:30:11: error: @escaping attribute only applies to function types
28 |     toData: @escaping (_ value: Value) -> Data,
29 |     fromData: @escaping (_ data: Data) -> Value,
30 |     diff: @escaping (_ lhs: Value, _ rhs: Value) -> (String, [XCTAttachment])?
   |           `- error: @escaping attribute only applies to function types
31 |   ) {
32 |     self.toData = toData
/host/spi-builder-workspace/.build/checkouts/swift-snapshot-testing/Sources/SnapshotTesting/Snapshotting/String.swift:25:22: error: cannot find 'XCTAttachment' in scope
23 |       .flatMap { [$0.patchMark] + $0.lines }
24 |       .joined(separator: "\n")
25 |     let attachment = XCTAttachment(
   |                      `- error: cannot find 'XCTAttachment' in scope
26 |       data: Data(failure.utf8), uniformTypeIdentifier: "public.patch-file")
27 |     return (failure, [attachment])
/host/spi-builder-workspace/.build/checkouts/swift-snapshot-testing/Sources/SnapshotTesting/Snapshotting/String.swift:15:36: error: 'nil' requires a contextual type
13 |     fromData: { String(decoding: $0, as: UTF8.self) }
14 |   ) { old, new in
15 |     guard old != new else { return nil }
   |                                    `- error: 'nil' requires a contextual type
16 |     let hunks = chunk(
17 |       diff: SnapshotTesting.diff(
/host/spi-builder-workspace/.build/checkouts/swift-snapshot-testing/Sources/SnapshotTesting/Snapshotting/URLRequest.swift:7:39: error: cannot find type 'URLRequest' in scope
  5 | #endif
  6 |
  7 | extension Snapshotting where Value == URLRequest, Format == String {
    |                                       `- error: cannot find type 'URLRequest' in scope
  8 |   /// A snapshot strategy for comparing requests based on raw equality.
  9 |   ///
/host/spi-builder-workspace/.build/checkouts/swift-snapshot-testing/Sources/SnapshotTesting/Snapshotting/URLRequest.swift:77:74: error: cannot find type 'URLRequest' in scope
 75 |   //   "https://www.pointfree.co/subscribe"
 76 |   // ```
 77 |   public static let curl = SimplySnapshotting.lines.pullback { (request: URLRequest) in
    |                                                                          `- error: cannot find type 'URLRequest' in scope
 78 |
 79 |     var components = ["curl"]
/host/spi-builder-workspace/.build/checkouts/swift-snapshot-testing/Sources/SnapshotTesting/Snapshotting/URLRequest.swift:77:28: error: generic parameter 'Format' could not be inferred
 75 |   //   "https://www.pointfree.co/subscribe"
 76 |   // ```
 77 |   public static let curl = SimplySnapshotting.lines.pullback { (request: URLRequest) in
    |                            |- error: generic parameter 'Format' could not be inferred
    |                            `- note: explicitly specify the generic arguments to fix this issue
 78 |
 79 |     var components = ["curl"]
/host/spi-builder-workspace/.build/checkouts/swift-snapshot-testing/Sources/SnapshotTesting/Snapshotting.swift:118:37: note: 'Format' declared as parameter to type 'SimplySnapshotting'
116 |
117 | /// A snapshot strategy where the type being snapshot is also a diffable type.
118 | public typealias SimplySnapshotting<Format> = Snapshotting<Format, Format>
    |                                     `- note: 'Format' declared as parameter to type 'SimplySnapshotting'
119 |
120 | extension Snapshotting where Value == Format {
[354/635] Emitting module Html
[361/635] Compiling SnapshotTesting UIView.swift
/host/spi-builder-workspace/.build/checkouts/swift-snapshot-testing/Sources/SnapshotTesting/Snapshotting/URLRequest.swift:7:39: error: cannot find type 'URLRequest' in scope
  5 | #endif
  6 |
  7 | extension Snapshotting where Value == URLRequest, Format == String {
    |                                       `- error: cannot find type 'URLRequest' in scope
  8 |   /// A snapshot strategy for comparing requests based on raw equality.
  9 |   ///
/host/spi-builder-workspace/.build/checkouts/swift-snapshot-testing/Sources/SnapshotTesting/Snapshotting/String.swift:25:22: error: cannot find 'XCTAttachment' in scope
23 |       .flatMap { [$0.patchMark] + $0.lines }
24 |       .joined(separator: "\n")
25 |     let attachment = XCTAttachment(
   |                      `- error: cannot find 'XCTAttachment' in scope
26 |       data: Data(failure.utf8), uniformTypeIdentifier: "public.patch-file")
27 |     return (failure, [attachment])
/host/spi-builder-workspace/.build/checkouts/swift-snapshot-testing/Sources/SnapshotTesting/Diffing.swift:30:63: error: cannot find type 'XCTAttachment' in scope
28 |     toData: @escaping (_ value: Value) -> Data,
29 |     fromData: @escaping (_ data: Data) -> Value,
30 |     diff: @escaping (_ lhs: Value, _ rhs: Value) -> (String, [XCTAttachment])?
   |                                                               `- error: cannot find type 'XCTAttachment' in scope
31 |   ) {
32 |     self.toData = toData
/host/spi-builder-workspace/.build/checkouts/swift-snapshot-testing/Sources/SnapshotTesting/Diffing.swift:30:11: error: @escaping attribute only applies to function types
28 |     toData: @escaping (_ value: Value) -> Data,
29 |     fromData: @escaping (_ data: Data) -> Value,
30 |     diff: @escaping (_ lhs: Value, _ rhs: Value) -> (String, [XCTAttachment])?
   |           `- error: @escaping attribute only applies to function types
31 |   ) {
32 |     self.toData = toData
/host/spi-builder-workspace/.build/checkouts/swift-snapshot-testing/Sources/SnapshotTesting/Snapshotting/String.swift:15:36: error: 'nil' requires a contextual type
13 |     fromData: { String(decoding: $0, as: UTF8.self) }
14 |   ) { old, new in
15 |     guard old != new else { return nil }
   |                                    `- error: 'nil' requires a contextual type
16 |     let hunks = chunk(
17 |       diff: SnapshotTesting.diff(
/host/spi-builder-workspace/.build/checkouts/swift-snapshot-testing/Sources/SnapshotTesting/Snapshotting/URLRequest.swift:77:74: error: cannot find type 'URLRequest' in scope
 75 |   //   "https://www.pointfree.co/subscribe"
 76 |   // ```
 77 |   public static let curl = SimplySnapshotting.lines.pullback { (request: URLRequest) in
    |                                                                          `- error: cannot find type 'URLRequest' in scope
 78 |
 79 |     var components = ["curl"]
/host/spi-builder-workspace/.build/checkouts/swift-snapshot-testing/Sources/SnapshotTesting/Snapshotting/URLRequest.swift:77:28: error: generic parameter 'Format' could not be inferred
 75 |   //   "https://www.pointfree.co/subscribe"
 76 |   // ```
 77 |   public static let curl = SimplySnapshotting.lines.pullback { (request: URLRequest) in
    |                            |- error: generic parameter 'Format' could not be inferred
    |                            `- note: explicitly specify the generic arguments to fix this issue
 78 |
 79 |     var components = ["curl"]
/host/spi-builder-workspace/.build/checkouts/swift-snapshot-testing/Sources/SnapshotTesting/Snapshotting.swift:118:37: note: 'Format' declared as parameter to type 'SimplySnapshotting'
116 |
117 | /// A snapshot strategy where the type being snapshot is also a diffable type.
118 | public typealias SimplySnapshotting<Format> = Snapshotting<Format, Format>
    |                                     `- note: 'Format' declared as parameter to type 'SimplySnapshotting'
119 |
120 | extension Snapshotting where Value == Format {
[362/635] Compiling SnapshotTesting UIViewController.swift
/host/spi-builder-workspace/.build/checkouts/swift-snapshot-testing/Sources/SnapshotTesting/Snapshotting/URLRequest.swift:7:39: error: cannot find type 'URLRequest' in scope
  5 | #endif
  6 |
  7 | extension Snapshotting where Value == URLRequest, Format == String {
    |                                       `- error: cannot find type 'URLRequest' in scope
  8 |   /// A snapshot strategy for comparing requests based on raw equality.
  9 |   ///
/host/spi-builder-workspace/.build/checkouts/swift-snapshot-testing/Sources/SnapshotTesting/Snapshotting/String.swift:25:22: error: cannot find 'XCTAttachment' in scope
23 |       .flatMap { [$0.patchMark] + $0.lines }
24 |       .joined(separator: "\n")
25 |     let attachment = XCTAttachment(
   |                      `- error: cannot find 'XCTAttachment' in scope
26 |       data: Data(failure.utf8), uniformTypeIdentifier: "public.patch-file")
27 |     return (failure, [attachment])
/host/spi-builder-workspace/.build/checkouts/swift-snapshot-testing/Sources/SnapshotTesting/Diffing.swift:30:63: error: cannot find type 'XCTAttachment' in scope
28 |     toData: @escaping (_ value: Value) -> Data,
29 |     fromData: @escaping (_ data: Data) -> Value,
30 |     diff: @escaping (_ lhs: Value, _ rhs: Value) -> (String, [XCTAttachment])?
   |                                                               `- error: cannot find type 'XCTAttachment' in scope
31 |   ) {
32 |     self.toData = toData
/host/spi-builder-workspace/.build/checkouts/swift-snapshot-testing/Sources/SnapshotTesting/Diffing.swift:30:11: error: @escaping attribute only applies to function types
28 |     toData: @escaping (_ value: Value) -> Data,
29 |     fromData: @escaping (_ data: Data) -> Value,
30 |     diff: @escaping (_ lhs: Value, _ rhs: Value) -> (String, [XCTAttachment])?
   |           `- error: @escaping attribute only applies to function types
31 |   ) {
32 |     self.toData = toData
/host/spi-builder-workspace/.build/checkouts/swift-snapshot-testing/Sources/SnapshotTesting/Snapshotting/String.swift:15:36: error: 'nil' requires a contextual type
13 |     fromData: { String(decoding: $0, as: UTF8.self) }
14 |   ) { old, new in
15 |     guard old != new else { return nil }
   |                                    `- error: 'nil' requires a contextual type
16 |     let hunks = chunk(
17 |       diff: SnapshotTesting.diff(
/host/spi-builder-workspace/.build/checkouts/swift-snapshot-testing/Sources/SnapshotTesting/Snapshotting/URLRequest.swift:77:74: error: cannot find type 'URLRequest' in scope
 75 |   //   "https://www.pointfree.co/subscribe"
 76 |   // ```
 77 |   public static let curl = SimplySnapshotting.lines.pullback { (request: URLRequest) in
    |                                                                          `- error: cannot find type 'URLRequest' in scope
 78 |
 79 |     var components = ["curl"]
/host/spi-builder-workspace/.build/checkouts/swift-snapshot-testing/Sources/SnapshotTesting/Snapshotting/URLRequest.swift:77:28: error: generic parameter 'Format' could not be inferred
 75 |   //   "https://www.pointfree.co/subscribe"
 76 |   // ```
 77 |   public static let curl = SimplySnapshotting.lines.pullback { (request: URLRequest) in
    |                            |- error: generic parameter 'Format' could not be inferred
    |                            `- note: explicitly specify the generic arguments to fix this issue
 78 |
 79 |     var components = ["curl"]
/host/spi-builder-workspace/.build/checkouts/swift-snapshot-testing/Sources/SnapshotTesting/Snapshotting.swift:118:37: note: 'Format' declared as parameter to type 'SimplySnapshotting'
116 |
117 | /// A snapshot strategy where the type being snapshot is also a diffable type.
118 | public typealias SimplySnapshotting<Format> = Snapshotting<Format, Format>
    |                                     `- note: 'Format' declared as parameter to type 'SimplySnapshotting'
119 |
120 | extension Snapshotting where Value == Format {
[363/635] Compiling SnapshotTesting URLRequest.swift
/host/spi-builder-workspace/.build/checkouts/swift-snapshot-testing/Sources/SnapshotTesting/Snapshotting/URLRequest.swift:7:39: error: cannot find type 'URLRequest' in scope
  5 | #endif
  6 |
  7 | extension Snapshotting where Value == URLRequest, Format == String {
    |                                       `- error: cannot find type 'URLRequest' in scope
  8 |   /// A snapshot strategy for comparing requests based on raw equality.
  9 |   ///
/host/spi-builder-workspace/.build/checkouts/swift-snapshot-testing/Sources/SnapshotTesting/Snapshotting/String.swift:25:22: error: cannot find 'XCTAttachment' in scope
23 |       .flatMap { [$0.patchMark] + $0.lines }
24 |       .joined(separator: "\n")
25 |     let attachment = XCTAttachment(
   |                      `- error: cannot find 'XCTAttachment' in scope
26 |       data: Data(failure.utf8), uniformTypeIdentifier: "public.patch-file")
27 |     return (failure, [attachment])
/host/spi-builder-workspace/.build/checkouts/swift-snapshot-testing/Sources/SnapshotTesting/Diffing.swift:30:63: error: cannot find type 'XCTAttachment' in scope
28 |     toData: @escaping (_ value: Value) -> Data,
29 |     fromData: @escaping (_ data: Data) -> Value,
30 |     diff: @escaping (_ lhs: Value, _ rhs: Value) -> (String, [XCTAttachment])?
   |                                                               `- error: cannot find type 'XCTAttachment' in scope
31 |   ) {
32 |     self.toData = toData
/host/spi-builder-workspace/.build/checkouts/swift-snapshot-testing/Sources/SnapshotTesting/Diffing.swift:30:11: error: @escaping attribute only applies to function types
28 |     toData: @escaping (_ value: Value) -> Data,
29 |     fromData: @escaping (_ data: Data) -> Value,
30 |     diff: @escaping (_ lhs: Value, _ rhs: Value) -> (String, [XCTAttachment])?
   |           `- error: @escaping attribute only applies to function types
31 |   ) {
32 |     self.toData = toData
/host/spi-builder-workspace/.build/checkouts/swift-snapshot-testing/Sources/SnapshotTesting/Snapshotting/String.swift:15:36: error: 'nil' requires a contextual type
13 |     fromData: { String(decoding: $0, as: UTF8.self) }
14 |   ) { old, new in
15 |     guard old != new else { return nil }
   |                                    `- error: 'nil' requires a contextual type
16 |     let hunks = chunk(
17 |       diff: SnapshotTesting.diff(
/host/spi-builder-workspace/.build/checkouts/swift-snapshot-testing/Sources/SnapshotTesting/Snapshotting/URLRequest.swift:77:74: error: cannot find type 'URLRequest' in scope
 75 |   //   "https://www.pointfree.co/subscribe"
 76 |   // ```
 77 |   public static let curl = SimplySnapshotting.lines.pullback { (request: URLRequest) in
    |                                                                          `- error: cannot find type 'URLRequest' in scope
 78 |
 79 |     var components = ["curl"]
/host/spi-builder-workspace/.build/checkouts/swift-snapshot-testing/Sources/SnapshotTesting/Snapshotting/URLRequest.swift:77:28: error: generic parameter 'Format' could not be inferred
 75 |   //   "https://www.pointfree.co/subscribe"
 76 |   // ```
 77 |   public static let curl = SimplySnapshotting.lines.pullback { (request: URLRequest) in
    |                            |- error: generic parameter 'Format' could not be inferred
    |                            `- note: explicitly specify the generic arguments to fix this issue
 78 |
 79 |     var components = ["curl"]
/host/spi-builder-workspace/.build/checkouts/swift-snapshot-testing/Sources/SnapshotTesting/Snapshotting.swift:118:37: note: 'Format' declared as parameter to type 'SimplySnapshotting'
116 |
117 | /// A snapshot strategy where the type being snapshot is also a diffable type.
118 | public typealias SimplySnapshotting<Format> = Snapshotting<Format, Format>
    |                                     `- note: 'Format' declared as parameter to type 'SimplySnapshotting'
119 |
120 | extension Snapshotting where Value == Format {
/host/spi-builder-workspace/.build/checkouts/swift-snapshot-testing/Sources/SnapshotTesting/AssertSnapshot.swift:368:11: error: cannot find type 'DispatchQueue' in scope
366 | }
367 |
368 | extension DispatchQueue {
    |           `- error: cannot find type 'DispatchQueue' in scope
369 |   private static let key = DispatchSpecificKey<UInt8>()
370 |   private static let value: UInt8 = 0
/host/spi-builder-workspace/.build/checkouts/swift-snapshot-testing/Sources/SnapshotTesting/AssertSnapshot.swift:215:21: error: cannot find 'DispatchQueue' in scope
213 |       identifier = sanitizePathComponent(name)
214 |     } else {
215 |       let counter = DispatchQueue.mainSync { () -> Int in
    |                     `- error: cannot find 'DispatchQueue' in scope
216 |         let key = snapshotDirectoryUrl.appendingPathComponent(testName)
217 |         counterMap[key, default: 0] += 1
/host/spi-builder-workspace/.build/checkouts/swift-snapshot-testing/Sources/SnapshotTesting/AssertSnapshot.swift:237:11: error: cannot find 'DispatchQueue' in scope
235 |       #if !os(Linux) && !os(Windows)
236 |         if ProcessInfo.processInfo.environment.keys.contains("__XCODE_BUILT_PRODUCTS_DIR_PATHS") {
237 |           DispatchQueue.mainSync {
    |           `- error: cannot find 'DispatchQueue' in scope
238 |             XCTContext.runActivity(named: "Attached Recorded Snapshot") { activity in
239 |               let attachment = XCTAttachment(contentsOfFile: snapshotFileUrl)
/host/spi-builder-workspace/.build/checkouts/swift-snapshot-testing/Sources/SnapshotTesting/AssertSnapshot.swift:238:13: error: cannot find 'XCTContext' in scope
236 |         if ProcessInfo.processInfo.environment.keys.contains("__XCODE_BUILT_PRODUCTS_DIR_PATHS") {
237 |           DispatchQueue.mainSync {
238 |             XCTContext.runActivity(named: "Attached Recorded Snapshot") { activity in
    |             `- error: cannot find 'XCTContext' in scope
239 |               let attachment = XCTAttachment(contentsOfFile: snapshotFileUrl)
240 |               activity.add(attachment)
/host/spi-builder-workspace/.build/checkouts/swift-snapshot-testing/Sources/SnapshotTesting/AssertSnapshot.swift:239:32: error: cannot find 'XCTAttachment' in scope
237 |           DispatchQueue.mainSync {
238 |             XCTContext.runActivity(named: "Attached Recorded Snapshot") { activity in
239 |               let attachment = XCTAttachment(contentsOfFile: snapshotFileUrl)
    |                                `- error: cannot find 'XCTAttachment' in scope
240 |               activity.add(attachment)
241 |             }
/host/spi-builder-workspace/.build/checkouts/swift-snapshot-testing/Sources/SnapshotTesting/Diffing.swift:14:48: error: cannot find type 'XCTAttachment' in scope
12 |   /// Compares two values. If the values do not match, returns a failure message and artifacts
13 |   /// describing the failure.
14 |   public var diff: (Value, Value) -> (String, [XCTAttachment])?
   |                                                `- error: cannot find type 'XCTAttachment' in scope
15 |
16 |   /// Creates a new `Diffing` on `Value`.
/host/spi-builder-workspace/.build/checkouts/swift-snapshot-testing/Sources/SnapshotTesting/AssertSnapshot.swift:293:11: error: cannot find 'DispatchQueue' in scope
291 |       #if !os(Linux) && !os(Windows)
292 |         if ProcessInfo.processInfo.environment.keys.contains("__XCODE_BUILT_PRODUCTS_DIR_PATHS") {
293 |           DispatchQueue.mainSync {
    |           `- error: cannot find 'DispatchQueue' in scope
294 |             XCTContext.runActivity(named: "Attached Failure Diff") { activity in
295 |               attachments.forEach {
/host/spi-builder-workspace/.build/checkouts/swift-snapshot-testing/Sources/SnapshotTesting/AssertSnapshot.swift:294:13: error: cannot find 'XCTContext' in scope
292 |         if ProcessInfo.processInfo.environment.keys.contains("__XCODE_BUILT_PRODUCTS_DIR_PATHS") {
293 |           DispatchQueue.mainSync {
294 |             XCTContext.runActivity(named: "Attached Failure Diff") { activity in
    |             `- error: cannot find 'XCTContext' in scope
295 |               attachments.forEach {
296 |                 activity.add($0)
/host/spi-builder-workspace/.build/checkouts/swift-snapshot-testing/Sources/SnapshotTesting/AssertSnapshot.swift:330:41: error: cannot infer contextual base in reference to member 'whitespacesAndNewlines'
328 |       \(diffMessage)
329 |
330 |       \(failure.trimmingCharacters(in: .whitespacesAndNewlines))
    |                                         `- error: cannot infer contextual base in reference to member 'whitespacesAndNewlines'
331 |       """
332 |   } catch {
/host/spi-builder-workspace/.build/checkouts/swift-snapshot-testing/Sources/SnapshotTesting/AssertSnapshot.swift:353:5: error: cannot find 'DispatchQueue' in scope
351 |
352 |   static func registerIfNeeded() {
353 |     DispatchQueue.mainSync {
    |     `- error: cannot find 'DispatchQueue' in scope
354 |       if !registered {
355 |         registered = true
/host/spi-builder-workspace/.build/checkouts/swift-snapshot-testing/Sources/SnapshotTesting/AssertSnapshot.swift:362:5: error: cannot find 'DispatchQueue' in scope
360 |
361 |   func testCaseDidFinish(_ testCase: XCTestCase) {
362 |     DispatchQueue.mainSync {
    |     `- error: cannot find 'DispatchQueue' in scope
363 |       counterMap = [:]
364 |     }
/host/spi-builder-workspace/.build/checkouts/swift-snapshot-testing/Sources/SnapshotTesting/AssertSnapshot.swift:369:28: error: cannot find 'DispatchSpecificKey' in scope
367 |
368 | extension DispatchQueue {
369 |   private static let key = DispatchSpecificKey<UInt8>()
    |                            `- error: cannot find 'DispatchSpecificKey' in scope
370 |   private static let value: UInt8 = 0
371 |
/host/spi-builder-workspace/.build/checkouts/swift-snapshot-testing/Sources/SnapshotTesting/AssertSnapshot.swift:368:11: error: cannot find type 'DispatchQueue' in scope
366 | }
367 |
368 | extension DispatchQueue {
    |           `- error: cannot find type 'DispatchQueue' in scope
369 |   private static let key = DispatchSpecificKey<UInt8>()
370 |   private static let value: UInt8 = 0
/host/spi-builder-workspace/.build/checkouts/swift-snapshot-testing/Sources/SnapshotTesting/AssertSnapshot.swift:215:21: error: cannot find 'DispatchQueue' in scope
213 |       identifier = sanitizePathComponent(name)
214 |     } else {
215 |       let counter = DispatchQueue.mainSync { () -> Int in
    |                     `- error: cannot find 'DispatchQueue' in scope
216 |         let key = snapshotDirectoryUrl.appendingPathComponent(testName)
217 |         counterMap[key, default: 0] += 1
/host/spi-builder-workspace/.build/checkouts/swift-snapshot-testing/Sources/SnapshotTesting/AssertSnapshot.swift:237:11: error: cannot find 'DispatchQueue' in scope
235 |       #if !os(Linux) && !os(Windows)
236 |         if ProcessInfo.processInfo.environment.keys.contains("__XCODE_BUILT_PRODUCTS_DIR_PATHS") {
237 |           DispatchQueue.mainSync {
    |           `- error: cannot find 'DispatchQueue' in scope
238 |             XCTContext.runActivity(named: "Attached Recorded Snapshot") { activity in
239 |               let attachment = XCTAttachment(contentsOfFile: snapshotFileUrl)
/host/spi-builder-workspace/.build/checkouts/swift-snapshot-testing/Sources/SnapshotTesting/AssertSnapshot.swift:238:13: error: cannot find 'XCTContext' in scope
236 |         if ProcessInfo.processInfo.environment.keys.contains("__XCODE_BUILT_PRODUCTS_DIR_PATHS") {
237 |           DispatchQueue.mainSync {
238 |             XCTContext.runActivity(named: "Attached Recorded Snapshot") { activity in
    |             `- error: cannot find 'XCTContext' in scope
239 |               let attachment = XCTAttachment(contentsOfFile: snapshotFileUrl)
240 |               activity.add(attachment)
/host/spi-builder-workspace/.build/checkouts/swift-snapshot-testing/Sources/SnapshotTesting/AssertSnapshot.swift:239:32: error: cannot find 'XCTAttachment' in scope
237 |           DispatchQueue.mainSync {
238 |             XCTContext.runActivity(named: "Attached Recorded Snapshot") { activity in
239 |               let attachment = XCTAttachment(contentsOfFile: snapshotFileUrl)
    |                                `- error: cannot find 'XCTAttachment' in scope
240 |               activity.add(attachment)
241 |             }
/host/spi-builder-workspace/.build/checkouts/swift-snapshot-testing/Sources/SnapshotTesting/Diffing.swift:14:48: error: cannot find type 'XCTAttachment' in scope
12 |   /// Compares two values. If the values do not match, returns a failure message and artifacts
13 |   /// describing the failure.
14 |   public var diff: (Value, Value) -> (String, [XCTAttachment])?
   |                                                `- error: cannot find type 'XCTAttachment' in scope
15 |
16 |   /// Creates a new `Diffing` on `Value`.
/host/spi-builder-workspace/.build/checkouts/swift-snapshot-testing/Sources/SnapshotTesting/AssertSnapshot.swift:293:11: error: cannot find 'DispatchQueue' in scope
291 |       #if !os(Linux) && !os(Windows)
292 |         if ProcessInfo.processInfo.environment.keys.contains("__XCODE_BUILT_PRODUCTS_DIR_PATHS") {
293 |           DispatchQueue.mainSync {
    |           `- error: cannot find 'DispatchQueue' in scope
294 |             XCTContext.runActivity(named: "Attached Failure Diff") { activity in
295 |               attachments.forEach {
/host/spi-builder-workspace/.build/checkouts/swift-snapshot-testing/Sources/SnapshotTesting/AssertSnapshot.swift:294:13: error: cannot find 'XCTContext' in scope
292 |         if ProcessInfo.processInfo.environment.keys.contains("__XCODE_BUILT_PRODUCTS_DIR_PATHS") {
293 |           DispatchQueue.mainSync {
294 |             XCTContext.runActivity(named: "Attached Failure Diff") { activity in
    |             `- error: cannot find 'XCTContext' in scope
295 |               attachments.forEach {
296 |                 activity.add($0)
/host/spi-builder-workspace/.build/checkouts/swift-snapshot-testing/Sources/SnapshotTesting/AssertSnapshot.swift:330:41: error: cannot infer contextual base in reference to member 'whitespacesAndNewlines'
328 |       \(diffMessage)
329 |
330 |       \(failure.trimmingCharacters(in: .whitespacesAndNewlines))
    |                                         `- error: cannot infer contextual base in reference to member 'whitespacesAndNewlines'
331 |       """
332 |   } catch {
/host/spi-builder-workspace/.build/checkouts/swift-snapshot-testing/Sources/SnapshotTesting/AssertSnapshot.swift:353:5: error: cannot find 'DispatchQueue' in scope
351 |
352 |   static func registerIfNeeded() {
353 |     DispatchQueue.mainSync {
    |     `- error: cannot find 'DispatchQueue' in scope
354 |       if !registered {
355 |         registered = true
/host/spi-builder-workspace/.build/checkouts/swift-snapshot-testing/Sources/SnapshotTesting/AssertSnapshot.swift:362:5: error: cannot find 'DispatchQueue' in scope
360 |
361 |   func testCaseDidFinish(_ testCase: XCTestCase) {
362 |     DispatchQueue.mainSync {
    |     `- error: cannot find 'DispatchQueue' in scope
363 |       counterMap = [:]
364 |     }
/host/spi-builder-workspace/.build/checkouts/swift-snapshot-testing/Sources/SnapshotTesting/AssertSnapshot.swift:369:28: error: cannot find 'DispatchSpecificKey' in scope
367 |
368 | extension DispatchQueue {
369 |   private static let key = DispatchSpecificKey<UInt8>()
    |                            `- error: cannot find 'DispatchSpecificKey' in scope
370 |   private static let value: UInt8 = 0
371 |
/host/spi-builder-workspace/.build/checkouts/swift-snapshot-testing/Sources/SnapshotTesting/AssertSnapshot.swift:368:11: error: cannot find type 'DispatchQueue' in scope
366 | }
367 |
368 | extension DispatchQueue {
    |           `- error: cannot find type 'DispatchQueue' in scope
369 |   private static let key = DispatchSpecificKey<UInt8>()
370 |   private static let value: UInt8 = 0
/host/spi-builder-workspace/.build/checkouts/swift-snapshot-testing/Sources/SnapshotTesting/AssertSnapshot.swift:215:21: error: cannot find 'DispatchQueue' in scope
213 |       identifier = sanitizePathComponent(name)
214 |     } else {
215 |       let counter = DispatchQueue.mainSync { () -> Int in
    |                     `- error: cannot find 'DispatchQueue' in scope
216 |         let key = snapshotDirectoryUrl.appendingPathComponent(testName)
217 |         counterMap[key, default: 0] += 1
/host/spi-builder-workspace/.build/checkouts/swift-snapshot-testing/Sources/SnapshotTesting/AssertSnapshot.swift:237:11: error: cannot find 'DispatchQueue' in scope
235 |       #if !os(Linux) && !os(Windows)
236 |         if ProcessInfo.processInfo.environment.keys.contains("__XCODE_BUILT_PRODUCTS_DIR_PATHS") {
237 |           DispatchQueue.mainSync {
    |           `- error: cannot find 'DispatchQueue' in scope
238 |             XCTContext.runActivity(named: "Attached Recorded Snapshot") { activity in
239 |               let attachment = XCTAttachment(contentsOfFile: snapshotFileUrl)
/host/spi-builder-workspace/.build/checkouts/swift-snapshot-testing/Sources/SnapshotTesting/AssertSnapshot.swift:238:13: error: cannot find 'XCTContext' in scope
236 |         if ProcessInfo.processInfo.environment.keys.contains("__XCODE_BUILT_PRODUCTS_DIR_PATHS") {
237 |           DispatchQueue.mainSync {
238 |             XCTContext.runActivity(named: "Attached Recorded Snapshot") { activity in
    |             `- error: cannot find 'XCTContext' in scope
239 |               let attachment = XCTAttachment(contentsOfFile: snapshotFileUrl)
240 |               activity.add(attachment)
/host/spi-builder-workspace/.build/checkouts/swift-snapshot-testing/Sources/SnapshotTesting/AssertSnapshot.swift:239:32: error: cannot find 'XCTAttachment' in scope
237 |           DispatchQueue.mainSync {
238 |             XCTContext.runActivity(named: "Attached Recorded Snapshot") { activity in
239 |               let attachment = XCTAttachment(contentsOfFile: snapshotFileUrl)
    |                                `- error: cannot find 'XCTAttachment' in scope
240 |               activity.add(attachment)
241 |             }
/host/spi-builder-workspace/.build/checkouts/swift-snapshot-testing/Sources/SnapshotTesting/Diffing.swift:14:48: error: cannot find type 'XCTAttachment' in scope
12 |   /// Compares two values. If the values do not match, returns a failure message and artifacts
13 |   /// describing the failure.
14 |   public var diff: (Value, Value) -> (String, [XCTAttachment])?
   |                                                `- error: cannot find type 'XCTAttachment' in scope
15 |
16 |   /// Creates a new `Diffing` on `Value`.
/host/spi-builder-workspace/.build/checkouts/swift-snapshot-testing/Sources/SnapshotTesting/AssertSnapshot.swift:293:11: error: cannot find 'DispatchQueue' in scope
291 |       #if !os(Linux) && !os(Windows)
292 |         if ProcessInfo.processInfo.environment.keys.contains("__XCODE_BUILT_PRODUCTS_DIR_PATHS") {
293 |           DispatchQueue.mainSync {
    |           `- error: cannot find 'DispatchQueue' in scope
294 |             XCTContext.runActivity(named: "Attached Failure Diff") { activity in
295 |               attachments.forEach {
/host/spi-builder-workspace/.build/checkouts/swift-snapshot-testing/Sources/SnapshotTesting/AssertSnapshot.swift:294:13: error: cannot find 'XCTContext' in scope
292 |         if ProcessInfo.processInfo.environment.keys.contains("__XCODE_BUILT_PRODUCTS_DIR_PATHS") {
293 |           DispatchQueue.mainSync {
294 |             XCTContext.runActivity(named: "Attached Failure Diff") { activity in
    |             `- error: cannot find 'XCTContext' in scope
295 |               attachments.forEach {
296 |                 activity.add($0)
/host/spi-builder-workspace/.build/checkouts/swift-snapshot-testing/Sources/SnapshotTesting/AssertSnapshot.swift:330:41: error: cannot infer contextual base in reference to member 'whitespacesAndNewlines'
328 |       \(diffMessage)
329 |
330 |       \(failure.trimmingCharacters(in: .whitespacesAndNewlines))
    |                                         `- error: cannot infer contextual base in reference to member 'whitespacesAndNewlines'
331 |       """
332 |   } catch {
/host/spi-builder-workspace/.build/checkouts/swift-snapshot-testing/Sources/SnapshotTesting/AssertSnapshot.swift:353:5: error: cannot find 'DispatchQueue' in scope
351 |
352 |   static func registerIfNeeded() {
353 |     DispatchQueue.mainSync {
    |     `- error: cannot find 'DispatchQueue' in scope
354 |       if !registered {
355 |         registered = true
/host/spi-builder-workspace/.build/checkouts/swift-snapshot-testing/Sources/SnapshotTesting/AssertSnapshot.swift:362:5: error: cannot find 'DispatchQueue' in scope
360 |
361 |   func testCaseDidFinish(_ testCase: XCTestCase) {
362 |     DispatchQueue.mainSync {
    |     `- error: cannot find 'DispatchQueue' in scope
363 |       counterMap = [:]
364 |     }
/host/spi-builder-workspace/.build/checkouts/swift-snapshot-testing/Sources/SnapshotTesting/AssertSnapshot.swift:369:28: error: cannot find 'DispatchSpecificKey' in scope
367 |
368 | extension DispatchQueue {
369 |   private static let key = DispatchSpecificKey<UInt8>()
    |                            `- error: cannot find 'DispatchSpecificKey' in scope
370 |   private static let value: UInt8 = 0
371 |
/host/spi-builder-workspace/.build/checkouts/swift-snapshot-testing/Sources/SnapshotTesting/AssertSnapshot.swift:368:11: error: cannot find type 'DispatchQueue' in scope
366 | }
367 |
368 | extension DispatchQueue {
    |           `- error: cannot find type 'DispatchQueue' in scope
369 |   private static let key = DispatchSpecificKey<UInt8>()
370 |   private static let value: UInt8 = 0
/host/spi-builder-workspace/.build/checkouts/swift-snapshot-testing/Sources/SnapshotTesting/AssertSnapshot.swift:215:21: error: cannot find 'DispatchQueue' in scope
213 |       identifier = sanitizePathComponent(name)
214 |     } else {
215 |       let counter = DispatchQueue.mainSync { () -> Int in
    |                     `- error: cannot find 'DispatchQueue' in scope
216 |         let key = snapshotDirectoryUrl.appendingPathComponent(testName)
217 |         counterMap[key, default: 0] += 1
/host/spi-builder-workspace/.build/checkouts/swift-snapshot-testing/Sources/SnapshotTesting/AssertSnapshot.swift:237:11: error: cannot find 'DispatchQueue' in scope
235 |       #if !os(Linux) && !os(Windows)
236 |         if ProcessInfo.processInfo.environment.keys.contains("__XCODE_BUILT_PRODUCTS_DIR_PATHS") {
237 |           DispatchQueue.mainSync {
    |           `- error: cannot find 'DispatchQueue' in scope
238 |             XCTContext.runActivity(named: "Attached Recorded Snapshot") { activity in
239 |               let attachment = XCTAttachment(contentsOfFile: snapshotFileUrl)
/host/spi-builder-workspace/.build/checkouts/swift-snapshot-testing/Sources/SnapshotTesting/AssertSnapshot.swift:238:13: error: cannot find 'XCTContext' in scope
236 |         if ProcessInfo.processInfo.environment.keys.contains("__XCODE_BUILT_PRODUCTS_DIR_PATHS") {
237 |           DispatchQueue.mainSync {
238 |             XCTContext.runActivity(named: "Attached Recorded Snapshot") { activity in
    |             `- error: cannot find 'XCTContext' in scope
239 |               let attachment = XCTAttachment(contentsOfFile: snapshotFileUrl)
240 |               activity.add(attachment)
/host/spi-builder-workspace/.build/checkouts/swift-snapshot-testing/Sources/SnapshotTesting/AssertSnapshot.swift:239:32: error: cannot find 'XCTAttachment' in scope
237 |           DispatchQueue.mainSync {
238 |             XCTContext.runActivity(named: "Attached Recorded Snapshot") { activity in
239 |               let attachment = XCTAttachment(contentsOfFile: snapshotFileUrl)
    |                                `- error: cannot find 'XCTAttachment' in scope
240 |               activity.add(attachment)
241 |             }
/host/spi-builder-workspace/.build/checkouts/swift-snapshot-testing/Sources/SnapshotTesting/Diffing.swift:14:48: error: cannot find type 'XCTAttachment' in scope
12 |   /// Compares two values. If the values do not match, returns a failure message and artifacts
13 |   /// describing the failure.
14 |   public var diff: (Value, Value) -> (String, [XCTAttachment])?
   |                                                `- error: cannot find type 'XCTAttachment' in scope
15 |
16 |   /// Creates a new `Diffing` on `Value`.
/host/spi-builder-workspace/.build/checkouts/swift-snapshot-testing/Sources/SnapshotTesting/AssertSnapshot.swift:293:11: error: cannot find 'DispatchQueue' in scope
291 |       #if !os(Linux) && !os(Windows)
292 |         if ProcessInfo.processInfo.environment.keys.contains("__XCODE_BUILT_PRODUCTS_DIR_PATHS") {
293 |           DispatchQueue.mainSync {
    |           `- error: cannot find 'DispatchQueue' in scope
294 |             XCTContext.runActivity(named: "Attached Failure Diff") { activity in
295 |               attachments.forEach {
/host/spi-builder-workspace/.build/checkouts/swift-snapshot-testing/Sources/SnapshotTesting/AssertSnapshot.swift:294:13: error: cannot find 'XCTContext' in scope
292 |         if ProcessInfo.processInfo.environment.keys.contains("__XCODE_BUILT_PRODUCTS_DIR_PATHS") {
293 |           DispatchQueue.mainSync {
294 |             XCTContext.runActivity(named: "Attached Failure Diff") { activity in
    |             `- error: cannot find 'XCTContext' in scope
295 |               attachments.forEach {
296 |                 activity.add($0)
/host/spi-builder-workspace/.build/checkouts/swift-snapshot-testing/Sources/SnapshotTesting/AssertSnapshot.swift:330:41: error: cannot infer contextual base in reference to member 'whitespacesAndNewlines'
328 |       \(diffMessage)
329 |
330 |       \(failure.trimmingCharacters(in: .whitespacesAndNewlines))
    |                                         `- error: cannot infer contextual base in reference to member 'whitespacesAndNewlines'
331 |       """
332 |   } catch {
/host/spi-builder-workspace/.build/checkouts/swift-snapshot-testing/Sources/SnapshotTesting/AssertSnapshot.swift:353:5: error: cannot find 'DispatchQueue' in scope
351 |
352 |   static func registerIfNeeded() {
353 |     DispatchQueue.mainSync {
    |     `- error: cannot find 'DispatchQueue' in scope
354 |       if !registered {
355 |         registered = true
/host/spi-builder-workspace/.build/checkouts/swift-snapshot-testing/Sources/SnapshotTesting/AssertSnapshot.swift:362:5: error: cannot find 'DispatchQueue' in scope
360 |
361 |   func testCaseDidFinish(_ testCase: XCTestCase) {
362 |     DispatchQueue.mainSync {
    |     `- error: cannot find 'DispatchQueue' in scope
363 |       counterMap = [:]
364 |     }
/host/spi-builder-workspace/.build/checkouts/swift-snapshot-testing/Sources/SnapshotTesting/AssertSnapshot.swift:369:28: error: cannot find 'DispatchSpecificKey' in scope
367 |
368 | extension DispatchQueue {
369 |   private static let key = DispatchSpecificKey<UInt8>()
    |                            `- error: cannot find 'DispatchSpecificKey' in scope
370 |   private static let value: UInt8 = 0
371 |
[374/636] Compiling ConcurrencyExtras Result.swift
[375/636] Compiling ConcurrencyExtras Task.swift
[383/637] Compiling xwing.cc
[383/637] Compiling x_spki.cc
[383/637] Compiling x_x509.cc
[383/637] Compiling x_x509a.cc
BUILD FAILURE 6.2 wasm