Build Information
Failed to build LazyLayoutKit, reference main (b48ad3), with Swift 6.2 for Linux on 17 Aug 2026 00:58:05 UTC.
Build Command
bash -c docker run --pull=always --rm -v "checkouts-54344845-0":/host -w "$PWD" -e JAVA_HOME="/root/.sdkman/candidates/java/current" -e SPI_BUILD="1" -e SPI_PROCESSING="1" registry.gitlab.com/saguaro1/spi-images:basic-6.2-latest swift build --triple x86_64-unknown-linux-gnu 2>&1Build Log
========================================
RunAll
========================================
Builder version: 5.0.1
Interrupt handler set up.
========================================
Checkout
========================================
Clone URL: https://github.com/Dave861/LazyLayoutKit.git
Reference: main
Initialized empty Git repository in /host/spi-builder-workspace/.git/
hint: Using 'master' as the name for the initial branch. This default branch name
hint: is subject to change. To configure the initial branch name to use in all
hint: of your new repositories, which will suppress this warning, call:
hint:
hint: git config --global init.defaultBranch <name>
hint:
hint: Names commonly chosen instead of 'master' are 'main', 'trunk' and
hint: 'development'. The just-created branch can be renamed via this command:
hint:
hint: git branch -m <name>
From https://github.com/Dave861/LazyLayoutKit
* branch main -> FETCH_HEAD
* [new branch] main -> origin/main
HEAD is now at b48ad3d 0.3.0: add scroll positioning and justified layout
Cloned https://github.com/Dave861/LazyLayoutKit.git
Revision (git rev-parse @):
b48ad3d172a7dc2313e0ac17511b97ee14657d88
SPI manifest file found: $PWD/.spi.yml
SUCCESS checkout https://github.com/Dave861/LazyLayoutKit.git at main
========================================
Build
========================================
Selected platform: linux
Swift version: 6.2
Building package at path: $PWD
https://github.com/Dave861/LazyLayoutKit.git
Running build ...
bash -c docker run --pull=always --rm -v "checkouts-54344845-0":/host -w "$PWD" -e JAVA_HOME="/root/.sdkman/candidates/java/current" -e SPI_BUILD="1" -e SPI_PROCESSING="1" registry.gitlab.com/saguaro1/spi-images:basic-6.2-latest swift build --triple x86_64-unknown-linux-gnu 2>&1
basic-6.2-latest: Pulling from saguaro1/spi-images
Digest: sha256:4f3911e0f09a6ac47ac813ad3222aa373869118ee0ae384fd641a13da74b5e3f
Status: Image is up to date for registry.gitlab.com/saguaro1/spi-images:basic-6.2-latest
Building for debugging...
[0/7] Write sources
[2/7] Write swift-version-24593BA9C3E375BF.txt
error: emit-module command failed with exit code 1 (use -v to see invocation)
[4/22] Emitting module LazyLayoutKit
/host/spi-builder-workspace/Sources/LazyLayoutKit/SwiftUI/LazyLayoutView.swift:1:8: error: no such module 'os'
1 | import os
| `- error: no such module 'os'
2 | import SwiftUI
3 |
[5/22] Compiling LazyLayoutKit Overscan.swift
/host/spi-builder-workspace/Sources/LazyLayoutKit/SwiftUI/LazyLayoutView.swift:1:8: error: no such module 'os'
1 | import os
| `- error: no such module 'os'
2 | import SwiftUI
3 |
[6/22] Compiling LazyLayoutKit ScrollTarget.swift
/host/spi-builder-workspace/Sources/LazyLayoutKit/SwiftUI/LazyLayoutView.swift:1:8: error: no such module 'os'
1 | import os
| `- error: no such module 'os'
2 | import SwiftUI
3 |
[7/24] Compiling LazyLayoutKit TextMeasurerStore.swift
/host/spi-builder-workspace/Sources/LazyLayoutKit/SwiftUI/LazyLayoutView.swift:1:8: error: no such module 'os'
1 | import os
| `- error: no such module 'os'
2 | import SwiftUI
3 |
[8/24] Compiling LazyLayoutKit TextStyle.swift
/host/spi-builder-workspace/Sources/LazyLayoutKit/SwiftUI/LazyLayoutView.swift:1:8: error: no such module 'os'
1 | import os
| `- error: no such module 'os'
2 | import SwiftUI
3 |
[9/24] Compiling LazyLayoutKit LayoutRect.swift
/host/spi-builder-workspace/Sources/LazyLayoutKit/SwiftUI/LazyLayoutView.swift:1:8: error: no such module 'os'
1 | import os
| `- error: no such module 'os'
2 | import SwiftUI
3 |
[10/24] Compiling LazyLayoutKit LayoutSnapshot.swift
/host/spi-builder-workspace/Sources/LazyLayoutKit/SwiftUI/LazyLayoutView.swift:1:8: error: no such module 'os'
1 | import os
| `- error: no such module 'os'
2 | import SwiftUI
3 |
[11/24] Compiling LazyLayoutKit VerticalVisibilityIndex.swift
/host/spi-builder-workspace/Sources/LazyLayoutKit/SwiftUI/LazyLayoutView.swift:1:8: error: no such module 'os'
1 | import os
| `- error: no such module 'os'
2 | import SwiftUI
3 |
[12/24] Compiling LazyLayoutKit JustifiedLayout.swift
/host/spi-builder-workspace/Sources/LazyLayoutKit/SwiftUI/LazyLayoutView.swift:1:8: error: no such module 'os'
1 | import os
| `- error: no such module 'os'
2 | import SwiftUI
3 |
[13/24] Compiling LazyLayoutKit LazyLayoutAlgorithm.swift
/host/spi-builder-workspace/Sources/LazyLayoutKit/SwiftUI/LazyLayoutView.swift:1:8: error: no such module 'os'
1 | import os
| `- error: no such module 'os'
2 | import SwiftUI
3 |
[14/24] Compiling LazyLayoutKit MasonryLayout.swift
/host/spi-builder-workspace/Sources/LazyLayoutKit/SwiftUI/LazyLayoutView.swift:1:8: error: no such module 'os'
1 | import os
| `- error: no such module 'os'
2 | import SwiftUI
3 |
[15/24] Compiling LazyLayoutKit LazyLayoutView.swift
/host/spi-builder-workspace/Sources/LazyLayoutKit/SwiftUI/LazyLayoutView.swift:1:8: error: no such module 'os'
1 | import os
| `- error: no such module 'os'
2 | import SwiftUI
3 |
[16/24] Compiling LazyLayoutKit Signposts.swift
/host/spi-builder-workspace/Sources/LazyLayoutKit/SwiftUI/LazyLayoutView.swift:1:8: error: no such module 'os'
1 | import os
| `- error: no such module 'os'
2 | import SwiftUI
3 |
[17/24] Compiling LazyLayoutKit TimelineLayout.swift
/host/spi-builder-workspace/Sources/LazyLayoutKit/SwiftUI/LazyLayoutView.swift:1:8: error: no such module 'os'
1 | import os
| `- error: no such module 'os'
2 | import SwiftUI
3 |
[18/24] Compiling LazyLayoutKit LazyLayoutPosition.swift
/host/spi-builder-workspace/Sources/LazyLayoutKit/SwiftUI/LazyLayoutView.swift:1:8: error: no such module 'os'
1 | import os
| `- error: no such module 'os'
2 | import SwiftUI
3 |
[19/24] Compiling LazyLayoutKit Font+Resolved.swift
/host/spi-builder-workspace/Sources/LazyLayoutKit/SwiftUI/LazyLayoutView.swift:1:8: error: no such module 'os'
1 | import os
| `- error: no such module 'os'
2 | import SwiftUI
3 |
[20/24] Compiling LazyLayoutKit TextMeasurer.swift
/host/spi-builder-workspace/Sources/LazyLayoutKit/SwiftUI/LazyLayoutView.swift:1:8: error: no such module 'os'
1 | import os
| `- error: no such module 'os'
2 | import SwiftUI
3 |
BUILD FAILURE 6.2 linux