The Swift Package Index logo.Swift Package Index

Build Information

Failed to build Simorgh, reference 2.2.2 (3b52ef), with Swift 6.2 for tvOS using Xcode 26.3 on 23 Oct 2026 12:29:30 UTC.

Build Command

env DEVELOPER_DIR=/Applications/Xcode-26.3.0.app xcrun xcodebuild -IDEClonedSourcePackagesDirPathOverride=$PWD/.dependencies -skipMacroValidation -skipPackagePluginValidation -derivedDataPath $PWD/.derivedData build -scheme Simorgh -destination generic/platform=tvOS

Build Log

========================================
RunAll
========================================
Builder version: 5.1.3
Interrupt handler set up.
========================================
Checkout
========================================
Clone URL: https://github.com/siamakrostami/Simorgh.git
Reference: 2.2.2
Initialized empty Git repository in /Users/admin/builder/spi-builder-workspace/.git/
From https://github.com/siamakrostami/Simorgh
 * tag               2.2.2      -> FETCH_HEAD
HEAD is now at 3b52efe feat(upload): length-limited raw body for chunked uploads
Cloned https://github.com/siamakrostami/Simorgh.git
Revision (git rev-parse @):
3b52efea7af90d5a37cc6e8418f6e6c0cf864ae0
SUCCESS checkout https://github.com/siamakrostami/Simorgh.git at 2.2.2
========================================
Build
========================================
Selected platform:         tvOS
Swift version:             6.2
Building package at path:  $PWD
https://github.com/siamakrostami/Simorgh.git
Command line invocation:
    /Applications/Xcode-26.3.0.app/Contents/Developer/usr/bin/xcodebuild -IDEClonedSourcePackagesDirPathOverride=/Users/admin/builder/spi-builder-workspace/.dependencies -resolvePackageDependencies
Resolve Package Graph
Resolve Package Graph
Resolved source packages:
  Simorgh: /Users/admin/builder/spi-builder-workspace
resolved source packages: Simorgh
2026-10-23 08:28:59.887 xcodebuild[534:3080] [MT] IDERunDestination: Supported platforms for the buildables in the current scheme is empty.
{
  "dependencies" : [
  ],
  "manifest_display_name" : "Simorgh",
  "name" : "Simorgh",
  "path" : "/Users/admin/builder/spi-builder-workspace",
  "platforms" : [
    {
      "name" : "ios",
      "version" : "13.0"
    },
    {
      "name" : "macos",
      "version" : "13.0"
    },
    {
      "name" : "tvos",
      "version" : "13.0"
    },
    {
      "name" : "watchos",
      "version" : "7.0"
    }
  ],
  "products" : [
    {
      "name" : "Simorgh",
      "targets" : [
        "Simorgh"
      ],
      "type" : {
        "library" : [
          "automatic"
        ]
      }
    }
  ],
  "swift_languages_versions" : [
    "6",
    "5"
  ],
  "targets" : [
    {
      "c99name" : "SimorghTests",
      "module_type" : "SwiftTarget",
      "name" : "SimorghTests",
      "path" : "Tests/SimorghTests",
      "sources" : [
        "LoggerRedactionTests.swift",
        "QueryEncodingTests.swift",
        "SimorghTests.swift",
        "SubscriptionRouterTests.swift",
        "UploadTests.swift",
        "WebSocketRouterTests.swift"
      ],
      "target_dependencies" : [
        "Simorgh"
      ],
      "type" : "test"
    },
    {
      "c99name" : "Simorgh",
      "module_type" : "SwiftTarget",
      "name" : "Simorgh",
      "path" : "Sources",
      "product_memberships" : [
        "Simorgh"
      ],
      "sources" : [
        "Client/APIClient.swift",
        "Client/APIVersion.swift",
        "Client/CacheStrategy.swift",
        "Client/DefaultRetryHandler.swift",
        "Client/MultipartFormField.swift",
        "Client/RetryHandler.swift",
        "Client/SendablePromise.swift",
        "Data/Data+Extentions.swift",
        "DownloadManager/DownloadManager.swift",
        "DownloadManager/DownloadManagerConfig.swift",
        "DownloadManager/DownloadStorage.swift",
        "DownloadManager/DownloadTask.swift",
        "DownloadManager/DownloadTracker.swift",
        "DownloadManager/SpeedSampler.swift",
        "Encoding/NetworkParameterEncoding.swift",
        "Error/NetworkError.swift",
        "HeaderHandler/HeaderHandler.swift",
        "Log/URLSessionLogger.swift",
        "Mime/MimeTypeDetector.swift",
        "Reachability/Connectivity.swift",
        "Reachability/NetworkMonitor.swift",
        "Reachability/VPNChecking.swift",
        "Router/NetworkRouter.swift",
        "Simorgh/Simorgh.swift",
        "Upload/MultipartFileBodyWriter.swift",
        "Upload/RawFileBodyWriter.swift",
        "Upload/UploadCompletion.swift",
        "Upload/UploadManager.swift",
        "Upload/UploadModels.swift",
        "Upload/UploadStores.swift",
        "UploadProgress/UploadProgressDelegate.swift",
        "WebSocket/SubscriptionConnection.swift",
        "WebSocket/SubscriptionRouter.swift",
        "WebSocket/WebSocketConnection.swift",
        "WebSocket/WebSocketMessage.swift",
        "WebSocket/WebSocketRouter.swift"
      ],
      "type" : "library"
    }
  ],
  "tools_version" : "6.0"
}
{
  "workspace" : {
    "name" : "spi-builder-workspace",
    "schemes" : [
      "Simorgh"
    ]
  }
}
2026-10-23 08:29:18.558 xcodebuild[674:4204] [MT] IDERunDestination: Supported platforms for the buildables in the current scheme is empty.
Running build ...
env DEVELOPER_DIR=/Applications/Xcode-26.3.0.app xcrun xcodebuild -IDEClonedSourcePackagesDirPathOverride=$PWD/.dependencies -skipMacroValidation -skipPackagePluginValidation -derivedDataPath $PWD/.derivedData build -scheme Simorgh -destination generic/platform=tvOS
Command line invocation:
    /Applications/Xcode-26.3.0.app/Contents/Developer/usr/bin/xcodebuild -IDEClonedSourcePackagesDirPathOverride=/Users/admin/builder/spi-builder-workspace/.dependencies -skipMacroValidation -skipPackagePluginValidation -derivedDataPath /Users/admin/builder/spi-builder-workspace/.derivedData build -scheme Simorgh -destination generic/platform=tvOS
Resolve Package Graph
Resolved source packages:
  Simorgh: /Users/admin/builder/spi-builder-workspace
ComputePackagePrebuildTargetDependencyGraph
Prepare packages
CreateBuildRequest
SendProjectDescription
CreateBuildOperation
ComputeTargetDependencyGraph
note: Building targets in dependency order
note: Target dependency graph (2 targets)
    Target 'Simorgh' in project 'Simorgh'
        ➜ Explicit dependency on target 'Simorgh' in project 'Simorgh'
    Target 'Simorgh' in project 'Simorgh' (no dependencies)
GatherProvisioningInputs
CreateBuildDescription
ExecuteExternalTool /Applications/Xcode-26.3.0.app/Contents/Developer/Toolchains/XcodeDefault.xctoolchain/usr/bin/clang -v -E -dM -isysroot /Applications/Xcode-26.3.0.app/Contents/Developer/Platforms/AppleTVOS.platform/Developer/SDKs/AppleTVOS26.2.sdk -x c -c /dev/null
ExecuteExternalTool /Applications/Xcode-26.3.0.app/Contents/Developer/Toolchains/XcodeDefault.xctoolchain/usr/bin/swiftc --version
ExecuteExternalTool /Applications/Xcode-26.3.0.app/Contents/Developer/Toolchains/XcodeDefault.xctoolchain/usr/bin/ld -version_details
Build description signature: 6a46fcd49820ce4f13920a326a1529b9
Build description path: /Users/admin/builder/spi-builder-workspace/.derivedData/Build/Intermediates.noindex/XCBuildData/6a46fcd49820ce4f13920a326a1529b9.xcbuilddata
ClangStatCache /Applications/Xcode-26.3.0.app/Contents/Developer/Toolchains/XcodeDefault.xctoolchain/usr/bin/clang-stat-cache /Applications/Xcode-26.3.0.app/Contents/Developer/Platforms/AppleTVOS.platform/Developer/SDKs/AppleTVOS26.2.sdk /Users/admin/builder/spi-builder-workspace/.derivedData/SDKStatCaches.noindex/appletvos26.2-23K50-dc75598d0054f22ec865fa860f139d72c1feacec85df2e04b9fa10f95e757c08.sdkstatcache
    cd /Users/admin/builder/spi-builder-workspace/.swiftpm/xcode
    /Applications/Xcode-26.3.0.app/Contents/Developer/Toolchains/XcodeDefault.xctoolchain/usr/bin/clang-stat-cache /Applications/Xcode-26.3.0.app/Contents/Developer/Platforms/AppleTVOS.platform/Developer/SDKs/AppleTVOS26.2.sdk -o /Users/admin/builder/spi-builder-workspace/.derivedData/SDKStatCaches.noindex/appletvos26.2-23K50-dc75598d0054f22ec865fa860f139d72c1feacec85df2e04b9fa10f95e757c08.sdkstatcache
CreateBuildDirectory /Users/admin/builder/spi-builder-workspace/.derivedData/Build/Products
    cd /Users/admin/builder/spi-builder-workspace/.swiftpm/xcode
    builtin-create-build-directory /Users/admin/builder/spi-builder-workspace/.derivedData/Build/Products
CreateBuildDirectory /Users/admin/builder/spi-builder-workspace/.derivedData/Build/Intermediates.noindex
    cd /Users/admin/builder/spi-builder-workspace/.swiftpm/xcode
    builtin-create-build-directory /Users/admin/builder/spi-builder-workspace/.derivedData/Build/Intermediates.noindex
CreateBuildDirectory /Users/admin/builder/spi-builder-workspace/.derivedData/Build/Intermediates.noindex/SwiftExplicitPrecompiledModules
    cd /Users/admin/builder/spi-builder-workspace/.swiftpm/xcode
    builtin-create-build-directory /Users/admin/builder/spi-builder-workspace/.derivedData/Build/Intermediates.noindex/SwiftExplicitPrecompiledModules
CreateBuildDirectory /Users/admin/builder/spi-builder-workspace/.derivedData/Build/Intermediates.noindex/ExplicitPrecompiledModules
    cd /Users/admin/builder/spi-builder-workspace/.swiftpm/xcode
    builtin-create-build-directory /Users/admin/builder/spi-builder-workspace/.derivedData/Build/Intermediates.noindex/ExplicitPrecompiledModules
CreateBuildDirectory /Users/admin/builder/spi-builder-workspace/.derivedData/Build/Intermediates.noindex/EagerLinkingTBDs/Debug-appletvos
    cd /Users/admin/builder/spi-builder-workspace/.swiftpm/xcode
    builtin-create-build-directory /Users/admin/builder/spi-builder-workspace/.derivedData/Build/Intermediates.noindex/EagerLinkingTBDs/Debug-appletvos
CreateBuildDirectory /Users/admin/builder/spi-builder-workspace/.derivedData/Build/Products/Debug-appletvos
    cd /Users/admin/builder/spi-builder-workspace/.swiftpm/xcode
    builtin-create-build-directory /Users/admin/builder/spi-builder-workspace/.derivedData/Build/Products/Debug-appletvos
CreateBuildDirectory /Users/admin/builder/spi-builder-workspace/.derivedData/Build/Products/Debug-appletvos/PackageFrameworks
    cd /Users/admin/builder/spi-builder-workspace/.swiftpm/xcode
    builtin-create-build-directory /Users/admin/builder/spi-builder-workspace/.derivedData/Build/Products/Debug-appletvos/PackageFrameworks
WriteAuxiliaryFile /Users/admin/builder/spi-builder-workspace/.derivedData/Build/Intermediates.noindex/Simorgh.build/Debug-appletvos/Simorgh.build/Simorgh.modulemap (in target 'Simorgh' from project 'Simorgh')
    cd /Users/admin/builder/spi-builder-workspace
    write-file /Users/admin/builder/spi-builder-workspace/.derivedData/Build/Intermediates.noindex/Simorgh.build/Debug-appletvos/Simorgh.build/Simorgh.modulemap
WriteAuxiliaryFile /Users/admin/builder/spi-builder-workspace/.derivedData/Build/Intermediates.noindex/Simorgh.build/Debug-appletvos/Simorgh.build/Simorgh.DependencyStaticMetadataFileList (in target 'Simorgh' from project 'Simorgh')
    cd /Users/admin/builder/spi-builder-workspace
    write-file /Users/admin/builder/spi-builder-workspace/.derivedData/Build/Intermediates.noindex/Simorgh.build/Debug-appletvos/Simorgh.build/Simorgh.DependencyStaticMetadataFileList
WriteAuxiliaryFile /Users/admin/builder/spi-builder-workspace/.derivedData/Build/Intermediates.noindex/Simorgh.build/Debug-appletvos/Simorgh.build/Simorgh.DependencyMetadataFileList (in target 'Simorgh' from project 'Simorgh')
    cd /Users/admin/builder/spi-builder-workspace
    write-file /Users/admin/builder/spi-builder-workspace/.derivedData/Build/Intermediates.noindex/Simorgh.build/Debug-appletvos/Simorgh.build/Simorgh.DependencyMetadataFileList
WriteAuxiliaryFile /Users/admin/builder/spi-builder-workspace/.derivedData/Build/Intermediates.noindex/Simorgh.build/Debug-appletvos/Simorgh.build/Objects-normal/arm64/Simorgh.SwiftFileList (in target 'Simorgh' from project 'Simorgh')
    cd /Users/admin/builder/spi-builder-workspace
    write-file /Users/admin/builder/spi-builder-workspace/.derivedData/Build/Intermediates.noindex/Simorgh.build/Debug-appletvos/Simorgh.build/Objects-normal/arm64/Simorgh.SwiftFileList
WriteAuxiliaryFile /Users/admin/builder/spi-builder-workspace/.derivedData/Build/Intermediates.noindex/Simorgh.build/Debug-appletvos/Simorgh.build/Objects-normal/arm64/Simorgh-OutputFileMap.json (in target 'Simorgh' from project 'Simorgh')
    cd /Users/admin/builder/spi-builder-workspace
    write-file /Users/admin/builder/spi-builder-workspace/.derivedData/Build/Intermediates.noindex/Simorgh.build/Debug-appletvos/Simorgh.build/Objects-normal/arm64/Simorgh-OutputFileMap.json
WriteAuxiliaryFile /Users/admin/builder/spi-builder-workspace/.derivedData/Build/Intermediates.noindex/Simorgh.build/Debug-appletvos/Simorgh.build/Objects-normal/arm64/Simorgh.LinkFileList (in target 'Simorgh' from project 'Simorgh')
    cd /Users/admin/builder/spi-builder-workspace
    write-file /Users/admin/builder/spi-builder-workspace/.derivedData/Build/Intermediates.noindex/Simorgh.build/Debug-appletvos/Simorgh.build/Objects-normal/arm64/Simorgh.LinkFileList
WriteAuxiliaryFile /Users/admin/builder/spi-builder-workspace/.derivedData/Build/Intermediates.noindex/Simorgh.build/Debug-appletvos/Simorgh.build/Objects-normal/arm64/Simorgh.SwiftConstValuesFileList (in target 'Simorgh' from project 'Simorgh')
    cd /Users/admin/builder/spi-builder-workspace
    write-file /Users/admin/builder/spi-builder-workspace/.derivedData/Build/Intermediates.noindex/Simorgh.build/Debug-appletvos/Simorgh.build/Objects-normal/arm64/Simorgh.SwiftConstValuesFileList
WriteAuxiliaryFile /Users/admin/builder/spi-builder-workspace/.derivedData/Build/Intermediates.noindex/Simorgh.build/Debug-appletvos/Simorgh.build/Objects-normal/arm64/Simorgh_const_extract_protocols.json (in target 'Simorgh' from project 'Simorgh')
    cd /Users/admin/builder/spi-builder-workspace
    write-file /Users/admin/builder/spi-builder-workspace/.derivedData/Build/Intermediates.noindex/Simorgh.build/Debug-appletvos/Simorgh.build/Objects-normal/arm64/Simorgh_const_extract_protocols.json
Copy /Users/admin/builder/spi-builder-workspace/.derivedData/Build/Intermediates.noindex/GeneratedModuleMaps-appletvos/Simorgh.modulemap /Users/admin/builder/spi-builder-workspace/.derivedData/Build/Intermediates.noindex/Simorgh.build/Debug-appletvos/Simorgh.build/Simorgh.modulemap (in target 'Simorgh' from project 'Simorgh')
    cd /Users/admin/builder/spi-builder-workspace
    builtin-copy -exclude .DS_Store -exclude CVS -exclude .svn -exclude .git -exclude .hg -resolve-src-symlinks /Users/admin/builder/spi-builder-workspace/.derivedData/Build/Intermediates.noindex/Simorgh.build/Debug-appletvos/Simorgh.build/Simorgh.modulemap /Users/admin/builder/spi-builder-workspace/.derivedData/Build/Intermediates.noindex/GeneratedModuleMaps-appletvos
SwiftDriver Simorgh normal arm64 com.apple.xcode.tools.swift.compiler (in target 'Simorgh' from project 'Simorgh')
    cd /Users/admin/builder/spi-builder-workspace/.swiftpm/xcode
    builtin-SwiftDriver -- /Applications/Xcode-26.3.0.app/Contents/Developer/Toolchains/XcodeDefault.xctoolchain/usr/bin/swiftc -module-name Simorgh -Onone -enforce-exclusivity\=checked @/Users/admin/builder/spi-builder-workspace/.derivedData/Build/Intermediates.noindex/Simorgh.build/Debug-appletvos/Simorgh.build/Objects-normal/arm64/Simorgh.SwiftFileList -DSWIFT_PACKAGE -DDEBUG -DSWIFT_MODULE_RESOURCE_BUNDLE_UNAVAILABLE -DSPM_SWIFT_6 -DSWIFT_PACKAGE -DXcode -plugin-path /Applications/Xcode-26.3.0.app/Contents/Developer/Toolchains/XcodeDefault.xctoolchain/usr/lib/swift/host/plugins/testing -enable-experimental-feature DebugDescriptionMacro -sdk /Applications/Xcode-26.3.0.app/Contents/Developer/Platforms/AppleTVOS.platform/Developer/SDKs/AppleTVOS26.2.sdk -target arm64-apple-tvos13.0 -g -module-cache-path /Users/admin/builder/spi-builder-workspace/.derivedData/ModuleCache.noindex -Xfrontend -serialize-debugging-options -profile-coverage-mapping -profile-generate -enable-testing -index-store-path /Users/admin/builder/spi-builder-workspace/.derivedData/Index.noindex/DataStore -Xcc -D_LIBCPP_HARDENING_MODE\=_LIBCPP_HARDENING_MODE_DEBUG -swift-version 6 -I /Users/admin/builder/spi-builder-workspace/.derivedData/Build/Products/Debug-appletvos -Isystem /Applications/Xcode-26.3.0.app/Contents/Developer/Platforms/AppleTVOS.platform/Developer/usr/lib -F /Users/admin/builder/spi-builder-workspace/.derivedData/Build/Products/Debug-appletvos -F /Applications/Xcode-26.3.0.app/Contents/Developer/Platforms/AppleTVOS.platform/Developer/Library/Frameworks -F /Applications/Xcode-26.3.0.app/Contents/Developer/Platforms/AppleTVOS.platform/Developer/SDKs/AppleTVOS26.2.sdk/Developer/Library/Frameworks -c -j10 -enable-batch-mode -incremental -Xcc -ivfsstatcache -Xcc /Users/admin/builder/spi-builder-workspace/.derivedData/SDKStatCaches.noindex/appletvos26.2-23K50-dc75598d0054f22ec865fa860f139d72c1feacec85df2e04b9fa10f95e757c08.sdkstatcache -output-file-map /Users/admin/builder/spi-builder-workspace/.derivedData/Build/Intermediates.noindex/Simorgh.build/Debug-appletvos/Simorgh.build/Objects-normal/arm64/Simorgh-OutputFileMap.json -use-frontend-parseable-output -save-temps -no-color-diagnostics -explicit-module-build -module-cache-path /Users/admin/builder/spi-builder-workspace/.derivedData/Build/Intermediates.noindex/SwiftExplicitPrecompiledModules -clang-scanner-module-cache-path /Users/admin/builder/spi-builder-workspace/.derivedData/ModuleCache.noindex -sdk-module-cache-path /Users/admin/builder/spi-builder-workspace/.derivedData/ModuleCache.noindex -serialize-diagnostics -emit-dependencies -emit-module -emit-module-path /Users/admin/builder/spi-builder-workspace/.derivedData/Build/Intermediates.noindex/Simorgh.build/Debug-appletvos/Simorgh.build/Objects-normal/arm64/Simorgh.swiftmodule -validate-clang-modules-once -clang-build-session-file /Users/admin/builder/spi-builder-workspace/.derivedData/ModuleCache.noindex/Session.modulevalidation -package-name spi_builder_workspace -Xcc -I/Users/admin/builder/spi-builder-workspace/.derivedData/Build/Intermediates.noindex/Simorgh.build/Debug-appletvos/Simorgh.build/swift-overrides.hmap -emit-const-values -Xfrontend -const-gather-protocols-file -Xfrontend /Users/admin/builder/spi-builder-workspace/.derivedData/Build/Intermediates.noindex/Simorgh.build/Debug-appletvos/Simorgh.build/Objects-normal/arm64/Simorgh_const_extract_protocols.json -Xcc -I/Users/admin/builder/spi-builder-workspace/.derivedData/Build/Products/Debug-appletvos/include -Xcc -I/Users/admin/builder/spi-builder-workspace/.derivedData/Build/Intermediates.noindex/Simorgh.build/Debug-appletvos/Simorgh.build/DerivedSources-normal/arm64 -Xcc -I/Users/admin/builder/spi-builder-workspace/.derivedData/Build/Intermediates.noindex/Simorgh.build/Debug-appletvos/Simorgh.build/DerivedSources/arm64 -Xcc -I/Users/admin/builder/spi-builder-workspace/.derivedData/Build/Intermediates.noindex/Simorgh.build/Debug-appletvos/Simorgh.build/DerivedSources -Xcc -DSWIFT_PACKAGE -Xcc -DDEBUG\=1 -emit-objc-header -emit-objc-header-path /Users/admin/builder/spi-builder-workspace/.derivedData/Build/Intermediates.noindex/Simorgh.build/Debug-appletvos/Simorgh.build/Objects-normal/arm64/Simorgh-Swift.h -working-directory /Users/admin/builder/spi-builder-workspace/.swiftpm/xcode -experimental-emit-module-separately -disable-cmo
SwiftExplicitDependencyGeneratePcm arm64 /Users/admin/builder/spi-builder-workspace/.derivedData/ModuleCache.noindex/_Builtin_stdbool-1R0VA7GHOCZIBHY8NLIU8432O.pcm
SwiftExplicitDependencyGeneratePcm arm64 /Users/admin/builder/spi-builder-workspace/.derivedData/ModuleCache.noindex/_Builtin_stddef-AMFHETDGZZBL95KB6W1W0T0VV.pcm
SwiftExplicitDependencyGeneratePcm arm64 /Users/admin/builder/spi-builder-workspace/.derivedData/ModuleCache.noindex/_Builtin_float-8QAK3C6Z57AM8E8FKW50RMKE0.pcm
SwiftExplicitDependencyGeneratePcm arm64 /Users/admin/builder/spi-builder-workspace/.derivedData/ModuleCache.noindex/_Builtin_stdarg-C7BYDF1U3HIH06DNXDSUM4FTT.pcm
SwiftExplicitDependencyGeneratePcm arm64 /Users/admin/builder/spi-builder-workspace/.derivedData/ModuleCache.noindex/_AvailabilityInternal-5SOSDZ6OWC0BZLNXP3M7RQAVZ.pcm
SwiftExplicitDependencyGeneratePcm arm64 /Users/admin/builder/spi-builder-workspace/.derivedData/ModuleCache.noindex/ptrauth-F12J2CYS1H0H7PFJPSXR0BMRJ.pcm
SwiftExplicitDependencyGeneratePcm arm64 /Users/admin/builder/spi-builder-workspace/.derivedData/ModuleCache.noindex/ptrcheck-1PYZUUSJVB3190KYWPQ2HPH6T.pcm
SwiftExplicitDependencyGeneratePcm arm64 /Users/admin/builder/spi-builder-workspace/.derivedData/ModuleCache.noindex/_SwiftConcurrencyShims-63WYH7D9N5GA8C3BYH0SL0GLV.pcm
SwiftExplicitDependencyGeneratePcm arm64 /Users/admin/builder/spi-builder-workspace/.derivedData/ModuleCache.noindex/SwiftShims-3AHLVSDGRHJG0G0SOS8934V32.pcm
SwiftExplicitDependencyGeneratePcm arm64 /Users/admin/builder/spi-builder-workspace/.derivedData/ModuleCache.noindex/_DarwinFoundation1-1QBHJ5571SRONB2YTEF0W1AZY.pcm
SwiftExplicitDependencyGeneratePcm arm64 /Users/admin/builder/spi-builder-workspace/.derivedData/ModuleCache.noindex/_DarwinFoundation2-C8RRMSSA0HAGP6ND221ZWI44X.pcm
SwiftExplicitDependencyGeneratePcm arm64 /Users/admin/builder/spi-builder-workspace/.derivedData/ModuleCache.noindex/_Builtin_limits-2E5S7VT2TXRPTXMF0BVOZZESK.pcm
SwiftExplicitDependencyGeneratePcm arm64 /Users/admin/builder/spi-builder-workspace/.derivedData/ModuleCache.noindex/sys_types-6BLO2NPL2992COH57RXH2U5HM.pcm
SwiftExplicitDependencyGeneratePcm arm64 /Users/admin/builder/spi-builder-workspace/.derivedData/ModuleCache.noindex/_Builtin_stdint-81OO0IBAPEXC8PDD3L0YS8RNX.pcm
SwiftExplicitDependencyGeneratePcm arm64 /Users/admin/builder/spi-builder-workspace/.derivedData/ModuleCache.noindex/_DarwinFoundation3-6UHMDDSTU0LM5C7C4P4H0CUIY.pcm
SwiftExplicitDependencyGeneratePcm arm64 /Users/admin/builder/spi-builder-workspace/.derivedData/ModuleCache.noindex/_Builtin_stdatomic-1D26B1O5HO0J807V6TFE6XLS1.pcm
SwiftExplicitDependencyGeneratePcm arm64 /Users/admin/builder/spi-builder-workspace/.derivedData/ModuleCache.noindex/_Builtin_inttypes-DLLIL3NWPRXNQNMBT8DC05YE8.pcm
SwiftExplicitDependencyGeneratePcm arm64 /Users/admin/builder/spi-builder-workspace/.derivedData/ModuleCache.noindex/Darwin-575OOLOMX910P5D3ATXB8SS2F.pcm
SwiftExplicitDependencyGeneratePcm arm64 /Users/admin/builder/spi-builder-workspace/.derivedData/ModuleCache.noindex/ObjectiveC-26T7JC2QU7TEZO7VVGNFJ6X8W.pcm
SwiftExplicitDependencyGeneratePcm arm64 /Users/admin/builder/spi-builder-workspace/.derivedData/ModuleCache.noindex/MachO-CRPQGIQ2S31NAK8WBEW08JEMM.pcm
SwiftExplicitDependencyGeneratePcm arm64 /Users/admin/builder/spi-builder-workspace/.derivedData/ModuleCache.noindex/os_object-9KOTYT53GTW08K0SC0NERBQKZ.pcm
SwiftExplicitDependencyGeneratePcm arm64 /Users/admin/builder/spi-builder-workspace/.derivedData/ModuleCache.noindex/os_workgroup-8LHTS21UZQ74V0AT5HZW75AV1.pcm
SwiftExplicitDependencyGeneratePcm arm64 /Users/admin/builder/spi-builder-workspace/.derivedData/ModuleCache.noindex/Dispatch-1PDGBJ5QVFC7CLI4RKJ0VMGH6.pcm
SwiftExplicitDependencyGeneratePcm arm64 /Users/admin/builder/spi-builder-workspace/.derivedData/ModuleCache.noindex/os-8GZMDX9BXB4AKZN8YMIV3Q6R5.pcm
SwiftExplicitDependencyGeneratePcm arm64 /Users/admin/builder/spi-builder-workspace/.derivedData/ModuleCache.noindex/dnssd-BAYVT31TE1F5UD1RV7OE1PWDO.pcm
SwiftExplicitDependencyGeneratePcm arm64 /Users/admin/builder/spi-builder-workspace/.derivedData/ModuleCache.noindex/CoreFoundation-3J23TPD9ZE2CL1B8K8EKFM921.pcm
SwiftExplicitDependencyGeneratePcm arm64 /Users/admin/builder/spi-builder-workspace/.derivedData/ModuleCache.noindex/Security-8TBOSOW7OGW1K0PRX58JW9BUJ.pcm
SwiftExplicitDependencyGeneratePcm arm64 /Users/admin/builder/spi-builder-workspace/.derivedData/ModuleCache.noindex/CFNetwork-EIGAIPZB6XFUTII1QUH5FMZNB.pcm
SwiftExplicitDependencyGeneratePcm arm64 /Users/admin/builder/spi-builder-workspace/.derivedData/ModuleCache.noindex/Foundation-920MCA7YAE1WTX5FMTQJ2S6JD.pcm
SwiftExplicitDependencyGeneratePcm arm64 /Users/admin/builder/spi-builder-workspace/.derivedData/ModuleCache.noindex/Network-AEQZSAUGHWL10IE33I9UGDR2N.pcm
SwiftEmitModule normal arm64 Emitting\ module\ for\ Simorgh (in target 'Simorgh' from project 'Simorgh')
EmitSwiftModule normal arm64 (in target 'Simorgh' from project 'Simorgh')
    cd /Users/admin/builder/spi-builder-workspace/.swiftpm/xcode

SwiftCompile normal arm64 Compiling\ UploadManager.swift,\ UploadModels.swift,\ UploadStores.swift /Users/admin/builder/spi-builder-workspace/Sources/Upload/UploadManager.swift /Users/admin/builder/spi-builder-workspace/Sources/Upload/UploadModels.swift /Users/admin/builder/spi-builder-workspace/Sources/Upload/UploadStores.swift (in target 'Simorgh' from project 'Simorgh')
SwiftCompile normal arm64 /Users/admin/builder/spi-builder-workspace/Sources/Upload/UploadManager.swift (in target 'Simorgh' from project 'Simorgh')
    cd /Users/admin/builder/spi-builder-workspace/.swiftpm/xcode

SwiftCompile normal arm64 /Users/admin/builder/spi-builder-workspace/Sources/Upload/UploadModels.swift (in target 'Simorgh' from project 'Simorgh')
    cd /Users/admin/builder/spi-builder-workspace/.swiftpm/xcode

SwiftCompile normal arm64 /Users/admin/builder/spi-builder-workspace/Sources/Upload/UploadStores.swift (in target 'Simorgh' from project 'Simorgh')
    cd /Users/admin/builder/spi-builder-workspace/.swiftpm/xcode

SwiftCompile normal arm64 Compiling\ HeaderHandler.swift,\ URLSessionLogger.swift,\ MimeTypeDetector.swift,\ Connectivity.swift /Users/admin/builder/spi-builder-workspace/Sources/HeaderHandler/HeaderHandler.swift /Users/admin/builder/spi-builder-workspace/Sources/Log/URLSessionLogger.swift /Users/admin/builder/spi-builder-workspace/Sources/Mime/MimeTypeDetector.swift /Users/admin/builder/spi-builder-workspace/Sources/Reachability/Connectivity.swift (in target 'Simorgh' from project 'Simorgh')
SwiftCompile normal arm64 /Users/admin/builder/spi-builder-workspace/Sources/HeaderHandler/HeaderHandler.swift (in target 'Simorgh' from project 'Simorgh')
    cd /Users/admin/builder/spi-builder-workspace/.swiftpm/xcode

SwiftCompile normal arm64 /Users/admin/builder/spi-builder-workspace/Sources/Log/URLSessionLogger.swift (in target 'Simorgh' from project 'Simorgh')
    cd /Users/admin/builder/spi-builder-workspace/.swiftpm/xcode

SwiftCompile normal arm64 /Users/admin/builder/spi-builder-workspace/Sources/Mime/MimeTypeDetector.swift (in target 'Simorgh' from project 'Simorgh')
    cd /Users/admin/builder/spi-builder-workspace/.swiftpm/xcode

SwiftCompile normal arm64 /Users/admin/builder/spi-builder-workspace/Sources/Reachability/Connectivity.swift (in target 'Simorgh' from project 'Simorgh')
    cd /Users/admin/builder/spi-builder-workspace/.swiftpm/xcode

SwiftCompile normal arm64 Compiling\ UploadProgressDelegate.swift,\ SubscriptionConnection.swift,\ SubscriptionRouter.swift /Users/admin/builder/spi-builder-workspace/Sources/UploadProgress/UploadProgressDelegate.swift /Users/admin/builder/spi-builder-workspace/Sources/WebSocket/SubscriptionConnection.swift /Users/admin/builder/spi-builder-workspace/Sources/WebSocket/SubscriptionRouter.swift (in target 'Simorgh' from project 'Simorgh')
SwiftCompile normal arm64 /Users/admin/builder/spi-builder-workspace/Sources/UploadProgress/UploadProgressDelegate.swift (in target 'Simorgh' from project 'Simorgh')
    cd /Users/admin/builder/spi-builder-workspace/.swiftpm/xcode

SwiftCompile normal arm64 /Users/admin/builder/spi-builder-workspace/Sources/WebSocket/SubscriptionConnection.swift (in target 'Simorgh' from project 'Simorgh')
    cd /Users/admin/builder/spi-builder-workspace/.swiftpm/xcode

SwiftCompile normal arm64 /Users/admin/builder/spi-builder-workspace/Sources/WebSocket/SubscriptionRouter.swift (in target 'Simorgh' from project 'Simorgh')
    cd /Users/admin/builder/spi-builder-workspace/.swiftpm/xcode

SwiftCompile normal arm64 Compiling\ MultipartFileBodyWriter.swift,\ RawFileBodyWriter.swift,\ UploadCompletion.swift /Users/admin/builder/spi-builder-workspace/Sources/Upload/MultipartFileBodyWriter.swift /Users/admin/builder/spi-builder-workspace/Sources/Upload/RawFileBodyWriter.swift /Users/admin/builder/spi-builder-workspace/Sources/Upload/UploadCompletion.swift (in target 'Simorgh' from project 'Simorgh')
Failed frontend command:
/Applications/Xcode-26.3.0.app/Contents/Developer/Toolchains/XcodeDefault.xctoolchain/usr/bin/swift-frontend -frontend -c /Users/admin/builder/spi-builder-workspace/Sources/Client/APIClient.swift /Users/admin/builder/spi-builder-workspace/Sources/Client/APIVersion.swift /Users/admin/builder/spi-builder-workspace/Sources/Client/CacheStrategy.swift /Users/admin/builder/spi-builder-workspace/Sources/Client/DefaultRetryHandler.swift /Users/admin/builder/spi-builder-workspace/Sources/Client/MultipartFormField.swift /Users/admin/builder/spi-builder-workspace/Sources/Client/RetryHandler.swift /Users/admin/builder/spi-builder-workspace/Sources/Client/SendablePromise.swift /Users/admin/builder/spi-builder-workspace/Sources/Data/Data+Extentions.swift /Users/admin/builder/spi-builder-workspace/Sources/DownloadManager/DownloadManager.swift /Users/admin/builder/spi-builder-workspace/Sources/DownloadManager/DownloadManagerConfig.swift /Users/admin/builder/spi-builder-workspace/Sources/DownloadManager/DownloadStorage.swift /Users/admin/builder/spi-builder-workspace/Sources/DownloadManager/DownloadTask.swift /Users/admin/builder/spi-builder-workspace/Sources/DownloadManager/DownloadTracker.swift /Users/admin/builder/spi-builder-workspace/Sources/DownloadManager/SpeedSampler.swift /Users/admin/builder/spi-builder-workspace/Sources/Encoding/NetworkParameterEncoding.swift /Users/admin/builder/spi-builder-workspace/Sources/Error/NetworkError.swift /Users/admin/builder/spi-builder-workspace/Sources/HeaderHandler/HeaderHandler.swift /Users/admin/builder/spi-builder-workspace/Sources/Log/URLSessionLogger.swift /Users/admin/builder/spi-builder-workspace/Sources/Mime/MimeTypeDetector.swift /Users/admin/builder/spi-builder-workspace/Sources/Reachability/Connectivity.swift /Users/admin/builder/spi-builder-workspace/Sources/Reachability/NetworkMonitor.swift /Users/admin/builder/spi-builder-workspace/Sources/Reachability/VPNChecking.swift /Users/admin/builder/spi-builder-workspace/Sources/Router/NetworkRouter.swift /Users/admin/builder/spi-builder-workspace/Sources/Simorgh/Simorgh.swift -primary-file /Users/admin/builder/spi-builder-workspace/Sources/Upload/MultipartFileBodyWriter.swift -primary-file /Users/admin/builder/spi-builder-workspace/Sources/Upload/RawFileBodyWriter.swift -primary-file /Users/admin/builder/spi-builder-workspace/Sources/Upload/UploadCompletion.swift /Users/admin/builder/spi-builder-workspace/Sources/Upload/UploadManager.swift /Users/admin/builder/spi-builder-workspace/Sources/Upload/UploadModels.swift /Users/admin/builder/spi-builder-workspace/Sources/Upload/UploadStores.swift /Users/admin/builder/spi-builder-workspace/Sources/UploadProgress/UploadProgressDelegate.swift /Users/admin/builder/spi-builder-workspace/Sources/WebSocket/SubscriptionConnection.swift /Users/admin/builder/spi-builder-workspace/Sources/WebSocket/SubscriptionRouter.swift /Users/admin/builder/spi-builder-workspace/Sources/WebSocket/WebSocketConnection.swift /Users/admin/builder/spi-builder-workspace/Sources/WebSocket/WebSocketMessage.swift /Users/admin/builder/spi-builder-workspace/Sources/WebSocket/WebSocketRouter.swift -supplementary-output-file-map /Users/admin/builder/spi-builder-workspace/.derivedData/Build/Intermediates.noindex/Simorgh.build/Debug-appletvos/Simorgh.build/Objects-normal/arm64/supplementaryOutputs-7 -target arm64-apple-tvos13.0 -module-can-import-version CFNetwork 3860.255.31 3860.255.31 -load-resolved-plugin /Applications/Xcode-26.3.0.app/Contents/Developer/Platforms/AppleTVOS.platform/Developer/usr/lib/swift/host/plugins/libFoundationMacros.dylib\#/Applications/Xcode-26.3.0.app/Contents/Developer/Platforms/AppleTVOS.platform/Developer/usr/bin/swift-plugin-server\#FoundationMacros -load-resolved-plugin /Applications/Xcode-26.3.0.app/Contents/Developer/Platforms/AppleTVOS.platform/Developer/usr/lib/swift/host/plugins/libObservationMacros.dylib\#/Applications/Xcode-26.3.0.app/Contents/Developer/Platforms/AppleTVOS.platform/Developer/usr/bin/swift-plugin-server\#ObservationMacros -load-resolved-plugin /Applications/Xcode-26.3.0.app/Contents/Developer/Platforms/AppleTVOS.platform/Developer/usr/lib/swift/host/plugins/libSwiftMacros.dylib\#/Applications/Xcode-26.3.0.app/Contents/Developer/Platforms/AppleTVOS.platform/Developer/usr/bin/swift-plugin-server\#SwiftMacros -disable-implicit-swift-modules -Xcc -fno-implicit-modules -Xcc -fno-implicit-module-maps -explicit-swift-module-map-file /Users/admin/builder/spi-builder-workspace/.derivedData/Build/Intermediates.noindex/Simorgh.build/Debug-appletvos/Simorgh.build/Objects-normal/arm64/Simorgh-dependencies-1.json -Xllvm -aarch64-use-tbi -enable-objc-interop -stack-check -sdk /Applications/Xcode-26.3.0.app/Contents/Developer/Platforms/AppleTVOS.platform/Developer/SDKs/AppleTVOS26.2.sdk -I /Users/admin/builder/spi-builder-workspace/.derivedData/Build/Products/Debug-appletvos -Isystem /Applications/Xcode-26.3.0.app/Contents/Developer/Platforms/AppleTVOS.platform/Developer/usr/lib -F /Users/admin/builder/spi-builder-workspace/.derivedData/Build/Products/Debug-appletvos -F /Applications/Xcode-26.3.0.app/Contents/Developer/Platforms/AppleTVOS.platform/Developer/Library/Frameworks -F /Applications/Xcode-26.3.0.app/Contents/Developer/Platforms/AppleTVOS.platform/Developer/SDKs/AppleTVOS26.2.sdk/Developer/Library/Frameworks -no-color-diagnostics -Xcc -fno-color-diagnostics -enable-testing -g -debug-info-format\=dwarf -dwarf-version\=4 -module-cache-path /Users/admin/builder/spi-builder-workspace/.derivedData/Build/Intermediates.noindex/SwiftExplicitPrecompiledModules -profile-generate -profile-coverage-mapping -swift-version 6 -enforce-exclusivity\=checked -Onone -D SWIFT_PACKAGE -D DEBUG -D SWIFT_MODULE_RESOURCE_BUNDLE_UNAVAILABLE -D SPM_SWIFT_6 -D SWIFT_PACKAGE -D Xcode -serialize-debugging-options -const-gather-protocols-file /Users/admin/builder/spi-builder-workspace/.derivedData/Build/Intermediates.noindex/Simorgh.build/Debug-appletvos/Simorgh.build/Objects-normal/arm64/Simorgh_const_extract_protocols.json -enable-experimental-feature DebugDescriptionMacro -empty-abi-descriptor -validate-clang-modules-once -clang-build-session-file /Users/admin/builder/spi-builder-workspace/.derivedData/ModuleCache.noindex/Session.modulevalidation -Xcc -working-directory -Xcc /Users/admin/builder/spi-builder-workspace/.swiftpm/xcode -enable-anonymous-context-mangled-names -file-compilation-dir /Users/admin/builder/spi-builder-workspace/.swiftpm/xcode -Xcc -D_LIBCPP_HARDENING_MODE\=_LIBCPP_HARDENING_MODE_DEBUG -Xcc -ivfsstatcache -Xcc /Users/admin/builder/spi-builder-workspace/.derivedData/SDKStatCaches.noindex/appletvos26.2-23K50-dc75598d0054f22ec865fa860f139d72c1feacec85df2e04b9fa10f95e757c08.sdkstatcache -Xcc -I/Users/admin/builder/spi-builder-workspace/.derivedData/Build/Intermediates.noindex/Simorgh.build/Debug-appletvos/Simorgh.build/swift-overrides.hmap -Xcc -I/Users/admin/builder/spi-builder-workspace/.derivedData/Build/Products/Debug-appletvos/include -Xcc -I/Users/admin/builder/spi-builder-workspace/.derivedData/Build/Intermediates.noindex/Simorgh.build/Debug-appletvos/Simorgh.build/DerivedSources-normal/arm64 -Xcc -I/Users/admin/builder/spi-builder-workspace/.derivedData/Build/Intermediates.noindex/Simorgh.build/Debug-appletvos/Simorgh.build/DerivedSources/arm64 -Xcc -I/Users/admin/builder/spi-builder-workspace/.derivedData/Build/Intermediates.noindex/Simorgh.build/Debug-appletvos/Simorgh.build/DerivedSources -Xcc -DSWIFT_PACKAGE -Xcc -DDEBUG\=1 -no-auto-bridging-header-chaining -module-name Simorgh -package-name spi_builder_workspace -frontend-parseable-output -disable-clang-spi -target-sdk-version 26.2 -target-sdk-name appletvos26.2 -clang-target arm64-apple-tvos26.2 -in-process-plugin-server-path /Applications/Xcode-26.3.0.app/Contents/Developer/Toolchains/XcodeDefault.xctoolchain/usr/lib/swift/host/libSwiftInProcPluginServer.dylib -o /Users/admin/builder/spi-builder-workspace/.derivedData/Build/Intermediates.noindex/Simorgh.build/Debug-appletvos/Simorgh.build/Objects-normal/arm64/MultipartFileBodyWriter.o -o /Users/admin/builder/spi-builder-workspace/.derivedData/Build/Intermediates.noindex/Simorgh.build/Debug-appletvos/Simorgh.build/Objects-normal/arm64/RawFileBodyWriter.o -o /Users/admin/builder/spi-builder-workspace/.derivedData/Build/Intermediates.noindex/Simorgh.build/Debug-appletvos/Simorgh.build/Objects-normal/arm64/UploadCompletion.o -index-unit-output-path /Simorgh.build/Debug-appletvos/Simorgh.build/Objects-normal/arm64/MultipartFileBodyWriter.o -index-unit-output-path /Simorgh.build/Debug-appletvos/Simorgh.build/Objects-normal/arm64/RawFileBodyWriter.o -index-unit-output-path /Simorgh.build/Debug-appletvos/Simorgh.build/Objects-normal/arm64/UploadCompletion.o -index-store-path /Users/admin/builder/spi-builder-workspace/.derivedData/Index.noindex/DataStore -index-system-modules
SwiftCompile normal arm64 /Users/admin/builder/spi-builder-workspace/Sources/Upload/MultipartFileBodyWriter.swift (in target 'Simorgh' from project 'Simorgh')
    cd /Users/admin/builder/spi-builder-workspace/.swiftpm/xcode

/Users/admin/builder/spi-builder-workspace/Sources/Upload/MultipartFileBodyWriter.swift:46:20: error: 'write(contentsOf:)' is only available in tvOS 13.4 or newer
        try output.write(contentsOf: data)
                   ^
/Users/admin/builder/spi-builder-workspace/Sources/Upload/MultipartFileBodyWriter.swift:46:20: note: add 'if #available' version check
        try output.write(contentsOf: data)
                   ^
/Users/admin/builder/spi-builder-workspace/Sources/Upload/MultipartFileBodyWriter.swift:42:25: note: add '@available' attribute to enclosing static method
    private static func writeUTF8(_ string: String, to output: FileHandle) throws {
                        ^
/Users/admin/builder/spi-builder-workspace/Sources/Upload/MultipartFileBodyWriter.swift:4:13: note: add '@available' attribute to enclosing enum
public enum MultipartFileBodyWriter {
            ^
/Users/admin/builder/spi-builder-workspace/Sources/Upload/MultipartFileBodyWriter.swift:53:35: error: 'read(upToCount:)' is only available in tvOS 13.4 or newer
            let chunk = try input.read(upToCount: 65_536) ?? Data()
                                  ^
/Users/admin/builder/spi-builder-workspace/Sources/Upload/MultipartFileBodyWriter.swift:53:35: note: add 'if #available' version check
            let chunk = try input.read(upToCount: 65_536) ?? Data()
                                  ^
/Users/admin/builder/spi-builder-workspace/Sources/Upload/MultipartFileBodyWriter.swift:49:25: note: add '@available' attribute to enclosing static method
    private static func streamFile(at source: URL, to output: FileHandle) throws {
                        ^
/Users/admin/builder/spi-builder-workspace/Sources/Upload/MultipartFileBodyWriter.swift:4:13: note: add '@available' attribute to enclosing enum
public enum MultipartFileBodyWriter {
            ^
/Users/admin/builder/spi-builder-workspace/Sources/Upload/MultipartFileBodyWriter.swift:55:24: error: 'write(contentsOf:)' is only available in tvOS 13.4 or newer
            try output.write(contentsOf: chunk)
                       ^
/Users/admin/builder/spi-builder-workspace/Sources/Upload/MultipartFileBodyWriter.swift:55:24: note: add 'if #available' version check
            try output.write(contentsOf: chunk)
                       ^
/Users/admin/builder/spi-builder-workspace/Sources/Upload/MultipartFileBodyWriter.swift:49:25: note: add '@available' attribute to enclosing static method
    private static func streamFile(at source: URL, to output: FileHandle) throws {
                        ^
/Users/admin/builder/spi-builder-workspace/Sources/Upload/MultipartFileBodyWriter.swift:4:13: note: add '@available' attribute to enclosing enum
public enum MultipartFileBodyWriter {
            ^
SwiftCompile normal arm64 /Users/admin/builder/spi-builder-workspace/Sources/Upload/RawFileBodyWriter.swift (in target 'Simorgh' from project 'Simorgh')
    cd /Users/admin/builder/spi-builder-workspace/.swiftpm/xcode

/Users/admin/builder/spi-builder-workspace/Sources/Upload/RawFileBodyWriter.swift:14:30: error: 'seekToEnd()' is only available in tvOS 13.4 or newer
        let size = try input.seekToEnd()
                             ^
/Users/admin/builder/spi-builder-workspace/Sources/Upload/RawFileBodyWriter.swift:14:30: note: add 'if #available' version check
        let size = try input.seekToEnd()
                             ^
/Users/admin/builder/spi-builder-workspace/Sources/Upload/RawFileBodyWriter.swift:8:24: note: add '@available' attribute to enclosing static method
    public static func write(_ body: UploadRawBody, to destination: URL) throws {
                       ^
/Users/admin/builder/spi-builder-workspace/Sources/Upload/RawFileBodyWriter.swift:5:13: note: add '@available' attribute to enclosing enum
public enum RawFileBodyWriter {
            ^
/Users/admin/builder/spi-builder-workspace/Sources/Upload/RawFileBodyWriter.swift:31:35: error: 'read(upToCount:)' is only available in tvOS 13.4 or newer
            let chunk = try input.read(upToCount: Int(min(left, 65_536))) ?? Data()
                                  ^
/Users/admin/builder/spi-builder-workspace/Sources/Upload/RawFileBodyWriter.swift:31:35: note: add 'if #available' version check
            let chunk = try input.read(upToCount: Int(min(left, 65_536))) ?? Data()
                                  ^
/Users/admin/builder/spi-builder-workspace/Sources/Upload/RawFileBodyWriter.swift:8:24: note: add '@available' attribute to enclosing static method
    public static func write(_ body: UploadRawBody, to destination: URL) throws {
                       ^
/Users/admin/builder/spi-builder-workspace/Sources/Upload/RawFileBodyWriter.swift:5:13: note: add '@available' attribute to enclosing enum
public enum RawFileBodyWriter {
            ^
/Users/admin/builder/spi-builder-workspace/Sources/Upload/RawFileBodyWriter.swift:33:24: error: 'write(contentsOf:)' is only available in tvOS 13.4 or newer
            try output.write(contentsOf: chunk)
                       ^
/Users/admin/builder/spi-builder-workspace/Sources/Upload/RawFileBodyWriter.swift:33:24: note: add 'if #available' version check
            try output.write(contentsOf: chunk)
                       ^
/Users/admin/builder/spi-builder-workspace/Sources/Upload/RawFileBodyWriter.swift:8:24: note: add '@available' attribute to enclosing static method
    public static func write(_ body: UploadRawBody, to destination: URL) throws {
                       ^
/Users/admin/builder/spi-builder-workspace/Sources/Upload/RawFileBodyWriter.swift:5:13: note: add '@available' attribute to enclosing enum
public enum RawFileBodyWriter {
            ^
SwiftCompile normal arm64 /Users/admin/builder/spi-builder-workspace/Sources/Upload/UploadCompletion.swift (in target 'Simorgh' from project 'Simorgh')
    cd /Users/admin/builder/spi-builder-workspace/.swiftpm/xcode

SwiftCompile normal arm64 Compiling\ DownloadManager.swift,\ DownloadManagerConfig.swift,\ DownloadStorage.swift,\ DownloadTask.swift /Users/admin/builder/spi-builder-workspace/Sources/DownloadManager/DownloadManager.swift /Users/admin/builder/spi-builder-workspace/Sources/DownloadManager/DownloadManagerConfig.swift /Users/admin/builder/spi-builder-workspace/Sources/DownloadManager/DownloadStorage.swift /Users/admin/builder/spi-builder-workspace/Sources/DownloadManager/DownloadTask.swift (in target 'Simorgh' from project 'Simorgh')
SwiftCompile normal arm64 /Users/admin/builder/spi-builder-workspace/Sources/DownloadManager/DownloadManager.swift (in target 'Simorgh' from project 'Simorgh')
    cd /Users/admin/builder/spi-builder-workspace/.swiftpm/xcode

SwiftCompile normal arm64 /Users/admin/builder/spi-builder-workspace/Sources/DownloadManager/DownloadManagerConfig.swift (in target 'Simorgh' from project 'Simorgh')
    cd /Users/admin/builder/spi-builder-workspace/.swiftpm/xcode

SwiftCompile normal arm64 /Users/admin/builder/spi-builder-workspace/Sources/DownloadManager/DownloadStorage.swift (in target 'Simorgh' from project 'Simorgh')
    cd /Users/admin/builder/spi-builder-workspace/.swiftpm/xcode

SwiftCompile normal arm64 /Users/admin/builder/spi-builder-workspace/Sources/DownloadManager/DownloadTask.swift (in target 'Simorgh' from project 'Simorgh')
    cd /Users/admin/builder/spi-builder-workspace/.swiftpm/xcode

SwiftCompile normal arm64 Compiling\ NetworkMonitor.swift,\ VPNChecking.swift,\ NetworkRouter.swift,\ Simorgh.swift /Users/admin/builder/spi-builder-workspace/Sources/Reachability/NetworkMonitor.swift /Users/admin/builder/spi-builder-workspace/Sources/Reachability/VPNChecking.swift /Users/admin/builder/spi-builder-workspace/Sources/Router/NetworkRouter.swift /Users/admin/builder/spi-builder-workspace/Sources/Simorgh/Simorgh.swift (in target 'Simorgh' from project 'Simorgh')
SwiftCompile normal arm64 /Users/admin/builder/spi-builder-workspace/Sources/Reachability/NetworkMonitor.swift (in target 'Simorgh' from project 'Simorgh')
    cd /Users/admin/builder/spi-builder-workspace/.swiftpm/xcode

SwiftCompile normal arm64 /Users/admin/builder/spi-builder-workspace/Sources/Reachability/VPNChecking.swift (in target 'Simorgh' from project 'Simorgh')
    cd /Users/admin/builder/spi-builder-workspace/.swiftpm/xcode

SwiftCompile normal arm64 /Users/admin/builder/spi-builder-workspace/Sources/Router/NetworkRouter.swift (in target 'Simorgh' from project 'Simorgh')
    cd /Users/admin/builder/spi-builder-workspace/.swiftpm/xcode

SwiftCompile normal arm64 /Users/admin/builder/spi-builder-workspace/Sources/Simorgh/Simorgh.swift (in target 'Simorgh' from project 'Simorgh')
    cd /Users/admin/builder/spi-builder-workspace/.swiftpm/xcode

SwiftCompile normal arm64 Compiling\ DownloadTracker.swift,\ SpeedSampler.swift,\ NetworkParameterEncoding.swift,\ NetworkError.swift /Users/admin/builder/spi-builder-workspace/Sources/DownloadManager/DownloadTracker.swift /Users/admin/builder/spi-builder-workspace/Sources/DownloadManager/SpeedSampler.swift /Users/admin/builder/spi-builder-workspace/Sources/Encoding/NetworkParameterEncoding.swift /Users/admin/builder/spi-builder-workspace/Sources/Error/NetworkError.swift (in target 'Simorgh' from project 'Simorgh')
SwiftCompile normal arm64 /Users/admin/builder/spi-builder-workspace/Sources/DownloadManager/DownloadTracker.swift (in target 'Simorgh' from project 'Simorgh')
    cd /Users/admin/builder/spi-builder-workspace/.swiftpm/xcode

SwiftCompile normal arm64 /Users/admin/builder/spi-builder-workspace/Sources/DownloadManager/SpeedSampler.swift (in target 'Simorgh' from project 'Simorgh')
    cd /Users/admin/builder/spi-builder-workspace/.swiftpm/xcode

SwiftCompile normal arm64 /Users/admin/builder/spi-builder-workspace/Sources/Encoding/NetworkParameterEncoding.swift (in target 'Simorgh' from project 'Simorgh')
    cd /Users/admin/builder/spi-builder-workspace/.swiftpm/xcode

SwiftCompile normal arm64 /Users/admin/builder/spi-builder-workspace/Sources/Error/NetworkError.swift (in target 'Simorgh' from project 'Simorgh')
    cd /Users/admin/builder/spi-builder-workspace/.swiftpm/xcode

SwiftCompile normal arm64 Compiling\ MultipartFormField.swift,\ RetryHandler.swift,\ SendablePromise.swift,\ Data+Extentions.swift /Users/admin/builder/spi-builder-workspace/Sources/Client/MultipartFormField.swift /Users/admin/builder/spi-builder-workspace/Sources/Client/RetryHandler.swift /Users/admin/builder/spi-builder-workspace/Sources/Client/SendablePromise.swift /Users/admin/builder/spi-builder-workspace/Sources/Data/Data+Extentions.swift (in target 'Simorgh' from project 'Simorgh')
SwiftCompile normal arm64 /Users/admin/builder/spi-builder-workspace/Sources/Client/MultipartFormField.swift (in target 'Simorgh' from project 'Simorgh')
    cd /Users/admin/builder/spi-builder-workspace/.swiftpm/xcode

SwiftCompile normal arm64 /Users/admin/builder/spi-builder-workspace/Sources/Client/RetryHandler.swift (in target 'Simorgh' from project 'Simorgh')
    cd /Users/admin/builder/spi-builder-workspace/.swiftpm/xcode

SwiftCompile normal arm64 /Users/admin/builder/spi-builder-workspace/Sources/Client/SendablePromise.swift (in target 'Simorgh' from project 'Simorgh')
    cd /Users/admin/builder/spi-builder-workspace/.swiftpm/xcode

SwiftCompile normal arm64 /Users/admin/builder/spi-builder-workspace/Sources/Data/Data+Extentions.swift (in target 'Simorgh' from project 'Simorgh')
    cd /Users/admin/builder/spi-builder-workspace/.swiftpm/xcode

SwiftCompile normal arm64 Compiling\ WebSocketConnection.swift,\ WebSocketMessage.swift,\ WebSocketRouter.swift /Users/admin/builder/spi-builder-workspace/Sources/WebSocket/WebSocketConnection.swift /Users/admin/builder/spi-builder-workspace/Sources/WebSocket/WebSocketMessage.swift /Users/admin/builder/spi-builder-workspace/Sources/WebSocket/WebSocketRouter.swift (in target 'Simorgh' from project 'Simorgh')
SwiftCompile normal arm64 /Users/admin/builder/spi-builder-workspace/Sources/WebSocket/WebSocketConnection.swift (in target 'Simorgh' from project 'Simorgh')
    cd /Users/admin/builder/spi-builder-workspace/.swiftpm/xcode

SwiftCompile normal arm64 /Users/admin/builder/spi-builder-workspace/Sources/WebSocket/WebSocketMessage.swift (in target 'Simorgh' from project 'Simorgh')
    cd /Users/admin/builder/spi-builder-workspace/.swiftpm/xcode

SwiftCompile normal arm64 /Users/admin/builder/spi-builder-workspace/Sources/WebSocket/WebSocketRouter.swift (in target 'Simorgh' from project 'Simorgh')
    cd /Users/admin/builder/spi-builder-workspace/.swiftpm/xcode

SwiftCompile normal arm64 Compiling\ APIClient.swift,\ APIVersion.swift,\ CacheStrategy.swift,\ DefaultRetryHandler.swift /Users/admin/builder/spi-builder-workspace/Sources/Client/APIClient.swift /Users/admin/builder/spi-builder-workspace/Sources/Client/APIVersion.swift /Users/admin/builder/spi-builder-workspace/Sources/Client/CacheStrategy.swift /Users/admin/builder/spi-builder-workspace/Sources/Client/DefaultRetryHandler.swift (in target 'Simorgh' from project 'Simorgh')
SwiftCompile normal arm64 /Users/admin/builder/spi-builder-workspace/Sources/Client/APIClient.swift (in target 'Simorgh' from project 'Simorgh')
    cd /Users/admin/builder/spi-builder-workspace/.swiftpm/xcode

SwiftCompile normal arm64 /Users/admin/builder/spi-builder-workspace/Sources/Client/APIVersion.swift (in target 'Simorgh' from project 'Simorgh')
    cd /Users/admin/builder/spi-builder-workspace/.swiftpm/xcode

SwiftCompile normal arm64 /Users/admin/builder/spi-builder-workspace/Sources/Client/CacheStrategy.swift (in target 'Simorgh' from project 'Simorgh')
    cd /Users/admin/builder/spi-builder-workspace/.swiftpm/xcode

SwiftCompile normal arm64 /Users/admin/builder/spi-builder-workspace/Sources/Client/DefaultRetryHandler.swift (in target 'Simorgh' from project 'Simorgh')
    cd /Users/admin/builder/spi-builder-workspace/.swiftpm/xcode

SwiftDriverJobDiscovery normal arm64 Emitting module for Simorgh (in target 'Simorgh' from project 'Simorgh')
SwiftDriver\ Compilation\ Requirements Simorgh normal arm64 com.apple.xcode.tools.swift.compiler (in target 'Simorgh' from project 'Simorgh')
    cd /Users/admin/builder/spi-builder-workspace/.swiftpm/xcode
    builtin-Swift-Compilation-Requirements -- /Applications/Xcode-26.3.0.app/Contents/Developer/Toolchains/XcodeDefault.xctoolchain/usr/bin/swiftc -module-name Simorgh -Onone -enforce-exclusivity\=checked @/Users/admin/builder/spi-builder-workspace/.derivedData/Build/Intermediates.noindex/Simorgh.build/Debug-appletvos/Simorgh.build/Objects-normal/arm64/Simorgh.SwiftFileList -DSWIFT_PACKAGE -DDEBUG -DSWIFT_MODULE_RESOURCE_BUNDLE_UNAVAILABLE -DSPM_SWIFT_6 -DSWIFT_PACKAGE -DXcode -plugin-path /Applications/Xcode-26.3.0.app/Contents/Developer/Toolchains/XcodeDefault.xctoolchain/usr/lib/swift/host/plugins/testing -enable-experimental-feature DebugDescriptionMacro -sdk /Applications/Xcode-26.3.0.app/Contents/Developer/Platforms/AppleTVOS.platform/Developer/SDKs/AppleTVOS26.2.sdk -target arm64-apple-tvos13.0 -g -module-cache-path /Users/admin/builder/spi-builder-workspace/.derivedData/ModuleCache.noindex -Xfrontend -serialize-debugging-options -profile-coverage-mapping -profile-generate -enable-testing -index-store-path /Users/admin/builder/spi-builder-workspace/.derivedData/Index.noindex/DataStore -Xcc -D_LIBCPP_HARDENING_MODE\=_LIBCPP_HARDENING_MODE_DEBUG -swift-version 6 -I /Users/admin/builder/spi-builder-workspace/.derivedData/Build/Products/Debug-appletvos -Isystem /Applications/Xcode-26.3.0.app/Contents/Developer/Platforms/AppleTVOS.platform/Developer/usr/lib -F /Users/admin/builder/spi-builder-workspace/.derivedData/Build/Products/Debug-appletvos -F /Applications/Xcode-26.3.0.app/Contents/Developer/Platforms/AppleTVOS.platform/Developer/Library/Frameworks -F /Applications/Xcode-26.3.0.app/Contents/Developer/Platforms/AppleTVOS.platform/Developer/SDKs/AppleTVOS26.2.sdk/Developer/Library/Frameworks -c -j10 -enable-batch-mode -incremental -Xcc -ivfsstatcache -Xcc /Users/admin/builder/spi-builder-workspace/.derivedData/SDKStatCaches.noindex/appletvos26.2-23K50-dc75598d0054f22ec865fa860f139d72c1feacec85df2e04b9fa10f95e757c08.sdkstatcache -output-file-map /Users/admin/builder/spi-builder-workspace/.derivedData/Build/Intermediates.noindex/Simorgh.build/Debug-appletvos/Simorgh.build/Objects-normal/arm64/Simorgh-OutputFileMap.json -use-frontend-parseable-output -save-temps -no-color-diagnostics -explicit-module-build -module-cache-path /Users/admin/builder/spi-builder-workspace/.derivedData/Build/Intermediates.noindex/SwiftExplicitPrecompiledModules -clang-scanner-module-cache-path /Users/admin/builder/spi-builder-workspace/.derivedData/ModuleCache.noindex -sdk-module-cache-path /Users/admin/builder/spi-builder-workspace/.derivedData/ModuleCache.noindex -serialize-diagnostics -emit-dependencies -emit-module -emit-module-path /Users/admin/builder/spi-builder-workspace/.derivedData/Build/Intermediates.noindex/Simorgh.build/Debug-appletvos/Simorgh.build/Objects-normal/arm64/Simorgh.swiftmodule -validate-clang-modules-once -clang-build-session-file /Users/admin/builder/spi-builder-workspace/.derivedData/ModuleCache.noindex/Session.modulevalidation -package-name spi_builder_workspace -Xcc -I/Users/admin/builder/spi-builder-workspace/.derivedData/Build/Intermediates.noindex/Simorgh.build/Debug-appletvos/Simorgh.build/swift-overrides.hmap -emit-const-values -Xfrontend -const-gather-protocols-file -Xfrontend /Users/admin/builder/spi-builder-workspace/.derivedData/Build/Intermediates.noindex/Simorgh.build/Debug-appletvos/Simorgh.build/Objects-normal/arm64/Simorgh_const_extract_protocols.json -Xcc -I/Users/admin/builder/spi-builder-workspace/.derivedData/Build/Products/Debug-appletvos/include -Xcc -I/Users/admin/builder/spi-builder-workspace/.derivedData/Build/Intermediates.noindex/Simorgh.build/Debug-appletvos/Simorgh.build/DerivedSources-normal/arm64 -Xcc -I/Users/admin/builder/spi-builder-workspace/.derivedData/Build/Intermediates.noindex/Simorgh.build/Debug-appletvos/Simorgh.build/DerivedSources/arm64 -Xcc -I/Users/admin/builder/spi-builder-workspace/.derivedData/Build/Intermediates.noindex/Simorgh.build/Debug-appletvos/Simorgh.build/DerivedSources -Xcc -DSWIFT_PACKAGE -Xcc -DDEBUG\=1 -emit-objc-header -emit-objc-header-path /Users/admin/builder/spi-builder-workspace/.derivedData/Build/Intermediates.noindex/Simorgh.build/Debug-appletvos/Simorgh.build/Objects-normal/arm64/Simorgh-Swift.h -working-directory /Users/admin/builder/spi-builder-workspace/.swiftpm/xcode -experimental-emit-module-separately -disable-cmo
2026-10-23 08:29:20.112 xcodebuild[676:4252] [MT] IDERunDestination: Supported platforms for the buildables in the current scheme is empty.
** BUILD FAILED **
The following build commands failed:
	SwiftCompile normal arm64 Compiling\ MultipartFileBodyWriter.swift,\ RawFileBodyWriter.swift,\ UploadCompletion.swift /Users/admin/builder/spi-builder-workspace/Sources/Upload/MultipartFileBodyWriter.swift /Users/admin/builder/spi-builder-workspace/Sources/Upload/RawFileBodyWriter.swift /Users/admin/builder/spi-builder-workspace/Sources/Upload/UploadCompletion.swift (in target 'Simorgh' from project 'Simorgh')
	SwiftCompile normal arm64 /Users/admin/builder/spi-builder-workspace/Sources/Upload/MultipartFileBodyWriter.swift (in target 'Simorgh' from project 'Simorgh')
	SwiftCompile normal arm64 /Users/admin/builder/spi-builder-workspace/Sources/Upload/RawFileBodyWriter.swift (in target 'Simorgh' from project 'Simorgh')
	Building workspace spi-builder-workspace with scheme Simorgh
(4 failures)
Command line invocation:
    /Applications/Xcode-26.3.0.app/Contents/Developer/usr/bin/xcodebuild -IDEClonedSourcePackagesDirPathOverride=/Users/admin/builder/spi-builder-workspace/.dependencies -resolvePackageDependencies
Resolve Package Graph
Resolved source packages:
  Simorgh: /Users/admin/builder/spi-builder-workspace
resolved source packages: Simorgh
2026-10-23 08:29:27.201 xcodebuild[733:4548] [MT] IDERunDestination: Supported platforms for the buildables in the current scheme is empty.
{
  "dependencies" : [
  ],
  "manifest_display_name" : "Simorgh",
  "name" : "Simorgh",
  "path" : "/Users/admin/builder/spi-builder-workspace",
  "platforms" : [
    {
      "name" : "ios",
      "version" : "13.0"
    },
    {
      "name" : "macos",
      "version" : "13.0"
    },
    {
      "name" : "tvos",
      "version" : "13.0"
    },
    {
      "name" : "watchos",
      "version" : "7.0"
    }
  ],
  "products" : [
    {
      "name" : "Simorgh",
      "targets" : [
        "Simorgh"
      ],
      "type" : {
        "library" : [
          "automatic"
        ]
      }
    }
  ],
  "swift_languages_versions" : [
    "6",
    "5"
  ],
  "targets" : [
    {
      "c99name" : "SimorghTests",
      "module_type" : "SwiftTarget",
      "name" : "SimorghTests",
      "path" : "Tests/SimorghTests",
      "sources" : [
        "LoggerRedactionTests.swift",
        "QueryEncodingTests.swift",
        "SimorghTests.swift",
        "SubscriptionRouterTests.swift",
        "UploadTests.swift",
        "WebSocketRouterTests.swift"
      ],
      "target_dependencies" : [
        "Simorgh"
      ],
      "type" : "test"
    },
    {
      "c99name" : "Simorgh",
      "module_type" : "SwiftTarget",
      "name" : "Simorgh",
      "path" : "Sources",
      "product_memberships" : [
        "Simorgh"
      ],
      "sources" : [
        "Client/APIClient.swift",
        "Client/APIVersion.swift",
        "Client/CacheStrategy.swift",
        "Client/DefaultRetryHandler.swift",
        "Client/MultipartFormField.swift",
        "Client/RetryHandler.swift",
        "Client/SendablePromise.swift",
        "Data/Data+Extentions.swift",
        "DownloadManager/DownloadManager.swift",
        "DownloadManager/DownloadManagerConfig.swift",
        "DownloadManager/DownloadStorage.swift",
        "DownloadManager/DownloadTask.swift",
        "DownloadManager/DownloadTracker.swift",
        "DownloadManager/SpeedSampler.swift",
        "Encoding/NetworkParameterEncoding.swift",
        "Error/NetworkError.swift",
        "HeaderHandler/HeaderHandler.swift",
        "Log/URLSessionLogger.swift",
        "Mime/MimeTypeDetector.swift",
        "Reachability/Connectivity.swift",
        "Reachability/NetworkMonitor.swift",
        "Reachability/VPNChecking.swift",
        "Router/NetworkRouter.swift",
        "Simorgh/Simorgh.swift",
        "Upload/MultipartFileBodyWriter.swift",
        "Upload/RawFileBodyWriter.swift",
        "Upload/UploadCompletion.swift",
        "Upload/UploadManager.swift",
        "Upload/UploadModels.swift",
        "Upload/UploadStores.swift",
        "UploadProgress/UploadProgressDelegate.swift",
        "WebSocket/SubscriptionConnection.swift",
        "WebSocket/SubscriptionRouter.swift",
        "WebSocket/WebSocketConnection.swift",
        "WebSocket/WebSocketMessage.swift",
        "WebSocket/WebSocketRouter.swift"
      ],
      "type" : "library"
    }
  ],
  "tools_version" : "6.0"
}
{
  "workspace" : {
    "name" : "spi-builder-workspace",
    "schemes" : [
      "Simorgh"
    ]
  }
}
2026-10-23 08:29:28.318 xcodebuild[741:4626] [MT] IDERunDestination: Supported platforms for the buildables in the current scheme is empty.
Running build ...
env DEVELOPER_DIR=/Applications/Xcode-26.3.0.app xcrun xcodebuild -IDEClonedSourcePackagesDirPathOverride=$PWD/.dependencies -skipMacroValidation -skipPackagePluginValidation -derivedDataPath $PWD/.derivedData build -scheme Simorgh -destination generic/platform=tvOS
Command line invocation:
    /Applications/Xcode-26.3.0.app/Contents/Developer/usr/bin/xcodebuild -IDEClonedSourcePackagesDirPathOverride=/Users/admin/builder/spi-builder-workspace/.dependencies -skipMacroValidation -skipPackagePluginValidation -derivedDataPath /Users/admin/builder/spi-builder-workspace/.derivedData build -scheme Simorgh -destination generic/platform=tvOS
Resolve Package Graph
Resolved source packages:
  Simorgh: /Users/admin/builder/spi-builder-workspace
ComputePackagePrebuildTargetDependencyGraph
Prepare packages
CreateBuildRequest
SendProjectDescription
CreateBuildOperation
ComputeTargetDependencyGraph
note: Building targets in dependency order
note: Target dependency graph (2 targets)
    Target 'Simorgh' in project 'Simorgh'
        ➜ Explicit dependency on target 'Simorgh' in project 'Simorgh'
    Target 'Simorgh' in project 'Simorgh' (no dependencies)
GatherProvisioningInputs
CreateBuildDescription
ClangStatCache /Applications/Xcode-26.3.0.app/Contents/Developer/Toolchains/XcodeDefault.xctoolchain/usr/bin/clang-stat-cache /Applications/Xcode-26.3.0.app/Contents/Developer/Platforms/AppleTVOS.platform/Developer/SDKs/AppleTVOS26.2.sdk /Users/admin/builder/spi-builder-workspace/.derivedData/SDKStatCaches.noindex/appletvos26.2-23K50-dc75598d0054f22ec865fa860f139d72c1feacec85df2e04b9fa10f95e757c08.sdkstatcache
    cd /Users/admin/builder/spi-builder-workspace/.swiftpm/xcode
    /Applications/Xcode-26.3.0.app/Contents/Developer/Toolchains/XcodeDefault.xctoolchain/usr/bin/clang-stat-cache /Applications/Xcode-26.3.0.app/Contents/Developer/Platforms/AppleTVOS.platform/Developer/SDKs/AppleTVOS26.2.sdk -o /Users/admin/builder/spi-builder-workspace/.derivedData/SDKStatCaches.noindex/appletvos26.2-23K50-dc75598d0054f22ec865fa860f139d72c1feacec85df2e04b9fa10f95e757c08.sdkstatcache
SwiftDriver Simorgh normal arm64 com.apple.xcode.tools.swift.compiler (in target 'Simorgh' from project 'Simorgh')
    cd /Users/admin/builder/spi-builder-workspace/.swiftpm/xcode
    builtin-SwiftDriver -- /Applications/Xcode-26.3.0.app/Contents/Developer/Toolchains/XcodeDefault.xctoolchain/usr/bin/swiftc -module-name Simorgh -Onone -enforce-exclusivity\=checked @/Users/admin/builder/spi-builder-workspace/.derivedData/Build/Intermediates.noindex/Simorgh.build/Debug-appletvos/Simorgh.build/Objects-normal/arm64/Simorgh.SwiftFileList -DSWIFT_PACKAGE -DDEBUG -DSWIFT_MODULE_RESOURCE_BUNDLE_UNAVAILABLE -DSPM_SWIFT_6 -DSWIFT_PACKAGE -DXcode -plugin-path /Applications/Xcode-26.3.0.app/Contents/Developer/Toolchains/XcodeDefault.xctoolchain/usr/lib/swift/host/plugins/testing -enable-experimental-feature DebugDescriptionMacro -sdk /Applications/Xcode-26.3.0.app/Contents/Developer/Platforms/AppleTVOS.platform/Developer/SDKs/AppleTVOS26.2.sdk -target arm64-apple-tvos13.0 -g -module-cache-path /Users/admin/builder/spi-builder-workspace/.derivedData/ModuleCache.noindex -Xfrontend -serialize-debugging-options -profile-coverage-mapping -profile-generate -enable-testing -index-store-path /Users/admin/builder/spi-builder-workspace/.derivedData/Index.noindex/DataStore -Xcc -D_LIBCPP_HARDENING_MODE\=_LIBCPP_HARDENING_MODE_DEBUG -swift-version 6 -I /Users/admin/builder/spi-builder-workspace/.derivedData/Build/Products/Debug-appletvos -Isystem /Applications/Xcode-26.3.0.app/Contents/Developer/Platforms/AppleTVOS.platform/Developer/usr/lib -F /Users/admin/builder/spi-builder-workspace/.derivedData/Build/Products/Debug-appletvos -F /Applications/Xcode-26.3.0.app/Contents/Developer/Platforms/AppleTVOS.platform/Developer/Library/Frameworks -F /Applications/Xcode-26.3.0.app/Contents/Developer/Platforms/AppleTVOS.platform/Developer/SDKs/AppleTVOS26.2.sdk/Developer/Library/Frameworks -c -j10 -enable-batch-mode -incremental -Xcc -ivfsstatcache -Xcc /Users/admin/builder/spi-builder-workspace/.derivedData/SDKStatCaches.noindex/appletvos26.2-23K50-dc75598d0054f22ec865fa860f139d72c1feacec85df2e04b9fa10f95e757c08.sdkstatcache -output-file-map /Users/admin/builder/spi-builder-workspace/.derivedData/Build/Intermediates.noindex/Simorgh.build/Debug-appletvos/Simorgh.build/Objects-normal/arm64/Simorgh-OutputFileMap.json -use-frontend-parseable-output -save-temps -no-color-diagnostics -explicit-module-build -module-cache-path /Users/admin/builder/spi-builder-workspace/.derivedData/Build/Intermediates.noindex/SwiftExplicitPrecompiledModules -clang-scanner-module-cache-path /Users/admin/builder/spi-builder-workspace/.derivedData/ModuleCache.noindex -sdk-module-cache-path /Users/admin/builder/spi-builder-workspace/.derivedData/ModuleCache.noindex -serialize-diagnostics -emit-dependencies -emit-module -emit-module-path /Users/admin/builder/spi-builder-workspace/.derivedData/Build/Intermediates.noindex/Simorgh.build/Debug-appletvos/Simorgh.build/Objects-normal/arm64/Simorgh.swiftmodule -validate-clang-modules-once -clang-build-session-file /Users/admin/builder/spi-builder-workspace/.derivedData/ModuleCache.noindex/Session.modulevalidation -package-name spi_builder_workspace -Xcc -I/Users/admin/builder/spi-builder-workspace/.derivedData/Build/Intermediates.noindex/Simorgh.build/Debug-appletvos/Simorgh.build/swift-overrides.hmap -emit-const-values -Xfrontend -const-gather-protocols-file -Xfrontend /Users/admin/builder/spi-builder-workspace/.derivedData/Build/Intermediates.noindex/Simorgh.build/Debug-appletvos/Simorgh.build/Objects-normal/arm64/Simorgh_const_extract_protocols.json -Xcc -I/Users/admin/builder/spi-builder-workspace/.derivedData/Build/Products/Debug-appletvos/include -Xcc -I/Users/admin/builder/spi-builder-workspace/.derivedData/Build/Intermediates.noindex/Simorgh.build/Debug-appletvos/Simorgh.build/DerivedSources-normal/arm64 -Xcc -I/Users/admin/builder/spi-builder-workspace/.derivedData/Build/Intermediates.noindex/Simorgh.build/Debug-appletvos/Simorgh.build/DerivedSources/arm64 -Xcc -I/Users/admin/builder/spi-builder-workspace/.derivedData/Build/Intermediates.noindex/Simorgh.build/Debug-appletvos/Simorgh.build/DerivedSources -Xcc -DSWIFT_PACKAGE -Xcc -DDEBUG\=1 -emit-objc-header -emit-objc-header-path /Users/admin/builder/spi-builder-workspace/.derivedData/Build/Intermediates.noindex/Simorgh.build/Debug-appletvos/Simorgh.build/Objects-normal/arm64/Simorgh-Swift.h -working-directory /Users/admin/builder/spi-builder-workspace/.swiftpm/xcode -experimental-emit-module-separately -disable-cmo
SwiftCompile normal arm64 Compiling\ APIClient.swift,\ APIVersion.swift,\ CacheStrategy.swift,\ DefaultRetryHandler.swift /Users/admin/builder/spi-builder-workspace/Sources/Client/APIClient.swift /Users/admin/builder/spi-builder-workspace/Sources/Client/APIVersion.swift /Users/admin/builder/spi-builder-workspace/Sources/Client/CacheStrategy.swift /Users/admin/builder/spi-builder-workspace/Sources/Client/DefaultRetryHandler.swift (in target 'Simorgh' from project 'Simorgh')
SwiftCompile normal arm64 /Users/admin/builder/spi-builder-workspace/Sources/Client/APIClient.swift (in target 'Simorgh' from project 'Simorgh')
    cd /Users/admin/builder/spi-builder-workspace/.swiftpm/xcode

SwiftCompile normal arm64 /Users/admin/builder/spi-builder-workspace/Sources/Client/APIVersion.swift (in target 'Simorgh' from project 'Simorgh')
    cd /Users/admin/builder/spi-builder-workspace/.swiftpm/xcode

SwiftCompile normal arm64 /Users/admin/builder/spi-builder-workspace/Sources/Client/CacheStrategy.swift (in target 'Simorgh' from project 'Simorgh')
    cd /Users/admin/builder/spi-builder-workspace/.swiftpm/xcode

SwiftCompile normal arm64 /Users/admin/builder/spi-builder-workspace/Sources/Client/DefaultRetryHandler.swift (in target 'Simorgh' from project 'Simorgh')
    cd /Users/admin/builder/spi-builder-workspace/.swiftpm/xcode

SwiftCompile normal arm64 Compiling\ DownloadManager.swift,\ DownloadManagerConfig.swift,\ DownloadStorage.swift,\ DownloadTask.swift /Users/admin/builder/spi-builder-workspace/Sources/DownloadManager/DownloadManager.swift /Users/admin/builder/spi-builder-workspace/Sources/DownloadManager/DownloadManagerConfig.swift /Users/admin/builder/spi-builder-workspace/Sources/DownloadManager/DownloadStorage.swift /Users/admin/builder/spi-builder-workspace/Sources/DownloadManager/DownloadTask.swift (in target 'Simorgh' from project 'Simorgh')
SwiftCompile normal arm64 /Users/admin/builder/spi-builder-workspace/Sources/DownloadManager/DownloadManager.swift (in target 'Simorgh' from project 'Simorgh')
    cd /Users/admin/builder/spi-builder-workspace/.swiftpm/xcode

SwiftCompile normal arm64 /Users/admin/builder/spi-builder-workspace/Sources/DownloadManager/DownloadManagerConfig.swift (in target 'Simorgh' from project 'Simorgh')
    cd /Users/admin/builder/spi-builder-workspace/.swiftpm/xcode

SwiftCompile normal arm64 /Users/admin/builder/spi-builder-workspace/Sources/DownloadManager/DownloadStorage.swift (in target 'Simorgh' from project 'Simorgh')
    cd /Users/admin/builder/spi-builder-workspace/.swiftpm/xcode

SwiftCompile normal arm64 /Users/admin/builder/spi-builder-workspace/Sources/DownloadManager/DownloadTask.swift (in target 'Simorgh' from project 'Simorgh')
    cd /Users/admin/builder/spi-builder-workspace/.swiftpm/xcode

SwiftCompile normal arm64 Compiling\ HeaderHandler.swift,\ URLSessionLogger.swift,\ MimeTypeDetector.swift,\ Connectivity.swift /Users/admin/builder/spi-builder-workspace/Sources/HeaderHandler/HeaderHandler.swift /Users/admin/builder/spi-builder-workspace/Sources/Log/URLSessionLogger.swift /Users/admin/builder/spi-builder-workspace/Sources/Mime/MimeTypeDetector.swift /Users/admin/builder/spi-builder-workspace/Sources/Reachability/Connectivity.swift (in target 'Simorgh' from project 'Simorgh')
SwiftCompile normal arm64 /Users/admin/builder/spi-builder-workspace/Sources/HeaderHandler/HeaderHandler.swift (in target 'Simorgh' from project 'Simorgh')
    cd /Users/admin/builder/spi-builder-workspace/.swiftpm/xcode

SwiftCompile normal arm64 /Users/admin/builder/spi-builder-workspace/Sources/Log/URLSessionLogger.swift (in target 'Simorgh' from project 'Simorgh')
    cd /Users/admin/builder/spi-builder-workspace/.swiftpm/xcode

SwiftCompile normal arm64 /Users/admin/builder/spi-builder-workspace/Sources/Mime/MimeTypeDetector.swift (in target 'Simorgh' from project 'Simorgh')
    cd /Users/admin/builder/spi-builder-workspace/.swiftpm/xcode

SwiftCompile normal arm64 /Users/admin/builder/spi-builder-workspace/Sources/Reachability/Connectivity.swift (in target 'Simorgh' from project 'Simorgh')
    cd /Users/admin/builder/spi-builder-workspace/.swiftpm/xcode

SwiftCompile normal arm64 Compiling\ UploadManager.swift,\ UploadModels.swift,\ UploadStores.swift /Users/admin/builder/spi-builder-workspace/Sources/Upload/UploadManager.swift /Users/admin/builder/spi-builder-workspace/Sources/Upload/UploadModels.swift /Users/admin/builder/spi-builder-workspace/Sources/Upload/UploadStores.swift (in target 'Simorgh' from project 'Simorgh')
SwiftCompile normal arm64 /Users/admin/builder/spi-builder-workspace/Sources/Upload/UploadManager.swift (in target 'Simorgh' from project 'Simorgh')
    cd /Users/admin/builder/spi-builder-workspace/.swiftpm/xcode

SwiftCompile normal arm64 /Users/admin/builder/spi-builder-workspace/Sources/Upload/UploadModels.swift (in target 'Simorgh' from project 'Simorgh')
    cd /Users/admin/builder/spi-builder-workspace/.swiftpm/xcode

SwiftCompile normal arm64 /Users/admin/builder/spi-builder-workspace/Sources/Upload/UploadStores.swift (in target 'Simorgh' from project 'Simorgh')
    cd /Users/admin/builder/spi-builder-workspace/.swiftpm/xcode

SwiftCompile normal arm64 Compiling\ NetworkMonitor.swift,\ VPNChecking.swift,\ NetworkRouter.swift,\ Simorgh.swift /Users/admin/builder/spi-builder-workspace/Sources/Reachability/NetworkMonitor.swift /Users/admin/builder/spi-builder-workspace/Sources/Reachability/VPNChecking.swift /Users/admin/builder/spi-builder-workspace/Sources/Router/NetworkRouter.swift /Users/admin/builder/spi-builder-workspace/Sources/Simorgh/Simorgh.swift (in target 'Simorgh' from project 'Simorgh')
SwiftCompile normal arm64 /Users/admin/builder/spi-builder-workspace/Sources/Reachability/NetworkMonitor.swift (in target 'Simorgh' from project 'Simorgh')
    cd /Users/admin/builder/spi-builder-workspace/.swiftpm/xcode

SwiftCompile normal arm64 /Users/admin/builder/spi-builder-workspace/Sources/Reachability/VPNChecking.swift (in target 'Simorgh' from project 'Simorgh')
    cd /Users/admin/builder/spi-builder-workspace/.swiftpm/xcode

SwiftCompile normal arm64 /Users/admin/builder/spi-builder-workspace/Sources/Router/NetworkRouter.swift (in target 'Simorgh' from project 'Simorgh')
    cd /Users/admin/builder/spi-builder-workspace/.swiftpm/xcode

SwiftCompile normal arm64 /Users/admin/builder/spi-builder-workspace/Sources/Simorgh/Simorgh.swift (in target 'Simorgh' from project 'Simorgh')
    cd /Users/admin/builder/spi-builder-workspace/.swiftpm/xcode

SwiftCompile normal arm64 Compiling\ MultipartFileBodyWriter.swift,\ RawFileBodyWriter.swift,\ UploadCompletion.swift /Users/admin/builder/spi-builder-workspace/Sources/Upload/MultipartFileBodyWriter.swift /Users/admin/builder/spi-builder-workspace/Sources/Upload/RawFileBodyWriter.swift /Users/admin/builder/spi-builder-workspace/Sources/Upload/UploadCompletion.swift (in target 'Simorgh' from project 'Simorgh')
Failed frontend command:
/Applications/Xcode-26.3.0.app/Contents/Developer/Toolchains/XcodeDefault.xctoolchain/usr/bin/swift-frontend -frontend -c /Users/admin/builder/spi-builder-workspace/Sources/Client/APIClient.swift /Users/admin/builder/spi-builder-workspace/Sources/Client/APIVersion.swift /Users/admin/builder/spi-builder-workspace/Sources/Client/CacheStrategy.swift /Users/admin/builder/spi-builder-workspace/Sources/Client/DefaultRetryHandler.swift /Users/admin/builder/spi-builder-workspace/Sources/Client/MultipartFormField.swift /Users/admin/builder/spi-builder-workspace/Sources/Client/RetryHandler.swift /Users/admin/builder/spi-builder-workspace/Sources/Client/SendablePromise.swift /Users/admin/builder/spi-builder-workspace/Sources/Data/Data+Extentions.swift /Users/admin/builder/spi-builder-workspace/Sources/DownloadManager/DownloadManager.swift /Users/admin/builder/spi-builder-workspace/Sources/DownloadManager/DownloadManagerConfig.swift /Users/admin/builder/spi-builder-workspace/Sources/DownloadManager/DownloadStorage.swift /Users/admin/builder/spi-builder-workspace/Sources/DownloadManager/DownloadTask.swift /Users/admin/builder/spi-builder-workspace/Sources/DownloadManager/DownloadTracker.swift /Users/admin/builder/spi-builder-workspace/Sources/DownloadManager/SpeedSampler.swift /Users/admin/builder/spi-builder-workspace/Sources/Encoding/NetworkParameterEncoding.swift /Users/admin/builder/spi-builder-workspace/Sources/Error/NetworkError.swift /Users/admin/builder/spi-builder-workspace/Sources/HeaderHandler/HeaderHandler.swift /Users/admin/builder/spi-builder-workspace/Sources/Log/URLSessionLogger.swift /Users/admin/builder/spi-builder-workspace/Sources/Mime/MimeTypeDetector.swift /Users/admin/builder/spi-builder-workspace/Sources/Reachability/Connectivity.swift /Users/admin/builder/spi-builder-workspace/Sources/Reachability/NetworkMonitor.swift /Users/admin/builder/spi-builder-workspace/Sources/Reachability/VPNChecking.swift /Users/admin/builder/spi-builder-workspace/Sources/Router/NetworkRouter.swift /Users/admin/builder/spi-builder-workspace/Sources/Simorgh/Simorgh.swift -primary-file /Users/admin/builder/spi-builder-workspace/Sources/Upload/MultipartFileBodyWriter.swift -primary-file /Users/admin/builder/spi-builder-workspace/Sources/Upload/RawFileBodyWriter.swift -primary-file /Users/admin/builder/spi-builder-workspace/Sources/Upload/UploadCompletion.swift /Users/admin/builder/spi-builder-workspace/Sources/Upload/UploadManager.swift /Users/admin/builder/spi-builder-workspace/Sources/Upload/UploadModels.swift /Users/admin/builder/spi-builder-workspace/Sources/Upload/UploadStores.swift /Users/admin/builder/spi-builder-workspace/Sources/UploadProgress/UploadProgressDelegate.swift /Users/admin/builder/spi-builder-workspace/Sources/WebSocket/SubscriptionConnection.swift /Users/admin/builder/spi-builder-workspace/Sources/WebSocket/SubscriptionRouter.swift /Users/admin/builder/spi-builder-workspace/Sources/WebSocket/WebSocketConnection.swift /Users/admin/builder/spi-builder-workspace/Sources/WebSocket/WebSocketMessage.swift /Users/admin/builder/spi-builder-workspace/Sources/WebSocket/WebSocketRouter.swift -supplementary-output-file-map /Users/admin/builder/spi-builder-workspace/.derivedData/Build/Intermediates.noindex/Simorgh.build/Debug-appletvos/Simorgh.build/Objects-normal/arm64/supplementaryOutputs-7 -target arm64-apple-tvos13.0 -module-can-import-version CFNetwork 3860.255.31 3860.255.31 -load-resolved-plugin /Applications/Xcode-26.3.0.app/Contents/Developer/Platforms/AppleTVOS.platform/Developer/usr/lib/swift/host/plugins/libFoundationMacros.dylib\#/Applications/Xcode-26.3.0.app/Contents/Developer/Platforms/AppleTVOS.platform/Developer/usr/bin/swift-plugin-server\#FoundationMacros -load-resolved-plugin /Applications/Xcode-26.3.0.app/Contents/Developer/Platforms/AppleTVOS.platform/Developer/usr/lib/swift/host/plugins/libObservationMacros.dylib\#/Applications/Xcode-26.3.0.app/Contents/Developer/Platforms/AppleTVOS.platform/Developer/usr/bin/swift-plugin-server\#ObservationMacros -load-resolved-plugin /Applications/Xcode-26.3.0.app/Contents/Developer/Platforms/AppleTVOS.platform/Developer/usr/lib/swift/host/plugins/libSwiftMacros.dylib\#/Applications/Xcode-26.3.0.app/Contents/Developer/Platforms/AppleTVOS.platform/Developer/usr/bin/swift-plugin-server\#SwiftMacros -disable-implicit-swift-modules -Xcc -fno-implicit-modules -Xcc -fno-implicit-module-maps -explicit-swift-module-map-file /Users/admin/builder/spi-builder-workspace/.derivedData/Build/Intermediates.noindex/Simorgh.build/Debug-appletvos/Simorgh.build/Objects-normal/arm64/Simorgh-dependencies-1.json -Xllvm -aarch64-use-tbi -enable-objc-interop -stack-check -sdk /Applications/Xcode-26.3.0.app/Contents/Developer/Platforms/AppleTVOS.platform/Developer/SDKs/AppleTVOS26.2.sdk -I /Users/admin/builder/spi-builder-workspace/.derivedData/Build/Products/Debug-appletvos -Isystem /Applications/Xcode-26.3.0.app/Contents/Developer/Platforms/AppleTVOS.platform/Developer/usr/lib -F /Users/admin/builder/spi-builder-workspace/.derivedData/Build/Products/Debug-appletvos -F /Applications/Xcode-26.3.0.app/Contents/Developer/Platforms/AppleTVOS.platform/Developer/Library/Frameworks -F /Applications/Xcode-26.3.0.app/Contents/Developer/Platforms/AppleTVOS.platform/Developer/SDKs/AppleTVOS26.2.sdk/Developer/Library/Frameworks -no-color-diagnostics -Xcc -fno-color-diagnostics -enable-testing -g -debug-info-format\=dwarf -dwarf-version\=4 -module-cache-path /Users/admin/builder/spi-builder-workspace/.derivedData/Build/Intermediates.noindex/SwiftExplicitPrecompiledModules -profile-generate -profile-coverage-mapping -swift-version 6 -enforce-exclusivity\=checked -Onone -D SWIFT_PACKAGE -D DEBUG -D SWIFT_MODULE_RESOURCE_BUNDLE_UNAVAILABLE -D SPM_SWIFT_6 -D SWIFT_PACKAGE -D Xcode -serialize-debugging-options -const-gather-protocols-file /Users/admin/builder/spi-builder-workspace/.derivedData/Build/Intermediates.noindex/Simorgh.build/Debug-appletvos/Simorgh.build/Objects-normal/arm64/Simorgh_const_extract_protocols.json -enable-experimental-feature DebugDescriptionMacro -empty-abi-descriptor -validate-clang-modules-once -clang-build-session-file /Users/admin/builder/spi-builder-workspace/.derivedData/ModuleCache.noindex/Session.modulevalidation -Xcc -working-directory -Xcc /Users/admin/builder/spi-builder-workspace/.swiftpm/xcode -enable-anonymous-context-mangled-names -file-compilation-dir /Users/admin/builder/spi-builder-workspace/.swiftpm/xcode -Xcc -D_LIBCPP_HARDENING_MODE\=_LIBCPP_HARDENING_MODE_DEBUG -Xcc -ivfsstatcache -Xcc /Users/admin/builder/spi-builder-workspace/.derivedData/SDKStatCaches.noindex/appletvos26.2-23K50-dc75598d0054f22ec865fa860f139d72c1feacec85df2e04b9fa10f95e757c08.sdkstatcache -Xcc -I/Users/admin/builder/spi-builder-workspace/.derivedData/Build/Intermediates.noindex/Simorgh.build/Debug-appletvos/Simorgh.build/swift-overrides.hmap -Xcc -I/Users/admin/builder/spi-builder-workspace/.derivedData/Build/Products/Debug-appletvos/include -Xcc -I/Users/admin/builder/spi-builder-workspace/.derivedData/Build/Intermediates.noindex/Simorgh.build/Debug-appletvos/Simorgh.build/DerivedSources-normal/arm64 -Xcc -I/Users/admin/builder/spi-builder-workspace/.derivedData/Build/Intermediates.noindex/Simorgh.build/Debug-appletvos/Simorgh.build/DerivedSources/arm64 -Xcc -I/Users/admin/builder/spi-builder-workspace/.derivedData/Build/Intermediates.noindex/Simorgh.build/Debug-appletvos/Simorgh.build/DerivedSources -Xcc -DSWIFT_PACKAGE -Xcc -DDEBUG\=1 -no-auto-bridging-header-chaining -module-name Simorgh -package-name spi_builder_workspace -frontend-parseable-output -disable-clang-spi -target-sdk-version 26.2 -target-sdk-name appletvos26.2 -clang-target arm64-apple-tvos26.2 -in-process-plugin-server-path /Applications/Xcode-26.3.0.app/Contents/Developer/Toolchains/XcodeDefault.xctoolchain/usr/lib/swift/host/libSwiftInProcPluginServer.dylib -o /Users/admin/builder/spi-builder-workspace/.derivedData/Build/Intermediates.noindex/Simorgh.build/Debug-appletvos/Simorgh.build/Objects-normal/arm64/MultipartFileBodyWriter.o -o /Users/admin/builder/spi-builder-workspace/.derivedData/Build/Intermediates.noindex/Simorgh.build/Debug-appletvos/Simorgh.build/Objects-normal/arm64/RawFileBodyWriter.o -o /Users/admin/builder/spi-builder-workspace/.derivedData/Build/Intermediates.noindex/Simorgh.build/Debug-appletvos/Simorgh.build/Objects-normal/arm64/UploadCompletion.o -index-unit-output-path /Simorgh.build/Debug-appletvos/Simorgh.build/Objects-normal/arm64/MultipartFileBodyWriter.o -index-unit-output-path /Simorgh.build/Debug-appletvos/Simorgh.build/Objects-normal/arm64/RawFileBodyWriter.o -index-unit-output-path /Simorgh.build/Debug-appletvos/Simorgh.build/Objects-normal/arm64/UploadCompletion.o -index-store-path /Users/admin/builder/spi-builder-workspace/.derivedData/Index.noindex/DataStore -index-system-modules
SwiftCompile normal arm64 /Users/admin/builder/spi-builder-workspace/Sources/Upload/MultipartFileBodyWriter.swift (in target 'Simorgh' from project 'Simorgh')
    cd /Users/admin/builder/spi-builder-workspace/.swiftpm/xcode

/Users/admin/builder/spi-builder-workspace/Sources/Upload/MultipartFileBodyWriter.swift:46:20: error: 'write(contentsOf:)' is only available in tvOS 13.4 or newer
        try output.write(contentsOf: data)
                   ^
/Users/admin/builder/spi-builder-workspace/Sources/Upload/MultipartFileBodyWriter.swift:46:20: note: add 'if #available' version check
        try output.write(contentsOf: data)
                   ^
/Users/admin/builder/spi-builder-workspace/Sources/Upload/MultipartFileBodyWriter.swift:42:25: note: add '@available' attribute to enclosing static method
    private static func writeUTF8(_ string: String, to output: FileHandle) throws {
                        ^
/Users/admin/builder/spi-builder-workspace/Sources/Upload/MultipartFileBodyWriter.swift:4:13: note: add '@available' attribute to enclosing enum
public enum MultipartFileBodyWriter {
            ^
/Users/admin/builder/spi-builder-workspace/Sources/Upload/MultipartFileBodyWriter.swift:53:35: error: 'read(upToCount:)' is only available in tvOS 13.4 or newer
            let chunk = try input.read(upToCount: 65_536) ?? Data()
                                  ^
/Users/admin/builder/spi-builder-workspace/Sources/Upload/MultipartFileBodyWriter.swift:53:35: note: add 'if #available' version check
            let chunk = try input.read(upToCount: 65_536) ?? Data()
                                  ^
/Users/admin/builder/spi-builder-workspace/Sources/Upload/MultipartFileBodyWriter.swift:49:25: note: add '@available' attribute to enclosing static method
    private static func streamFile(at source: URL, to output: FileHandle) throws {
                        ^
/Users/admin/builder/spi-builder-workspace/Sources/Upload/MultipartFileBodyWriter.swift:4:13: note: add '@available' attribute to enclosing enum
public enum MultipartFileBodyWriter {
            ^
/Users/admin/builder/spi-builder-workspace/Sources/Upload/MultipartFileBodyWriter.swift:55:24: error: 'write(contentsOf:)' is only available in tvOS 13.4 or newer
            try output.write(contentsOf: chunk)
                       ^
/Users/admin/builder/spi-builder-workspace/Sources/Upload/MultipartFileBodyWriter.swift:55:24: note: add 'if #available' version check
            try output.write(contentsOf: chunk)
                       ^
/Users/admin/builder/spi-builder-workspace/Sources/Upload/MultipartFileBodyWriter.swift:49:25: note: add '@available' attribute to enclosing static method
    private static func streamFile(at source: URL, to output: FileHandle) throws {
                        ^
/Users/admin/builder/spi-builder-workspace/Sources/Upload/MultipartFileBodyWriter.swift:4:13: note: add '@available' attribute to enclosing enum
public enum MultipartFileBodyWriter {
            ^
SwiftCompile normal arm64 /Users/admin/builder/spi-builder-workspace/Sources/Upload/RawFileBodyWriter.swift (in target 'Simorgh' from project 'Simorgh')
    cd /Users/admin/builder/spi-builder-workspace/.swiftpm/xcode

/Users/admin/builder/spi-builder-workspace/Sources/Upload/RawFileBodyWriter.swift:14:30: error: 'seekToEnd()' is only available in tvOS 13.4 or newer
        let size = try input.seekToEnd()
                             ^
/Users/admin/builder/spi-builder-workspace/Sources/Upload/RawFileBodyWriter.swift:14:30: note: add 'if #available' version check
        let size = try input.seekToEnd()
                             ^
/Users/admin/builder/spi-builder-workspace/Sources/Upload/RawFileBodyWriter.swift:8:24: note: add '@available' attribute to enclosing static method
    public static func write(_ body: UploadRawBody, to destination: URL) throws {
                       ^
/Users/admin/builder/spi-builder-workspace/Sources/Upload/RawFileBodyWriter.swift:5:13: note: add '@available' attribute to enclosing enum
public enum RawFileBodyWriter {
            ^
/Users/admin/builder/spi-builder-workspace/Sources/Upload/RawFileBodyWriter.swift:31:35: error: 'read(upToCount:)' is only available in tvOS 13.4 or newer
            let chunk = try input.read(upToCount: Int(min(left, 65_536))) ?? Data()
                                  ^
/Users/admin/builder/spi-builder-workspace/Sources/Upload/RawFileBodyWriter.swift:31:35: note: add 'if #available' version check
            let chunk = try input.read(upToCount: Int(min(left, 65_536))) ?? Data()
                                  ^
/Users/admin/builder/spi-builder-workspace/Sources/Upload/RawFileBodyWriter.swift:8:24: note: add '@available' attribute to enclosing static method
    public static func write(_ body: UploadRawBody, to destination: URL) throws {
                       ^
/Users/admin/builder/spi-builder-workspace/Sources/Upload/RawFileBodyWriter.swift:5:13: note: add '@available' attribute to enclosing enum
public enum RawFileBodyWriter {
            ^
/Users/admin/builder/spi-builder-workspace/Sources/Upload/RawFileBodyWriter.swift:33:24: error: 'write(contentsOf:)' is only available in tvOS 13.4 or newer
            try output.write(contentsOf: chunk)
                       ^
/Users/admin/builder/spi-builder-workspace/Sources/Upload/RawFileBodyWriter.swift:33:24: note: add 'if #available' version check
            try output.write(contentsOf: chunk)
                       ^
/Users/admin/builder/spi-builder-workspace/Sources/Upload/RawFileBodyWriter.swift:8:24: note: add '@available' attribute to enclosing static method
    public static func write(_ body: UploadRawBody, to destination: URL) throws {
                       ^
/Users/admin/builder/spi-builder-workspace/Sources/Upload/RawFileBodyWriter.swift:5:13: note: add '@available' attribute to enclosing enum
public enum RawFileBodyWriter {
            ^
SwiftCompile normal arm64 /Users/admin/builder/spi-builder-workspace/Sources/Upload/UploadCompletion.swift (in target 'Simorgh' from project 'Simorgh')
    cd /Users/admin/builder/spi-builder-workspace/.swiftpm/xcode

SwiftCompile normal arm64 Compiling\ MultipartFormField.swift,\ RetryHandler.swift,\ SendablePromise.swift,\ Data+Extentions.swift /Users/admin/builder/spi-builder-workspace/Sources/Client/MultipartFormField.swift /Users/admin/builder/spi-builder-workspace/Sources/Client/RetryHandler.swift /Users/admin/builder/spi-builder-workspace/Sources/Client/SendablePromise.swift /Users/admin/builder/spi-builder-workspace/Sources/Data/Data+Extentions.swift (in target 'Simorgh' from project 'Simorgh')
SwiftCompile normal arm64 /Users/admin/builder/spi-builder-workspace/Sources/Client/MultipartFormField.swift (in target 'Simorgh' from project 'Simorgh')
    cd /Users/admin/builder/spi-builder-workspace/.swiftpm/xcode

SwiftCompile normal arm64 /Users/admin/builder/spi-builder-workspace/Sources/Client/RetryHandler.swift (in target 'Simorgh' from project 'Simorgh')
    cd /Users/admin/builder/spi-builder-workspace/.swiftpm/xcode

SwiftCompile normal arm64 /Users/admin/builder/spi-builder-workspace/Sources/Client/SendablePromise.swift (in target 'Simorgh' from project 'Simorgh')
    cd /Users/admin/builder/spi-builder-workspace/.swiftpm/xcode

SwiftCompile normal arm64 /Users/admin/builder/spi-builder-workspace/Sources/Data/Data+Extentions.swift (in target 'Simorgh' from project 'Simorgh')
    cd /Users/admin/builder/spi-builder-workspace/.swiftpm/xcode

SwiftEmitModule normal arm64 Emitting\ module\ for\ Simorgh (in target 'Simorgh' from project 'Simorgh')
EmitSwiftModule normal arm64 (in target 'Simorgh' from project 'Simorgh')
    cd /Users/admin/builder/spi-builder-workspace/.swiftpm/xcode

SwiftCompile normal arm64 Compiling\ DownloadTracker.swift,\ SpeedSampler.swift,\ NetworkParameterEncoding.swift,\ NetworkError.swift /Users/admin/builder/spi-builder-workspace/Sources/DownloadManager/DownloadTracker.swift /Users/admin/builder/spi-builder-workspace/Sources/DownloadManager/SpeedSampler.swift /Users/admin/builder/spi-builder-workspace/Sources/Encoding/NetworkParameterEncoding.swift /Users/admin/builder/spi-builder-workspace/Sources/Error/NetworkError.swift (in target 'Simorgh' from project 'Simorgh')
SwiftCompile normal arm64 /Users/admin/builder/spi-builder-workspace/Sources/DownloadManager/DownloadTracker.swift (in target 'Simorgh' from project 'Simorgh')
    cd /Users/admin/builder/spi-builder-workspace/.swiftpm/xcode

SwiftCompile normal arm64 /Users/admin/builder/spi-builder-workspace/Sources/DownloadManager/SpeedSampler.swift (in target 'Simorgh' from project 'Simorgh')
    cd /Users/admin/builder/spi-builder-workspace/.swiftpm/xcode

SwiftCompile normal arm64 /Users/admin/builder/spi-builder-workspace/Sources/Encoding/NetworkParameterEncoding.swift (in target 'Simorgh' from project 'Simorgh')
    cd /Users/admin/builder/spi-builder-workspace/.swiftpm/xcode

SwiftCompile normal arm64 /Users/admin/builder/spi-builder-workspace/Sources/Error/NetworkError.swift (in target 'Simorgh' from project 'Simorgh')
    cd /Users/admin/builder/spi-builder-workspace/.swiftpm/xcode

SwiftCompile normal arm64 Compiling\ UploadProgressDelegate.swift,\ SubscriptionConnection.swift,\ SubscriptionRouter.swift /Users/admin/builder/spi-builder-workspace/Sources/UploadProgress/UploadProgressDelegate.swift /Users/admin/builder/spi-builder-workspace/Sources/WebSocket/SubscriptionConnection.swift /Users/admin/builder/spi-builder-workspace/Sources/WebSocket/SubscriptionRouter.swift (in target 'Simorgh' from project 'Simorgh')
SwiftCompile normal arm64 /Users/admin/builder/spi-builder-workspace/Sources/UploadProgress/UploadProgressDelegate.swift (in target 'Simorgh' from project 'Simorgh')
    cd /Users/admin/builder/spi-builder-workspace/.swiftpm/xcode

SwiftCompile normal arm64 /Users/admin/builder/spi-builder-workspace/Sources/WebSocket/SubscriptionConnection.swift (in target 'Simorgh' from project 'Simorgh')
    cd /Users/admin/builder/spi-builder-workspace/.swiftpm/xcode

SwiftCompile normal arm64 /Users/admin/builder/spi-builder-workspace/Sources/WebSocket/SubscriptionRouter.swift (in target 'Simorgh' from project 'Simorgh')
    cd /Users/admin/builder/spi-builder-workspace/.swiftpm/xcode

SwiftCompile normal arm64 Compiling\ WebSocketConnection.swift,\ WebSocketMessage.swift,\ WebSocketRouter.swift /Users/admin/builder/spi-builder-workspace/Sources/WebSocket/WebSocketConnection.swift /Users/admin/builder/spi-builder-workspace/Sources/WebSocket/WebSocketMessage.swift /Users/admin/builder/spi-builder-workspace/Sources/WebSocket/WebSocketRouter.swift (in target 'Simorgh' from project 'Simorgh')
SwiftDriverJobDiscovery normal arm64 Compiling MultipartFormField.swift, RetryHandler.swift, SendablePromise.swift, Data+Extentions.swift (in target 'Simorgh' from project 'Simorgh')
2026-10-23 08:29:29.213 xcodebuild[743:4659] [MT] IDERunDestination: Supported platforms for the buildables in the current scheme is empty.
** BUILD FAILED **
The following build commands failed:
	SwiftCompile normal arm64 Compiling\ MultipartFileBodyWriter.swift,\ RawFileBodyWriter.swift,\ UploadCompletion.swift /Users/admin/builder/spi-builder-workspace/Sources/Upload/MultipartFileBodyWriter.swift /Users/admin/builder/spi-builder-workspace/Sources/Upload/RawFileBodyWriter.swift /Users/admin/builder/spi-builder-workspace/Sources/Upload/UploadCompletion.swift (in target 'Simorgh' from project 'Simorgh')
	SwiftCompile normal arm64 /Users/admin/builder/spi-builder-workspace/Sources/Upload/MultipartFileBodyWriter.swift (in target 'Simorgh' from project 'Simorgh')
	SwiftCompile normal arm64 /Users/admin/builder/spi-builder-workspace/Sources/Upload/RawFileBodyWriter.swift (in target 'Simorgh' from project 'Simorgh')
	Building workspace spi-builder-workspace with scheme Simorgh
(4 failures)
BUILD FAILURE 6.2 tvOS