Build Information
Failed to build DynamicOverlay, reference 1.0.2 (e4e7fa), with Swift 6.4 for tvOS using Xcode 27.0 on 26 Sep 2026 15:45:19 UTC.
Build Command
env DEVELOPER_DIR=/Applications/Xcode-27.0.0-Release.Candidate.app xcrun xcodebuild -IDEClonedSourcePackagesDirPathOverride=$PWD/.dependencies -skipMacroValidation -skipPackagePluginValidation -derivedDataPath $PWD/.derivedData build -scheme DynamicOverlay -destination generic/platform=tvOSBuild Log
========================================
RunAll
========================================
Builder version: 5.1.0
Interrupt handler set up.
========================================
Checkout
========================================
Clone URL: https://github.com/gaetanzanella/DynamicOverlay.git
Reference: 1.0.2
Initialized empty Git repository in /Users/admin/builder/spi-builder-workspace/.git/
From https://github.com/gaetanzanella/DynamicOverlay
* tag 1.0.2 -> FETCH_HEAD
HEAD is now at e4e7fac Bump to 1.0.2
Cloned https://github.com/gaetanzanella/DynamicOverlay.git
Revision (git rev-parse @):
e4e7fac411aeba779733ddf987e8a66fcad9e510
SUCCESS checkout https://github.com/gaetanzanella/DynamicOverlay.git at 1.0.2
========================================
Build
========================================
Selected platform: tvOS
Swift version: 6.4
Building package at path: $PWD
https://github.com/gaetanzanella/DynamicOverlay.git
Command line invocation:
/Applications/Xcode-27.0.0-Release.Candidate.app/Contents/Developer/usr/bin/xcodebuild -IDEClonedSourcePackagesDirPathOverride=/Users/admin/builder/spi-builder-workspace/.dependencies -resolvePackageDependencies
Resolve Package Graph
Fetching from https://github.com/applidium/OverlayContainer.git
Fetching from https://github.com/Quick/Quick
Fetching from https://github.com/Quick/Nimble
Fetching from https://github.com/mattgallagher/CwlPreconditionTesting.git
Fetching from https://github.com/mattgallagher/CwlCatchException.git
Creating working copy of package ‘Nimble’
Checking out 9.2.1 of package ‘Nimble’
Creating working copy of package ‘CwlPreconditionTesting’
Checking out 2.2.2 of package ‘CwlPreconditionTesting’
Creating working copy of package ‘CwlCatchException’
Checking out 2.2.1 of package ‘CwlCatchException’
Creating working copy of package ‘Quick’
Checking out 4.0.0 of package ‘Quick’
Creating working copy of package ‘OverlayContainer’
Checking out 3.5.3 of package ‘OverlayContainer’
Resolve Package Graph
Resolved source packages:
Quick: https://github.com/Quick/Quick @ 4.0.0
CwlCatchException: https://github.com/mattgallagher/CwlCatchException.git @ 2.2.1
DynamicOverlay: /Users/admin/builder/spi-builder-workspace
OverlayContainer: https://github.com/applidium/OverlayContainer.git @ 3.5.3
Nimble: https://github.com/Quick/Nimble @ 9.2.1
CwlPreconditionTesting: https://github.com/mattgallagher/CwlPreconditionTesting.git @ 2.2.2
resolved source packages: Quick, CwlCatchException, DynamicOverlay, OverlayContainer, Nimble, CwlPreconditionTesting
2026-09-26 11:44:23.647 xcodebuild[529:3038] [MT] IDERunDestination: Supported platforms for the buildables in the current scheme is empty.
{
"dependencies" : [
{
"identity" : "overlaycontainer",
"requirement" : {
"range" : [
{
"lower_bound" : "3.5.2",
"upper_bound" : "4.0.0"
}
]
},
"type" : "sourceControl",
"url" : "https://github.com/applidium/OverlayContainer.git"
}
],
"manifest_display_name" : "DynamicOverlay",
"name" : "DynamicOverlay",
"path" : "/Users/admin/builder/spi-builder-workspace",
"platforms" : [
{
"name" : "ios",
"version" : "13.0"
}
],
"products" : [
{
"name" : "DynamicOverlay",
"targets" : [
"DynamicOverlay"
],
"type" : {
"library" : [
"automatic"
]
}
}
],
"swift_languages_versions" : [
"5"
],
"targets" : [
{
"c99name" : "DynamicOverlayTests",
"module_type" : "SwiftTarget",
"name" : "DynamicOverlayTests",
"path" : "Tests/DynamicOverlayTests",
"sources" : [
"DragHandleViewModifierTests.swift",
"DrivingScrollViewModifierTests.swift",
"MagneticNotchOverlayBehaviorValueTests.swift",
"NotchBindingDynamicOverlayTests.swift",
"NotchDimensionDynamicOverlayTests.swift",
"NotchTranslationDynamicOverlayTests.swift",
"OverlayContainerRepresentableAdaptorTests.swift",
"OverlayNotchIndexMapperTests.swift",
"Utils/ValuePublisher.swift",
"Utils/View+Measure.swift",
"Utils/ViewInspector.swift",
"Utils/ViewRenderer.swift"
],
"target_dependencies" : [
"DynamicOverlay"
],
"type" : "test"
},
{
"c99name" : "DynamicOverlay",
"module_type" : "SwiftTarget",
"name" : "DynamicOverlay",
"path" : "Source",
"product_dependencies" : [
"OverlayContainer"
],
"product_memberships" : [
"DynamicOverlay"
],
"sources" : [
"Internal/DynamicOverlayBehaviorValue.swift",
"Internal/DynamicOverlayNotchTransition+DynamicOverlayBehavior.swift",
"Internal/Handle/ActivatedOverlayArea.swift",
"Internal/Handle/ActiveOverlayAreaViewModifier.swift",
"Internal/Handle/Drag/DynamicOverlayDragArea.swift",
"Internal/Handle/Drag/OnDragAreaChangeViewModifier.swift",
"Internal/Handle/DrivingScrollView/DynamicOverlayScrollViewProxy.swift",
"Internal/Handle/DrivingScrollView/OnDrivingScrollViewChangeViewModifier.swift",
"Internal/Handle/OverlayContainerCoordinateSpace.swift",
"Internal/MagneticNotchOverlayBehaviorValue.swift",
"Internal/OverlayContainer/DynamicOverlayContainerAnimationController.swift",
"Internal/OverlayContainer/OverlayContainerCoordinator.swift",
"Internal/OverlayContainer/OverlayContainerDynamicOverlayView.swift",
"Internal/OverlayContainer/OverlayContainerRepresentableAdaptor.swift",
"Internal/OverlayContainer/OverlayContainerStateDiffer.swift",
"Internal/OverlayContainer/SwiftUIOverlayContainerRepresentableAdaptor.swift",
"Internal/OverlayContentModifier.swift",
"Internal/OverlayNotchIndexMapper.swift",
"Internal/Utils/Binding+CaseIterable.swift",
"Public/DynamicOverlayBehavior.swift",
"Public/DynamicOverlayHandle.swift",
"Public/DynamicOverlayModifier.swift",
"Public/MagneticNotchOverlayBehavior.swift"
],
"type" : "library"
}
],
"tools_version" : "5.1"
}
{
"workspace" : {
"name" : "DynamicOverlay",
"schemes" : [
"DynamicOverlay"
]
}
}
2026-09-26 11:45:05.753 xcodebuild[884:5096] [MT] IDERunDestination: Supported platforms for the buildables in the current scheme is empty.
Running build ...
env DEVELOPER_DIR=/Applications/Xcode-27.0.0-Release.Candidate.app xcrun xcodebuild -IDEClonedSourcePackagesDirPathOverride=$PWD/.dependencies -skipMacroValidation -skipPackagePluginValidation -derivedDataPath $PWD/.derivedData build -scheme DynamicOverlay -destination generic/platform=tvOS
Command line invocation:
/Applications/Xcode-27.0.0-Release.Candidate.app/Contents/Developer/usr/bin/xcodebuild -IDEClonedSourcePackagesDirPathOverride=/Users/admin/builder/spi-builder-workspace/.dependencies -skipMacroValidation -skipPackagePluginValidation -derivedDataPath /Users/admin/builder/spi-builder-workspace/.derivedData build -scheme DynamicOverlay -destination generic/platform=tvOS
Resolve Package Graph
Resolve Package Graph
Resolved source packages:
Quick: https://github.com/Quick/Quick @ 4.0.0
OverlayContainer: https://github.com/applidium/OverlayContainer.git @ 3.5.3
Nimble: https://github.com/Quick/Nimble @ 9.2.1
CwlPreconditionTesting: https://github.com/mattgallagher/CwlPreconditionTesting.git @ 2.2.2
DynamicOverlay: /Users/admin/builder/spi-builder-workspace
CwlCatchException: https://github.com/mattgallagher/CwlCatchException.git @ 2.2.1
ComputePackagePrebuildTargetDependencyGraph
Prepare packages
CreateBuildRequest
SendProjectDescription
CreateBuildOperation
ComputeTargetDependencyGraph
note: Building targets in dependency order
note: Target dependency graph (4 targets)
Target 'DynamicOverlay-product' in project 'DynamicOverlay'
➜ Explicit dependency on target 'DynamicOverlay' in project 'DynamicOverlay'
➜ Explicit dependency on target 'OverlayContainer-product' in project 'OverlayContainer'
Target 'DynamicOverlay' in project 'DynamicOverlay'
➜ Explicit dependency on target 'OverlayContainer-product' in project 'OverlayContainer'
Target 'OverlayContainer-product' in project 'OverlayContainer'
➜ Explicit dependency on target 'OverlayContainer' in project 'OverlayContainer'
Target 'OverlayContainer' in project 'OverlayContainer' (no dependencies)
GatherProvisioningInputs
CreateBuildDescription
ExecuteExternalTool /Applications/Xcode-27.0.0-Release.Candidate.app/Contents/Developer/Toolchains/XcodeDefault.xctoolchain/usr/bin/clang -v -E -dM -isysroot /Applications/Xcode-27.0.0-Release.Candidate.app/Contents/Developer/Platforms/AppleTVOS.platform/Developer/SDKs/AppleTVOS27.0.sdk -x c -c /dev/null
ExecuteExternalTool /Applications/Xcode-27.0.0-Release.Candidate.app/Contents/Developer/Toolchains/XcodeDefault.xctoolchain/usr/bin/swiftc --version
ExecuteExternalTool /Applications/Xcode-27.0.0-Release.Candidate.app/Contents/Developer/Toolchains/XcodeDefault.xctoolchain/usr/bin/ld -version_details
Build description signature: 01eda0afc2ff58a5d28dce722846d6b8
Build description path: /Users/admin/builder/spi-builder-workspace/.derivedData/Build/Intermediates.noindex/XCBuildData/01eda0afc2ff58a5d28dce722846d6b8.xcbuilddata
CreateBuildDirectory /Users/admin/builder/spi-builder-workspace/.derivedData/SDKExplicitPrecompiledModules
cd /Users/admin/builder/spi-builder-workspace/.swiftpm/xcode
builtin-create-build-directory /Users/admin/builder/spi-builder-workspace/.derivedData/SDKExplicitPrecompiledModules
CreateBuildDirectory /Users/admin/builder/spi-builder-workspace/.derivedData/ModuleCache.noindex
cd /Users/admin/builder/spi-builder-workspace/.swiftpm/xcode
builtin-create-build-directory /Users/admin/builder/spi-builder-workspace/.derivedData/ModuleCache.noindex
CreateBuildDirectory /Users/admin/builder/spi-builder-workspace/.derivedData/CompilationCache.noindex
cd /Users/admin/builder/spi-builder-workspace/.swiftpm/xcode
builtin-create-build-directory /Users/admin/builder/spi-builder-workspace/.derivedData/CompilationCache.noindex
ClangStatCache /Applications/Xcode-27.0.0-Release.Candidate.app/Contents/Developer/Toolchains/XcodeDefault.xctoolchain/usr/bin/clang-stat-cache /Applications/Xcode-27.0.0-Release.Candidate.app/Contents/Developer/Platforms/AppleTVOS.platform/Developer/SDKs/AppleTVOS27.0.sdk /Users/admin/builder/spi-builder-workspace/.derivedData/SDKStatCaches.noindex/appletvos27.0-24J360-e829b21a6f8c9b70876ba0858053c044b32bfd8d43560033f8d89884cdb90028.sdkstatcache
cd /Users/admin/builder/spi-builder-workspace/.swiftpm/xcode
/Applications/Xcode-27.0.0-Release.Candidate.app/Contents/Developer/Toolchains/XcodeDefault.xctoolchain/usr/bin/clang-stat-cache /Applications/Xcode-27.0.0-Release.Candidate.app/Contents/Developer/Platforms/AppleTVOS.platform/Developer/SDKs/AppleTVOS27.0.sdk -o /Users/admin/builder/spi-builder-workspace/.derivedData/SDKStatCaches.noindex/appletvos27.0-24J360-e829b21a6f8c9b70876ba0858053c044b32bfd8d43560033f8d89884cdb90028.sdkstatcache
CreateBuildDirectory /Users/admin/builder/spi-builder-workspace/.derivedData/Build/Intermediates.noindex
cd /Users/admin/builder/spi-builder-workspace/.swiftpm/xcode
builtin-create-build-directory /Users/admin/builder/spi-builder-workspace/.derivedData/Build/Intermediates.noindex
CreateBuildDirectory /Users/admin/builder/spi-builder-workspace/.derivedData/Build/Products
cd /Users/admin/builder/spi-builder-workspace/.swiftpm/xcode
builtin-create-build-directory /Users/admin/builder/spi-builder-workspace/.derivedData/Build/Products
CreateBuildDirectory /Users/admin/builder/spi-builder-workspace/.derivedData/Build/Intermediates.noindex/SwiftExplicitPrecompiledModules
cd /Users/admin/builder/spi-builder-workspace/.swiftpm/xcode
builtin-create-build-directory /Users/admin/builder/spi-builder-workspace/.derivedData/Build/Intermediates.noindex/SwiftExplicitPrecompiledModules
CreateBuildDirectory /Users/admin/builder/spi-builder-workspace/.derivedData/Build/Intermediates.noindex/ExplicitPrecompiledModules
cd /Users/admin/builder/spi-builder-workspace/.swiftpm/xcode
builtin-create-build-directory /Users/admin/builder/spi-builder-workspace/.derivedData/Build/Intermediates.noindex/ExplicitPrecompiledModules
CreateBuildDirectory /Users/admin/builder/spi-builder-workspace/.derivedData/Build/Intermediates.noindex/PrecompiledHeaders
cd /Users/admin/builder/spi-builder-workspace/.swiftpm/xcode
builtin-create-build-directory /Users/admin/builder/spi-builder-workspace/.derivedData/Build/Intermediates.noindex/PrecompiledHeaders
CreateBuildDirectory /Users/admin/builder/spi-builder-workspace/.derivedData/Build/Products/Debug-appletvos
cd /Users/admin/builder/spi-builder-workspace/.swiftpm/xcode
builtin-create-build-directory /Users/admin/builder/spi-builder-workspace/.derivedData/Build/Products/Debug-appletvos
CreateBuildDirectory /Users/admin/builder/spi-builder-workspace/.derivedData/Build/Intermediates.noindex/EagerLinkingTBDs/Debug-appletvos
cd /Users/admin/builder/spi-builder-workspace/.swiftpm/xcode
builtin-create-build-directory /Users/admin/builder/spi-builder-workspace/.derivedData/Build/Intermediates.noindex/EagerLinkingTBDs/Debug-appletvos
CreateBuildDirectory /Users/admin/builder/spi-builder-workspace/.derivedData/Build/Products/Debug-appletvos/PackageFrameworks
cd /Users/admin/builder/spi-builder-workspace/.swiftpm/xcode
builtin-create-build-directory /Users/admin/builder/spi-builder-workspace/.derivedData/Build/Products/Debug-appletvos/PackageFrameworks
WriteAuxiliaryFile /Users/admin/builder/spi-builder-workspace/.derivedData/Build/Intermediates.noindex/OverlayContainer.build/Debug-appletvos/OverlayContainer-t.build/OverlayContainer.DependencyStaticMetadataFileList (in target 'OverlayContainer' from project 'OverlayContainer')
cd /Users/admin/builder/spi-builder-workspace/.dependencies/checkouts/OverlayContainer
write-file /Users/admin/builder/spi-builder-workspace/.derivedData/Build/Intermediates.noindex/OverlayContainer.build/Debug-appletvos/OverlayContainer-t.build/OverlayContainer.DependencyStaticMetadataFileList
WriteAuxiliaryFile /Users/admin/builder/spi-builder-workspace/.derivedData/Build/Intermediates.noindex/OverlayContainer.build/Debug-appletvos/OverlayContainer-t.build/OverlayContainer.modulemap (in target 'OverlayContainer' from project 'OverlayContainer')
cd /Users/admin/builder/spi-builder-workspace/.dependencies/checkouts/OverlayContainer
write-file /Users/admin/builder/spi-builder-workspace/.derivedData/Build/Intermediates.noindex/OverlayContainer.build/Debug-appletvos/OverlayContainer-t.build/OverlayContainer.modulemap
WriteAuxiliaryFile /Users/admin/builder/spi-builder-workspace/.derivedData/Build/Intermediates.noindex/OverlayContainer.build/Debug-appletvos/OverlayContainer-t.build/OverlayContainer.DependencyMetadataFileList (in target 'OverlayContainer' from project 'OverlayContainer')
cd /Users/admin/builder/spi-builder-workspace/.dependencies/checkouts/OverlayContainer
write-file /Users/admin/builder/spi-builder-workspace/.derivedData/Build/Intermediates.noindex/OverlayContainer.build/Debug-appletvos/OverlayContainer-t.build/OverlayContainer.DependencyMetadataFileList
WriteAuxiliaryFile /Users/admin/builder/spi-builder-workspace/.derivedData/Build/Intermediates.noindex/OverlayContainer.build/Debug-appletvos/OverlayContainer-t.build/Objects-normal/arm64/OverlayContainer_const_extract_protocols.json (in target 'OverlayContainer' from project 'OverlayContainer')
cd /Users/admin/builder/spi-builder-workspace/.dependencies/checkouts/OverlayContainer
write-file /Users/admin/builder/spi-builder-workspace/.derivedData/Build/Intermediates.noindex/OverlayContainer.build/Debug-appletvos/OverlayContainer-t.build/Objects-normal/arm64/OverlayContainer_const_extract_protocols.json
WriteAuxiliaryFile /Users/admin/builder/spi-builder-workspace/.derivedData/Build/Intermediates.noindex/OverlayContainer.build/Debug-appletvos/OverlayContainer-t.build/Objects-normal/arm64/OverlayContainer.SwiftFileList (in target 'OverlayContainer' from project 'OverlayContainer')
cd /Users/admin/builder/spi-builder-workspace/.dependencies/checkouts/OverlayContainer
write-file /Users/admin/builder/spi-builder-workspace/.derivedData/Build/Intermediates.noindex/OverlayContainer.build/Debug-appletvos/OverlayContainer-t.build/Objects-normal/arm64/OverlayContainer.SwiftFileList
WriteAuxiliaryFile /Users/admin/builder/spi-builder-workspace/.derivedData/Build/Intermediates.noindex/OverlayContainer.build/Debug-appletvos/OverlayContainer-t.build/Objects-normal/arm64/OverlayContainer.SwiftConstValuesFileList (in target 'OverlayContainer' from project 'OverlayContainer')
cd /Users/admin/builder/spi-builder-workspace/.dependencies/checkouts/OverlayContainer
write-file /Users/admin/builder/spi-builder-workspace/.derivedData/Build/Intermediates.noindex/OverlayContainer.build/Debug-appletvos/OverlayContainer-t.build/Objects-normal/arm64/OverlayContainer.SwiftConstValuesFileList
WriteAuxiliaryFile /Users/admin/builder/spi-builder-workspace/.derivedData/Build/Intermediates.noindex/OverlayContainer.build/Debug-appletvos/OverlayContainer-t.build/Objects-normal/arm64/OverlayContainer-OutputFileMap.json (in target 'OverlayContainer' from project 'OverlayContainer')
cd /Users/admin/builder/spi-builder-workspace/.dependencies/checkouts/OverlayContainer
write-file /Users/admin/builder/spi-builder-workspace/.derivedData/Build/Intermediates.noindex/OverlayContainer.build/Debug-appletvos/OverlayContainer-t.build/Objects-normal/arm64/OverlayContainer-OutputFileMap.json
WriteAuxiliaryFile /Users/admin/builder/spi-builder-workspace/.derivedData/Build/Intermediates.noindex/OverlayContainer.build/Debug-appletvos/OverlayContainer-t.build/Objects-normal/arm64/OverlayContainer.LinkFileList (in target 'OverlayContainer' from project 'OverlayContainer')
cd /Users/admin/builder/spi-builder-workspace/.dependencies/checkouts/OverlayContainer
write-file /Users/admin/builder/spi-builder-workspace/.derivedData/Build/Intermediates.noindex/OverlayContainer.build/Debug-appletvos/OverlayContainer-t.build/Objects-normal/arm64/OverlayContainer.LinkFileList
WriteAuxiliaryFile /Users/admin/builder/spi-builder-workspace/.derivedData/Build/Intermediates.noindex/DynamicOverlay.build/Debug-appletvos/DynamicOverlay-t.build/Objects-normal/arm64/DynamicOverlay_const_extract_protocols.json (in target 'DynamicOverlay' from project 'DynamicOverlay')
cd /Users/admin/builder/spi-builder-workspace
write-file /Users/admin/builder/spi-builder-workspace/.derivedData/Build/Intermediates.noindex/DynamicOverlay.build/Debug-appletvos/DynamicOverlay-t.build/Objects-normal/arm64/DynamicOverlay_const_extract_protocols.json
WriteAuxiliaryFile /Users/admin/builder/spi-builder-workspace/.derivedData/Build/Intermediates.noindex/DynamicOverlay.build/Debug-appletvos/DynamicOverlay-t.build/Objects-normal/arm64/DynamicOverlay.SwiftFileList (in target 'DynamicOverlay' from project 'DynamicOverlay')
cd /Users/admin/builder/spi-builder-workspace
write-file /Users/admin/builder/spi-builder-workspace/.derivedData/Build/Intermediates.noindex/DynamicOverlay.build/Debug-appletvos/DynamicOverlay-t.build/Objects-normal/arm64/DynamicOverlay.SwiftFileList
WriteAuxiliaryFile /Users/admin/builder/spi-builder-workspace/.derivedData/Build/Intermediates.noindex/DynamicOverlay.build/Debug-appletvos/DynamicOverlay-t.build/Objects-normal/arm64/DynamicOverlay.LinkFileList (in target 'DynamicOverlay' from project 'DynamicOverlay')
cd /Users/admin/builder/spi-builder-workspace
write-file /Users/admin/builder/spi-builder-workspace/.derivedData/Build/Intermediates.noindex/DynamicOverlay.build/Debug-appletvos/DynamicOverlay-t.build/Objects-normal/arm64/DynamicOverlay.LinkFileList
WriteAuxiliaryFile /Users/admin/builder/spi-builder-workspace/.derivedData/Build/Intermediates.noindex/DynamicOverlay.build/Debug-appletvos/DynamicOverlay-t.build/Objects-normal/arm64/DynamicOverlay-OutputFileMap.json (in target 'DynamicOverlay' from project 'DynamicOverlay')
cd /Users/admin/builder/spi-builder-workspace
write-file /Users/admin/builder/spi-builder-workspace/.derivedData/Build/Intermediates.noindex/DynamicOverlay.build/Debug-appletvos/DynamicOverlay-t.build/Objects-normal/arm64/DynamicOverlay-OutputFileMap.json
WriteAuxiliaryFile /Users/admin/builder/spi-builder-workspace/.derivedData/Build/Intermediates.noindex/DynamicOverlay.build/Debug-appletvos/DynamicOverlay-t.build/DynamicOverlay.modulemap (in target 'DynamicOverlay' from project 'DynamicOverlay')
cd /Users/admin/builder/spi-builder-workspace
write-file /Users/admin/builder/spi-builder-workspace/.derivedData/Build/Intermediates.noindex/DynamicOverlay.build/Debug-appletvos/DynamicOverlay-t.build/DynamicOverlay.modulemap
WriteAuxiliaryFile /Users/admin/builder/spi-builder-workspace/.derivedData/Build/Intermediates.noindex/DynamicOverlay.build/Debug-appletvos/DynamicOverlay-t.build/Objects-normal/arm64/DynamicOverlay.SwiftConstValuesFileList (in target 'DynamicOverlay' from project 'DynamicOverlay')
cd /Users/admin/builder/spi-builder-workspace
write-file /Users/admin/builder/spi-builder-workspace/.derivedData/Build/Intermediates.noindex/DynamicOverlay.build/Debug-appletvos/DynamicOverlay-t.build/Objects-normal/arm64/DynamicOverlay.SwiftConstValuesFileList
WriteAuxiliaryFile /Users/admin/builder/spi-builder-workspace/.derivedData/Build/Intermediates.noindex/DynamicOverlay.build/Debug-appletvos/DynamicOverlay-t.build/DynamicOverlay.DependencyStaticMetadataFileList (in target 'DynamicOverlay' from project 'DynamicOverlay')
cd /Users/admin/builder/spi-builder-workspace
write-file /Users/admin/builder/spi-builder-workspace/.derivedData/Build/Intermediates.noindex/DynamicOverlay.build/Debug-appletvos/DynamicOverlay-t.build/DynamicOverlay.DependencyStaticMetadataFileList
WriteAuxiliaryFile /Users/admin/builder/spi-builder-workspace/.derivedData/Build/Intermediates.noindex/DynamicOverlay.build/Debug-appletvos/DynamicOverlay-t.build/DynamicOverlay.DependencyMetadataFileList (in target 'DynamicOverlay' from project 'DynamicOverlay')
cd /Users/admin/builder/spi-builder-workspace
write-file /Users/admin/builder/spi-builder-workspace/.derivedData/Build/Intermediates.noindex/DynamicOverlay.build/Debug-appletvos/DynamicOverlay-t.build/DynamicOverlay.DependencyMetadataFileList
Copy /Users/admin/builder/spi-builder-workspace/.derivedData/Build/Intermediates.noindex/GeneratedModuleMaps-appletvos/OverlayContainer.modulemap /Users/admin/builder/spi-builder-workspace/.derivedData/Build/Intermediates.noindex/OverlayContainer.build/Debug-appletvos/OverlayContainer-t.build/OverlayContainer.modulemap (in target 'OverlayContainer' from project 'OverlayContainer')
cd /Users/admin/builder/spi-builder-workspace/.dependencies/checkouts/OverlayContainer
builtin-copy -exclude .DS_Store -exclude CVS -exclude .svn -exclude .git -exclude .hg -resolve-src-symlinks /Users/admin/builder/spi-builder-workspace/.derivedData/Build/Intermediates.noindex/OverlayContainer.build/Debug-appletvos/OverlayContainer-t.build/OverlayContainer.modulemap /Users/admin/builder/spi-builder-workspace/.derivedData/Build/Intermediates.noindex/GeneratedModuleMaps-appletvos
Copy /Users/admin/builder/spi-builder-workspace/.derivedData/Build/Intermediates.noindex/GeneratedModuleMaps-appletvos/DynamicOverlay.modulemap /Users/admin/builder/spi-builder-workspace/.derivedData/Build/Intermediates.noindex/DynamicOverlay.build/Debug-appletvos/DynamicOverlay-t.build/DynamicOverlay.modulemap (in target 'DynamicOverlay' from project 'DynamicOverlay')
cd /Users/admin/builder/spi-builder-workspace
builtin-copy -exclude .DS_Store -exclude CVS -exclude .svn -exclude .git -exclude .hg -resolve-src-symlinks /Users/admin/builder/spi-builder-workspace/.derivedData/Build/Intermediates.noindex/DynamicOverlay.build/Debug-appletvos/DynamicOverlay-t.build/DynamicOverlay.modulemap /Users/admin/builder/spi-builder-workspace/.derivedData/Build/Intermediates.noindex/GeneratedModuleMaps-appletvos
SwiftDriver OverlayContainer normal arm64 com.apple.xcode.tools.swift.compiler (in target 'OverlayContainer' from project 'OverlayContainer')
cd /Users/admin/builder/spi-builder-workspace/.swiftpm/xcode
builtin-SwiftDriver -- /Applications/Xcode-27.0.0-Release.Candidate.app/Contents/Developer/Toolchains/XcodeDefault.xctoolchain/usr/bin/swiftc -parse-as-library -module-name OverlayContainer -Onone @/Users/admin/builder/spi-builder-workspace/.derivedData/Build/Intermediates.noindex/OverlayContainer.build/Debug-appletvos/OverlayContainer-t.build/Objects-normal/arm64/OverlayContainer.SwiftFileList -DSWIFT_PACKAGE -DDEBUG -DSWIFT_MODULE_RESOURCE_BUNDLE_UNAVAILABLE -DXcode -plugin-path /Applications/Xcode-27.0.0-Release.Candidate.app/Contents/Developer/Toolchains/XcodeDefault.xctoolchain/usr/lib/swift/host/plugins/testing -enable-experimental-feature DebugDescriptionMacro -sdk /Applications/Xcode-27.0.0-Release.Candidate.app/Contents/Developer/Platforms/AppleTVOS.platform/Developer/SDKs/AppleTVOS27.0.sdk -target arm64-apple-tvos15.0 -g -module-cache-path /Users/admin/builder/spi-builder-workspace/.derivedData/ModuleCache.noindex -Xfrontend -serialize-debugging-options -profile-coverage-mapping -profile-generate -enable-testing -suppress-warnings -index-store-path /Users/admin/builder/spi-builder-workspace/.derivedData/Index.noindex/DataStore -Xcc -D_LIBCPP_HARDENING_MODE\=_LIBCPP_HARDENING_MODE_DEBUG -swift-version 5 -I /Users/admin/builder/spi-builder-workspace/.derivedData/Build/Products/Debug-appletvos -Isystem /Applications/Xcode-27.0.0-Release.Candidate.app/Contents/Developer/Platforms/AppleTVOS.platform/Developer/usr/lib -F /Users/admin/builder/spi-builder-workspace/.derivedData/Build/Products/Debug-appletvos -F /Applications/Xcode-27.0.0-Release.Candidate.app/Contents/Developer/Platforms/AppleTVOS.platform/Developer/Library/Frameworks -F /Applications/Xcode-27.0.0-Release.Candidate.app/Contents/Developer/Platforms/AppleTVOS.platform/Developer/SDKs/AppleTVOS27.0.sdk/Developer/Library/Frameworks -c -j10 -enable-batch-mode -incremental -Xcc -ivfsstatcache -Xcc /Users/admin/builder/spi-builder-workspace/.derivedData/SDKStatCaches.noindex/appletvos27.0-24J360-e829b21a6f8c9b70876ba0858053c044b32bfd8d43560033f8d89884cdb90028.sdkstatcache -output-file-map /Users/admin/builder/spi-builder-workspace/.derivedData/Build/Intermediates.noindex/OverlayContainer.build/Debug-appletvos/OverlayContainer-t.build/Objects-normal/arm64/OverlayContainer-OutputFileMap.json -save-temps -no-color-diagnostics -explicit-module-build -module-cache-path /Users/admin/builder/spi-builder-workspace/.derivedData/Build/Intermediates.noindex/SwiftExplicitPrecompiledModules -clang-scanner-module-cache-path /Users/admin/builder/spi-builder-workspace/.derivedData/ModuleCache.noindex -sdk-module-cache-path /Users/admin/builder/spi-builder-workspace/.derivedData/SDKExplicitPrecompiledModules -emit-dependencies -emit-module -emit-module-path /Users/admin/builder/spi-builder-workspace/.derivedData/Build/Intermediates.noindex/OverlayContainer.build/Debug-appletvos/OverlayContainer-t.build/Objects-normal/arm64/OverlayContainer.swiftmodule -serialize-diagnostics -dependency-scan-serialize-diagnostics-path /Users/admin/builder/spi-builder-workspace/.derivedData/Build/Intermediates.noindex/OverlayContainer.build/Debug-appletvos/OverlayContainer-t.build/Objects-normal/arm64/OverlayContainer-dependency-scan.dia -validate-clang-modules-once -clang-build-session-file /Users/admin/builder/spi-builder-workspace/.derivedData/ModuleCache.noindex/Session.modulevalidation -Xcc -fmodules-prune-interval\=86400 -Xcc -fmodules-prune-after\=345600 -emit-const-values -const-gather-protocols-list /Users/admin/builder/spi-builder-workspace/.derivedData/Build/Intermediates.noindex/OverlayContainer.build/Debug-appletvos/OverlayContainer-t.build/Objects-normal/arm64/OverlayContainer_const_extract_protocols.json -Xcc -I/Users/admin/builder/spi-builder-workspace/.derivedData/Build/Products/Debug-appletvos/include -Xcc -I/Users/admin/builder/spi-builder-workspace/.derivedData/Build/Intermediates.noindex/OverlayContainer.build/Debug-appletvos/OverlayContainer-t.build/DerivedSources-normal/arm64 -Xcc -I/Users/admin/builder/spi-builder-workspace/.derivedData/Build/Intermediates.noindex/OverlayContainer.build/Debug-appletvos/OverlayContainer-t.build/DerivedSources/arm64 -Xcc -I/Users/admin/builder/spi-builder-workspace/.derivedData/Build/Intermediates.noindex/OverlayContainer.build/Debug-appletvos/OverlayContainer-t.build/DerivedSources -Xcc -DSWIFT_PACKAGE -Xcc -DDEBUG\=1 -emit-objc-header -emit-objc-header-path /Users/admin/builder/spi-builder-workspace/.derivedData/Build/Intermediates.noindex/OverlayContainer.build/Debug-appletvos/OverlayContainer-t.build/Objects-normal/arm64/OverlayContainer-Swift.h -working-directory /Users/admin/builder/spi-builder-workspace/.swiftpm/xcode -experimental-emit-module-separately -disable-cmo
SwiftExplicitDependencyGeneratePcm arm64 /Users/admin/builder/spi-builder-workspace/.derivedData/SDKExplicitPrecompiledModules/_Builtin_float-8ZJAYZ85YBOAOP52Y9H6IUNP3.pcm
SwiftExplicitDependencyGeneratePcm arm64 /Users/admin/builder/spi-builder-workspace/.derivedData/SDKExplicitPrecompiledModules/ptrcheck-2AZ6B5IBYD3RRRTFWN2ONASY3.pcm
SwiftExplicitDependencyGeneratePcm arm64 /Users/admin/builder/spi-builder-workspace/.derivedData/SDKExplicitPrecompiledModules/ptrauth-8X2KEPL7CTRPS40TUB9APHPK6.pcm
SwiftExplicitDependencyGeneratePcm arm64 /Users/admin/builder/spi-builder-workspace/.derivedData/SDKExplicitPrecompiledModules/SwiftShims-8N4EXJ4RUJTR8K9OO3CMOH1EP.pcm
SwiftExplicitDependencyGeneratePcm arm64 /Users/admin/builder/spi-builder-workspace/.derivedData/SDKExplicitPrecompiledModules/_SwiftConcurrencyShims-BY5PD8KF1L5KF6F4Q69HE3TJ4.pcm
SwiftExplicitDependencyGeneratePcm arm64 /Users/admin/builder/spi-builder-workspace/.derivedData/SDKExplicitPrecompiledModules/DeveloperToolsSupport-B1X8RI63V48AJRTH2RK6JAARV.pcm
SwiftExplicitDependencyGeneratePcm arm64 /Users/admin/builder/spi-builder-workspace/.derivedData/SDKExplicitPrecompiledModules/_Builtin_stdbool-AHRDH5EKLY6D04C5E42F3VCQI.pcm
SwiftExplicitDependencyGeneratePcm arm64 /Users/admin/builder/spi-builder-workspace/.derivedData/SDKExplicitPrecompiledModules/_AvailabilityInternal-BV2EDDP0MI5QJDDPEEV4D9D3V.pcm
SwiftExplicitDependencyGeneratePcm arm64 /Users/admin/builder/spi-builder-workspace/.derivedData/SDKExplicitPrecompiledModules/_Builtin_stdarg-BO2OCAUYVAXDRVQWQ8ISKGNUQ.pcm
SwiftExplicitDependencyGeneratePcm arm64 /Users/admin/builder/spi-builder-workspace/.derivedData/SDKExplicitPrecompiledModules/_Builtin_stddef-9ZJZ6FDEZNKTZU8YLPMFT9RAQ.pcm
SwiftExplicitDependencyGeneratePcm arm64 /Users/admin/builder/spi-builder-workspace/.derivedData/SDKExplicitPrecompiledModules/_DarwinFoundation1-JOTYMOA1YZCIJ2NON6FQ848O.pcm
SwiftExplicitDependencyGeneratePcm arm64 /Users/admin/builder/spi-builder-workspace/.derivedData/SDKExplicitPrecompiledModules/_DarwinFoundation2-AOGAN1O02NKXRJN5V73AV3V3M.pcm
SwiftExplicitDependencyGeneratePcm arm64 /Users/admin/builder/spi-builder-workspace/.derivedData/SDKExplicitPrecompiledModules/_Builtin_limits-7JU2HP127LIT1X9E2V3D8WZ1.pcm
SwiftExplicitDependencyGeneratePcm arm64 /Users/admin/builder/spi-builder-workspace/.derivedData/SDKExplicitPrecompiledModules/_Builtin_tgmath-7ULT1EUHDHW4OZPSTT33H6QGE.pcm
SwiftExplicitDependencyGeneratePcm arm64 /Users/admin/builder/spi-builder-workspace/.derivedData/SDKExplicitPrecompiledModules/_Builtin_stdint-6NFTB6IBKS143IVPGT1EKB7HO.pcm
SwiftExplicitDependencyGeneratePcm arm64 /Users/admin/builder/spi-builder-workspace/.derivedData/SDKExplicitPrecompiledModules/sys_types-8GCAV1YMG5UUGHUID3CA20TCH.pcm
SwiftExplicitDependencyGeneratePcm arm64 /Users/admin/builder/spi-builder-workspace/.derivedData/SDKExplicitPrecompiledModules/string_h-6EVHP7A717OUS5DMC78F79HWO.pcm
SwiftExplicitDependencyGeneratePcm arm64 /Users/admin/builder/spi-builder-workspace/.derivedData/SDKExplicitPrecompiledModules/_Builtin_stdatomic-3YXHN678NGYM3NL9POJ2HVEIF.pcm
SwiftExplicitDependencyGeneratePcm arm64 /Users/admin/builder/spi-builder-workspace/.derivedData/SDKExplicitPrecompiledModules/_DarwinFoundation3-8SR3855WDFHQPR6G9GHOI2C07.pcm
SwiftExplicitDependencyGeneratePcm arm64 /Users/admin/builder/spi-builder-workspace/.derivedData/SDKExplicitPrecompiledModules/_Builtin_intrinsics-437O2R2NID4WAQVENR63GR82C.pcm
SwiftExplicitDependencyGeneratePcm arm64 /Users/admin/builder/spi-builder-workspace/.derivedData/SDKExplicitPrecompiledModules/_Builtin_inttypes-6X1IQ3QK9KEVKXOK9Y79EW7J3.pcm
SwiftExplicitDependencyGeneratePcm arm64 /Users/admin/builder/spi-builder-workspace/.derivedData/SDKExplicitPrecompiledModules/Darwin-DBSQAVBBPC3D2OMU5ZI2RXMST.pcm
SwiftExplicitDependencyGeneratePcm arm64 /Users/admin/builder/spi-builder-workspace/.derivedData/SDKExplicitPrecompiledModules/simd-117QUXEUT3Z7UQCUYWV2UA228.pcm
SwiftExplicitDependencyGeneratePcm arm64 /Users/admin/builder/spi-builder-workspace/.derivedData/SDKExplicitPrecompiledModules/ObjectiveC-5250FDCE56N8508OR6XUYDKZM.pcm
SwiftExplicitDependencyGeneratePcm arm64 /Users/admin/builder/spi-builder-workspace/.derivedData/SDKExplicitPrecompiledModules/MachO-EH3F5PJCIZG05NO51CEFSZYPW.pcm
SwiftExplicitDependencyGeneratePcm arm64 /Users/admin/builder/spi-builder-workspace/.derivedData/SDKExplicitPrecompiledModules/os_object-E2DGZ0SX0TULQHULZRPO6OKNW.pcm
SwiftExplicitDependencyGeneratePcm arm64 /Users/admin/builder/spi-builder-workspace/.derivedData/SDKExplicitPrecompiledModules/os_workgroup-DBUFF7811DKMX7VPBOJPGGF1U.pcm
SwiftExplicitDependencyGeneratePcm arm64 /Users/admin/builder/spi-builder-workspace/.derivedData/SDKExplicitPrecompiledModules/Dispatch-1QL58A0V50C39KVAIC6C38SHL.pcm
SwiftExplicitDependencyGeneratePcm arm64 /Users/admin/builder/spi-builder-workspace/.derivedData/SDKExplicitPrecompiledModules/Spatial-7U8NLEFXSB8BR7PJQGVMF5A4Q.pcm
SwiftExplicitDependencyGeneratePcm arm64 /Users/admin/builder/spi-builder-workspace/.derivedData/SDKExplicitPrecompiledModules/XPC-6O2DJFT3QUJ7QKTD3SNUB6PCR.pcm
SwiftExplicitDependencyGeneratePcm arm64 /Users/admin/builder/spi-builder-workspace/.derivedData/SDKExplicitPrecompiledModules/CoreFoundation-7TPJ7ENDC4L1A1ESHYI9TXS0D.pcm
SwiftExplicitDependencyGeneratePcm arm64 /Users/admin/builder/spi-builder-workspace/.derivedData/SDKExplicitPrecompiledModules/os-3GJI8H0BNAEZPQPQ1V0VVY3FY.pcm
SwiftExplicitDependencyGeneratePcm arm64 /Users/admin/builder/spi-builder-workspace/.derivedData/SDKExplicitPrecompiledModules/Security-8VMXEKVDA3MHUH9AOTP905DID.pcm
SwiftExplicitDependencyGeneratePcm arm64 /Users/admin/builder/spi-builder-workspace/.derivedData/SDKExplicitPrecompiledModules/CFNetwork-2CUR2VK9S3S3WPFXPNXNUWYGN.pcm
SwiftExplicitDependencyGeneratePcm arm64 /Users/admin/builder/spi-builder-workspace/.derivedData/SDKExplicitPrecompiledModules/CoreGraphics-CWSP3J98S2658BYCVL6RP99T3.pcm
SwiftExplicitDependencyGeneratePcm arm64 /Users/admin/builder/spi-builder-workspace/.derivedData/SDKExplicitPrecompiledModules/Foundation-BSSIP64DIGUKMAYJOG1WPQ78X.pcm
SwiftExplicitDependencyGeneratePcm arm64 /Users/admin/builder/spi-builder-workspace/.derivedData/SDKExplicitPrecompiledModules/CoreText-59NY7PABM0I4V978161FOC04A.pcm
SwiftExplicitDependencyGeneratePcm arm64 /Users/admin/builder/spi-builder-workspace/.derivedData/SDKExplicitPrecompiledModules/ImageIO-88D4CLEBD4CLWQKT78PZ6H1O8.pcm
SwiftExplicitDependencyGeneratePcm arm64 /Users/admin/builder/spi-builder-workspace/.derivedData/SDKExplicitPrecompiledModules/DataDetection-37JIYZ2GWDA1L166PP1D9JKAF.pcm
SwiftExplicitDependencyGeneratePcm arm64 /Users/admin/builder/spi-builder-workspace/.derivedData/SDKExplicitPrecompiledModules/CoreTransferable-7V4O8DATEQ9F7SDNTCW8YWLG3.pcm
SwiftExplicitDependencyGeneratePcm arm64 /Users/admin/builder/spi-builder-workspace/.derivedData/SDKExplicitPrecompiledModules/Symbols-B5AU9VM9Y7NU79RLMH13Z4IFM.pcm
SwiftExplicitDependencyGeneratePcm arm64 /Users/admin/builder/spi-builder-workspace/.derivedData/SDKExplicitPrecompiledModules/OSLog-7OT6HHTMY0ZFEQJ095LJZ6NLC.pcm
SwiftExplicitDependencyGeneratePcm arm64 /Users/admin/builder/spi-builder-workspace/.derivedData/SDKExplicitPrecompiledModules/_LocationEssentials-ETSJ65FELPWR8WH8G49R1DF2E.pcm
SwiftExplicitDependencyGeneratePcm arm64 /Users/admin/builder/spi-builder-workspace/.derivedData/SDKExplicitPrecompiledModules/IOSurface-38FJ1CKX9FV2RD97O64Z7QB17.pcm
SwiftExplicitDependencyGeneratePcm arm64 /Users/admin/builder/spi-builder-workspace/.derivedData/SDKExplicitPrecompiledModules/Accessibility-B6BODGZ4MQQTY0PBC4SHRP009.pcm
SwiftExplicitDependencyGeneratePcm arm64 /Users/admin/builder/spi-builder-workspace/.derivedData/SDKExplicitPrecompiledModules/UniformTypeIdentifiers-95CC8U42ZA9STP5K6GP9ZVJS5.pcm
SwiftExplicitDependencyGeneratePcm arm64 /Users/admin/builder/spi-builder-workspace/.derivedData/SDKExplicitPrecompiledModules/UIUtilities-6ZFJ1AK4H8IBGEBMYQBWGBYLK.pcm
SwiftExplicitDependencyGeneratePcm arm64 /Users/admin/builder/spi-builder-workspace/.derivedData/SDKExplicitPrecompiledModules/UserNotifications-E9ZW5TH066WIJWH9080RC5NG4.pcm
SwiftExplicitDependencyGeneratePcm arm64 /Users/admin/builder/spi-builder-workspace/.derivedData/SDKExplicitPrecompiledModules/CoreLocation-YVXXAOMVX0JH2KO1XTTKTY51.pcm
SwiftExplicitDependencyGeneratePcm arm64 /Users/admin/builder/spi-builder-workspace/.derivedData/SDKExplicitPrecompiledModules/Metal-2KYBS7IML1SD788M91YV7Q0CC.pcm
SwiftExplicitDependencyGeneratePcm arm64 /Users/admin/builder/spi-builder-workspace/.derivedData/SDKExplicitPrecompiledModules/OpenGLES-4NY99CNDU9WUNUYEIXSS1QFGE.pcm
SwiftExplicitDependencyGeneratePcm arm64 /Users/admin/builder/spi-builder-workspace/.derivedData/SDKExplicitPrecompiledModules/CoreVideo-DPU0PB5X0XLSVA2ETRGI6FJBM.pcm
SwiftExplicitDependencyGeneratePcm arm64 /Users/admin/builder/spi-builder-workspace/.derivedData/SDKExplicitPrecompiledModules/CoreImage-7S2AFJ8EIY3DUFYLEAX1JR1QV.pcm
SwiftExplicitDependencyGeneratePcm arm64 /Users/admin/builder/spi-builder-workspace/.derivedData/SDKExplicitPrecompiledModules/QuartzCore-DJSYAWKXFGVSAK5CQMOB3JSR.pcm
SwiftExplicitDependencyGeneratePcm arm64 /Users/admin/builder/spi-builder-workspace/.derivedData/SDKExplicitPrecompiledModules/SwiftUICore-543QU5V2NHKUFCYFJDKUJ7NYG.pcm
SwiftExplicitDependencyGeneratePcm arm64 /Users/admin/builder/spi-builder-workspace/.derivedData/SDKExplicitPrecompiledModules/UIKit-1TKWN7VC2X6N3ITMRVA2G0EB2.pcm
SwiftEmitModule normal arm64 Emitting\ module\ for\ OverlayContainer (in target 'OverlayContainer' from project 'OverlayContainer')
/Users/admin/builder/spi-builder-workspace/.dependencies/checkouts/OverlayContainer/Source/OverlayContainer/OverlayContainerViewController.swift:51:13: error: 'setNeedsStatusBarAppearanceUpdate()' is unavailable in tvOS
49 | oldValue.forEach { removeChild($0) }
50 | loadOverlayViews()
51 | setNeedsStatusBarAppearanceUpdate()
| `- error: 'setNeedsStatusBarAppearanceUpdate()' is unavailable in tvOS
52 | }
53 | }
/Applications/Xcode-27.0.0-Release.Candidate.app/Contents/Developer/Platforms/AppleTVOS.platform/Developer/SDKs/AppleTVOS27.0.sdk/System/Library/Frameworks/UIKit.framework/Headers/UIViewController.h:334:1: note: 'setNeedsStatusBarAppearanceUpdate()' has been explicitly marked unavailable here
332 |
333 | // This should be called whenever the return values for the view controller's status bar attributes have changed. If it is called from within an animation block, the changes will be animated along with the rest of the animation block.
334 | - (void)setNeedsStatusBarAppearanceUpdate API_AVAILABLE(ios(7.0)) API_UNAVAILABLE(tvos, visionos);
| `- note: 'setNeedsStatusBarAppearanceUpdate()' has been explicitly marked unavailable here
335 |
336 | /* This method returns either itself or the nearest ancestor that can perform the given action and, if applicable, has overridden UIViewController's default implementation of the action method. View controllers can return NO from canPerformAction:withSender: to opt out of being a target for a given action. */
/Users/admin/builder/spi-builder-workspace/.dependencies/checkouts/OverlayContainer/Source/OverlayContainer/OverlayContainerViewController.swift:60:23: error: cannot override 'childForStatusBarStyle' which has been marked unavailable
58 | }
59 |
60 | open override var childForStatusBarStyle: UIViewController? {
| |- error: cannot override 'childForStatusBarStyle' which has been marked unavailable
| `- note: remove 'override' modifier to declare a new 'childForStatusBarStyle'
61 | return topViewController
62 | }
/Applications/Xcode-27.0.0-Release.Candidate.app/Contents/Developer/Platforms/AppleTVOS.platform/Developer/SDKs/AppleTVOS27.0.sdk/System/Library/Frameworks/UIKit.framework/Headers/UIViewController.h:483:60: note: 'childForStatusBarStyle' has been explicitly marked unavailable here
481 |
482 | // Override to return a child view controller or nil. If non-nil, that view controller's status bar appearance attributes will be used. If nil, self is used. Whenever the return values from these methods change, -setNeedsStatusBarAppearanceUpdate should be called.
483 | @property(nonatomic, readonly, nullable) UIViewController *childViewControllerForStatusBarStyle API_AVAILABLE(ios(7.0)) API_DEPRECATED("Has no effect on visionOS", visionos(1.0, 1.0)) API_UNAVAILABLE(tvos);
| `- note: 'childForStatusBarStyle' has been explicitly marked unavailable here
484 | @property(nonatomic, readonly, nullable) UIViewController *childViewControllerForStatusBarHidden API_AVAILABLE(ios(7.0)) API_DEPRECATED("Has no effect on visionOS", visionos(1.0, 1.0)) API_UNAVAILABLE(tvos);
485 |
Failed frontend command:
SwiftCompile normal arm64 (in target 'OverlayContainer' from project 'OverlayContainer')
cd /Users/admin/builder/spi-builder-workspace/.swiftpm/xcode
/Applications/Xcode-27.0.0-Release.Candidate.app/Contents/Developer/Toolchains/XcodeDefault.xctoolchain/usr/bin/swift-frontend -frontend -emit-module -experimental-skip-non-inlinable-function-bodies-without-types /Users/admin/builder/spi-builder-workspace/.dependencies/checkouts/OverlayContainer/Source/OverlayContainer/Internal/ConcreteOverlayContainerContextTargetNotchPolicy.swift /Users/admin/builder/spi-builder-workspace/.dependencies/checkouts/OverlayContainer/Source/OverlayContainer/Internal/ConcreteOverlayContainerContextTransitioning.swift /Users/admin/builder/spi-builder-workspace/.dependencies/checkouts/OverlayContainer/Source/OverlayContainer/Internal/ConcreteOverlayContainerDimissingPolicyContext.swift /Users/admin/builder/spi-builder-workspace/.dependencies/checkouts/OverlayContainer/Source/OverlayContainer/Internal/ConcreteOverlayTranslationParameters.swift /Users/admin/builder/spi-builder-workspace/.dependencies/checkouts/OverlayContainer/Source/OverlayContainer/Internal/DraggingOverlayContainerTransitionCoordinator.swift /Users/admin/builder/spi-builder-workspace/.dependencies/checkouts/OverlayContainer/Source/OverlayContainer/Internal/Extensions/CGFloat+Round.swift /Users/admin/builder/spi-builder-workspace/.dependencies/checkouts/OverlayContainer/Source/OverlayContainer/Internal/Extensions/CGGeometry+Utils.swift /Users/admin/builder/spi-builder-workspace/.dependencies/checkouts/OverlayContainer/Source/OverlayContainer/Internal/Extensions/OverlayContainerViewControllerDelegate+Defaults.swift /Users/admin/builder/spi-builder-workspace/.dependencies/checkouts/OverlayContainer/Source/OverlayContainer/Internal/Extensions/UIPanGesture+Utils.swift /Users/admin/builder/spi-builder-workspace/.dependencies/checkouts/OverlayContainer/Source/OverlayContainer/Internal/Extensions/UIScrollViiew+Utils.swift /Users/admin/builder/spi-builder-workspace/.dependencies/checkouts/OverlayContainer/Source/OverlayContainer/Internal/Extensions/UIView+Constraints.swift /Users/admin/builder/spi-builder-workspace/.dependencies/checkouts/OverlayContainer/Source/OverlayContainer/Internal/Extensions/UIView+Subviews.swift /Users/admin/builder/spi-builder-workspace/.dependencies/checkouts/OverlayContainer/Source/OverlayContainer/Internal/Extensions/UIViewController+Children.swift /Users/admin/builder/spi-builder-workspace/.dependencies/checkouts/OverlayContainer/Source/OverlayContainer/Internal/HeightContraintOverlayTranslationController.swift /Users/admin/builder/spi-builder-workspace/.dependencies/checkouts/OverlayContainer/Source/OverlayContainer/Internal/InterruptibleAnimatorOverlayContainerTransitionCoordinator.swift /Users/admin/builder/spi-builder-workspace/.dependencies/checkouts/OverlayContainer/Source/OverlayContainer/Internal/OverlayContainerConfiguration.swift /Users/admin/builder/spi-builder-workspace/.dependencies/checkouts/OverlayContainer/Source/OverlayContainer/Internal/OverlayContainerConfigurationImplementation.swift /Users/admin/builder/spi-builder-workspace/.dependencies/checkouts/OverlayContainer/Source/OverlayContainer/Internal/OverlayScrollViewDelegate.swift /Users/admin/builder/spi-builder-workspace/.dependencies/checkouts/OverlayContainer/Source/OverlayContainer/Internal/OverlayScrollViewDelegateProxy.swift /Users/admin/builder/spi-builder-workspace/.dependencies/checkouts/OverlayContainer/Source/OverlayContainer/Internal/OverlayTranslationController.swift /Users/admin/builder/spi-builder-workspace/.dependencies/checkouts/OverlayContainer/Source/OverlayContainer/Internal/OverlayTranslationDriver.swift /Users/admin/builder/spi-builder-workspace/.dependencies/checkouts/OverlayContainer/Source/OverlayContainer/Internal/OverlayTranslationGestureRecognizer.swift /Users/admin/builder/spi-builder-workspace/.dependencies/checkouts/OverlayContainer/Source/OverlayContainer/Internal/PanGestureOverlayTranslationDriver.swift /Users/admin/builder/spi-builder-workspace/.dependencies/checkouts/OverlayContainer/Source/OverlayContainer/Internal/ScrollViewOverlayTranslationDriver.swift /Users/admin/builder/spi-builder-workspace/.dependencies/checkouts/OverlayContainer/Source/OverlayContainer/Internal/Views/GroundView.swift /Users/admin/builder/spi-builder-workspace/.dependencies/checkouts/OverlayContainer/Source/OverlayContainer/Internal/Views/OverlayContainerView.swift /Users/admin/builder/spi-builder-workspace/.dependencies/checkouts/OverlayContainer/Source/OverlayContainer/Internal/Views/OverlayTranslationContainerView.swift /Users/admin/builder/spi-builder-workspace/.dependencies/checkouts/OverlayContainer/Source/OverlayContainer/Internal/Views/OverlayTranslationView.swift /Users/admin/builder/spi-builder-workspace/.dependencies/checkouts/OverlayContainer/Source/OverlayContainer/OverlayContainerPresentationController.swift /Users/admin/builder/spi-builder-workspace/.dependencies/checkouts/OverlayContainer/Source/OverlayContainer/OverlayContainerSheetDimmingView.swift /Users/admin/builder/spi-builder-workspace/.dependencies/checkouts/OverlayContainer/Source/OverlayContainer/OverlayContainerSheetDismissalPolicy.swift /Users/admin/builder/spi-builder-workspace/.dependencies/checkouts/OverlayContainer/Source/OverlayContainer/OverlayContainerSheetPresentationController.swift /Users/admin/builder/spi-builder-workspace/.dependencies/checkouts/OverlayContainer/Source/OverlayContainer/OverlayContainerSheetPresentationControllerDelegate.swift /Users/admin/builder/spi-builder-workspace/.dependencies/checkouts/OverlayContainer/Source/OverlayContainer/OverlayContainerTransitionCoordinator.swift /Users/admin/builder/spi-builder-workspace/.dependencies/checkouts/OverlayContainer/Source/OverlayContainer/OverlayContainerViewController.swift /Users/admin/builder/spi-builder-workspace/.dependencies/checkouts/OverlayContainer/Source/OverlayContainer/OverlayContainerViewControllerDelegate.swift /Users/admin/builder/spi-builder-workspace/.dependencies/checkouts/OverlayContainer/Source/OverlayContainer/OverlayTransitioningDelegate.swift /Users/admin/builder/spi-builder-workspace/.dependencies/checkouts/OverlayContainer/Source/OverlayContainer/OverlayTranslationFunction.swift /Users/admin/builder/spi-builder-workspace/.dependencies/checkouts/OverlayContainer/Source/OverlayContainer/PassThroughView.swift /Users/admin/builder/spi-builder-workspace/.dependencies/checkouts/OverlayContainer/Source/OverlayContainer/RubberBandOverlayTranslationFunction.swift /Users/admin/builder/spi-builder-workspace/.dependencies/checkouts/OverlayContainer/Source/OverlayContainer/RushingForwardTargetNotchPolicy.swift /Users/admin/builder/spi-builder-workspace/.dependencies/checkouts/OverlayContainer/Source/OverlayContainer/SpringOverlayTranslationAnimationController.swift -target arm64-apple-tvos15.0 -disable-cross-import-overlay-search -load-resolved-plugin /Applications/Xcode-27.0.0-Release.Candidate.app/Contents/Developer/Platforms/AppleTVOS.platform/Developer/usr/lib/swift/host/plugins/libFoundationMacros.dylib\#/Applications/Xcode-27.0.0-Release.Candidate.app/Contents/Developer/Platforms/AppleTVOS.platform/Developer/usr/bin/swift-plugin-server\#FoundationMacros -load-resolved-plugin /Applications/Xcode-27.0.0-Release.Candidate.app/Contents/Developer/Platforms/AppleTVOS.platform/Developer/usr/lib/swift/host/plugins/libObservationMacros.dylib\#/Applications/Xcode-27.0.0-Release.Candidate.app/Contents/Developer/Platforms/AppleTVOS.platform/Developer/usr/bin/swift-plugin-server\#ObservationMacros -load-resolved-plugin /Applications/Xcode-27.0.0-Release.Candidate.app/Contents/Developer/Platforms/AppleTVOS.platform/Developer/usr/lib/swift/host/plugins/libPreviewsMacros.dylib\#/Applications/Xcode-27.0.0-Release.Candidate.app/Contents/Developer/Platforms/AppleTVOS.platform/Developer/usr/bin/swift-plugin-server\#PreviewsMacros -load-resolved-plugin /Applications/Xcode-27.0.0-Release.Candidate.app/Contents/Developer/Platforms/AppleTVOS.platform/Developer/usr/lib/swift/host/plugins/libSwiftMacros.dylib\#/Applications/Xcode-27.0.0-Release.Candidate.app/Contents/Developer/Platforms/AppleTVOS.platform/Developer/usr/bin/swift-plugin-server\#SwiftMacros -load-resolved-plugin /Applications/Xcode-27.0.0-Release.Candidate.app/Contents/Developer/Platforms/AppleTVOS.platform/Developer/usr/lib/swift/host/plugins/libSwiftUIMacros.dylib\#/Applications/Xcode-27.0.0-Release.Candidate.app/Contents/Developer/Platforms/AppleTVOS.platform/Developer/usr/bin/swift-plugin-server\#SwiftUIMacros -disable-implicit-swift-modules -Xcc -fno-implicit-modules -Xcc -fno-implicit-module-maps -explicit-swift-module-map-file /Users/admin/builder/spi-builder-workspace/.derivedData/Build/Intermediates.noindex/OverlayContainer.build/Debug-appletvos/OverlayContainer-t.build/Objects-normal/arm64/OverlayContainer-dependencies-1.json -Xllvm -aarch64-use-tbi -enable-objc-interop -stack-check -sdk /Applications/Xcode-27.0.0-Release.Candidate.app/Contents/Developer/Platforms/AppleTVOS.platform/Developer/SDKs/AppleTVOS27.0.sdk -I /Users/admin/builder/spi-builder-workspace/.derivedData/Build/Products/Debug-appletvos -Isystem /Applications/Xcode-27.0.0-Release.Candidate.app/Contents/Developer/Platforms/AppleTVOS.platform/Developer/usr/lib -F /Users/admin/builder/spi-builder-workspace/.derivedData/Build/Products/Debug-appletvos -F /Applications/Xcode-27.0.0-Release.Candidate.app/Contents/Developer/Platforms/AppleTVOS.platform/Developer/Library/Frameworks -F /Applications/Xcode-27.0.0-Release.Candidate.app/Contents/Developer/Platforms/AppleTVOS.platform/Developer/SDKs/AppleTVOS27.0.sdk/Developer/Library/Frameworks -module-cache-path /Users/admin/builder/spi-builder-workspace/.derivedData/Build/Intermediates.noindex/SwiftExplicitPrecompiledModules -no-color-diagnostics -Xcc -fno-color-diagnostics -enable-testing -g -debug-info-format\=dwarf -dwarf-version\=4 -suppress-warnings -profile-generate -profile-coverage-mapping -swift-version 5 -Onone -D SWIFT_PACKAGE -D DEBUG -D SWIFT_MODULE_RESOURCE_BUNDLE_UNAVAILABLE -D Xcode -serialize-debugging-options -enable-experimental-feature DebugDescriptionMacro -empty-abi-descriptor -validate-clang-modules-once -clang-build-session-file /Users/admin/builder/spi-builder-workspace/.derivedData/ModuleCache.noindex/Session.modulevalidation -Xcc -working-directory -Xcc /Users/admin/builder/spi-builder-workspace/.swiftpm/xcode -enable-anonymous-context-mangled-names -file-compilation-dir /Users/admin/builder/spi-builder-workspace/.swiftpm/xcode -Xcc -D_LIBCPP_HARDENING_MODE\=_LIBCPP_HARDENING_MODE_DEBUG -Xcc -ivfsstatcache -Xcc /Users/admin/builder/spi-builder-workspace/.derivedData/SDKStatCaches.noindex/appletvos27.0-24J360-e829b21a6f8c9b70876ba0858053c044b32bfd8d43560033f8d89884cdb90028.sdkstatcache -Xcc -fmodules-prune-interval\=86400 -Xcc -fmodules-prune-after\=345600 -Xcc -I/Users/admin/builder/spi-builder-workspace/.derivedData/Build/Products/Debug-appletvos/include -Xcc -I/Users/admin/builder/spi-builder-workspace/.derivedData/Build/Intermediates.noindex/OverlayContainer.build/Debug-appletvos/OverlayContainer-t.build/DerivedSources-normal/arm64 -Xcc -I/Users/admin/builder/spi-builder-workspace/.derivedData/Build/Intermediates.noindex/OverlayContainer.build/Debug-appletvos/OverlayContainer-t.build/DerivedSources/arm64 -Xcc -I/Users/admin/builder/spi-builder-workspace/.derivedData/Build/Intermediates.noindex/OverlayContainer.build/Debug-appletvos/OverlayContainer-t.build/DerivedSources -Xcc -DSWIFT_PACKAGE -Xcc -DDEBUG\=1 -no-auto-bridging-header-chaining -module-name OverlayContainer -const-gather-protocols-file /Users/admin/builder/spi-builder-workspace/.derivedData/Build/Intermediates.noindex/OverlayContainer.build/Debug-appletvos/OverlayContainer-t.build/Objects-normal/arm64/OverlayContainer_const_extract_protocols.json -disable-clang-spi -clang-target arm64-apple-tvos27.0 -target-sdk-version 27.0 -target-sdk-name appletvos27.0 -in-process-plugin-server-path /Applications/Xcode-27.0.0-Release.Candidate.app/Contents/Developer/Toolchains/XcodeDefault.xctoolchain/usr/lib/swift/host/libSwiftInProcPluginServer.dylib -emit-module-doc-path /Users/admin/builder/spi-builder-workspace/.derivedData/Build/Intermediates.noindex/OverlayContainer.build/Debug-appletvos/OverlayContainer-t.build/Objects-normal/arm64/OverlayContainer.swiftdoc -emit-module-source-info-path /Users/admin/builder/spi-builder-workspace/.derivedData/Build/Intermediates.noindex/OverlayContainer.build/Debug-appletvos/OverlayContainer-t.build/Objects-normal/arm64/OverlayContainer.swiftsourceinfo -emit-objc-header-path /Users/admin/builder/spi-builder-workspace/.derivedData/Build/Intermediates.noindex/OverlayContainer.build/Debug-appletvos/OverlayContainer-t.build/Objects-normal/arm64/OverlayContainer-Swift.h -serialize-diagnostics-path /Users/admin/builder/spi-builder-workspace/.derivedData/Build/Intermediates.noindex/OverlayContainer.build/Debug-appletvos/OverlayContainer-t.build/Objects-normal/arm64/OverlayContainer-primary-emit-module.dia -emit-dependencies-path /Users/admin/builder/spi-builder-workspace/.derivedData/Build/Intermediates.noindex/OverlayContainer.build/Debug-appletvos/OverlayContainer-t.build/Objects-normal/arm64/OverlayContainer-primary-emit-module.d -parse-as-library -o /Users/admin/builder/spi-builder-workspace/.derivedData/Build/Intermediates.noindex/OverlayContainer.build/Debug-appletvos/OverlayContainer-t.build/Objects-normal/arm64/OverlayContainer.swiftmodule -emit-abi-descriptor-path /Users/admin/builder/spi-builder-workspace/.derivedData/Build/Intermediates.noindex/OverlayContainer.build/Debug-appletvos/OverlayContainer-t.build/Objects-normal/arm64/OverlayContainer.abi.json
SwiftCompile normal arm64 Compiling\ OverlayContainerSheetDismissalPolicy.swift,\ OverlayContainerSheetPresentationController.swift,\ OverlayContainerSheetPresentationControllerDelegate.swift,\ OverlayContainerTransitionCoordinator.swift /Users/admin/builder/spi-builder-workspace/.dependencies/checkouts/OverlayContainer/Source/OverlayContainer/OverlayContainerSheetDismissalPolicy.swift /Users/admin/builder/spi-builder-workspace/.dependencies/checkouts/OverlayContainer/Source/OverlayContainer/OverlayContainerSheetPresentationController.swift /Users/admin/builder/spi-builder-workspace/.dependencies/checkouts/OverlayContainer/Source/OverlayContainer/OverlayContainerSheetPresentationControllerDelegate.swift /Users/admin/builder/spi-builder-workspace/.dependencies/checkouts/OverlayContainer/Source/OverlayContainer/OverlayContainerTransitionCoordinator.swift (in target 'OverlayContainer' from project 'OverlayContainer')
SwiftCompile normal arm64 /Users/admin/builder/spi-builder-workspace/.dependencies/checkouts/OverlayContainer/Source/OverlayContainer/OverlayContainerSheetDismissalPolicy.swift (in target 'OverlayContainer' from project 'OverlayContainer')
cd /Users/admin/builder/spi-builder-workspace/.swiftpm/xcode
builtin-SwiftPerFileCompile OverlayContainerSheetDismissalPolicy.swift
SwiftCompile normal arm64 /Users/admin/builder/spi-builder-workspace/.dependencies/checkouts/OverlayContainer/Source/OverlayContainer/OverlayContainerSheetPresentationController.swift (in target 'OverlayContainer' from project 'OverlayContainer')
cd /Users/admin/builder/spi-builder-workspace/.swiftpm/xcode
builtin-SwiftPerFileCompile OverlayContainerSheetPresentationController.swift
SwiftCompile normal arm64 /Users/admin/builder/spi-builder-workspace/.dependencies/checkouts/OverlayContainer/Source/OverlayContainer/OverlayContainerSheetPresentationControllerDelegate.swift (in target 'OverlayContainer' from project 'OverlayContainer')
cd /Users/admin/builder/spi-builder-workspace/.swiftpm/xcode
builtin-SwiftPerFileCompile OverlayContainerSheetPresentationControllerDelegate.swift
SwiftCompile normal arm64 /Users/admin/builder/spi-builder-workspace/.dependencies/checkouts/OverlayContainer/Source/OverlayContainer/OverlayContainerTransitionCoordinator.swift (in target 'OverlayContainer' from project 'OverlayContainer')
cd /Users/admin/builder/spi-builder-workspace/.swiftpm/xcode
builtin-SwiftPerFileCompile OverlayContainerTransitionCoordinator.swift
SwiftCompile normal arm64 Compiling\ OverlayTranslationContainerView.swift,\ OverlayTranslationView.swift,\ OverlayContainerPresentationController.swift,\ OverlayContainerSheetDimmingView.swift /Users/admin/builder/spi-builder-workspace/.dependencies/checkouts/OverlayContainer/Source/OverlayContainer/Internal/Views/OverlayTranslationContainerView.swift /Users/admin/builder/spi-builder-workspace/.dependencies/checkouts/OverlayContainer/Source/OverlayContainer/Internal/Views/OverlayTranslationView.swift /Users/admin/builder/spi-builder-workspace/.dependencies/checkouts/OverlayContainer/Source/OverlayContainer/OverlayContainerPresentationController.swift /Users/admin/builder/spi-builder-workspace/.dependencies/checkouts/OverlayContainer/Source/OverlayContainer/OverlayContainerSheetDimmingView.swift (in target 'OverlayContainer' from project 'OverlayContainer')
SwiftCompile normal arm64 /Users/admin/builder/spi-builder-workspace/.dependencies/checkouts/OverlayContainer/Source/OverlayContainer/Internal/Views/OverlayTranslationContainerView.swift (in target 'OverlayContainer' from project 'OverlayContainer')
cd /Users/admin/builder/spi-builder-workspace/.swiftpm/xcode
builtin-SwiftPerFileCompile OverlayTranslationContainerView.swift
SwiftCompile normal arm64 /Users/admin/builder/spi-builder-workspace/.dependencies/checkouts/OverlayContainer/Source/OverlayContainer/Internal/Views/OverlayTranslationView.swift (in target 'OverlayContainer' from project 'OverlayContainer')
cd /Users/admin/builder/spi-builder-workspace/.swiftpm/xcode
builtin-SwiftPerFileCompile OverlayTranslationView.swift
SwiftCompile normal arm64 /Users/admin/builder/spi-builder-workspace/.dependencies/checkouts/OverlayContainer/Source/OverlayContainer/OverlayContainerPresentationController.swift (in target 'OverlayContainer' from project 'OverlayContainer')
cd /Users/admin/builder/spi-builder-workspace/.swiftpm/xcode
builtin-SwiftPerFileCompile OverlayContainerPresentationController.swift
SwiftCompile normal arm64 /Users/admin/builder/spi-builder-workspace/.dependencies/checkouts/OverlayContainer/Source/OverlayContainer/OverlayContainerSheetDimmingView.swift (in target 'OverlayContainer' from project 'OverlayContainer')
cd /Users/admin/builder/spi-builder-workspace/.swiftpm/xcode
builtin-SwiftPerFileCompile OverlayContainerSheetDimmingView.swift
SwiftCompile normal arm64 Compiling\ PassThroughView.swift,\ RubberBandOverlayTranslationFunction.swift,\ RushingForwardTargetNotchPolicy.swift,\ SpringOverlayTranslationAnimationController.swift /Users/admin/builder/spi-builder-workspace/.dependencies/checkouts/OverlayContainer/Source/OverlayContainer/PassThroughView.swift /Users/admin/builder/spi-builder-workspace/.dependencies/checkouts/OverlayContainer/Source/OverlayContainer/RubberBandOverlayTranslationFunction.swift /Users/admin/builder/spi-builder-workspace/.dependencies/checkouts/OverlayContainer/Source/OverlayContainer/RushingForwardTargetNotchPolicy.swift /Users/admin/builder/spi-builder-workspace/.dependencies/checkouts/OverlayContainer/Source/OverlayContainer/SpringOverlayTranslationAnimationController.swift (in target 'OverlayContainer' from project 'OverlayContainer')
SwiftCompile normal arm64 /Users/admin/builder/spi-builder-workspace/.dependencies/checkouts/OverlayContainer/Source/OverlayContainer/PassThroughView.swift (in target 'OverlayContainer' from project 'OverlayContainer')
cd /Users/admin/builder/spi-builder-workspace/.swiftpm/xcode
builtin-SwiftPerFileCompile PassThroughView.swift
SwiftCompile normal arm64 /Users/admin/builder/spi-builder-workspace/.dependencies/checkouts/OverlayContainer/Source/OverlayContainer/RubberBandOverlayTranslationFunction.swift (in target 'OverlayContainer' from project 'OverlayContainer')
cd /Users/admin/builder/spi-builder-workspace/.swiftpm/xcode
builtin-SwiftPerFileCompile RubberBandOverlayTranslationFunction.swift
SwiftCompile normal arm64 /Users/admin/builder/spi-builder-workspace/.dependencies/checkouts/OverlayContainer/Source/OverlayContainer/RushingForwardTargetNotchPolicy.swift (in target 'OverlayContainer' from project 'OverlayContainer')
cd /Users/admin/builder/spi-builder-workspace/.swiftpm/xcode
builtin-SwiftPerFileCompile RushingForwardTargetNotchPolicy.swift
SwiftCompile normal arm64 /Users/admin/builder/spi-builder-workspace/.dependencies/checkouts/OverlayContainer/Source/OverlayContainer/SpringOverlayTranslationAnimationController.swift (in target 'OverlayContainer' from project 'OverlayContainer')
cd /Users/admin/builder/spi-builder-workspace/.swiftpm/xcode
builtin-SwiftPerFileCompile SpringOverlayTranslationAnimationController.swift
SwiftCompile normal arm64 Compiling\ InterruptibleAnimatorOverlayContainerTransitionCoordinator.swift,\ OverlayContainerConfiguration.swift,\ OverlayContainerConfigurationImplementation.swift,\ OverlayScrollViewDelegate.swift /Users/admin/builder/spi-builder-workspace/.dependencies/checkouts/OverlayContainer/Source/OverlayContainer/Internal/InterruptibleAnimatorOverlayContainerTransitionCoordinator.swift /Users/admin/builder/spi-builder-workspace/.dependencies/checkouts/OverlayContainer/Source/OverlayContainer/Internal/OverlayContainerConfiguration.swift /Users/admin/builder/spi-builder-workspace/.dependencies/checkouts/OverlayContainer/Source/OverlayContainer/Internal/OverlayContainerConfigurationImplementation.swift /Users/admin/builder/spi-builder-workspace/.dependencies/checkouts/OverlayContainer/Source/OverlayContainer/Internal/OverlayScrollViewDelegate.swift (in target 'OverlayContainer' from project 'OverlayContainer')
SwiftCompile normal arm64 /Users/admin/builder/spi-builder-workspace/.dependencies/checkouts/OverlayContainer/Source/OverlayContainer/Internal/InterruptibleAnimatorOverlayContainerTransitionCoordinator.swift (in target 'OverlayContainer' from project 'OverlayContainer')
cd /Users/admin/builder/spi-builder-workspace/.swiftpm/xcode
builtin-SwiftPerFileCompile InterruptibleAnimatorOverlayContainerTransitionCoordinator.swift
SwiftCompile normal arm64 /Users/admin/builder/spi-builder-workspace/.dependencies/checkouts/OverlayContainer/Source/OverlayContainer/Internal/OverlayContainerConfiguration.swift (in target 'OverlayContainer' from project 'OverlayContainer')
cd /Users/admin/builder/spi-builder-workspace/.swiftpm/xcode
builtin-SwiftPerFileCompile OverlayContainerConfiguration.swift
SwiftCompile normal arm64 /Users/admin/builder/spi-builder-workspace/.dependencies/checkouts/OverlayContainer/Source/OverlayContainer/Internal/OverlayContainerConfigurationImplementation.swift (in target 'OverlayContainer' from project 'OverlayContainer')
cd /Users/admin/builder/spi-builder-workspace/.swiftpm/xcode
builtin-SwiftPerFileCompile OverlayContainerConfigurationImplementation.swift
SwiftCompile normal arm64 /Users/admin/builder/spi-builder-workspace/.dependencies/checkouts/OverlayContainer/Source/OverlayContainer/Internal/OverlayScrollViewDelegate.swift (in target 'OverlayContainer' from project 'OverlayContainer')
cd /Users/admin/builder/spi-builder-workspace/.swiftpm/xcode
builtin-SwiftPerFileCompile OverlayScrollViewDelegate.swift
SwiftCompile normal arm64 Compiling\ UIView+Constraints.swift,\ UIView+Subviews.swift,\ UIViewController+Children.swift,\ HeightContraintOverlayTranslationController.swift /Users/admin/builder/spi-builder-workspace/.dependencies/checkouts/OverlayContainer/Source/OverlayContainer/Internal/Extensions/UIView+Constraints.swift /Users/admin/builder/spi-builder-workspace/.dependencies/checkouts/OverlayContainer/Source/OverlayContainer/Internal/Extensions/UIView+Subviews.swift /Users/admin/builder/spi-builder-workspace/.dependencies/checkouts/OverlayContainer/Source/OverlayContainer/Internal/Extensions/UIViewController+Children.swift /Users/admin/builder/spi-builder-workspace/.dependencies/checkouts/OverlayContainer/Source/OverlayContainer/Internal/HeightContraintOverlayTranslationController.swift (in target 'OverlayContainer' from project 'OverlayContainer')
SwiftCompile normal arm64 /Users/admin/builder/spi-builder-workspace/.dependencies/checkouts/OverlayContainer/Source/OverlayContainer/Internal/Extensions/UIView+Constraints.swift (in target 'OverlayContainer' from project 'OverlayContainer')
cd /Users/admin/builder/spi-builder-workspace/.swiftpm/xcode
builtin-SwiftPerFileCompile UIView+Constraints.swift
SwiftCompile normal arm64 /Users/admin/builder/spi-builder-workspace/.dependencies/checkouts/OverlayContainer/Source/OverlayContainer/Internal/Extensions/UIView+Subviews.swift (in target 'OverlayContainer' from project 'OverlayContainer')
cd /Users/admin/builder/spi-builder-workspace/.swiftpm/xcode
builtin-SwiftPerFileCompile UIView+Subviews.swift
SwiftCompile normal arm64 /Users/admin/builder/spi-builder-workspace/.dependencies/checkouts/OverlayContainer/Source/OverlayContainer/Internal/Extensions/UIViewController+Children.swift (in target 'OverlayContainer' from project 'OverlayContainer')
cd /Users/admin/builder/spi-builder-workspace/.swiftpm/xcode
builtin-SwiftPerFileCompile UIViewController+Children.swift
SwiftCompile normal arm64 /Users/admin/builder/spi-builder-workspace/.dependencies/checkouts/OverlayContainer/Source/OverlayContainer/Internal/HeightContraintOverlayTranslationController.swift (in target 'OverlayContainer' from project 'OverlayContainer')
cd /Users/admin/builder/spi-builder-workspace/.swiftpm/xcode
builtin-SwiftPerFileCompile HeightContraintOverlayTranslationController.swift
SwiftCompile normal arm64 Compiling\ OverlayContainerViewController.swift,\ OverlayContainerViewControllerDelegate.swift,\ OverlayTransitioningDelegate.swift,\ OverlayTranslationFunction.swift /Users/admin/builder/spi-builder-workspace/.dependencies/checkouts/OverlayContainer/Source/OverlayContainer/OverlayContainerViewController.swift /Users/admin/builder/spi-builder-workspace/.dependencies/checkouts/OverlayContainer/Source/OverlayContainer/OverlayContainerViewControllerDelegate.swift /Users/admin/builder/spi-builder-workspace/.dependencies/checkouts/OverlayContainer/Source/OverlayContainer/OverlayTransitioningDelegate.swift /Users/admin/builder/spi-builder-workspace/.dependencies/checkouts/OverlayContainer/Source/OverlayContainer/OverlayTranslationFunction.swift (in target 'OverlayContainer' from project 'OverlayContainer')
/Users/admin/builder/spi-builder-workspace/.dependencies/checkouts/OverlayContainer/Source/OverlayContainer/OverlayContainerViewController.swift:51:13: error: 'setNeedsStatusBarAppearanceUpdate()' is unavailable in tvOS
49 | oldValue.forEach { removeChild($0) }
50 | loadOverlayViews()
51 | setNeedsStatusBarAppearanceUpdate()
| `- error: 'setNeedsStatusBarAppearanceUpdate()' is unavailable in tvOS
52 | }
53 | }
/Applications/Xcode-27.0.0-Release.Candidate.app/Contents/Developer/Platforms/AppleTVOS.platform/Developer/SDKs/AppleTVOS27.0.sdk/System/Library/Frameworks/UIKit.framework/Headers/UIViewController.h:334:1: note: 'setNeedsStatusBarAppearanceUpdate()' has been explicitly marked unavailable here
332 |
333 | // This should be called whenever the return values for the view controller's status bar attributes have changed. If it is called from within an animation block, the changes will be animated along with the rest of the animation block.
334 | - (void)setNeedsStatusBarAppearanceUpdate API_AVAILABLE(ios(7.0)) API_UNAVAILABLE(tvos, visionos);
| `- note: 'setNeedsStatusBarAppearanceUpdate()' has been explicitly marked unavailable here
335 |
336 | /* This method returns either itself or the nearest ancestor that can perform the given action and, if applicable, has overridden UIViewController's default implementation of the action method. View controllers can return NO from canPerformAction:withSender: to opt out of being a target for a given action. */
SwiftCompile normal arm64 /Users/admin/builder/spi-builder-workspace/.dependencies/checkouts/OverlayContainer/Source/OverlayContainer/OverlayContainerViewController.swift (in target 'OverlayContainer' from project 'OverlayContainer')
cd /Users/admin/builder/spi-builder-workspace/.swiftpm/xcode
builtin-SwiftPerFileCompile OverlayContainerViewController.swift
SwiftCompile normal arm64 /Users/admin/builder/spi-builder-workspace/.dependencies/checkouts/OverlayContainer/Source/OverlayContainer/OverlayContainerViewControllerDelegate.swift (in target 'OverlayContainer' from project 'OverlayContainer')
cd /Users/admin/builder/spi-builder-workspace/.swiftpm/xcode
builtin-SwiftPerFileCompile OverlayContainerViewControllerDelegate.swift
SwiftCompile normal arm64 /Users/admin/builder/spi-builder-workspace/.dependencies/checkouts/OverlayContainer/Source/OverlayContainer/OverlayTransitioningDelegate.swift (in target 'OverlayContainer' from project 'OverlayContainer')
cd /Users/admin/builder/spi-builder-workspace/.swiftpm/xcode
builtin-SwiftPerFileCompile OverlayTransitioningDelegate.swift
SwiftCompile normal arm64 /Users/admin/builder/spi-builder-workspace/.dependencies/checkouts/OverlayContainer/Source/OverlayContainer/OverlayTranslationFunction.swift (in target 'OverlayContainer' from project 'OverlayContainer')
cd /Users/admin/builder/spi-builder-workspace/.swiftpm/xcode
builtin-SwiftPerFileCompile OverlayTranslationFunction.swift
SwiftCompile normal arm64 Compiling\ OverlayScrollViewDelegateProxy.swift,\ OverlayTranslationController.swift,\ OverlayTranslationDriver.swift,\ OverlayTranslationGestureRecognizer.swift /Users/admin/builder/spi-builder-workspace/.dependencies/checkouts/OverlayContainer/Source/OverlayContainer/Internal/OverlayScrollViewDelegateProxy.swift /Users/admin/builder/spi-builder-workspace/.dependencies/checkouts/OverlayContainer/Source/OverlayContainer/Internal/OverlayTranslationController.swift /Users/admin/builder/spi-builder-workspace/.dependencies/checkouts/OverlayContainer/Source/OverlayContainer/Internal/OverlayTranslationDriver.swift /Users/admin/builder/spi-builder-workspace/.dependencies/checkouts/OverlayContainer/Source/OverlayContainer/Internal/OverlayTranslationGestureRecognizer.swift (in target 'OverlayContainer' from project 'OverlayContainer')
SwiftCompile normal arm64 /Users/admin/builder/spi-builder-workspace/.dependencies/checkouts/OverlayContainer/Source/OverlayContainer/Internal/OverlayScrollViewDelegateProxy.swift (in target 'OverlayContainer' from project 'OverlayContainer')
cd /Users/admin/builder/spi-builder-workspace/.swiftpm/xcode
builtin-SwiftPerFileCompile OverlayScrollViewDelegateProxy.swift
SwiftCompile normal arm64 /Users/admin/builder/spi-builder-workspace/.dependencies/checkouts/OverlayContainer/Source/OverlayContainer/Internal/OverlayTranslationController.swift (in target 'OverlayContainer' from project 'OverlayContainer')
cd /Users/admin/builder/spi-builder-workspace/.swiftpm/xcode
builtin-SwiftPerFileCompile OverlayTranslationController.swift
SwiftCompile normal arm64 /Users/admin/builder/spi-builder-workspace/.dependencies/checkouts/OverlayContainer/Source/OverlayContainer/Internal/OverlayTranslationDriver.swift (in target 'OverlayContainer' from project 'OverlayContainer')
cd /Users/admin/builder/spi-builder-workspace/.swiftpm/xcode
builtin-SwiftPerFileCompile OverlayTranslationDriver.swift
SwiftCompile normal arm64 /Users/admin/builder/spi-builder-workspace/.dependencies/checkouts/OverlayContainer/Source/OverlayContainer/Internal/OverlayTranslationGestureRecognizer.swift (in target 'OverlayContainer' from project 'OverlayContainer')
cd /Users/admin/builder/spi-builder-workspace/.swiftpm/xcode
builtin-SwiftPerFileCompile OverlayTranslationGestureRecognizer.swift
SwiftCompile normal arm64 Compiling\ ConcreteOverlayContainerContextTargetNotchPolicy.swift,\ ConcreteOverlayContainerContextTransitioning.swift,\ ConcreteOverlayContainerDimissingPolicyContext.swift,\ ConcreteOverlayTranslationParameters.swift,\ DraggingOverlayContainerTransitionCoordinator.swift /Users/admin/builder/spi-builder-workspace/.dependencies/checkouts/OverlayContainer/Source/OverlayContainer/Internal/ConcreteOverlayContainerContextTargetNotchPolicy.swift /Users/admin/builder/spi-builder-workspace/.dependencies/checkouts/OverlayContainer/Source/OverlayContainer/Internal/ConcreteOverlayContainerContextTransitioning.swift /Users/admin/builder/spi-builder-workspace/.dependencies/checkouts/OverlayContainer/Source/OverlayContainer/Internal/ConcreteOverlayContainerDimissingPolicyContext.swift /Users/admin/builder/spi-builder-workspace/.dependencies/checkouts/OverlayContainer/Source/OverlayContainer/Internal/ConcreteOverlayTranslationParameters.swift /Users/admin/builder/spi-builder-workspace/.dependencies/checkouts/OverlayContainer/Source/OverlayContainer/Internal/DraggingOverlayContainerTransitionCoordinator.swift (in target 'OverlayContainer' from project 'OverlayContainer')
SwiftCompile normal arm64 /Users/admin/builder/spi-builder-workspace/.dependencies/checkouts/OverlayContainer/Source/OverlayContainer/Internal/ConcreteOverlayContainerContextTargetNotchPolicy.swift (in target 'OverlayContainer' from project 'OverlayContainer')
cd /Users/admin/builder/spi-builder-workspace/.swiftpm/xcode
builtin-SwiftPerFileCompile ConcreteOverlayContainerContextTargetNotchPolicy.swift
SwiftCompile normal arm64 /Users/admin/builder/spi-builder-workspace/.dependencies/checkouts/OverlayContainer/Source/OverlayContainer/Internal/ConcreteOverlayContainerContextTransitioning.swift (in target 'OverlayContainer' from project 'OverlayContainer')
cd /Users/admin/builder/spi-builder-workspace/.swiftpm/xcode
builtin-SwiftPerFileCompile ConcreteOverlayContainerContextTransitioning.swift
SwiftCompile normal arm64 /Users/admin/builder/spi-builder-workspace/.dependencies/checkouts/OverlayContainer/Source/OverlayContainer/Internal/ConcreteOverlayContainerDimissingPolicyContext.swift (in target 'OverlayContainer' from project 'OverlayContainer')
cd /Users/admin/builder/spi-builder-workspace/.swiftpm/xcode
builtin-SwiftPerFileCompile ConcreteOverlayContainerDimissingPolicyContext.swift
SwiftCompile normal arm64 /Users/admin/builder/spi-builder-workspace/.dependencies/checkouts/OverlayContainer/Source/OverlayContainer/Internal/ConcreteOverlayTranslationParameters.swift (in target 'OverlayContainer' from project 'OverlayContainer')
cd /Users/admin/builder/spi-builder-workspace/.swiftpm/xcode
builtin-SwiftPerFileCompile ConcreteOverlayTranslationParameters.swift
SwiftCompile normal arm64 /Users/admin/builder/spi-builder-workspace/.dependencies/checkouts/OverlayContainer/Source/OverlayContainer/Internal/DraggingOverlayContainerTransitionCoordinator.swift (in target 'OverlayContainer' from project 'OverlayContainer')
cd /Users/admin/builder/spi-builder-workspace/.swiftpm/xcode
builtin-SwiftPerFileCompile DraggingOverlayContainerTransitionCoordinator.swift
SwiftCompile normal arm64 Compiling\ PanGestureOverlayTranslationDriver.swift,\ ScrollViewOverlayTranslationDriver.swift,\ GroundView.swift,\ OverlayContainerView.swift /Users/admin/builder/spi-builder-workspace/.dependencies/checkouts/OverlayContainer/Source/OverlayContainer/Internal/PanGestureOverlayTranslationDriver.swift /Users/admin/builder/spi-builder-workspace/.dependencies/checkouts/OverlayContainer/Source/OverlayContainer/Internal/ScrollViewOverlayTranslationDriver.swift /Users/admin/builder/spi-builder-workspace/.dependencies/checkouts/OverlayContainer/Source/OverlayContainer/Internal/Views/GroundView.swift /Users/admin/builder/spi-builder-workspace/.dependencies/checkouts/OverlayContainer/Source/OverlayContainer/Internal/Views/OverlayContainerView.swift (in target 'OverlayContainer' from project 'OverlayContainer')
SwiftCompile normal arm64 /Users/admin/builder/spi-builder-workspace/.dependencies/checkouts/OverlayContainer/Source/OverlayContainer/Internal/PanGestureOverlayTranslationDriver.swift (in target 'OverlayContainer' from project 'OverlayContainer')
cd /Users/admin/builder/spi-builder-workspace/.swiftpm/xcode
builtin-SwiftPerFileCompile PanGestureOverlayTranslationDriver.swift
SwiftCompile normal arm64 /Users/admin/builder/spi-builder-workspace/.dependencies/checkouts/OverlayContainer/Source/OverlayContainer/Internal/ScrollViewOverlayTranslationDriver.swift (in target 'OverlayContainer' from project 'OverlayContainer')
cd /Users/admin/builder/spi-builder-workspace/.swiftpm/xcode
builtin-SwiftPerFileCompile ScrollViewOverlayTranslationDriver.swift
SwiftCompile normal arm64 /Users/admin/builder/spi-builder-workspace/.dependencies/checkouts/OverlayContainer/Source/OverlayContainer/Internal/Views/GroundView.swift (in target 'OverlayContainer' from project 'OverlayContainer')
cd /Users/admin/builder/spi-builder-workspace/.swiftpm/xcode
builtin-SwiftPerFileCompile GroundView.swift
SwiftCompile normal arm64 /Users/admin/builder/spi-builder-workspace/.dependencies/checkouts/OverlayContainer/Source/OverlayContainer/Internal/Views/OverlayContainerView.swift (in target 'OverlayContainer' from project 'OverlayContainer')
cd /Users/admin/builder/spi-builder-workspace/.swiftpm/xcode
builtin-SwiftPerFileCompile OverlayContainerView.swift
SwiftCompile normal arm64 Compiling\ CGFloat+Round.swift,\ CGGeometry+Utils.swift,\ OverlayContainerViewControllerDelegate+Defaults.swift,\ UIPanGesture+Utils.swift,\ UIScrollViiew+Utils.swift /Users/admin/builder/spi-builder-workspace/.dependencies/checkouts/OverlayContainer/Source/OverlayContainer/Internal/Extensions/CGFloat+Round.swift /Users/admin/builder/spi-builder-workspace/.dependencies/checkouts/OverlayContainer/Source/OverlayContainer/Internal/Extensions/CGGeometry+Utils.swift /Users/admin/builder/spi-builder-workspace/.dependencies/checkouts/OverlayContainer/Source/OverlayContainer/Internal/Extensions/OverlayContainerViewControllerDelegate+Defaults.swift /Users/admin/builder/spi-builder-workspace/.dependencies/checkouts/OverlayContainer/Source/OverlayContainer/Internal/Extensions/UIPanGesture+Utils.swift /Users/admin/builder/spi-builder-workspace/.dependencies/checkouts/OverlayContainer/Source/OverlayContainer/Internal/Extensions/UIScrollViiew+Utils.swift (in target 'OverlayContainer' from project 'OverlayContainer')
SwiftCompile normal arm64 /Users/admin/builder/spi-builder-workspace/.dependencies/checkouts/OverlayContainer/Source/OverlayContainer/Internal/Extensions/CGFloat+Round.swift (in target 'OverlayContainer' from project 'OverlayContainer')
cd /Users/admin/builder/spi-builder-workspace/.swiftpm/xcode
builtin-SwiftPerFileCompile CGFloat+Round.swift
SwiftCompile normal arm64 /Users/admin/builder/spi-builder-workspace/.dependencies/checkouts/OverlayContainer/Source/OverlayContainer/Internal/Extensions/CGGeometry+Utils.swift (in target 'OverlayContainer' from project 'OverlayContainer')
cd /Users/admin/builder/spi-builder-workspace/.swiftpm/xcode
builtin-SwiftPerFileCompile CGGeometry+Utils.swift
SwiftCompile normal arm64 /Users/admin/builder/spi-builder-workspace/.dependencies/checkouts/OverlayContainer/Source/OverlayContainer/Internal/Extensions/OverlayContainerViewControllerDelegate+Defaults.swift (in target 'OverlayContainer' from project 'OverlayContainer')
cd /Users/admin/builder/spi-builder-workspace/.swiftpm/xcode
builtin-SwiftPerFileCompile OverlayContainerViewControllerDelegate+Defaults.swift
SwiftCompile normal arm64 /Users/admin/builder/spi-builder-workspace/.dependencies/checkouts/OverlayContainer/Source/OverlayContainer/Internal/Extensions/UIPanGesture+Utils.swift (in target 'OverlayContainer' from project 'OverlayContainer')
cd /Users/admin/builder/spi-builder-workspace/.swiftpm/xcode
builtin-SwiftPerFileCompile UIPanGesture+Utils.swift
SwiftCompile normal arm64 /Users/admin/builder/spi-builder-workspace/.dependencies/checkouts/OverlayContainer/Source/OverlayContainer/Internal/Extensions/UIScrollViiew+Utils.swift (in target 'OverlayContainer' from project 'OverlayContainer')
cd /Users/admin/builder/spi-builder-workspace/.swiftpm/xcode
builtin-SwiftPerFileCompile UIScrollViiew+Utils.swift
PruneExplicitPrecompiledModules /Users/admin/builder/spi-builder-workspace/.derivedData/Build/Intermediates.noindex/ExplicitPrecompiledModules
PruneExplicitPrecompiledModules /Users/admin/builder/spi-builder-workspace/.derivedData/Build/Intermediates.noindex/SwiftExplicitPrecompiledModules
PruneExplicitPrecompiledModules /Users/admin/builder/spi-builder-workspace/.derivedData/SDKExplicitPrecompiledModules
2026-09-26 11:45:10.078 xcodebuild[885:5143] [MT] IDERunDestination: Supported platforms for the buildables in the current scheme is empty.
** BUILD FAILED **
The following build commands failed:
SwiftCompile normal arm64 (in target 'OverlayContainer' from project 'OverlayContainer')
SwiftEmitModule normal arm64 Emitting\ module\ for\ OverlayContainer (in target 'OverlayContainer' from project 'OverlayContainer')
Building workspace DynamicOverlay with scheme DynamicOverlay
(3 failures)
Command line invocation:
/Applications/Xcode-27.0.0-Release.Candidate.app/Contents/Developer/usr/bin/xcodebuild -IDEClonedSourcePackagesDirPathOverride=/Users/admin/builder/spi-builder-workspace/.dependencies -resolvePackageDependencies
Resolve Package Graph
Resolved source packages:
CwlPreconditionTesting: https://github.com/mattgallagher/CwlPreconditionTesting.git @ 2.2.2
Nimble: https://github.com/Quick/Nimble @ 9.2.1
Quick: https://github.com/Quick/Quick @ 4.0.0
CwlCatchException: https://github.com/mattgallagher/CwlCatchException.git @ 2.2.1
OverlayContainer: https://github.com/applidium/OverlayContainer.git @ 3.5.3
DynamicOverlay: /Users/admin/builder/spi-builder-workspace
resolved source packages: CwlPreconditionTesting, Nimble, Quick, CwlCatchException, OverlayContainer, DynamicOverlay
2026-09-26 11:45:16.398 xcodebuild[1007:5719] [MT] IDERunDestination: Supported platforms for the buildables in the current scheme is empty.
{
"dependencies" : [
{
"identity" : "overlaycontainer",
"requirement" : {
"range" : [
{
"lower_bound" : "3.5.2",
"upper_bound" : "4.0.0"
}
]
},
"type" : "sourceControl",
"url" : "https://github.com/applidium/OverlayContainer.git"
}
],
"manifest_display_name" : "DynamicOverlay",
"name" : "DynamicOverlay",
"path" : "/Users/admin/builder/spi-builder-workspace",
"platforms" : [
{
"name" : "ios",
"version" : "13.0"
}
],
"products" : [
{
"name" : "DynamicOverlay",
"targets" : [
"DynamicOverlay"
],
"type" : {
"library" : [
"automatic"
]
}
}
],
"swift_languages_versions" : [
"5"
],
"targets" : [
{
"c99name" : "DynamicOverlayTests",
"module_type" : "SwiftTarget",
"name" : "DynamicOverlayTests",
"path" : "Tests/DynamicOverlayTests",
"sources" : [
"DragHandleViewModifierTests.swift",
"DrivingScrollViewModifierTests.swift",
"MagneticNotchOverlayBehaviorValueTests.swift",
"NotchBindingDynamicOverlayTests.swift",
"NotchDimensionDynamicOverlayTests.swift",
"NotchTranslationDynamicOverlayTests.swift",
"OverlayContainerRepresentableAdaptorTests.swift",
"OverlayNotchIndexMapperTests.swift",
"Utils/ValuePublisher.swift",
"Utils/View+Measure.swift",
"Utils/ViewInspector.swift",
"Utils/ViewRenderer.swift"
],
"target_dependencies" : [
"DynamicOverlay"
],
"type" : "test"
},
{
"c99name" : "DynamicOverlay",
"module_type" : "SwiftTarget",
"name" : "DynamicOverlay",
"path" : "Source",
"product_dependencies" : [
"OverlayContainer"
],
"product_memberships" : [
"DynamicOverlay"
],
"sources" : [
"Internal/DynamicOverlayBehaviorValue.swift",
"Internal/DynamicOverlayNotchTransition+DynamicOverlayBehavior.swift",
"Internal/Handle/ActivatedOverlayArea.swift",
"Internal/Handle/ActiveOverlayAreaViewModifier.swift",
"Internal/Handle/Drag/DynamicOverlayDragArea.swift",
"Internal/Handle/Drag/OnDragAreaChangeViewModifier.swift",
"Internal/Handle/DrivingScrollView/DynamicOverlayScrollViewProxy.swift",
"Internal/Handle/DrivingScrollView/OnDrivingScrollViewChangeViewModifier.swift",
"Internal/Handle/OverlayContainerCoordinateSpace.swift",
"Internal/MagneticNotchOverlayBehaviorValue.swift",
"Internal/OverlayContainer/DynamicOverlayContainerAnimationController.swift",
"Internal/OverlayContainer/OverlayContainerCoordinator.swift",
"Internal/OverlayContainer/OverlayContainerDynamicOverlayView.swift",
"Internal/OverlayContainer/OverlayContainerRepresentableAdaptor.swift",
"Internal/OverlayContainer/OverlayContainerStateDiffer.swift",
"Internal/OverlayContainer/SwiftUIOverlayContainerRepresentableAdaptor.swift",
"Internal/OverlayContentModifier.swift",
"Internal/OverlayNotchIndexMapper.swift",
"Internal/Utils/Binding+CaseIterable.swift",
"Public/DynamicOverlayBehavior.swift",
"Public/DynamicOverlayHandle.swift",
"Public/DynamicOverlayModifier.swift",
"Public/MagneticNotchOverlayBehavior.swift"
],
"type" : "library"
}
],
"tools_version" : "5.1"
}
{
"workspace" : {
"name" : "DynamicOverlay",
"schemes" : [
"DynamicOverlay"
]
}
}
2026-09-26 11:45:17.716 xcodebuild[1015:5784] [MT] IDERunDestination: Supported platforms for the buildables in the current scheme is empty.
Running build ...
env DEVELOPER_DIR=/Applications/Xcode-27.0.0-Release.Candidate.app xcrun xcodebuild -IDEClonedSourcePackagesDirPathOverride=$PWD/.dependencies -skipMacroValidation -skipPackagePluginValidation -derivedDataPath $PWD/.derivedData build -scheme DynamicOverlay -destination generic/platform=tvOS
Command line invocation:
/Applications/Xcode-27.0.0-Release.Candidate.app/Contents/Developer/usr/bin/xcodebuild -IDEClonedSourcePackagesDirPathOverride=/Users/admin/builder/spi-builder-workspace/.dependencies -skipMacroValidation -skipPackagePluginValidation -derivedDataPath /Users/admin/builder/spi-builder-workspace/.derivedData build -scheme DynamicOverlay -destination generic/platform=tvOS
Resolve Package Graph
Resolved source packages:
Nimble: https://github.com/Quick/Nimble @ 9.2.1
CwlPreconditionTesting: https://github.com/mattgallagher/CwlPreconditionTesting.git @ 2.2.2
DynamicOverlay: /Users/admin/builder/spi-builder-workspace
Quick: https://github.com/Quick/Quick @ 4.0.0
CwlCatchException: https://github.com/mattgallagher/CwlCatchException.git @ 2.2.1
OverlayContainer: https://github.com/applidium/OverlayContainer.git @ 3.5.3
ComputePackagePrebuildTargetDependencyGraph
Prepare packages
CreateBuildRequest
SendProjectDescription
CreateBuildOperation
ComputeTargetDependencyGraph
note: Building targets in dependency order
note: Target dependency graph (4 targets)
Target 'DynamicOverlay-product' in project 'DynamicOverlay'
➜ Explicit dependency on target 'DynamicOverlay' in project 'DynamicOverlay'
➜ Explicit dependency on target 'OverlayContainer-product' in project 'OverlayContainer'
Target 'DynamicOverlay' in project 'DynamicOverlay'
➜ Explicit dependency on target 'OverlayContainer-product' in project 'OverlayContainer'
Target 'OverlayContainer-product' in project 'OverlayContainer'
➜ Explicit dependency on target 'OverlayContainer' in project 'OverlayContainer'
Target 'OverlayContainer' in project 'OverlayContainer' (no dependencies)
GatherProvisioningInputs
CreateBuildDescription
ClangStatCache /Applications/Xcode-27.0.0-Release.Candidate.app/Contents/Developer/Toolchains/XcodeDefault.xctoolchain/usr/bin/clang-stat-cache /Applications/Xcode-27.0.0-Release.Candidate.app/Contents/Developer/Platforms/AppleTVOS.platform/Developer/SDKs/AppleTVOS27.0.sdk /Users/admin/builder/spi-builder-workspace/.derivedData/SDKStatCaches.noindex/appletvos27.0-24J360-e829b21a6f8c9b70876ba0858053c044b32bfd8d43560033f8d89884cdb90028.sdkstatcache
cd /Users/admin/builder/spi-builder-workspace/.swiftpm/xcode
/Applications/Xcode-27.0.0-Release.Candidate.app/Contents/Developer/Toolchains/XcodeDefault.xctoolchain/usr/bin/clang-stat-cache /Applications/Xcode-27.0.0-Release.Candidate.app/Contents/Developer/Platforms/AppleTVOS.platform/Developer/SDKs/AppleTVOS27.0.sdk -o /Users/admin/builder/spi-builder-workspace/.derivedData/SDKStatCaches.noindex/appletvos27.0-24J360-e829b21a6f8c9b70876ba0858053c044b32bfd8d43560033f8d89884cdb90028.sdkstatcache
SwiftDriver OverlayContainer normal arm64 com.apple.xcode.tools.swift.compiler (in target 'OverlayContainer' from project 'OverlayContainer')
cd /Users/admin/builder/spi-builder-workspace/.swiftpm/xcode
builtin-SwiftDriver -- /Applications/Xcode-27.0.0-Release.Candidate.app/Contents/Developer/Toolchains/XcodeDefault.xctoolchain/usr/bin/swiftc -parse-as-library -module-name OverlayContainer -Onone @/Users/admin/builder/spi-builder-workspace/.derivedData/Build/Intermediates.noindex/OverlayContainer.build/Debug-appletvos/OverlayContainer-t.build/Objects-normal/arm64/OverlayContainer.SwiftFileList -DSWIFT_PACKAGE -DDEBUG -DSWIFT_MODULE_RESOURCE_BUNDLE_UNAVAILABLE -DXcode -plugin-path /Applications/Xcode-27.0.0-Release.Candidate.app/Contents/Developer/Toolchains/XcodeDefault.xctoolchain/usr/lib/swift/host/plugins/testing -enable-experimental-feature DebugDescriptionMacro -sdk /Applications/Xcode-27.0.0-Release.Candidate.app/Contents/Developer/Platforms/AppleTVOS.platform/Developer/SDKs/AppleTVOS27.0.sdk -target arm64-apple-tvos15.0 -g -module-cache-path /Users/admin/builder/spi-builder-workspace/.derivedData/ModuleCache.noindex -Xfrontend -serialize-debugging-options -profile-coverage-mapping -profile-generate -enable-testing -suppress-warnings -index-store-path /Users/admin/builder/spi-builder-workspace/.derivedData/Index.noindex/DataStore -Xcc -D_LIBCPP_HARDENING_MODE\=_LIBCPP_HARDENING_MODE_DEBUG -swift-version 5 -I /Users/admin/builder/spi-builder-workspace/.derivedData/Build/Products/Debug-appletvos -Isystem /Applications/Xcode-27.0.0-Release.Candidate.app/Contents/Developer/Platforms/AppleTVOS.platform/Developer/usr/lib -F /Users/admin/builder/spi-builder-workspace/.derivedData/Build/Products/Debug-appletvos -F /Applications/Xcode-27.0.0-Release.Candidate.app/Contents/Developer/Platforms/AppleTVOS.platform/Developer/Library/Frameworks -F /Applications/Xcode-27.0.0-Release.Candidate.app/Contents/Developer/Platforms/AppleTVOS.platform/Developer/SDKs/AppleTVOS27.0.sdk/Developer/Library/Frameworks -c -j10 -enable-batch-mode -incremental -Xcc -ivfsstatcache -Xcc /Users/admin/builder/spi-builder-workspace/.derivedData/SDKStatCaches.noindex/appletvos27.0-24J360-e829b21a6f8c9b70876ba0858053c044b32bfd8d43560033f8d89884cdb90028.sdkstatcache -output-file-map /Users/admin/builder/spi-builder-workspace/.derivedData/Build/Intermediates.noindex/OverlayContainer.build/Debug-appletvos/OverlayContainer-t.build/Objects-normal/arm64/OverlayContainer-OutputFileMap.json -save-temps -no-color-diagnostics -explicit-module-build -module-cache-path /Users/admin/builder/spi-builder-workspace/.derivedData/Build/Intermediates.noindex/SwiftExplicitPrecompiledModules -clang-scanner-module-cache-path /Users/admin/builder/spi-builder-workspace/.derivedData/ModuleCache.noindex -sdk-module-cache-path /Users/admin/builder/spi-builder-workspace/.derivedData/SDKExplicitPrecompiledModules -emit-dependencies -emit-module -emit-module-path /Users/admin/builder/spi-builder-workspace/.derivedData/Build/Intermediates.noindex/OverlayContainer.build/Debug-appletvos/OverlayContainer-t.build/Objects-normal/arm64/OverlayContainer.swiftmodule -serialize-diagnostics -dependency-scan-serialize-diagnostics-path /Users/admin/builder/spi-builder-workspace/.derivedData/Build/Intermediates.noindex/OverlayContainer.build/Debug-appletvos/OverlayContainer-t.build/Objects-normal/arm64/OverlayContainer-dependency-scan.dia -validate-clang-modules-once -clang-build-session-file /Users/admin/builder/spi-builder-workspace/.derivedData/ModuleCache.noindex/Session.modulevalidation -Xcc -fmodules-prune-interval\=86400 -Xcc -fmodules-prune-after\=345600 -emit-const-values -const-gather-protocols-list /Users/admin/builder/spi-builder-workspace/.derivedData/Build/Intermediates.noindex/OverlayContainer.build/Debug-appletvos/OverlayContainer-t.build/Objects-normal/arm64/OverlayContainer_const_extract_protocols.json -Xcc -I/Users/admin/builder/spi-builder-workspace/.derivedData/Build/Products/Debug-appletvos/include -Xcc -I/Users/admin/builder/spi-builder-workspace/.derivedData/Build/Intermediates.noindex/OverlayContainer.build/Debug-appletvos/OverlayContainer-t.build/DerivedSources-normal/arm64 -Xcc -I/Users/admin/builder/spi-builder-workspace/.derivedData/Build/Intermediates.noindex/OverlayContainer.build/Debug-appletvos/OverlayContainer-t.build/DerivedSources/arm64 -Xcc -I/Users/admin/builder/spi-builder-workspace/.derivedData/Build/Intermediates.noindex/OverlayContainer.build/Debug-appletvos/OverlayContainer-t.build/DerivedSources -Xcc -DSWIFT_PACKAGE -Xcc -DDEBUG\=1 -emit-objc-header -emit-objc-header-path /Users/admin/builder/spi-builder-workspace/.derivedData/Build/Intermediates.noindex/OverlayContainer.build/Debug-appletvos/OverlayContainer-t.build/Objects-normal/arm64/OverlayContainer-Swift.h -working-directory /Users/admin/builder/spi-builder-workspace/.swiftpm/xcode -experimental-emit-module-separately -disable-cmo
SwiftCompile normal arm64 Compiling\ CGFloat+Round.swift,\ CGGeometry+Utils.swift,\ OverlayContainerViewControllerDelegate+Defaults.swift,\ UIPanGesture+Utils.swift,\ UIScrollViiew+Utils.swift /Users/admin/builder/spi-builder-workspace/.dependencies/checkouts/OverlayContainer/Source/OverlayContainer/Internal/Extensions/CGFloat+Round.swift /Users/admin/builder/spi-builder-workspace/.dependencies/checkouts/OverlayContainer/Source/OverlayContainer/Internal/Extensions/CGGeometry+Utils.swift /Users/admin/builder/spi-builder-workspace/.dependencies/checkouts/OverlayContainer/Source/OverlayContainer/Internal/Extensions/OverlayContainerViewControllerDelegate+Defaults.swift /Users/admin/builder/spi-builder-workspace/.dependencies/checkouts/OverlayContainer/Source/OverlayContainer/Internal/Extensions/UIPanGesture+Utils.swift /Users/admin/builder/spi-builder-workspace/.dependencies/checkouts/OverlayContainer/Source/OverlayContainer/Internal/Extensions/UIScrollViiew+Utils.swift (in target 'OverlayContainer' from project 'OverlayContainer')
SwiftCompile normal arm64 /Users/admin/builder/spi-builder-workspace/.dependencies/checkouts/OverlayContainer/Source/OverlayContainer/Internal/Extensions/CGFloat+Round.swift (in target 'OverlayContainer' from project 'OverlayContainer')
cd /Users/admin/builder/spi-builder-workspace/.swiftpm/xcode
builtin-SwiftPerFileCompile CGFloat+Round.swift
SwiftCompile normal arm64 /Users/admin/builder/spi-builder-workspace/.dependencies/checkouts/OverlayContainer/Source/OverlayContainer/Internal/Extensions/CGGeometry+Utils.swift (in target 'OverlayContainer' from project 'OverlayContainer')
cd /Users/admin/builder/spi-builder-workspace/.swiftpm/xcode
builtin-SwiftPerFileCompile CGGeometry+Utils.swift
SwiftCompile normal arm64 /Users/admin/builder/spi-builder-workspace/.dependencies/checkouts/OverlayContainer/Source/OverlayContainer/Internal/Extensions/OverlayContainerViewControllerDelegate+Defaults.swift (in target 'OverlayContainer' from project 'OverlayContainer')
cd /Users/admin/builder/spi-builder-workspace/.swiftpm/xcode
builtin-SwiftPerFileCompile OverlayContainerViewControllerDelegate+Defaults.swift
SwiftCompile normal arm64 /Users/admin/builder/spi-builder-workspace/.dependencies/checkouts/OverlayContainer/Source/OverlayContainer/Internal/Extensions/UIPanGesture+Utils.swift (in target 'OverlayContainer' from project 'OverlayContainer')
cd /Users/admin/builder/spi-builder-workspace/.swiftpm/xcode
builtin-SwiftPerFileCompile UIPanGesture+Utils.swift
SwiftCompile normal arm64 /Users/admin/builder/spi-builder-workspace/.dependencies/checkouts/OverlayContainer/Source/OverlayContainer/Internal/Extensions/UIScrollViiew+Utils.swift (in target 'OverlayContainer' from project 'OverlayContainer')
cd /Users/admin/builder/spi-builder-workspace/.swiftpm/xcode
builtin-SwiftPerFileCompile UIScrollViiew+Utils.swift
SwiftCompile normal arm64 Compiling\ UIView+Constraints.swift,\ UIView+Subviews.swift,\ UIViewController+Children.swift,\ HeightContraintOverlayTranslationController.swift /Users/admin/builder/spi-builder-workspace/.dependencies/checkouts/OverlayContainer/Source/OverlayContainer/Internal/Extensions/UIView+Constraints.swift /Users/admin/builder/spi-builder-workspace/.dependencies/checkouts/OverlayContainer/Source/OverlayContainer/Internal/Extensions/UIView+Subviews.swift /Users/admin/builder/spi-builder-workspace/.dependencies/checkouts/OverlayContainer/Source/OverlayContainer/Internal/Extensions/UIViewController+Children.swift /Users/admin/builder/spi-builder-workspace/.dependencies/checkouts/OverlayContainer/Source/OverlayContainer/Internal/HeightContraintOverlayTranslationController.swift (in target 'OverlayContainer' from project 'OverlayContainer')
SwiftCompile normal arm64 /Users/admin/builder/spi-builder-workspace/.dependencies/checkouts/OverlayContainer/Source/OverlayContainer/Internal/Extensions/UIView+Constraints.swift (in target 'OverlayContainer' from project 'OverlayContainer')
cd /Users/admin/builder/spi-builder-workspace/.swiftpm/xcode
builtin-SwiftPerFileCompile UIView+Constraints.swift
SwiftCompile normal arm64 /Users/admin/builder/spi-builder-workspace/.dependencies/checkouts/OverlayContainer/Source/OverlayContainer/Internal/Extensions/UIView+Subviews.swift (in target 'OverlayContainer' from project 'OverlayContainer')
cd /Users/admin/builder/spi-builder-workspace/.swiftpm/xcode
builtin-SwiftPerFileCompile UIView+Subviews.swift
SwiftCompile normal arm64 /Users/admin/builder/spi-builder-workspace/.dependencies/checkouts/OverlayContainer/Source/OverlayContainer/Internal/Extensions/UIViewController+Children.swift (in target 'OverlayContainer' from project 'OverlayContainer')
cd /Users/admin/builder/spi-builder-workspace/.swiftpm/xcode
builtin-SwiftPerFileCompile UIViewController+Children.swift
SwiftCompile normal arm64 /Users/admin/builder/spi-builder-workspace/.dependencies/checkouts/OverlayContainer/Source/OverlayContainer/Internal/HeightContraintOverlayTranslationController.swift (in target 'OverlayContainer' from project 'OverlayContainer')
cd /Users/admin/builder/spi-builder-workspace/.swiftpm/xcode
builtin-SwiftPerFileCompile HeightContraintOverlayTranslationController.swift
SwiftCompile normal arm64 Compiling\ InterruptibleAnimatorOverlayContainerTransitionCoordinator.swift,\ OverlayContainerConfiguration.swift,\ OverlayContainerConfigurationImplementation.swift,\ OverlayScrollViewDelegate.swift /Users/admin/builder/spi-builder-workspace/.dependencies/checkouts/OverlayContainer/Source/OverlayContainer/Internal/InterruptibleAnimatorOverlayContainerTransitionCoordinator.swift /Users/admin/builder/spi-builder-workspace/.dependencies/checkouts/OverlayContainer/Source/OverlayContainer/Internal/OverlayContainerConfiguration.swift /Users/admin/builder/spi-builder-workspace/.dependencies/checkouts/OverlayContainer/Source/OverlayContainer/Internal/OverlayContainerConfigurationImplementation.swift /Users/admin/builder/spi-builder-workspace/.dependencies/checkouts/OverlayContainer/Source/OverlayContainer/Internal/OverlayScrollViewDelegate.swift (in target 'OverlayContainer' from project 'OverlayContainer')
SwiftCompile normal arm64 /Users/admin/builder/spi-builder-workspace/.dependencies/checkouts/OverlayContainer/Source/OverlayContainer/Internal/InterruptibleAnimatorOverlayContainerTransitionCoordinator.swift (in target 'OverlayContainer' from project 'OverlayContainer')
cd /Users/admin/builder/spi-builder-workspace/.swiftpm/xcode
builtin-SwiftPerFileCompile InterruptibleAnimatorOverlayContainerTransitionCoordinator.swift
SwiftCompile normal arm64 /Users/admin/builder/spi-builder-workspace/.dependencies/checkouts/OverlayContainer/Source/OverlayContainer/Internal/OverlayContainerConfiguration.swift (in target 'OverlayContainer' from project 'OverlayContainer')
cd /Users/admin/builder/spi-builder-workspace/.swiftpm/xcode
builtin-SwiftPerFileCompile OverlayContainerConfiguration.swift
SwiftCompile normal arm64 /Users/admin/builder/spi-builder-workspace/.dependencies/checkouts/OverlayContainer/Source/OverlayContainer/Internal/OverlayContainerConfigurationImplementation.swift (in target 'OverlayContainer' from project 'OverlayContainer')
cd /Users/admin/builder/spi-builder-workspace/.swiftpm/xcode
builtin-SwiftPerFileCompile OverlayContainerConfigurationImplementation.swift
SwiftCompile normal arm64 /Users/admin/builder/spi-builder-workspace/.dependencies/checkouts/OverlayContainer/Source/OverlayContainer/Internal/OverlayScrollViewDelegate.swift (in target 'OverlayContainer' from project 'OverlayContainer')
cd /Users/admin/builder/spi-builder-workspace/.swiftpm/xcode
builtin-SwiftPerFileCompile OverlayScrollViewDelegate.swift
SwiftCompile normal arm64 Compiling\ OverlayContainerViewController.swift,\ OverlayContainerViewControllerDelegate.swift,\ OverlayTransitioningDelegate.swift,\ OverlayTranslationFunction.swift /Users/admin/builder/spi-builder-workspace/.dependencies/checkouts/OverlayContainer/Source/OverlayContainer/OverlayContainerViewController.swift /Users/admin/builder/spi-builder-workspace/.dependencies/checkouts/OverlayContainer/Source/OverlayContainer/OverlayContainerViewControllerDelegate.swift /Users/admin/builder/spi-builder-workspace/.dependencies/checkouts/OverlayContainer/Source/OverlayContainer/OverlayTransitioningDelegate.swift /Users/admin/builder/spi-builder-workspace/.dependencies/checkouts/OverlayContainer/Source/OverlayContainer/OverlayTranslationFunction.swift (in target 'OverlayContainer' from project 'OverlayContainer')
/Users/admin/builder/spi-builder-workspace/.dependencies/checkouts/OverlayContainer/Source/OverlayContainer/OverlayContainerViewController.swift:51:13: error: 'setNeedsStatusBarAppearanceUpdate()' is unavailable in tvOS
49 | oldValue.forEach { removeChild($0) }
50 | loadOverlayViews()
51 | setNeedsStatusBarAppearanceUpdate()
| `- error: 'setNeedsStatusBarAppearanceUpdate()' is unavailable in tvOS
52 | }
53 | }
/Applications/Xcode-27.0.0-Release.Candidate.app/Contents/Developer/Platforms/AppleTVOS.platform/Developer/SDKs/AppleTVOS27.0.sdk/System/Library/Frameworks/UIKit.framework/Headers/UIViewController.h:334:1: note: 'setNeedsStatusBarAppearanceUpdate()' has been explicitly marked unavailable here
332 |
333 | // This should be called whenever the return values for the view controller's status bar attributes have changed. If it is called from within an animation block, the changes will be animated along with the rest of the animation block.
334 | - (void)setNeedsStatusBarAppearanceUpdate API_AVAILABLE(ios(7.0)) API_UNAVAILABLE(tvos, visionos);
| `- note: 'setNeedsStatusBarAppearanceUpdate()' has been explicitly marked unavailable here
335 |
336 | /* This method returns either itself or the nearest ancestor that can perform the given action and, if applicable, has overridden UIViewController's default implementation of the action method. View controllers can return NO from canPerformAction:withSender: to opt out of being a target for a given action. */
SwiftCompile normal arm64 /Users/admin/builder/spi-builder-workspace/.dependencies/checkouts/OverlayContainer/Source/OverlayContainer/OverlayContainerViewController.swift (in target 'OverlayContainer' from project 'OverlayContainer')
cd /Users/admin/builder/spi-builder-workspace/.swiftpm/xcode
builtin-SwiftPerFileCompile OverlayContainerViewController.swift
SwiftCompile normal arm64 /Users/admin/builder/spi-builder-workspace/.dependencies/checkouts/OverlayContainer/Source/OverlayContainer/OverlayContainerViewControllerDelegate.swift (in target 'OverlayContainer' from project 'OverlayContainer')
cd /Users/admin/builder/spi-builder-workspace/.swiftpm/xcode
builtin-SwiftPerFileCompile OverlayContainerViewControllerDelegate.swift
SwiftCompile normal arm64 /Users/admin/builder/spi-builder-workspace/.dependencies/checkouts/OverlayContainer/Source/OverlayContainer/OverlayTransitioningDelegate.swift (in target 'OverlayContainer' from project 'OverlayContainer')
cd /Users/admin/builder/spi-builder-workspace/.swiftpm/xcode
builtin-SwiftPerFileCompile OverlayTransitioningDelegate.swift
SwiftCompile normal arm64 /Users/admin/builder/spi-builder-workspace/.dependencies/checkouts/OverlayContainer/Source/OverlayContainer/OverlayTranslationFunction.swift (in target 'OverlayContainer' from project 'OverlayContainer')
cd /Users/admin/builder/spi-builder-workspace/.swiftpm/xcode
builtin-SwiftPerFileCompile OverlayTranslationFunction.swift
SwiftCompile normal arm64 Compiling\ ConcreteOverlayContainerContextTargetNotchPolicy.swift,\ ConcreteOverlayContainerContextTransitioning.swift,\ ConcreteOverlayContainerDimissingPolicyContext.swift,\ ConcreteOverlayTranslationParameters.swift,\ DraggingOverlayContainerTransitionCoordinator.swift /Users/admin/builder/spi-builder-workspace/.dependencies/checkouts/OverlayContainer/Source/OverlayContainer/Internal/ConcreteOverlayContainerContextTargetNotchPolicy.swift /Users/admin/builder/spi-builder-workspace/.dependencies/checkouts/OverlayContainer/Source/OverlayContainer/Internal/ConcreteOverlayContainerContextTransitioning.swift /Users/admin/builder/spi-builder-workspace/.dependencies/checkouts/OverlayContainer/Source/OverlayContainer/Internal/ConcreteOverlayContainerDimissingPolicyContext.swift /Users/admin/builder/spi-builder-workspace/.dependencies/checkouts/OverlayContainer/Source/OverlayContainer/Internal/ConcreteOverlayTranslationParameters.swift /Users/admin/builder/spi-builder-workspace/.dependencies/checkouts/OverlayContainer/Source/OverlayContainer/Internal/DraggingOverlayContainerTransitionCoordinator.swift (in target 'OverlayContainer' from project 'OverlayContainer')
SwiftCompile normal arm64 /Users/admin/builder/spi-builder-workspace/.dependencies/checkouts/OverlayContainer/Source/OverlayContainer/Internal/ConcreteOverlayContainerContextTargetNotchPolicy.swift (in target 'OverlayContainer' from project 'OverlayContainer')
cd /Users/admin/builder/spi-builder-workspace/.swiftpm/xcode
builtin-SwiftPerFileCompile ConcreteOverlayContainerContextTargetNotchPolicy.swift
SwiftCompile normal arm64 /Users/admin/builder/spi-builder-workspace/.dependencies/checkouts/OverlayContainer/Source/OverlayContainer/Internal/ConcreteOverlayContainerContextTransitioning.swift (in target 'OverlayContainer' from project 'OverlayContainer')
cd /Users/admin/builder/spi-builder-workspace/.swiftpm/xcode
builtin-SwiftPerFileCompile ConcreteOverlayContainerContextTransitioning.swift
SwiftCompile normal arm64 /Users/admin/builder/spi-builder-workspace/.dependencies/checkouts/OverlayContainer/Source/OverlayContainer/Internal/ConcreteOverlayContainerDimissingPolicyContext.swift (in target 'OverlayContainer' from project 'OverlayContainer')
cd /Users/admin/builder/spi-builder-workspace/.swiftpm/xcode
builtin-SwiftPerFileCompile ConcreteOverlayContainerDimissingPolicyContext.swift
SwiftCompile normal arm64 /Users/admin/builder/spi-builder-workspace/.dependencies/checkouts/OverlayContainer/Source/OverlayContainer/Internal/ConcreteOverlayTranslationParameters.swift (in target 'OverlayContainer' from project 'OverlayContainer')
cd /Users/admin/builder/spi-builder-workspace/.swiftpm/xcode
builtin-SwiftPerFileCompile ConcreteOverlayTranslationParameters.swift
SwiftCompile normal arm64 /Users/admin/builder/spi-builder-workspace/.dependencies/checkouts/OverlayContainer/Source/OverlayContainer/Internal/DraggingOverlayContainerTransitionCoordinator.swift (in target 'OverlayContainer' from project 'OverlayContainer')
cd /Users/admin/builder/spi-builder-workspace/.swiftpm/xcode
builtin-SwiftPerFileCompile DraggingOverlayContainerTransitionCoordinator.swift
SwiftCompile normal arm64 Compiling\ PanGestureOverlayTranslationDriver.swift,\ ScrollViewOverlayTranslationDriver.swift,\ GroundView.swift,\ OverlayContainerView.swift /Users/admin/builder/spi-builder-workspace/.dependencies/checkouts/OverlayContainer/Source/OverlayContainer/Internal/PanGestureOverlayTranslationDriver.swift /Users/admin/builder/spi-builder-workspace/.dependencies/checkouts/OverlayContainer/Source/OverlayContainer/Internal/ScrollViewOverlayTranslationDriver.swift /Users/admin/builder/spi-builder-workspace/.dependencies/checkouts/OverlayContainer/Source/OverlayContainer/Internal/Views/GroundView.swift /Users/admin/builder/spi-builder-workspace/.dependencies/checkouts/OverlayContainer/Source/OverlayContainer/Internal/Views/OverlayContainerView.swift (in target 'OverlayContainer' from project 'OverlayContainer')
SwiftCompile normal arm64 /Users/admin/builder/spi-builder-workspace/.dependencies/checkouts/OverlayContainer/Source/OverlayContainer/Internal/PanGestureOverlayTranslationDriver.swift (in target 'OverlayContainer' from project 'OverlayContainer')
cd /Users/admin/builder/spi-builder-workspace/.swiftpm/xcode
builtin-SwiftPerFileCompile PanGestureOverlayTranslationDriver.swift
SwiftCompile normal arm64 /Users/admin/builder/spi-builder-workspace/.dependencies/checkouts/OverlayContainer/Source/OverlayContainer/Internal/ScrollViewOverlayTranslationDriver.swift (in target 'OverlayContainer' from project 'OverlayContainer')
cd /Users/admin/builder/spi-builder-workspace/.swiftpm/xcode
builtin-SwiftPerFileCompile ScrollViewOverlayTranslationDriver.swift
SwiftCompile normal arm64 /Users/admin/builder/spi-builder-workspace/.dependencies/checkouts/OverlayContainer/Source/OverlayContainer/Internal/Views/GroundView.swift (in target 'OverlayContainer' from project 'OverlayContainer')
cd /Users/admin/builder/spi-builder-workspace/.swiftpm/xcode
builtin-SwiftPerFileCompile GroundView.swift
SwiftCompile normal arm64 /Users/admin/builder/spi-builder-workspace/.dependencies/checkouts/OverlayContainer/Source/OverlayContainer/Internal/Views/OverlayContainerView.swift (in target 'OverlayContainer' from project 'OverlayContainer')
cd /Users/admin/builder/spi-builder-workspace/.swiftpm/xcode
builtin-SwiftPerFileCompile OverlayContainerView.swift
SwiftCompile normal arm64 Compiling\ PassThroughView.swift,\ RubberBandOverlayTranslationFunction.swift,\ RushingForwardTargetNotchPolicy.swift,\ SpringOverlayTranslationAnimationController.swift /Users/admin/builder/spi-builder-workspace/.dependencies/checkouts/OverlayContainer/Source/OverlayContainer/PassThroughView.swift /Users/admin/builder/spi-builder-workspace/.dependencies/checkouts/OverlayContainer/Source/OverlayContainer/RubberBandOverlayTranslationFunction.swift /Users/admin/builder/spi-builder-workspace/.dependencies/checkouts/OverlayContainer/Source/OverlayContainer/RushingForwardTargetNotchPolicy.swift /Users/admin/builder/spi-builder-workspace/.dependencies/checkouts/OverlayContainer/Source/OverlayContainer/SpringOverlayTranslationAnimationController.swift (in target 'OverlayContainer' from project 'OverlayContainer')
SwiftCompile normal arm64 /Users/admin/builder/spi-builder-workspace/.dependencies/checkouts/OverlayContainer/Source/OverlayContainer/PassThroughView.swift (in target 'OverlayContainer' from project 'OverlayContainer')
cd /Users/admin/builder/spi-builder-workspace/.swiftpm/xcode
builtin-SwiftPerFileCompile PassThroughView.swift
SwiftCompile normal arm64 /Users/admin/builder/spi-builder-workspace/.dependencies/checkouts/OverlayContainer/Source/OverlayContainer/RubberBandOverlayTranslationFunction.swift (in target 'OverlayContainer' from project 'OverlayContainer')
cd /Users/admin/builder/spi-builder-workspace/.swiftpm/xcode
builtin-SwiftPerFileCompile RubberBandOverlayTranslationFunction.swift
SwiftCompile normal arm64 /Users/admin/builder/spi-builder-workspace/.dependencies/checkouts/OverlayContainer/Source/OverlayContainer/RushingForwardTargetNotchPolicy.swift (in target 'OverlayContainer' from project 'OverlayContainer')
cd /Users/admin/builder/spi-builder-workspace/.swiftpm/xcode
builtin-SwiftPerFileCompile RushingForwardTargetNotchPolicy.swift
SwiftCompile normal arm64 /Users/admin/builder/spi-builder-workspace/.dependencies/checkouts/OverlayContainer/Source/OverlayContainer/SpringOverlayTranslationAnimationController.swift (in target 'OverlayContainer' from project 'OverlayContainer')
cd /Users/admin/builder/spi-builder-workspace/.swiftpm/xcode
builtin-SwiftPerFileCompile SpringOverlayTranslationAnimationController.swift
SwiftEmitModule normal arm64 Emitting\ module\ for\ OverlayContainer (in target 'OverlayContainer' from project 'OverlayContainer')
/Users/admin/builder/spi-builder-workspace/.dependencies/checkouts/OverlayContainer/Source/OverlayContainer/OverlayContainerViewController.swift:51:13: error: 'setNeedsStatusBarAppearanceUpdate()' is unavailable in tvOS
49 | oldValue.forEach { removeChild($0) }
50 | loadOverlayViews()
51 | setNeedsStatusBarAppearanceUpdate()
| `- error: 'setNeedsStatusBarAppearanceUpdate()' is unavailable in tvOS
52 | }
53 | }
/Applications/Xcode-27.0.0-Release.Candidate.app/Contents/Developer/Platforms/AppleTVOS.platform/Developer/SDKs/AppleTVOS27.0.sdk/System/Library/Frameworks/UIKit.framework/Headers/UIViewController.h:334:1: note: 'setNeedsStatusBarAppearanceUpdate()' has been explicitly marked unavailable here
332 |
333 | // This should be called whenever the return values for the view controller's status bar attributes have changed. If it is called from within an animation block, the changes will be animated along with the rest of the animation block.
334 | - (void)setNeedsStatusBarAppearanceUpdate API_AVAILABLE(ios(7.0)) API_UNAVAILABLE(tvos, visionos);
| `- note: 'setNeedsStatusBarAppearanceUpdate()' has been explicitly marked unavailable here
335 |
336 | /* This method returns either itself or the nearest ancestor that can perform the given action and, if applicable, has overridden UIViewController's default implementation of the action method. View controllers can return NO from canPerformAction:withSender: to opt out of being a target for a given action. */
/Users/admin/builder/spi-builder-workspace/.dependencies/checkouts/OverlayContainer/Source/OverlayContainer/OverlayContainerViewController.swift:60:23: error: cannot override 'childForStatusBarStyle' which has been marked unavailable
58 | }
59 |
60 | open override var childForStatusBarStyle: UIViewController? {
| |- error: cannot override 'childForStatusBarStyle' which has been marked unavailable
| `- note: remove 'override' modifier to declare a new 'childForStatusBarStyle'
61 | return topViewController
62 | }
/Applications/Xcode-27.0.0-Release.Candidate.app/Contents/Developer/Platforms/AppleTVOS.platform/Developer/SDKs/AppleTVOS27.0.sdk/System/Library/Frameworks/UIKit.framework/Headers/UIViewController.h:483:60: note: 'childForStatusBarStyle' has been explicitly marked unavailable here
481 |
482 | // Override to return a child view controller or nil. If non-nil, that view controller's status bar appearance attributes will be used. If nil, self is used. Whenever the return values from these methods change, -setNeedsStatusBarAppearanceUpdate should be called.
483 | @property(nonatomic, readonly, nullable) UIViewController *childViewControllerForStatusBarStyle API_AVAILABLE(ios(7.0)) API_DEPRECATED("Has no effect on visionOS", visionos(1.0, 1.0)) API_UNAVAILABLE(tvos);
| `- note: 'childForStatusBarStyle' has been explicitly marked unavailable here
484 | @property(nonatomic, readonly, nullable) UIViewController *childViewControllerForStatusBarHidden API_AVAILABLE(ios(7.0)) API_DEPRECATED("Has no effect on visionOS", visionos(1.0, 1.0)) API_UNAVAILABLE(tvos);
485 |
Failed frontend command:
/Applications/Xcode-27.0.0-Release.Candidate.app/Contents/Developer/Toolchains/XcodeDefault.xctoolchain/usr/bin/swift-frontend -frontend -emit-module -experimental-skip-non-inlinable-function-bodies-without-types /Users/admin/builder/spi-builder-workspace/.dependencies/checkouts/OverlayContainer/Source/OverlayContainer/Internal/ConcreteOverlayContainerContextTargetNotchPolicy.swift /Users/admin/builder/spi-builder-workspace/.dependencies/checkouts/OverlayContainer/Source/OverlayContainer/Internal/ConcreteOverlayContainerContextTransitioning.swift /Users/admin/builder/spi-builder-workspace/.dependencies/checkouts/OverlayContainer/Source/OverlayContainer/Internal/ConcreteOverlayContainerDimissingPolicyContext.swift /Users/admin/builder/spi-builder-workspace/.dependencies/checkouts/OverlayContainer/Source/OverlayContainer/Internal/ConcreteOverlayTranslationParameters.swift /Users/admin/builder/spi-builder-workspace/.dependencies/checkouts/OverlayContainer/Source/OverlayContainer/Internal/DraggingOverlayContainerTransitionCoordinator.swift /Users/admin/builder/spi-builder-workspace/.dependencies/checkouts/OverlayContainer/Source/OverlayContainer/Internal/Extensions/CGFloat+Round.swift /Users/admin/builder/spi-builder-workspace/.dependencies/checkouts/OverlayContainer/Source/OverlayContainer/Internal/Extensions/CGGeometry+Utils.swift /Users/admin/builder/spi-builder-workspace/.dependencies/checkouts/OverlayContainer/Source/OverlayContainer/Internal/Extensions/OverlayContainerViewControllerDelegate+Defaults.swift /Users/admin/builder/spi-builder-workspace/.dependencies/checkouts/OverlayContainer/Source/OverlayContainer/Internal/Extensions/UIPanGesture+Utils.swift /Users/admin/builder/spi-builder-workspace/.dependencies/checkouts/OverlayContainer/Source/OverlayContainer/Internal/Extensions/UIScrollViiew+Utils.swift /Users/admin/builder/spi-builder-workspace/.dependencies/checkouts/OverlayContainer/Source/OverlayContainer/Internal/Extensions/UIView+Constraints.swift /Users/admin/builder/spi-builder-workspace/.dependencies/checkouts/OverlayContainer/Source/OverlayContainer/Internal/Extensions/UIView+Subviews.swift /Users/admin/builder/spi-builder-workspace/.dependencies/checkouts/OverlayContainer/Source/OverlayContainer/Internal/Extensions/UIViewController+Children.swift /Users/admin/builder/spi-builder-workspace/.dependencies/checkouts/OverlayContainer/Source/OverlayContainer/Internal/HeightContraintOverlayTranslationController.swift /Users/admin/builder/spi-builder-workspace/.dependencies/checkouts/OverlayContainer/Source/OverlayContainer/Internal/InterruptibleAnimatorOverlayContainerTransitionCoordinator.swift /Users/admin/builder/spi-builder-workspace/.dependencies/checkouts/OverlayContainer/Source/OverlayContainer/Internal/OverlayContainerConfiguration.swift /Users/admin/builder/spi-builder-workspace/.dependencies/checkouts/OverlayContainer/Source/OverlayContainer/Internal/OverlayContainerConfigurationImplementation.swift /Users/admin/builder/spi-builder-workspace/.dependencies/checkouts/OverlayContainer/Source/OverlayContainer/Internal/OverlayScrollViewDelegate.swift /Users/admin/builder/spi-builder-workspace/.dependencies/checkouts/OverlayContainer/Source/OverlayContainer/Internal/OverlayScrollViewDelegateProxy.swift /Users/admin/builder/spi-builder-workspace/.dependencies/checkouts/OverlayContainer/Source/OverlayContainer/Internal/OverlayTranslationController.swift /Users/admin/builder/spi-builder-workspace/.dependencies/checkouts/OverlayContainer/Source/OverlayContainer/Internal/OverlayTranslationDriver.swift /Users/admin/builder/spi-builder-workspace/.dependencies/checkouts/OverlayContainer/Source/OverlayContainer/Internal/OverlayTranslationGestureRecognizer.swift /Users/admin/builder/spi-builder-workspace/.dependencies/checkouts/OverlayContainer/Source/OverlayContainer/Internal/PanGestureOverlayTranslationDriver.swift /Users/admin/builder/spi-builder-workspace/.dependencies/checkouts/OverlayContainer/Source/OverlayContainer/Internal/ScrollViewOverlayTranslationDriver.swift /Users/admin/builder/spi-builder-workspace/.dependencies/checkouts/OverlayContainer/Source/OverlayContainer/Internal/Views/GroundView.swift /Users/admin/builder/spi-builder-workspace/.dependencies/checkouts/OverlayContainer/Source/OverlayContainer/Internal/Views/OverlayContainerView.swift /Users/admin/builder/spi-builder-workspace/.dependencies/checkouts/OverlayContainer/Source/OverlayContainer/Internal/Views/OverlayTranslationContainerView.swift /Users/admin/builder/spi-builder-workspace/.dependencies/checkouts/OverlayContainer/Source/OverlayContainer/Internal/Views/OverlayTranslationView.swift /Users/admin/builder/spi-builder-workspace/.dependencies/checkouts/OverlayContainer/Source/OverlayContainer/OverlayContainerPresentationController.swift /Users/admin/builder/spi-builder-workspace/.dependencies/checkouts/OverlayContainer/Source/OverlayContainer/OverlayContainerSheetDimmingView.swift /Users/admin/builder/spi-builder-workspace/.dependencies/checkouts/OverlayContainer/Source/OverlayContainer/OverlayContainerSheetDismissalPolicy.swift /Users/admin/builder/spi-builder-workspace/.dependencies/checkouts/OverlayContainer/Source/OverlayContainer/OverlayContainerSheetPresentationController.swift /Users/admin/builder/spi-builder-workspace/.dependencies/checkouts/OverlayContainer/Source/OverlayContainer/OverlayContainerSheetPresentationControllerDelegate.swift /Users/admin/builder/spi-builder-workspace/.dependencies/checkouts/OverlayContainer/Source/OverlayContainer/OverlayContainerTransitionCoordinator.swift /Users/admin/builder/spi-builder-workspace/.dependencies/checkouts/OverlayContainer/Source/OverlayContainer/OverlayContainerViewController.swift /Users/admin/builder/spi-builder-workspace/.dependencies/checkouts/OverlayContainer/Source/OverlayContainer/OverlayContainerViewControllerDelegate.swift /Users/admin/builder/spi-builder-workspace/.dependencies/checkouts/OverlayContainer/Source/OverlayContainer/OverlayTransitioningDelegate.swift /Users/admin/builder/spi-builder-workspace/.dependencies/checkouts/OverlayContainer/Source/OverlayContainer/OverlayTranslationFunction.swift /Users/admin/builder/spi-builder-workspace/.dependencies/checkouts/OverlayContainer/Source/OverlayContainer/PassThroughView.swift /Users/admin/builder/spi-builder-workspace/.dependencies/checkouts/OverlayContainer/Source/OverlayContainer/RubberBandOverlayTranslationFunction.swift /Users/admin/builder/spi-builder-workspace/.dependencies/checkouts/OverlayContainer/Source/OverlayContainer/RushingForwardTargetNotchPolicy.swift /Users/admin/builder/spi-builder-workspace/.dependencies/checkouts/OverlayContainer/Source/OverlayContainer/SpringOverlayTranslationAnimationController.swift -target arm64-apple-tvos15.0 -disable-cross-import-overlay-search -load-resolved-plugin /Applications/Xcode-27.0.0-Release.Candidate.app/Contents/Developer/Platforms/AppleTVOS.platform/Developer/usr/lib/swift/host/plugins/libFoundationMacros.dylib\#/Applications/Xcode-27.0.0-Release.Candidate.app/Contents/Developer/Platforms/AppleTVOS.platform/Developer/usr/bin/swift-plugin-server\#FoundationMacros -load-resolved-plugin /Applications/Xcode-27.0.0-Release.Candidate.app/Contents/Developer/Platforms/AppleTVOS.platform/Developer/usr/lib/swift/host/plugins/libObservationMacros.dylib\#/Applications/Xcode-27.0.0-Release.Candidate.app/Contents/Developer/Platforms/AppleTVOS.platform/Developer/usr/bin/swift-plugin-server\#ObservationMacros -load-resolved-plugin /Applications/Xcode-27.0.0-Release.Candidate.app/Contents/Developer/Platforms/AppleTVOS.platform/Developer/usr/lib/swift/host/plugins/libPreviewsMacros.dylib\#/Applications/Xcode-27.0.0-Release.Candidate.app/Contents/Developer/Platforms/AppleTVOS.platform/Developer/usr/bin/swift-plugin-server\#PreviewsMacros -load-resolved-plugin /Applications/Xcode-27.0.0-Release.Candidate.app/Contents/Developer/Platforms/AppleTVOS.platform/Developer/usr/lib/swift/host/plugins/libSwiftMacros.dylib\#/Applications/Xcode-27.0.0-Release.Candidate.app/Contents/Developer/Platforms/AppleTVOS.platform/Developer/usr/bin/swift-plugin-server\#SwiftMacros -load-resolved-plugin /Applications/Xcode-27.0.0-Release.Candidate.app/Contents/Developer/Platforms/AppleTVOS.platform/Developer/usr/lib/swift/host/plugins/libSwiftUIMacros.dylib\#/Applications/Xcode-27.0.0-Release.Candidate.app/Contents/Developer/Platforms/AppleTVOS.platform/Developer/usr/bin/swift-plugin-server\#SwiftUIMacros -disable-implicit-swift-modules -Xcc -fno-implicit-modules -Xcc -fno-implicit-module-maps -explicit-swift-module-map-file /Users/admin/builder/spi-builder-workspace/.derivedData/Build/Intermediates.noindex/OverlayContainer.build/Debug-appletvos/OverlayContainer-t.build/Objects-normal/arm64/OverlayContainer-dependencies-1.json -Xllvm -aarch64-use-tbi -enable-objc-interop -stack-check -sdk /Applications/Xcode-27.0.0-Release.Candidate.app/Contents/Developer/Platforms/AppleTVOS.platform/Developer/SDKs/AppleTVOS27.0.sdk -I /Users/admin/builder/spi-builder-workspace/.derivedData/Build/Products/Debug-appletvos -Isystem /Applications/Xcode-27.0.0-Release.Candidate.app/Contents/Developer/Platforms/AppleTVOS.platform/Developer/usr/lib -F /Users/admin/builder/spi-builder-workspace/.derivedData/Build/Products/Debug-appletvos -F /Applications/Xcode-27.0.0-Release.Candidate.app/Contents/Developer/Platforms/AppleTVOS.platform/Developer/Library/Frameworks -F /Applications/Xcode-27.0.0-Release.Candidate.app/Contents/Developer/Platforms/AppleTVOS.platform/Developer/SDKs/AppleTVOS27.0.sdk/Developer/Library/Frameworks -module-cache-path /Users/admin/builder/spi-builder-workspace/.derivedData/Build/Intermediates.noindex/SwiftExplicitPrecompiledModules -no-color-diagnostics -Xcc -fno-color-diagnostics -enable-testing -g -debug-info-format\=dwarf -dwarf-version\=4 -suppress-warnings -profile-generate -profile-coverage-mapping -swift-version 5 -Onone -D SWIFT_PACKAGE -D DEBUG -D SWIFT_MODULE_RESOURCE_BUNDLE_UNAVAILABLE -D Xcode -serialize-debugging-options -enable-experimental-feature DebugDescriptionMacro -empty-abi-descriptor -validate-clang-modules-once -clang-build-session-file /Users/admin/builder/spi-builder-workspace/.derivedData/ModuleCache.noindex/Session.modulevalidation -Xcc -working-directory -Xcc /Users/admin/builder/spi-builder-workspace/.swiftpm/xcode -enable-anonymous-context-mangled-names -file-compilation-dir /Users/admin/builder/spi-builder-workspace/.swiftpm/xcode -Xcc -D_LIBCPP_HARDENING_MODE\=_LIBCPP_HARDENING_MODE_DEBUG -Xcc -ivfsstatcache -Xcc /Users/admin/builder/spi-builder-workspace/.derivedData/SDKStatCaches.noindex/appletvos27.0-24J360-e829b21a6f8c9b70876ba0858053c044b32bfd8d43560033f8d89884cdb90028.sdkstatcache -Xcc -fmodules-prune-interval\=86400 -Xcc -fmodules-prune-after\=345600 -Xcc -I/Users/admin/builder/spi-builder-workspace/.derivedData/Build/Products/Debug-appletvos/include -Xcc -I/Users/admin/builder/spi-builder-workspace/.derivedData/Build/Intermediates.noindex/OverlayContainer.build/Debug-appletvos/OverlayContainer-t.build/DerivedSources-normal/arm64 -Xcc -I/Users/admin/builder/spi-builder-workspace/.derivedData/Build/Intermediates.noindex/OverlayContainer.build/Debug-appletvos/OverlayContainer-t.build/DerivedSources/arm64 -Xcc -I/Users/admin/builder/spi-builder-workspace/.derivedData/Build/Intermediates.noindex/OverlayContainer.build/Debug-appletvos/OverlayContainer-t.build/DerivedSources -Xcc -DSWIFT_PACKAGE -Xcc -DDEBUG\=1 -no-auto-bridging-header-chaining -module-name OverlayContainer -const-gather-protocols-file /Users/admin/builder/spi-builder-workspace/.derivedData/Build/Intermediates.noindex/OverlayContainer.build/Debug-appletvos/OverlayContainer-t.build/Objects-normal/arm64/OverlayContainer_const_extract_protocols.json -disable-clang-spi -clang-target arm64-apple-tvos27.0 -target-sdk-version 27.0 -target-sdk-name appletvos27.0 -in-process-plugin-server-path /Applications/Xcode-27.0.0-Release.Candidate.app/Contents/Developer/Toolchains/XcodeDefault.xctoolchain/usr/lib/swift/host/libSwiftInProcPluginServer.dylib -emit-module-doc-path /Users/admin/builder/spi-builder-workspace/.derivedData/Build/Intermediates.noindex/OverlayContainer.build/Debug-appletvos/OverlayContainer-t.build/Objects-normal/arm64/OverlayContainer.swiftdoc -emit-module-source-info-path /Users/admin/builder/spi-builder-workspace/.derivedData/Build/Intermediates.noindex/OverlayContainer.build/Debug-appletvos/OverlayContainer-t.build/Objects-normal/arm64/OverlayContainer.swiftsourceinfo -emit-objc-header-path /Users/admin/builder/spi-builder-workspace/.derivedData/Build/Intermediates.noindex/OverlayContainer.build/Debug-appletvos/OverlayContainer-t.build/Objects-normal/arm64/OverlayContainer-Swift.h -serialize-diagnostics-path /Users/admin/builder/spi-builder-workspace/.derivedData/Build/Intermediates.noindex/OverlayContainer.build/Debug-appletvos/OverlayContainer-t.build/Objects-normal/arm64/OverlayContainer-primary-emit-module.dia -emit-dependencies-path /Users/admin/builder/spi-builder-workspace/.derivedData/Build/Intermediates.noindex/OverlayContainer.build/Debug-appletvos/OverlayContainer-t.build/Objects-normal/arm64/OverlayContainer-primary-emit-module.d -parse-as-library -o /Users/admin/builder/spi-builder-workspace/.derivedData/Build/Intermediates.noindex/OverlayContainer.build/Debug-appletvos/OverlayContainer-t.build/Objects-normal/arm64/OverlayContainer.swiftmodule -emit-abi-descriptor-path /Users/admin/builder/spi-builder-workspace/.derivedData/Build/Intermediates.noindex/OverlayContainer.build/Debug-appletvos/OverlayContainer-t.build/Objects-normal/arm64/OverlayContainer.abi.json
SwiftCompile normal arm64 (in target 'OverlayContainer' from project 'OverlayContainer')
cd /Users/admin/builder/spi-builder-workspace/.swiftpm/xcode
SwiftCompile normal arm64 Compiling\ OverlayTranslationContainerView.swift,\ OverlayTranslationView.swift,\ OverlayContainerPresentationController.swift,\ OverlayContainerSheetDimmingView.swift /Users/admin/builder/spi-builder-workspace/.dependencies/checkouts/OverlayContainer/Source/OverlayContainer/Internal/Views/OverlayTranslationContainerView.swift /Users/admin/builder/spi-builder-workspace/.dependencies/checkouts/OverlayContainer/Source/OverlayContainer/Internal/Views/OverlayTranslationView.swift /Users/admin/builder/spi-builder-workspace/.dependencies/checkouts/OverlayContainer/Source/OverlayContainer/OverlayContainerPresentationController.swift /Users/admin/builder/spi-builder-workspace/.dependencies/checkouts/OverlayContainer/Source/OverlayContainer/OverlayContainerSheetDimmingView.swift (in target 'OverlayContainer' from project 'OverlayContainer')
SwiftCompile normal arm64 /Users/admin/builder/spi-builder-workspace/.dependencies/checkouts/OverlayContainer/Source/OverlayContainer/Internal/Views/OverlayTranslationContainerView.swift (in target 'OverlayContainer' from project 'OverlayContainer')
cd /Users/admin/builder/spi-builder-workspace/.swiftpm/xcode
builtin-SwiftPerFileCompile OverlayTranslationContainerView.swift
SwiftCompile normal arm64 /Users/admin/builder/spi-builder-workspace/.dependencies/checkouts/OverlayContainer/Source/OverlayContainer/Internal/Views/OverlayTranslationView.swift (in target 'OverlayContainer' from project 'OverlayContainer')
cd /Users/admin/builder/spi-builder-workspace/.swiftpm/xcode
builtin-SwiftPerFileCompile OverlayTranslationView.swift
SwiftCompile normal arm64 /Users/admin/builder/spi-builder-workspace/.dependencies/checkouts/OverlayContainer/Source/OverlayContainer/OverlayContainerPresentationController.swift (in target 'OverlayContainer' from project 'OverlayContainer')
cd /Users/admin/builder/spi-builder-workspace/.swiftpm/xcode
builtin-SwiftPerFileCompile OverlayContainerPresentationController.swift
SwiftCompile normal arm64 /Users/admin/builder/spi-builder-workspace/.dependencies/checkouts/OverlayContainer/Source/OverlayContainer/OverlayContainerSheetDimmingView.swift (in target 'OverlayContainer' from project 'OverlayContainer')
cd /Users/admin/builder/spi-builder-workspace/.swiftpm/xcode
builtin-SwiftPerFileCompile OverlayContainerSheetDimmingView.swift
SwiftCompile normal arm64 Compiling\ OverlayContainerSheetDismissalPolicy.swift,\ OverlayContainerSheetPresentationController.swift,\ OverlayContainerSheetPresentationControllerDelegate.swift,\ OverlayContainerTransitionCoordinator.swift /Users/admin/builder/spi-builder-workspace/.dependencies/checkouts/OverlayContainer/Source/OverlayContainer/OverlayContainerSheetDismissalPolicy.swift /Users/admin/builder/spi-builder-workspace/.dependencies/checkouts/OverlayContainer/Source/OverlayContainer/OverlayContainerSheetPresentationController.swift /Users/admin/builder/spi-builder-workspace/.dependencies/checkouts/OverlayContainer/Source/OverlayContainer/OverlayContainerSheetPresentationControllerDelegate.swift /Users/admin/builder/spi-builder-workspace/.dependencies/checkouts/OverlayContainer/Source/OverlayContainer/OverlayContainerTransitionCoordinator.swift (in target 'OverlayContainer' from project 'OverlayContainer')
SwiftCompile normal arm64 /Users/admin/builder/spi-builder-workspace/.dependencies/checkouts/OverlayContainer/Source/OverlayContainer/OverlayContainerSheetDismissalPolicy.swift (in target 'OverlayContainer' from project 'OverlayContainer')
cd /Users/admin/builder/spi-builder-workspace/.swiftpm/xcode
builtin-SwiftPerFileCompile OverlayContainerSheetDismissalPolicy.swift
SwiftCompile normal arm64 /Users/admin/builder/spi-builder-workspace/.dependencies/checkouts/OverlayContainer/Source/OverlayContainer/OverlayContainerSheetPresentationController.swift (in target 'OverlayContainer' from project 'OverlayContainer')
cd /Users/admin/builder/spi-builder-workspace/.swiftpm/xcode
builtin-SwiftPerFileCompile OverlayContainerSheetPresentationController.swift
SwiftCompile normal arm64 /Users/admin/builder/spi-builder-workspace/.dependencies/checkouts/OverlayContainer/Source/OverlayContainer/OverlayContainerSheetPresentationControllerDelegate.swift (in target 'OverlayContainer' from project 'OverlayContainer')
cd /Users/admin/builder/spi-builder-workspace/.swiftpm/xcode
builtin-SwiftPerFileCompile OverlayContainerSheetPresentationControllerDelegate.swift
SwiftCompile normal arm64 /Users/admin/builder/spi-builder-workspace/.dependencies/checkouts/OverlayContainer/Source/OverlayContainer/OverlayContainerTransitionCoordinator.swift (in target 'OverlayContainer' from project 'OverlayContainer')
cd /Users/admin/builder/spi-builder-workspace/.swiftpm/xcode
builtin-SwiftPerFileCompile OverlayContainerTransitionCoordinator.swift
SwiftCompile normal arm64 Compiling\ OverlayScrollViewDelegateProxy.swift,\ OverlayTranslationController.swift,\ OverlayTranslationDriver.swift,\ OverlayTranslationGestureRecognizer.swift /Users/admin/builder/spi-builder-workspace/.dependencies/checkouts/OverlayContainer/Source/OverlayContainer/Internal/OverlayScrollViewDelegateProxy.swift /Users/admin/builder/spi-builder-workspace/.dependencies/checkouts/OverlayContainer/Source/OverlayContainer/Internal/OverlayTranslationController.swift /Users/admin/builder/spi-builder-workspace/.dependencies/checkouts/OverlayContainer/Source/OverlayContainer/Internal/OverlayTranslationDriver.swift /Users/admin/builder/spi-builder-workspace/.dependencies/checkouts/OverlayContainer/Source/OverlayContainer/Internal/OverlayTranslationGestureRecognizer.swift (in target 'OverlayContainer' from project 'OverlayContainer')
SwiftCompile normal arm64 /Users/admin/builder/spi-builder-workspace/.dependencies/checkouts/OverlayContainer/Source/OverlayContainer/Internal/OverlayScrollViewDelegateProxy.swift (in target 'OverlayContainer' from project 'OverlayContainer')
cd /Users/admin/builder/spi-builder-workspace/.swiftpm/xcode
builtin-SwiftPerFileCompile OverlayScrollViewDelegateProxy.swift
SwiftCompile normal arm64 /Users/admin/builder/spi-builder-workspace/.dependencies/checkouts/OverlayContainer/Source/OverlayContainer/Internal/OverlayTranslationController.swift (in target 'OverlayContainer' from project 'OverlayContainer')
cd /Users/admin/builder/spi-builder-workspace/.swiftpm/xcode
builtin-SwiftPerFileCompile OverlayTranslationController.swift
SwiftCompile normal arm64 /Users/admin/builder/spi-builder-workspace/.dependencies/checkouts/OverlayContainer/Source/OverlayContainer/Internal/OverlayTranslationDriver.swift (in target 'OverlayContainer' from project 'OverlayContainer')
cd /Users/admin/builder/spi-builder-workspace/.swiftpm/xcode
builtin-SwiftPerFileCompile OverlayTranslationDriver.swift
SwiftCompile normal arm64 /Users/admin/builder/spi-builder-workspace/.dependencies/checkouts/OverlayContainer/Source/OverlayContainer/Internal/OverlayTranslationGestureRecognizer.swift (in target 'OverlayContainer' from project 'OverlayContainer')
cd /Users/admin/builder/spi-builder-workspace/.swiftpm/xcode
builtin-SwiftPerFileCompile OverlayTranslationGestureRecognizer.swift
PruneExplicitPrecompiledModules /Users/admin/builder/spi-builder-workspace/.derivedData/Build/Intermediates.noindex/SwiftExplicitPrecompiledModules
PruneExplicitPrecompiledModules /Users/admin/builder/spi-builder-workspace/.derivedData/Build/Intermediates.noindex/ExplicitPrecompiledModules
PruneExplicitPrecompiledModules /Users/admin/builder/spi-builder-workspace/.derivedData/SDKExplicitPrecompiledModules
2026-09-26 11:45:18.766 xcodebuild[1016:5806] [MT] IDERunDestination: Supported platforms for the buildables in the current scheme is empty.
** BUILD FAILED **
The following build commands failed:
SwiftEmitModule normal arm64 Emitting\ module\ for\ OverlayContainer (in target 'OverlayContainer' from project 'OverlayContainer')
SwiftCompile normal arm64 (in target 'OverlayContainer' from project 'OverlayContainer')
Building workspace DynamicOverlay with scheme DynamicOverlay
(3 failures)
BUILD FAILURE 6.4 tvOS