Build Information
Failed to build ManagedNavigation, reference main (8a9821), with Swift 6.4 for watchOS using Xcode 27.0 on 12 Oct 2026 15:00:19 UTC.
Build Command
env DEVELOPER_DIR=/Applications/Xcode-27.0.0-Release.Candidate.app xcrun xcodebuild -IDEClonedSourcePackagesDirPathOverride=$PWD/.dependencies -skipMacroValidation -skipPackagePluginValidation -derivedDataPath $PWD/.derivedData build -scheme ManagedNavigation -destination generic/platform=watchOSBuild Log
========================================
RunAll
========================================
Builder version: 5.1.1
Interrupt handler set up.
========================================
Checkout
========================================
Clone URL: https://github.com/ricocrescenzio95/ManagedNavigation.git
Reference: main
Initialized empty Git repository in /Users/admin/builder/spi-builder-workspace/.git/
From https://github.com/ricocrescenzio95/ManagedNavigation
* branch main -> FETCH_HEAD
* [new branch] main -> origin/main
HEAD is now at 8a98211 Added presentation preference key cleanup to avoid preference change loop (#5)
Cloned https://github.com/ricocrescenzio95/ManagedNavigation.git
Revision (git rev-parse @):
8a9821112f8b257b6de59fb39304cce77d75416b
SUCCESS checkout https://github.com/ricocrescenzio95/ManagedNavigation.git at main
========================================
Build
========================================
Selected platform: watchOS
Swift version: 6.4
Building package at path: $PWD
https://github.com/ricocrescenzio95/ManagedNavigation.git
Command line invocation:
/Applications/Xcode-27.0.0.app/Contents/Developer/usr/bin/xcodebuild -IDEClonedSourcePackagesDirPathOverride=/Users/admin/builder/spi-builder-workspace/.dependencies -resolvePackageDependencies
Resolve Package Graph
Resolve Package Graph
Resolved source packages:
ManagedNavigation: /Users/admin/builder/spi-builder-workspace
resolved source packages: ManagedNavigation
2026-10-12 10:59:34.677 xcodebuild[529:3027] [MT] IDERunDestination: Supported platforms for the buildables in the current scheme is empty.
{
"dependencies" : [
],
"manifest_display_name" : "ManagedNavigation",
"name" : "ManagedNavigation",
"path" : "/Users/admin/builder/spi-builder-workspace",
"platforms" : [
{
"name" : "ios",
"version" : "17.0"
},
{
"name" : "macos",
"version" : "14.0"
},
{
"name" : "maccatalyst",
"version" : "17.0"
},
{
"name" : "tvos",
"version" : "17.0"
},
{
"name" : "visionos",
"version" : "1.0"
}
],
"products" : [
{
"name" : "ManagedNavigation",
"targets" : [
"ManagedNavigation"
],
"type" : {
"library" : [
"automatic"
]
}
}
],
"targets" : [
{
"c99name" : "ManagedNavigationTests",
"module_type" : "SwiftTarget",
"name" : "ManagedNavigationTests",
"path" : "Tests/ManagedNavigationTests",
"sources" : [
"NavigationManagerTests.swift"
],
"target_dependencies" : [
"ManagedNavigation"
],
"type" : "test"
},
{
"c99name" : "ManagedNavigation",
"module_type" : "SwiftTarget",
"name" : "ManagedNavigation",
"path" : "Sources/ManagedNavigation",
"product_memberships" : [
"ManagedNavigation"
],
"sources" : [
"ModalPresentation/ManagedPresentation.swift",
"ModalPresentation/PresentationDestinationModifier.swift",
"ModalPresentation/PresentationNotifier.swift",
"NavigationDestination.swift",
"NavigationManager.swift",
"NavigationProxy.swift",
"NavigationStack/ManagedNavigationStack.swift"
],
"type" : "library"
}
],
"tools_version" : "6.2"
}
{
"workspace" : {
"name" : "ManagedNavigation",
"schemes" : [
"ManagedNavigation"
]
}
}
2026-10-12 11:00:06.957 xcodebuild[628:3864] [MT] IDERunDestination: Supported platforms for the buildables in the current scheme is empty.
Running build ...
env DEVELOPER_DIR=/Applications/Xcode-27.0.0-Release.Candidate.app xcrun xcodebuild -IDEClonedSourcePackagesDirPathOverride=$PWD/.dependencies -skipMacroValidation -skipPackagePluginValidation -derivedDataPath $PWD/.derivedData build -scheme ManagedNavigation -destination generic/platform=watchOS
Command line invocation:
/Applications/Xcode-27.0.0.app/Contents/Developer/usr/bin/xcodebuild -IDEClonedSourcePackagesDirPathOverride=/Users/admin/builder/spi-builder-workspace/.dependencies -skipMacroValidation -skipPackagePluginValidation -derivedDataPath /Users/admin/builder/spi-builder-workspace/.derivedData build -scheme ManagedNavigation -destination generic/platform=watchOS
Resolve Package Graph
Resolved source packages:
ManagedNavigation: /Users/admin/builder/spi-builder-workspace
ComputePackagePrebuildTargetDependencyGraph
Prepare packages
CreateBuildRequest
SendProjectDescription
CreateBuildOperation
ComputeTargetDependencyGraph
note: Building targets in dependency order
note: Target dependency graph (2 targets)
Target 'ManagedNavigation-product' in project 'ManagedNavigation'
➜ Explicit dependency on target 'ManagedNavigation' in project 'ManagedNavigation'
Target 'ManagedNavigation' in project 'ManagedNavigation' (no dependencies)
GatherProvisioningInputs
CreateBuildDescription
ExecuteExternalTool /Applications/Xcode-27.0.0.app/Contents/Developer/Toolchains/XcodeDefault.xctoolchain/usr/bin/clang -v -E -dM -isysroot /Applications/Xcode-27.0.0.app/Contents/Developer/Platforms/WatchOS.platform/Developer/SDKs/WatchOS27.0.sdk -x c -c /dev/null
ExecuteExternalTool /Applications/Xcode-27.0.0.app/Contents/Developer/Toolchains/XcodeDefault.xctoolchain/usr/bin/swiftc --version
ExecuteExternalTool /Applications/Xcode-27.0.0.app/Contents/Developer/Toolchains/XcodeDefault.xctoolchain/usr/bin/ld -version_details
ReadFileContents /Applications/Xcode-27.0.0.app/Contents/Developer/Toolchains/XcodeDefault.xctoolchain/usr/share/docc/features.json
Build description signature: 79e3ef448a5ef4893133208c688cac19
Build description path: /Users/admin/builder/spi-builder-workspace/.derivedData/Build/Intermediates.noindex/XCBuildData/79e3ef448a5ef4893133208c688cac19.xcbuilddata
CreateBuildDirectory /Users/admin/builder/spi-builder-workspace/.derivedData/SDKExplicitPrecompiledModules
cd /Users/admin/builder/spi-builder-workspace/.swiftpm/xcode
builtin-create-build-directory /Users/admin/builder/spi-builder-workspace/.derivedData/SDKExplicitPrecompiledModules
CreateBuildDirectory /Users/admin/builder/spi-builder-workspace/.derivedData/ModuleCache.noindex
cd /Users/admin/builder/spi-builder-workspace/.swiftpm/xcode
builtin-create-build-directory /Users/admin/builder/spi-builder-workspace/.derivedData/ModuleCache.noindex
CreateBuildDirectory /Users/admin/builder/spi-builder-workspace/.derivedData/Build/Products
cd /Users/admin/builder/spi-builder-workspace/.swiftpm/xcode
builtin-create-build-directory /Users/admin/builder/spi-builder-workspace/.derivedData/Build/Products
CreateBuildDirectory /Users/admin/builder/spi-builder-workspace/.derivedData/Build/Intermediates.noindex
cd /Users/admin/builder/spi-builder-workspace/.swiftpm/xcode
builtin-create-build-directory /Users/admin/builder/spi-builder-workspace/.derivedData/Build/Intermediates.noindex
CreateBuildDirectory /Users/admin/builder/spi-builder-workspace/.derivedData/CompilationCache.noindex
cd /Users/admin/builder/spi-builder-workspace/.swiftpm/xcode
builtin-create-build-directory /Users/admin/builder/spi-builder-workspace/.derivedData/CompilationCache.noindex
ClangStatCache /Applications/Xcode-27.0.0.app/Contents/Developer/Toolchains/XcodeDefault.xctoolchain/usr/bin/clang-stat-cache /Applications/Xcode-27.0.0.app/Contents/Developer/Platforms/WatchOS.platform/Developer/SDKs/WatchOS27.0.sdk /Users/admin/builder/spi-builder-workspace/.derivedData/SDKStatCaches.noindex/watchos27.0-24R360-e829b21a6f8c9b70876ba0858053c044b9db9bc9c079ee3c7b5f3373b13d10bc.sdkstatcache
cd /Users/admin/builder/spi-builder-workspace/.swiftpm/xcode
/Applications/Xcode-27.0.0.app/Contents/Developer/Toolchains/XcodeDefault.xctoolchain/usr/bin/clang-stat-cache /Applications/Xcode-27.0.0.app/Contents/Developer/Platforms/WatchOS.platform/Developer/SDKs/WatchOS27.0.sdk -o /Users/admin/builder/spi-builder-workspace/.derivedData/SDKStatCaches.noindex/watchos27.0-24R360-e829b21a6f8c9b70876ba0858053c044b9db9bc9c079ee3c7b5f3373b13d10bc.sdkstatcache
CreateBuildDirectory /Users/admin/builder/spi-builder-workspace/.derivedData/Build/Intermediates.noindex/SwiftExplicitPrecompiledModules
cd /Users/admin/builder/spi-builder-workspace/.swiftpm/xcode
builtin-create-build-directory /Users/admin/builder/spi-builder-workspace/.derivedData/Build/Intermediates.noindex/SwiftExplicitPrecompiledModules
CreateBuildDirectory /Users/admin/builder/spi-builder-workspace/.derivedData/Build/Intermediates.noindex/ExplicitPrecompiledModules
cd /Users/admin/builder/spi-builder-workspace/.swiftpm/xcode
builtin-create-build-directory /Users/admin/builder/spi-builder-workspace/.derivedData/Build/Intermediates.noindex/ExplicitPrecompiledModules
CreateBuildDirectory /Users/admin/builder/spi-builder-workspace/.derivedData/Build/Intermediates.noindex/PrecompiledHeaders
cd /Users/admin/builder/spi-builder-workspace/.swiftpm/xcode
builtin-create-build-directory /Users/admin/builder/spi-builder-workspace/.derivedData/Build/Intermediates.noindex/PrecompiledHeaders
CreateBuildDirectory /Users/admin/builder/spi-builder-workspace/.derivedData/Build/Products/Debug-watchos
cd /Users/admin/builder/spi-builder-workspace/.swiftpm/xcode
builtin-create-build-directory /Users/admin/builder/spi-builder-workspace/.derivedData/Build/Products/Debug-watchos
CreateBuildDirectory /Users/admin/builder/spi-builder-workspace/.derivedData/Build/Intermediates.noindex/EagerLinkingTBDs/Debug-watchos
cd /Users/admin/builder/spi-builder-workspace/.swiftpm/xcode
builtin-create-build-directory /Users/admin/builder/spi-builder-workspace/.derivedData/Build/Intermediates.noindex/EagerLinkingTBDs/Debug-watchos
CreateBuildDirectory /Users/admin/builder/spi-builder-workspace/.derivedData/Build/Products/Debug-watchos/PackageFrameworks
cd /Users/admin/builder/spi-builder-workspace/.swiftpm/xcode
builtin-create-build-directory /Users/admin/builder/spi-builder-workspace/.derivedData/Build/Products/Debug-watchos/PackageFrameworks
WriteAuxiliaryFile /Users/admin/builder/spi-builder-workspace/.derivedData/Build/Intermediates.noindex/ManagedNavigation.build/Debug-watchos/ManagedNavigation-t.build/ManagedNavigation.modulemap (in target 'ManagedNavigation' from project 'ManagedNavigation')
cd /Users/admin/builder/spi-builder-workspace
write-file /Users/admin/builder/spi-builder-workspace/.derivedData/Build/Intermediates.noindex/ManagedNavigation.build/Debug-watchos/ManagedNavigation-t.build/ManagedNavigation.modulemap
WriteAuxiliaryFile /Users/admin/builder/spi-builder-workspace/.derivedData/Build/Intermediates.noindex/ManagedNavigation.build/Debug-watchos/ManagedNavigation-t.build/Objects-normal/arm64_32/ManagedNavigation-OutputFileMap.json (in target 'ManagedNavigation' from project 'ManagedNavigation')
cd /Users/admin/builder/spi-builder-workspace
write-file /Users/admin/builder/spi-builder-workspace/.derivedData/Build/Intermediates.noindex/ManagedNavigation.build/Debug-watchos/ManagedNavigation-t.build/Objects-normal/arm64_32/ManagedNavigation-OutputFileMap.json
WriteAuxiliaryFile /Users/admin/builder/spi-builder-workspace/.derivedData/Build/Intermediates.noindex/ManagedNavigation.build/Debug-watchos/ManagedNavigation-t.build/Objects-normal/arm64_32/ManagedNavigation_const_extract_protocols.json (in target 'ManagedNavigation' from project 'ManagedNavigation')
cd /Users/admin/builder/spi-builder-workspace
write-file /Users/admin/builder/spi-builder-workspace/.derivedData/Build/Intermediates.noindex/ManagedNavigation.build/Debug-watchos/ManagedNavigation-t.build/Objects-normal/arm64_32/ManagedNavigation_const_extract_protocols.json
WriteAuxiliaryFile /Users/admin/builder/spi-builder-workspace/.derivedData/Build/Intermediates.noindex/ManagedNavigation.build/Debug-watchos/ManagedNavigation-t.build/Objects-normal/arm64_32/ManagedNavigation.LinkFileList (in target 'ManagedNavigation' from project 'ManagedNavigation')
cd /Users/admin/builder/spi-builder-workspace
write-file /Users/admin/builder/spi-builder-workspace/.derivedData/Build/Intermediates.noindex/ManagedNavigation.build/Debug-watchos/ManagedNavigation-t.build/Objects-normal/arm64_32/ManagedNavigation.LinkFileList
WriteAuxiliaryFile /Users/admin/builder/spi-builder-workspace/.derivedData/Build/Intermediates.noindex/ManagedNavigation.build/Debug-watchos/ManagedNavigation-t.build/Objects-normal/arm64_32/ManagedNavigation.SwiftFileList (in target 'ManagedNavigation' from project 'ManagedNavigation')
cd /Users/admin/builder/spi-builder-workspace
write-file /Users/admin/builder/spi-builder-workspace/.derivedData/Build/Intermediates.noindex/ManagedNavigation.build/Debug-watchos/ManagedNavigation-t.build/Objects-normal/arm64_32/ManagedNavigation.SwiftFileList
WriteAuxiliaryFile /Users/admin/builder/spi-builder-workspace/.derivedData/Build/Intermediates.noindex/ManagedNavigation.build/Debug-watchos/ManagedNavigation-t.build/Objects-normal/arm64_32/ManagedNavigation.SwiftConstValuesFileList (in target 'ManagedNavigation' from project 'ManagedNavigation')
cd /Users/admin/builder/spi-builder-workspace
write-file /Users/admin/builder/spi-builder-workspace/.derivedData/Build/Intermediates.noindex/ManagedNavigation.build/Debug-watchos/ManagedNavigation-t.build/Objects-normal/arm64_32/ManagedNavigation.SwiftConstValuesFileList
WriteAuxiliaryFile /Users/admin/builder/spi-builder-workspace/.derivedData/Build/Intermediates.noindex/ManagedNavigation.build/Debug-watchos/ManagedNavigation-t.build/Objects-normal/arm64/ManagedNavigation.SwiftConstValuesFileList (in target 'ManagedNavigation' from project 'ManagedNavigation')
cd /Users/admin/builder/spi-builder-workspace
write-file /Users/admin/builder/spi-builder-workspace/.derivedData/Build/Intermediates.noindex/ManagedNavigation.build/Debug-watchos/ManagedNavigation-t.build/Objects-normal/arm64/ManagedNavigation.SwiftConstValuesFileList
WriteAuxiliaryFile /Users/admin/builder/spi-builder-workspace/.derivedData/Build/Intermediates.noindex/ManagedNavigation.build/Debug-watchos/ManagedNavigation-t.build/Objects-normal/arm64/ManagedNavigation.SwiftFileList (in target 'ManagedNavigation' from project 'ManagedNavigation')
cd /Users/admin/builder/spi-builder-workspace
write-file /Users/admin/builder/spi-builder-workspace/.derivedData/Build/Intermediates.noindex/ManagedNavigation.build/Debug-watchos/ManagedNavigation-t.build/Objects-normal/arm64/ManagedNavigation.SwiftFileList
WriteAuxiliaryFile /Users/admin/builder/spi-builder-workspace/.derivedData/Build/Intermediates.noindex/ManagedNavigation.build/Debug-watchos/ManagedNavigation-t.build/Objects-normal/arm64/ManagedNavigation_const_extract_protocols.json (in target 'ManagedNavigation' from project 'ManagedNavigation')
cd /Users/admin/builder/spi-builder-workspace
write-file /Users/admin/builder/spi-builder-workspace/.derivedData/Build/Intermediates.noindex/ManagedNavigation.build/Debug-watchos/ManagedNavigation-t.build/Objects-normal/arm64/ManagedNavigation_const_extract_protocols.json
WriteAuxiliaryFile /Users/admin/builder/spi-builder-workspace/.derivedData/Build/Intermediates.noindex/ManagedNavigation.build/Debug-watchos/ManagedNavigation-t.build/Objects-normal/arm64/ManagedNavigation.LinkFileList (in target 'ManagedNavigation' from project 'ManagedNavigation')
cd /Users/admin/builder/spi-builder-workspace
write-file /Users/admin/builder/spi-builder-workspace/.derivedData/Build/Intermediates.noindex/ManagedNavigation.build/Debug-watchos/ManagedNavigation-t.build/Objects-normal/arm64/ManagedNavigation.LinkFileList
WriteAuxiliaryFile /Users/admin/builder/spi-builder-workspace/.derivedData/Build/Intermediates.noindex/ManagedNavigation.build/Debug-watchos/ManagedNavigation-t.build/Objects-normal/arm64/ManagedNavigation-OutputFileMap.json (in target 'ManagedNavigation' from project 'ManagedNavigation')
cd /Users/admin/builder/spi-builder-workspace
write-file /Users/admin/builder/spi-builder-workspace/.derivedData/Build/Intermediates.noindex/ManagedNavigation.build/Debug-watchos/ManagedNavigation-t.build/Objects-normal/arm64/ManagedNavigation-OutputFileMap.json
WriteAuxiliaryFile /Users/admin/builder/spi-builder-workspace/.derivedData/Build/Intermediates.noindex/ManagedNavigation.build/Debug-watchos/ManagedNavigation-t.build/ManagedNavigation.DependencyStaticMetadataFileList (in target 'ManagedNavigation' from project 'ManagedNavigation')
cd /Users/admin/builder/spi-builder-workspace
write-file /Users/admin/builder/spi-builder-workspace/.derivedData/Build/Intermediates.noindex/ManagedNavigation.build/Debug-watchos/ManagedNavigation-t.build/ManagedNavigation.DependencyStaticMetadataFileList
WriteAuxiliaryFile /Users/admin/builder/spi-builder-workspace/.derivedData/Build/Intermediates.noindex/ManagedNavigation.build/Debug-watchos/ManagedNavigation-t.build/ManagedNavigation.DependencyMetadataFileList (in target 'ManagedNavigation' from project 'ManagedNavigation')
cd /Users/admin/builder/spi-builder-workspace
write-file /Users/admin/builder/spi-builder-workspace/.derivedData/Build/Intermediates.noindex/ManagedNavigation.build/Debug-watchos/ManagedNavigation-t.build/ManagedNavigation.DependencyMetadataFileList
Copy /Users/admin/builder/spi-builder-workspace/.derivedData/Build/Intermediates.noindex/GeneratedModuleMaps-watchos/ManagedNavigation.modulemap /Users/admin/builder/spi-builder-workspace/.derivedData/Build/Intermediates.noindex/ManagedNavigation.build/Debug-watchos/ManagedNavigation-t.build/ManagedNavigation.modulemap (in target 'ManagedNavigation' from project 'ManagedNavigation')
cd /Users/admin/builder/spi-builder-workspace
builtin-copy -exclude .DS_Store -exclude CVS -exclude .svn -exclude .git -exclude .hg -resolve-src-symlinks /Users/admin/builder/spi-builder-workspace/.derivedData/Build/Intermediates.noindex/ManagedNavigation.build/Debug-watchos/ManagedNavigation-t.build/ManagedNavigation.modulemap /Users/admin/builder/spi-builder-workspace/.derivedData/Build/Intermediates.noindex/GeneratedModuleMaps-watchos
SwiftDriver ManagedNavigation normal arm64 com.apple.xcode.tools.swift.compiler (in target 'ManagedNavigation' from project 'ManagedNavigation')
cd /Users/admin/builder/spi-builder-workspace/.swiftpm/xcode
builtin-SwiftDriver -- /Applications/Xcode-27.0.0.app/Contents/Developer/Toolchains/XcodeDefault.xctoolchain/usr/bin/swiftc -parse-as-library -module-name ManagedNavigation -Onone @/Users/admin/builder/spi-builder-workspace/.derivedData/Build/Intermediates.noindex/ManagedNavigation.build/Debug-watchos/ManagedNavigation-t.build/Objects-normal/arm64/ManagedNavigation.SwiftFileList -DSWIFT_PACKAGE -DDEBUG -DSWIFT_MODULE_RESOURCE_BUNDLE_UNAVAILABLE -DXcode -plugin-path /Applications/Xcode-27.0.0.app/Contents/Developer/Toolchains/XcodeDefault.xctoolchain/usr/lib/swift/host/plugins/testing -enable-experimental-feature DebugDescriptionMacro -sdk /Applications/Xcode-27.0.0.app/Contents/Developer/Platforms/WatchOS.platform/Developer/SDKs/WatchOS27.0.sdk -target arm64-apple-watchos10.0 -g -module-cache-path /Users/admin/builder/spi-builder-workspace/.derivedData/ModuleCache.noindex -Xfrontend -serialize-debugging-options -profile-coverage-mapping -profile-generate -enable-testing -index-store-path /Users/admin/builder/spi-builder-workspace/.derivedData/Index.noindex/DataStore -Xcc -D_LIBCPP_HARDENING_MODE\=_LIBCPP_HARDENING_MODE_DEBUG -swift-version 6 -I /Users/admin/builder/spi-builder-workspace/.derivedData/Build/Products/Debug-watchos -Isystem /Applications/Xcode-27.0.0.app/Contents/Developer/Platforms/WatchOS.platform/Developer/usr/lib -F /Users/admin/builder/spi-builder-workspace/.derivedData/Build/Products/Debug-watchos -F /Applications/Xcode-27.0.0.app/Contents/Developer/Platforms/WatchOS.platform/Developer/Library/Frameworks -F /Applications/Xcode-27.0.0.app/Contents/Developer/Platforms/WatchOS.platform/Developer/SDKs/WatchOS27.0.sdk/Developer/Library/Frameworks -c -j10 -enable-batch-mode -incremental -Xcc -ivfsstatcache -Xcc /Users/admin/builder/spi-builder-workspace/.derivedData/SDKStatCaches.noindex/watchos27.0-24R360-e829b21a6f8c9b70876ba0858053c044b9db9bc9c079ee3c7b5f3373b13d10bc.sdkstatcache -output-file-map /Users/admin/builder/spi-builder-workspace/.derivedData/Build/Intermediates.noindex/ManagedNavigation.build/Debug-watchos/ManagedNavigation-t.build/Objects-normal/arm64/ManagedNavigation-OutputFileMap.json -save-temps -no-color-diagnostics -explicit-module-build -module-cache-path /Users/admin/builder/spi-builder-workspace/.derivedData/Build/Intermediates.noindex/SwiftExplicitPrecompiledModules -clang-scanner-module-cache-path /Users/admin/builder/spi-builder-workspace/.derivedData/ModuleCache.noindex -sdk-module-cache-path /Users/admin/builder/spi-builder-workspace/.derivedData/SDKExplicitPrecompiledModules -emit-dependencies -emit-module -emit-module-path /Users/admin/builder/spi-builder-workspace/.derivedData/Build/Intermediates.noindex/ManagedNavigation.build/Debug-watchos/ManagedNavigation-t.build/Objects-normal/arm64/ManagedNavigation.swiftmodule -serialize-diagnostics -dependency-scan-serialize-diagnostics-path /Users/admin/builder/spi-builder-workspace/.derivedData/Build/Intermediates.noindex/ManagedNavigation.build/Debug-watchos/ManagedNavigation-t.build/Objects-normal/arm64/ManagedNavigation-dependency-scan.dia -validate-clang-modules-once -clang-build-session-file /Users/admin/builder/spi-builder-workspace/.derivedData/ModuleCache.noindex/Session.modulevalidation -Xcc -fmodules-prune-interval\=86400 -Xcc -fmodules-prune-after\=345600 -package-name spi_builder_workspace -emit-const-values -const-gather-protocols-list /Users/admin/builder/spi-builder-workspace/.derivedData/Build/Intermediates.noindex/ManagedNavigation.build/Debug-watchos/ManagedNavigation-t.build/Objects-normal/arm64/ManagedNavigation_const_extract_protocols.json -Xcc -I/Users/admin/builder/spi-builder-workspace/.derivedData/Build/Products/Debug-watchos/include -Xcc -I/Users/admin/builder/spi-builder-workspace/.derivedData/Build/Intermediates.noindex/ManagedNavigation.build/Debug-watchos/ManagedNavigation-t.build/DerivedSources-normal/arm64 -Xcc -I/Users/admin/builder/spi-builder-workspace/.derivedData/Build/Intermediates.noindex/ManagedNavigation.build/Debug-watchos/ManagedNavigation-t.build/DerivedSources/arm64 -Xcc -I/Users/admin/builder/spi-builder-workspace/.derivedData/Build/Intermediates.noindex/ManagedNavigation.build/Debug-watchos/ManagedNavigation-t.build/DerivedSources -Xcc -DSWIFT_PACKAGE -Xcc -DDEBUG\=1 -emit-objc-header -emit-objc-header-path /Users/admin/builder/spi-builder-workspace/.derivedData/Build/Intermediates.noindex/ManagedNavigation.build/Debug-watchos/ManagedNavigation-t.build/Objects-normal/arm64/ManagedNavigation-Swift.h -working-directory /Users/admin/builder/spi-builder-workspace/.swiftpm/xcode -experimental-emit-module-separately -disable-cmo
SwiftDriver ManagedNavigation normal arm64_32 com.apple.xcode.tools.swift.compiler (in target 'ManagedNavigation' from project 'ManagedNavigation')
cd /Users/admin/builder/spi-builder-workspace/.swiftpm/xcode
builtin-SwiftDriver -- /Applications/Xcode-27.0.0.app/Contents/Developer/Toolchains/XcodeDefault.xctoolchain/usr/bin/swiftc -parse-as-library -module-name ManagedNavigation -Onone @/Users/admin/builder/spi-builder-workspace/.derivedData/Build/Intermediates.noindex/ManagedNavigation.build/Debug-watchos/ManagedNavigation-t.build/Objects-normal/arm64_32/ManagedNavigation.SwiftFileList -DSWIFT_PACKAGE -DDEBUG -DSWIFT_MODULE_RESOURCE_BUNDLE_UNAVAILABLE -DXcode -plugin-path /Applications/Xcode-27.0.0.app/Contents/Developer/Toolchains/XcodeDefault.xctoolchain/usr/lib/swift/host/plugins/testing -enable-experimental-feature DebugDescriptionMacro -sdk /Applications/Xcode-27.0.0.app/Contents/Developer/Platforms/WatchOS.platform/Developer/SDKs/WatchOS27.0.sdk -target arm64_32-apple-watchos10.0 -g -module-cache-path /Users/admin/builder/spi-builder-workspace/.derivedData/ModuleCache.noindex -Xfrontend -serialize-debugging-options -profile-coverage-mapping -profile-generate -enable-testing -index-store-path /Users/admin/builder/spi-builder-workspace/.derivedData/Index.noindex/DataStore -Xcc -D_LIBCPP_HARDENING_MODE\=_LIBCPP_HARDENING_MODE_DEBUG -swift-version 6 -I /Users/admin/builder/spi-builder-workspace/.derivedData/Build/Products/Debug-watchos -Isystem /Applications/Xcode-27.0.0.app/Contents/Developer/Platforms/WatchOS.platform/Developer/usr/lib -F /Users/admin/builder/spi-builder-workspace/.derivedData/Build/Products/Debug-watchos -F /Applications/Xcode-27.0.0.app/Contents/Developer/Platforms/WatchOS.platform/Developer/Library/Frameworks -F /Applications/Xcode-27.0.0.app/Contents/Developer/Platforms/WatchOS.platform/Developer/SDKs/WatchOS27.0.sdk/Developer/Library/Frameworks -c -j10 -enable-batch-mode -incremental -Xcc -ivfsstatcache -Xcc /Users/admin/builder/spi-builder-workspace/.derivedData/SDKStatCaches.noindex/watchos27.0-24R360-e829b21a6f8c9b70876ba0858053c044b9db9bc9c079ee3c7b5f3373b13d10bc.sdkstatcache -output-file-map /Users/admin/builder/spi-builder-workspace/.derivedData/Build/Intermediates.noindex/ManagedNavigation.build/Debug-watchos/ManagedNavigation-t.build/Objects-normal/arm64_32/ManagedNavigation-OutputFileMap.json -save-temps -no-color-diagnostics -explicit-module-build -module-cache-path /Users/admin/builder/spi-builder-workspace/.derivedData/Build/Intermediates.noindex/SwiftExplicitPrecompiledModules -clang-scanner-module-cache-path /Users/admin/builder/spi-builder-workspace/.derivedData/ModuleCache.noindex -sdk-module-cache-path /Users/admin/builder/spi-builder-workspace/.derivedData/SDKExplicitPrecompiledModules -emit-dependencies -emit-module -emit-module-path /Users/admin/builder/spi-builder-workspace/.derivedData/Build/Intermediates.noindex/ManagedNavigation.build/Debug-watchos/ManagedNavigation-t.build/Objects-normal/arm64_32/ManagedNavigation.swiftmodule -serialize-diagnostics -dependency-scan-serialize-diagnostics-path /Users/admin/builder/spi-builder-workspace/.derivedData/Build/Intermediates.noindex/ManagedNavigation.build/Debug-watchos/ManagedNavigation-t.build/Objects-normal/arm64_32/ManagedNavigation-dependency-scan.dia -validate-clang-modules-once -clang-build-session-file /Users/admin/builder/spi-builder-workspace/.derivedData/ModuleCache.noindex/Session.modulevalidation -Xcc -fmodules-prune-interval\=86400 -Xcc -fmodules-prune-after\=345600 -package-name spi_builder_workspace -emit-const-values -const-gather-protocols-list /Users/admin/builder/spi-builder-workspace/.derivedData/Build/Intermediates.noindex/ManagedNavigation.build/Debug-watchos/ManagedNavigation-t.build/Objects-normal/arm64_32/ManagedNavigation_const_extract_protocols.json -Xcc -I/Users/admin/builder/spi-builder-workspace/.derivedData/Build/Products/Debug-watchos/include -Xcc -I/Users/admin/builder/spi-builder-workspace/.derivedData/Build/Intermediates.noindex/ManagedNavigation.build/Debug-watchos/ManagedNavigation-t.build/DerivedSources-normal/arm64_32 -Xcc -I/Users/admin/builder/spi-builder-workspace/.derivedData/Build/Intermediates.noindex/ManagedNavigation.build/Debug-watchos/ManagedNavigation-t.build/DerivedSources/arm64_32 -Xcc -I/Users/admin/builder/spi-builder-workspace/.derivedData/Build/Intermediates.noindex/ManagedNavigation.build/Debug-watchos/ManagedNavigation-t.build/DerivedSources -Xcc -DSWIFT_PACKAGE -Xcc -DDEBUG\=1 -emit-objc-header -emit-objc-header-path /Users/admin/builder/spi-builder-workspace/.derivedData/Build/Intermediates.noindex/ManagedNavigation.build/Debug-watchos/ManagedNavigation-t.build/Objects-normal/arm64_32/ManagedNavigation-Swift.h -working-directory /Users/admin/builder/spi-builder-workspace/.swiftpm/xcode -experimental-emit-module-separately -disable-cmo
SwiftExplicitDependencyGeneratePcm arm64_32 /Users/admin/builder/spi-builder-workspace/.derivedData/SDKExplicitPrecompiledModules/SwiftShims-4MNCVKZ1HKINJ0ZSNUCRO6CZ8.pcm
SwiftExplicitDependencyGeneratePcm arm64_32 /Users/admin/builder/spi-builder-workspace/.derivedData/SDKExplicitPrecompiledModules/_Builtin_stdbool-DHPYJAMN6KTVWD1S31Z90I6C9.pcm
SwiftExplicitDependencyGeneratePcm arm64_32 /Users/admin/builder/spi-builder-workspace/.derivedData/SDKExplicitPrecompiledModules/_SwiftConcurrencyShims-AOFF2AEQJRI8DA66TEQ347NE7.pcm
SwiftExplicitDependencyGeneratePcm arm64_32 /Users/admin/builder/spi-builder-workspace/.derivedData/SDKExplicitPrecompiledModules/_AvailabilityInternal-BQQUK8V8SWJHTHJSVFJK2AKWW.pcm
SwiftExplicitDependencyGeneratePcm arm64_32 /Users/admin/builder/spi-builder-workspace/.derivedData/SDKExplicitPrecompiledModules/_Builtin_stddef-8VT85WZQKGACA68JZ07TP0Y0J.pcm
SwiftExplicitDependencyGeneratePcm arm64 /Users/admin/builder/spi-builder-workspace/.derivedData/SDKExplicitPrecompiledModules/_Builtin_stdarg-ES3WE6BADGYLJ1IBGV298L0ED.pcm
SwiftExplicitDependencyGeneratePcm arm64 /Users/admin/builder/spi-builder-workspace/.derivedData/SDKExplicitPrecompiledModules/DeveloperToolsSupport-3A24UJC4NRK1KTKOC3ZZKBC85.pcm
SwiftExplicitDependencyGeneratePcm arm64_32 /Users/admin/builder/spi-builder-workspace/.derivedData/SDKExplicitPrecompiledModules/ptrcheck-D11ZNSDYZRFEJJA53KWXZ702P.pcm
SwiftExplicitDependencyGeneratePcm arm64 /Users/admin/builder/spi-builder-workspace/.derivedData/SDKExplicitPrecompiledModules/ptrauth-75D2Q69SEU6TW661FC9T39G5T.pcm
SwiftExplicitDependencyGeneratePcm arm64 /Users/admin/builder/spi-builder-workspace/.derivedData/SDKExplicitPrecompiledModules/ptrcheck-2FDVY6UR0H40GBA6U2HDPB8SM.pcm
SwiftExplicitDependencyGeneratePcm arm64 /Users/admin/builder/spi-builder-workspace/.derivedData/SDKExplicitPrecompiledModules/_Builtin_float-5MBXF8DKVHQBRUJNM16KVMIQC.pcm
SwiftExplicitDependencyGeneratePcm arm64 /Users/admin/builder/spi-builder-workspace/.derivedData/SDKExplicitPrecompiledModules/_SwiftConcurrencyShims-2Q4BGBV41YFU7T8ZZ1LYOHHM8.pcm
SwiftExplicitDependencyGeneratePcm arm64 /Users/admin/builder/spi-builder-workspace/.derivedData/SDKExplicitPrecompiledModules/SwiftShims-D5RMRWG63RILSKWQ5872PCQT2.pcm
SwiftExplicitDependencyGeneratePcm arm64 /Users/admin/builder/spi-builder-workspace/.derivedData/SDKExplicitPrecompiledModules/_Builtin_stdbool-EIIY79CJBKY0CNDO2RQTENME.pcm
SwiftExplicitDependencyGeneratePcm arm64 /Users/admin/builder/spi-builder-workspace/.derivedData/SDKExplicitPrecompiledModules/_Builtin_stddef-8XIMPUPOCEKW43OJT6UFVW8YW.pcm
SwiftExplicitDependencyGeneratePcm arm64_32 /Users/admin/builder/spi-builder-workspace/.derivedData/SDKExplicitPrecompiledModules/_Builtin_stdarg-102WX5NAUESOXIXJSPGYHVM9S.pcm
SwiftExplicitDependencyGeneratePcm arm64_32 /Users/admin/builder/spi-builder-workspace/.derivedData/SDKExplicitPrecompiledModules/DeveloperToolsSupport-2SDLA0C7KKCYWP8CD7XVQTHPR.pcm
SwiftExplicitDependencyGeneratePcm arm64 /Users/admin/builder/spi-builder-workspace/.derivedData/SDKExplicitPrecompiledModules/_AvailabilityInternal-F1LNUT9MK1HRUMT1GHZHQ1RLU.pcm
SwiftExplicitDependencyGeneratePcm arm64_32 /Users/admin/builder/spi-builder-workspace/.derivedData/SDKExplicitPrecompiledModules/ptrauth-88RK1G9DAGJXQFP1AN1WL17RR.pcm
SwiftExplicitDependencyGeneratePcm arm64_32 /Users/admin/builder/spi-builder-workspace/.derivedData/SDKExplicitPrecompiledModules/_Builtin_float-BJZXUCJSIX9PRVEKM14BGMJVY.pcm
SwiftExplicitDependencyGeneratePcm arm64_32 /Users/admin/builder/spi-builder-workspace/.derivedData/SDKExplicitPrecompiledModules/_DarwinFoundation1-88RVECTIWIA3ZONBBWQIW1DJZ.pcm
SwiftExplicitDependencyGeneratePcm arm64 /Users/admin/builder/spi-builder-workspace/.derivedData/SDKExplicitPrecompiledModules/_DarwinFoundation1-C5AXMEYDFVMWI0AXBXZS13K0J.pcm
SwiftExplicitDependencyGeneratePcm arm64_32 /Users/admin/builder/spi-builder-workspace/.derivedData/SDKExplicitPrecompiledModules/_DarwinFoundation2-44ZJFO85HR0BJ749M999B8LPA.pcm
SwiftExplicitDependencyGeneratePcm arm64_32 /Users/admin/builder/spi-builder-workspace/.derivedData/SDKExplicitPrecompiledModules/_Builtin_limits-C136SD3CEQ3KB0CFUK32YJB19.pcm
SwiftExplicitDependencyGeneratePcm arm64 /Users/admin/builder/spi-builder-workspace/.derivedData/SDKExplicitPrecompiledModules/_Builtin_limits-D5KOXTTAIGWXE3DL0Q1NI089X.pcm
SwiftExplicitDependencyGeneratePcm arm64 /Users/admin/builder/spi-builder-workspace/.derivedData/SDKExplicitPrecompiledModules/_DarwinFoundation2-NYVMEQYGHBE0ZIL3ZJZSOEY1.pcm
SwiftExplicitDependencyGeneratePcm arm64_32 /Users/admin/builder/spi-builder-workspace/.derivedData/SDKExplicitPrecompiledModules/_Builtin_tgmath-9EIX6C0B946AJ5BO3J3W0E8YL.pcm
SwiftExplicitDependencyGeneratePcm arm64_32 /Users/admin/builder/spi-builder-workspace/.derivedData/SDKExplicitPrecompiledModules/string_h-5JIQF7F6QR5PADS6CIIQIXRFW.pcm
SwiftExplicitDependencyGeneratePcm arm64_32 /Users/admin/builder/spi-builder-workspace/.derivedData/SDKExplicitPrecompiledModules/_Builtin_stdint-2Z10U0EB6591SMUSD1HCK6PI.pcm
SwiftExplicitDependencyGeneratePcm arm64_32 /Users/admin/builder/spi-builder-workspace/.derivedData/SDKExplicitPrecompiledModules/sys_types-C3M5EX2O95KRM34PBYN44HPBI.pcm
SwiftExplicitDependencyGeneratePcm arm64 /Users/admin/builder/spi-builder-workspace/.derivedData/SDKExplicitPrecompiledModules/_Builtin_stdint-74NMYF5YUKK9X44SQHE76VBIQ.pcm
SwiftExplicitDependencyGeneratePcm arm64 /Users/admin/builder/spi-builder-workspace/.derivedData/SDKExplicitPrecompiledModules/sys_types-ASTFSZ1DRYRY331XT4Z9KV73D.pcm
SwiftExplicitDependencyGeneratePcm arm64 /Users/admin/builder/spi-builder-workspace/.derivedData/SDKExplicitPrecompiledModules/string_h-4CSQOUX7AGTYYYGKC8M276OI9.pcm
SwiftExplicitDependencyGeneratePcm arm64 /Users/admin/builder/spi-builder-workspace/.derivedData/SDKExplicitPrecompiledModules/_Builtin_tgmath-1OJ1CVZRD1MGSKTENEG2SEKB2.pcm
SwiftExplicitDependencyGeneratePcm arm64_32 /Users/admin/builder/spi-builder-workspace/.derivedData/SDKExplicitPrecompiledModules/_DarwinFoundation3-F4AQTMWJJP4FVAZ08SHRNZXAM.pcm
SwiftExplicitDependencyGeneratePcm arm64_32 /Users/admin/builder/spi-builder-workspace/.derivedData/SDKExplicitPrecompiledModules/_Builtin_intrinsics-959O5MVSMXRGS5ARHGPSM2J7C.pcm
SwiftExplicitDependencyGeneratePcm arm64_32 /Users/admin/builder/spi-builder-workspace/.derivedData/SDKExplicitPrecompiledModules/_Builtin_stdatomic-70890TXYRZ5DZ1JPU2XCV4YSX.pcm
SwiftExplicitDependencyGeneratePcm arm64 /Users/admin/builder/spi-builder-workspace/.derivedData/SDKExplicitPrecompiledModules/_Builtin_stdatomic-DFKZ8ZOUW5YM8P1GLT1U424GY.pcm
SwiftExplicitDependencyGeneratePcm arm64 /Users/admin/builder/spi-builder-workspace/.derivedData/SDKExplicitPrecompiledModules/_Builtin_intrinsics-AQBT3I3HZ6WQLHM0XJXAYR4R2.pcm
SwiftExplicitDependencyGeneratePcm arm64 /Users/admin/builder/spi-builder-workspace/.derivedData/SDKExplicitPrecompiledModules/_DarwinFoundation3-ANTW1ITQ0J9JQTH8BRFBZWI1Q.pcm
SwiftExplicitDependencyGeneratePcm arm64_32 /Users/admin/builder/spi-builder-workspace/.derivedData/SDKExplicitPrecompiledModules/_Builtin_inttypes-BMQHYJQS69SCBJY3RFS64DBTV.pcm
SwiftExplicitDependencyGeneratePcm arm64 /Users/admin/builder/spi-builder-workspace/.derivedData/SDKExplicitPrecompiledModules/_Builtin_inttypes-6I92U55H5N26FLV9VYV8R3I6O.pcm
SwiftExplicitDependencyGeneratePcm arm64_32 /Users/admin/builder/spi-builder-workspace/.derivedData/SDKExplicitPrecompiledModules/Darwin-7UEVD02CQP1PVIKBVFQ49O3SD.pcm
SwiftExplicitDependencyGeneratePcm arm64 /Users/admin/builder/spi-builder-workspace/.derivedData/SDKExplicitPrecompiledModules/Darwin-98ESD9QN5COC9NNCABFONVFP8.pcm
SwiftExplicitDependencyGeneratePcm arm64_32 /Users/admin/builder/spi-builder-workspace/.derivedData/SDKExplicitPrecompiledModules/simd-AF64M5Z1H71R1EGNAU05UY87.pcm
SwiftExplicitDependencyGeneratePcm arm64 /Users/admin/builder/spi-builder-workspace/.derivedData/SDKExplicitPrecompiledModules/simd-528GTDMDKZMZXSDX30KY5IDV3.pcm
SwiftExplicitDependencyGeneratePcm arm64_32 /Users/admin/builder/spi-builder-workspace/.derivedData/SDKExplicitPrecompiledModules/MachO-ACR45N7ZFEL35O7PB2TVKQT6F.pcm
SwiftExplicitDependencyGeneratePcm arm64_32 /Users/admin/builder/spi-builder-workspace/.derivedData/SDKExplicitPrecompiledModules/ObjectiveC-AJI1K6ZMESMAXDSQ8OKHJ72H7.pcm
SwiftExplicitDependencyGeneratePcm arm64 /Users/admin/builder/spi-builder-workspace/.derivedData/SDKExplicitPrecompiledModules/ObjectiveC-DV0JE3OUNWO3O3UE1N347RY55.pcm
SwiftExplicitDependencyGeneratePcm arm64 /Users/admin/builder/spi-builder-workspace/.derivedData/SDKExplicitPrecompiledModules/MachO-15FQ9M0VC0V1FL7TPT2R7Q0R4.pcm
SwiftExplicitDependencyGeneratePcm arm64_32 /Users/admin/builder/spi-builder-workspace/.derivedData/SDKExplicitPrecompiledModules/os_object-5TY9JM8WCIDWZD1H148JEBV2F.pcm
SwiftExplicitDependencyGeneratePcm arm64 /Users/admin/builder/spi-builder-workspace/.derivedData/SDKExplicitPrecompiledModules/os_object-1JFESJBLQUD4RS3VL4N1KYEDU.pcm
SwiftExplicitDependencyGeneratePcm arm64_32 /Users/admin/builder/spi-builder-workspace/.derivedData/SDKExplicitPrecompiledModules/os_workgroup-LKX7LZYC1IUZO27QQLWUANJE.pcm
SwiftExplicitDependencyGeneratePcm arm64 /Users/admin/builder/spi-builder-workspace/.derivedData/SDKExplicitPrecompiledModules/os_workgroup-65XNBX18CBCXC0KTSN0M6UNVT.pcm
SwiftExplicitDependencyGeneratePcm arm64_32 /Users/admin/builder/spi-builder-workspace/.derivedData/SDKExplicitPrecompiledModules/Spatial-8KUW3XOM48SC4KMH7TC7PGQBL.pcm
SwiftExplicitDependencyGeneratePcm arm64 /Users/admin/builder/spi-builder-workspace/.derivedData/SDKExplicitPrecompiledModules/Dispatch-6D65D6EIW4AHX08JGF4J74MV9.pcm
SwiftExplicitDependencyGeneratePcm arm64_32 /Users/admin/builder/spi-builder-workspace/.derivedData/SDKExplicitPrecompiledModules/Dispatch-7K60THHWK3C851QMSWUUEEC2Q.pcm
SwiftExplicitDependencyGeneratePcm arm64 /Users/admin/builder/spi-builder-workspace/.derivedData/SDKExplicitPrecompiledModules/Spatial-9MID3YIH729B1WBR3BU8WEG1D.pcm
SwiftExplicitDependencyGeneratePcm arm64_32 /Users/admin/builder/spi-builder-workspace/.derivedData/SDKExplicitPrecompiledModules/XPC-CZIZYD8A7DCOUWGZRQ4DKZKSL.pcm
SwiftExplicitDependencyGeneratePcm arm64_32 /Users/admin/builder/spi-builder-workspace/.derivedData/SDKExplicitPrecompiledModules/CoreFoundation-89G5WX03B78NXYKER48PGSMVI.pcm
SwiftExplicitDependencyGeneratePcm arm64 /Users/admin/builder/spi-builder-workspace/.derivedData/SDKExplicitPrecompiledModules/CoreFoundation-8MLEPC68IRDBIK6YTJL7DNZH.pcm
SwiftExplicitDependencyGeneratePcm arm64 /Users/admin/builder/spi-builder-workspace/.derivedData/SDKExplicitPrecompiledModules/XPC-46U120GB61ZMOBIJJ669AYIXF.pcm
SwiftExplicitDependencyGeneratePcm arm64_32 /Users/admin/builder/spi-builder-workspace/.derivedData/SDKExplicitPrecompiledModules/os-3K8UZAZIRDUH91EOFIWCRRSEM.pcm
SwiftExplicitDependencyGeneratePcm arm64 /Users/admin/builder/spi-builder-workspace/.derivedData/SDKExplicitPrecompiledModules/os-2GDYECRIKV7Q8I9SYTO8ZHGYP.pcm
SwiftExplicitDependencyGeneratePcm arm64_32 /Users/admin/builder/spi-builder-workspace/.derivedData/SDKExplicitPrecompiledModules/Security-C9W0029I4749M0FMG9UVPZUKU.pcm
SwiftExplicitDependencyGeneratePcm arm64_32 /Users/admin/builder/spi-builder-workspace/.derivedData/SDKExplicitPrecompiledModules/CoreGraphics-46XFDT15OA1UMAVA4P068AUXB.pcm
SwiftExplicitDependencyGeneratePcm arm64_32 /Users/admin/builder/spi-builder-workspace/.derivedData/SDKExplicitPrecompiledModules/CoreAudioTypes-EH46BW0N9TQAFAM658KAXI2HK.pcm
SwiftExplicitDependencyGeneratePcm arm64 /Users/admin/builder/spi-builder-workspace/.derivedData/SDKExplicitPrecompiledModules/CoreGraphics-5PBZKZGKBP8I3OSEUDR963CHA.pcm
SwiftExplicitDependencyGeneratePcm arm64 /Users/admin/builder/spi-builder-workspace/.derivedData/SDKExplicitPrecompiledModules/Security-B8EWSEMP4Z3IE155A3ILBKM2V.pcm
SwiftExplicitDependencyGeneratePcm arm64 /Users/admin/builder/spi-builder-workspace/.derivedData/SDKExplicitPrecompiledModules/CoreAudioTypes-6S9P9W0OZSKT9SWE5WTT2ZKG7.pcm
SwiftExplicitDependencyGeneratePcm arm64_32 /Users/admin/builder/spi-builder-workspace/.derivedData/SDKExplicitPrecompiledModules/CoreAudio-1D85LQBU32G9DAVFVJDRIIKVU.pcm
SwiftExplicitDependencyGeneratePcm arm64 /Users/admin/builder/spi-builder-workspace/.derivedData/SDKExplicitPrecompiledModules/CoreAudio-AG4UGUIQ2S3L92SD9AJ5MTPM6.pcm
SwiftExplicitDependencyGeneratePcm arm64_32 /Users/admin/builder/spi-builder-workspace/.derivedData/SDKExplicitPrecompiledModules/Foundation-63KC4JQT5I8XAZ72WSG0A8C35.pcm
SwiftExplicitDependencyGeneratePcm arm64 /Users/admin/builder/spi-builder-workspace/.derivedData/SDKExplicitPrecompiledModules/Foundation-93OAIR4R5IDN1SU1A5KNY63PA.pcm
SwiftExplicitDependencyGeneratePcm arm64_32 /Users/admin/builder/spi-builder-workspace/.derivedData/SDKExplicitPrecompiledModules/CoreText-9SR0QSHMJLFSEX1SQHTJKGSL5.pcm
SwiftExplicitDependencyGeneratePcm arm64_32 /Users/admin/builder/spi-builder-workspace/.derivedData/SDKExplicitPrecompiledModules/CoreVideo-982R0MIIT4QZ7CNNYJRWDCVJZ.pcm
SwiftExplicitDependencyGeneratePcm arm64 /Users/admin/builder/spi-builder-workspace/.derivedData/SDKExplicitPrecompiledModules/CoreVideo-44ANF38Y9COF9WNQ4Z4TVH3HT.pcm
SwiftExplicitDependencyGeneratePcm arm64 /Users/admin/builder/spi-builder-workspace/.derivedData/SDKExplicitPrecompiledModules/CoreText-C2OMK34E5UWXOOMMXM462Q23U.pcm
SwiftExplicitDependencyGeneratePcm arm64_32 /Users/admin/builder/spi-builder-workspace/.derivedData/SDKExplicitPrecompiledModules/CoreMedia-DIRRX6DLEO5M2R4N3ZWIHNQD4.pcm
SwiftExplicitDependencyGeneratePcm arm64 /Users/admin/builder/spi-builder-workspace/.derivedData/SDKExplicitPrecompiledModules/CoreMedia-67TS8991WTJ4DNEII1DNQ0M3U.pcm
SwiftExplicitDependencyGeneratePcm arm64 /Users/admin/builder/spi-builder-workspace/.derivedData/SDKExplicitPrecompiledModules/UniformTypeIdentifiers-3ROI8ZFKQNP9FEJCLTAB3G3S6.pcm
SwiftExplicitDependencyGeneratePcm arm64 /Users/admin/builder/spi-builder-workspace/.derivedData/SDKExplicitPrecompiledModules/CoreData-3CN8KB1YOLM0QLFHRWY1TM0I4.pcm
SwiftExplicitDependencyGeneratePcm arm64 /Users/admin/builder/spi-builder-workspace/.derivedData/SDKExplicitPrecompiledModules/UIUtilities-7ZIMMCI52YM1PP54E6HPMAX8Z.pcm
SwiftExplicitDependencyGeneratePcm arm64 /Users/admin/builder/spi-builder-workspace/.derivedData/SDKExplicitPrecompiledModules/QuartzCore-3NILGGAZ5TSVKY4F7DWF68I34.pcm
SwiftExplicitDependencyGeneratePcm arm64 /Users/admin/builder/spi-builder-workspace/.derivedData/SDKExplicitPrecompiledModules/OSLog-BTXJQEK6BKB6NQOIYRYP0MQYB.pcm
SwiftExplicitDependencyGeneratePcm arm64 /Users/admin/builder/spi-builder-workspace/.derivedData/SDKExplicitPrecompiledModules/UserNotifications-2AO17R2GNRDA2OMZ5W8PY02MP.pcm
SwiftExplicitDependencyGeneratePcm arm64 /Users/admin/builder/spi-builder-workspace/.derivedData/SDKExplicitPrecompiledModules/SceneKit-3DCWNSWKMHXAPF5B6UTK4HEM0.pcm
SwiftExplicitDependencyGeneratePcm arm64 /Users/admin/builder/spi-builder-workspace/.derivedData/SDKExplicitPrecompiledModules/_LocationEssentials-AC3H2STDUT9P96FJO6DV48PNP.pcm
SwiftExplicitDependencyGeneratePcm arm64 /Users/admin/builder/spi-builder-workspace/.derivedData/SDKExplicitPrecompiledModules/CoreTransferable-CUPPADLUY13ZK3BQZ1IYC67D4.pcm
SwiftExplicitDependencyGeneratePcm arm64 /Users/admin/builder/spi-builder-workspace/.derivedData/SDKExplicitPrecompiledModules/Accessibility-3TNHG64JB39D1D5QZ377QJNC6.pcm
SwiftExplicitDependencyGeneratePcm arm64_32 /Users/admin/builder/spi-builder-workspace/.derivedData/SDKExplicitPrecompiledModules/OSLog-9Y6C28FUSEHZ0VUUKF2HBOUOC.pcm
SwiftExplicitDependencyGeneratePcm arm64_32 /Users/admin/builder/spi-builder-workspace/.derivedData/SDKExplicitPrecompiledModules/Symbols-2ENRG72YSQC7AWU0CD2G85VCR.pcm
SwiftExplicitDependencyGeneratePcm arm64_32 /Users/admin/builder/spi-builder-workspace/.derivedData/SDKExplicitPrecompiledModules/CoreTransferable-1U3A73F7D5AKXVOWIDJ9BE6E5.pcm
SwiftExplicitDependencyGeneratePcm arm64 /Users/admin/builder/spi-builder-workspace/.derivedData/SDKExplicitPrecompiledModules/CoreLocation-CT7IO6D7J2ZQGMTWKD2YA5BLV.pcm
SwiftExplicitDependencyGeneratePcm arm64_32 /Users/admin/builder/spi-builder-workspace/.derivedData/SDKExplicitPrecompiledModules/DataDetection-2T8L1HB9S7KDCI3ZEAASNGW3.pcm
SwiftExplicitDependencyGeneratePcm arm64_32 /Users/admin/builder/spi-builder-workspace/.derivedData/SDKExplicitPrecompiledModules/CoreData-6Y9HVIU7TWJCVTQD1ZWWIXODI.pcm
SwiftExplicitDependencyGeneratePcm arm64 /Users/admin/builder/spi-builder-workspace/.derivedData/SDKExplicitPrecompiledModules/Symbols-9X6U62JAYVGTYK6610D3S514E.pcm
SwiftExplicitDependencyGeneratePcm arm64_32 /Users/admin/builder/spi-builder-workspace/.derivedData/SDKExplicitPrecompiledModules/QuartzCore-B38JYPKZ9JJSZZH09PD93UYGH.pcm
SwiftExplicitDependencyGeneratePcm arm64 /Users/admin/builder/spi-builder-workspace/.derivedData/SDKExplicitPrecompiledModules/SwiftUICore-NS6C80YTAE6CMPAZ003V82QV.pcm
SwiftExplicitDependencyGeneratePcm arm64_32 /Users/admin/builder/spi-builder-workspace/.derivedData/SDKExplicitPrecompiledModules/UserNotifications-1PEWVA01YZLKTDUKQR5CHG2WA.pcm
SwiftExplicitDependencyGeneratePcm arm64_32 /Users/admin/builder/spi-builder-workspace/.derivedData/SDKExplicitPrecompiledModules/SceneKit-8B7HHHTQ2WX4UCJPGYJNHAZXO.pcm
SwiftExplicitDependencyGeneratePcm arm64_32 /Users/admin/builder/spi-builder-workspace/.derivedData/SDKExplicitPrecompiledModules/UIUtilities-CGRQYRG51XDGM33ZVEWF0FZ35.pcm
SwiftExplicitDependencyGeneratePcm arm64_32 /Users/admin/builder/spi-builder-workspace/.derivedData/SDKExplicitPrecompiledModules/_LocationEssentials-BCQ50OBW7GBDX1MPTAFKD09AZ.pcm
SwiftExplicitDependencyGeneratePcm arm64_32 /Users/admin/builder/spi-builder-workspace/.derivedData/SDKExplicitPrecompiledModules/Accessibility-DIBKN45VPPKZ23QP6RIRRS0J.pcm
SwiftExplicitDependencyGeneratePcm arm64_32 /Users/admin/builder/spi-builder-workspace/.derivedData/SDKExplicitPrecompiledModules/UniformTypeIdentifiers-7HPV1K0BFGWF49HRB05L12Y0G.pcm
SwiftExplicitDependencyGeneratePcm arm64 /Users/admin/builder/spi-builder-workspace/.derivedData/SDKExplicitPrecompiledModules/DataDetection-BU5I7ELEWG639KG0N6MNLXFNO.pcm
SwiftExplicitDependencyGeneratePcm arm64 /Users/admin/builder/spi-builder-workspace/.derivedData/SDKExplicitPrecompiledModules/CoreMotion-2LM13SKZR55U3ZSU2B92ETH7E.pcm
SwiftExplicitDependencyGeneratePcm arm64_32 /Users/admin/builder/spi-builder-workspace/.derivedData/SDKExplicitPrecompiledModules/CoreLocation-9AQCUG84MXK7QRA19UHUZ7COW.pcm
SwiftExplicitDependencyGeneratePcm arm64_32 /Users/admin/builder/spi-builder-workspace/.derivedData/SDKExplicitPrecompiledModules/SwiftUICore-UYWG2UM50SUK6GUT85OJGGGU.pcm
SwiftExplicitDependencyGeneratePcm arm64 /Users/admin/builder/spi-builder-workspace/.derivedData/SDKExplicitPrecompiledModules/UIKit-3NXNXJMGTIGLSPCUMJYECGUT2.pcm
SwiftExplicitDependencyGeneratePcm arm64_32 /Users/admin/builder/spi-builder-workspace/.derivedData/SDKExplicitPrecompiledModules/CoreMotion-3JCK5DO7QLO4DSQD87NSMN3FO.pcm
SwiftExplicitDependencyGeneratePcm arm64_32 /Users/admin/builder/spi-builder-workspace/.derivedData/SDKExplicitPrecompiledModules/UIKit-4XONMD0BX0LMIR90AS1OF9IWL.pcm
SwiftExplicitDependencyGeneratePcm arm64 /Users/admin/builder/spi-builder-workspace/.derivedData/SDKExplicitPrecompiledModules/HomeKit-828DN93JSOQ52ZA4QA4J38CD.pcm
SwiftExplicitDependencyGeneratePcm arm64 /Users/admin/builder/spi-builder-workspace/.derivedData/SDKExplicitPrecompiledModules/MapKit-CY0HYXY78Y7MKX7HHJKLHZHSE.pcm
SwiftExplicitDependencyGeneratePcm arm64_32 /Users/admin/builder/spi-builder-workspace/.derivedData/SDKExplicitPrecompiledModules/MapKit-4QHO9971BNK7Z8ZV3IM0Z8JHM.pcm
SwiftExplicitDependencyGeneratePcm arm64_32 /Users/admin/builder/spi-builder-workspace/.derivedData/SDKExplicitPrecompiledModules/HomeKit-3G28JPRBYVFDNVGP3N1AJIRON.pcm
SwiftExplicitDependencyGeneratePcm arm64 /Users/admin/builder/spi-builder-workspace/.derivedData/SDKExplicitPrecompiledModules/WatchKit-BO78WUD7ZRCBRY95H7ENJBBSS.pcm
SwiftExplicitDependencyGeneratePcm arm64_32 /Users/admin/builder/spi-builder-workspace/.derivedData/SDKExplicitPrecompiledModules/WatchKit-52R8D796YDUMWDJVUEFB445DC.pcm
SwiftExplicitDependencyGeneratePcm arm64 /Users/admin/builder/spi-builder-workspace/.derivedData/SDKExplicitPrecompiledModules/SwiftUI-50RGMSU3855RUN43JPITBT2Y9.pcm
SwiftEmitModule normal arm64 Emitting\ module\ for\ ManagedNavigation (in target 'ManagedNavigation' from project 'ManagedNavigation')
SwiftCompile normal arm64 (in target 'ManagedNavigation' from project 'ManagedNavigation')
cd /Users/admin/builder/spi-builder-workspace/.swiftpm/xcode
/Users/admin/builder/spi-builder-workspace/Sources/ManagedNavigation/ModalPresentation/PresentationNotifier.swift:11:33: error: cannot find type 'UIViewControllerRepresentable' in scope
9 | import UIKit
10 |
11 | extension PresentationNotifier: UIViewControllerRepresentable {
| `- error: cannot find type 'UIViewControllerRepresentable' in scope
12 | func makeUIViewController(context: Context) -> PresentedDetectorVC {
13 | PresentedDetectorVC(onPresented: onPresented, onDismissed: onDismissed)
/Users/admin/builder/spi-builder-workspace/Sources/ManagedNavigation/ModalPresentation/PresentationNotifier.swift:12:38: error: cannot find type 'Context' in scope
10 |
11 | extension PresentationNotifier: UIViewControllerRepresentable {
12 | func makeUIViewController(context: Context) -> PresentedDetectorVC {
| `- error: cannot find type 'Context' in scope
13 | PresentedDetectorVC(onPresented: onPresented, onDismissed: onDismissed)
14 | }
/Users/admin/builder/spi-builder-workspace/Sources/ManagedNavigation/ModalPresentation/PresentationNotifier.swift:16:67: error: cannot find type 'Context' in scope
14 | }
15 |
16 | func updateUIViewController(_ vc: PresentedDetectorVC, context: Context) {
| `- error: cannot find type 'Context' in scope
17 | vc.onPresented = onPresented
18 | vc.onDismissed = onDismissed
/Users/admin/builder/spi-builder-workspace/Sources/ManagedNavigation/ModalPresentation/PresentationNotifier.swift:21:30: error: 'UIViewController' is unavailable in watchOS
19 | }
20 |
21 | class PresentedDetectorVC: UIViewController {
| `- error: 'UIViewController' is unavailable in watchOS
22 | var onPresented: () -> Void
23 | var onDismissed: () -> Void
/Applications/Xcode-27.0.0.app/Contents/Developer/Platforms/WatchOS.platform/Developer/SDKs/WatchOS27.0.sdk/System/Library/Frameworks/UIKit.framework/Headers/UIViewController.h:104:12: note: 'UIViewController' has been explicitly marked unavailable here
102 |
103 | UIKIT_EXTERN API_AVAILABLE(ios(2.0)) API_UNAVAILABLE(watchos) NS_SWIFT_UI_ACTOR
104 | @interface UIViewController : UIResponder <NSCoding, UIAppearanceContainer, UITraitEnvironment, UIContentContainer, UIFocusEnvironment>
| `- note: 'UIViewController' has been explicitly marked unavailable here
105 |
106 | /*
Failed frontend command:
/Applications/Xcode-27.0.0.app/Contents/Developer/Toolchains/XcodeDefault.xctoolchain/usr/bin/swift-frontend -frontend -emit-module -experimental-skip-non-inlinable-function-bodies-without-types /Users/admin/builder/spi-builder-workspace/Sources/ManagedNavigation/ModalPresentation/ManagedPresentation.swift /Users/admin/builder/spi-builder-workspace/Sources/ManagedNavigation/ModalPresentation/PresentationDestinationModifier.swift /Users/admin/builder/spi-builder-workspace/Sources/ManagedNavigation/ModalPresentation/PresentationNotifier.swift /Users/admin/builder/spi-builder-workspace/Sources/ManagedNavigation/NavigationDestination.swift /Users/admin/builder/spi-builder-workspace/Sources/ManagedNavigation/NavigationManager.swift /Users/admin/builder/spi-builder-workspace/Sources/ManagedNavigation/NavigationProxy.swift /Users/admin/builder/spi-builder-workspace/Sources/ManagedNavigation/NavigationStack/ManagedNavigationStack.swift -target arm64-apple-watchos10.0 -module-can-import-version UIKit 9127.0.84.1 9127.0.84 -disable-cross-import-overlay-search -load-resolved-plugin /Applications/Xcode-27.0.0.app/Contents/Developer/Platforms/WatchOS.platform/Developer/usr/lib/swift/host/plugins/libFoundationMacros.dylib\#/Applications/Xcode-27.0.0.app/Contents/Developer/Platforms/WatchOS.platform/Developer/usr/bin/swift-plugin-server\#FoundationMacros -load-resolved-plugin /Applications/Xcode-27.0.0.app/Contents/Developer/Platforms/WatchOS.platform/Developer/usr/lib/swift/host/plugins/libObservationMacros.dylib\#/Applications/Xcode-27.0.0.app/Contents/Developer/Platforms/WatchOS.platform/Developer/usr/bin/swift-plugin-server\#ObservationMacros -load-resolved-plugin /Applications/Xcode-27.0.0.app/Contents/Developer/Platforms/WatchOS.platform/Developer/usr/lib/swift/host/plugins/libPreviewsMacros.dylib\#/Applications/Xcode-27.0.0.app/Contents/Developer/Platforms/WatchOS.platform/Developer/usr/bin/swift-plugin-server\#PreviewsMacros -load-resolved-plugin /Applications/Xcode-27.0.0.app/Contents/Developer/Platforms/WatchOS.platform/Developer/usr/lib/swift/host/plugins/libSwiftMacros.dylib\#/Applications/Xcode-27.0.0.app/Contents/Developer/Platforms/WatchOS.platform/Developer/usr/bin/swift-plugin-server\#SwiftMacros -load-resolved-plugin /Applications/Xcode-27.0.0.app/Contents/Developer/Platforms/WatchOS.platform/Developer/usr/lib/swift/host/plugins/libSwiftUIMacros.dylib\#/Applications/Xcode-27.0.0.app/Contents/Developer/Platforms/WatchOS.platform/Developer/usr/bin/swift-plugin-server\#SwiftUIMacros -disable-implicit-swift-modules -Xcc -fno-implicit-modules -Xcc -fno-implicit-module-maps -explicit-swift-module-map-file /Users/admin/builder/spi-builder-workspace/.derivedData/Build/Intermediates.noindex/ManagedNavigation.build/Debug-watchos/ManagedNavigation-t.build/Objects-normal/arm64/ManagedNavigation-dependencies-1.json -Xllvm -aarch64-use-tbi -enable-objc-interop -stack-check -sdk /Applications/Xcode-27.0.0.app/Contents/Developer/Platforms/WatchOS.platform/Developer/SDKs/WatchOS27.0.sdk -I /Users/admin/builder/spi-builder-workspace/.derivedData/Build/Products/Debug-watchos -Isystem /Applications/Xcode-27.0.0.app/Contents/Developer/Platforms/WatchOS.platform/Developer/usr/lib -F /Users/admin/builder/spi-builder-workspace/.derivedData/Build/Products/Debug-watchos -F /Applications/Xcode-27.0.0.app/Contents/Developer/Platforms/WatchOS.platform/Developer/Library/Frameworks -F /Applications/Xcode-27.0.0.app/Contents/Developer/Platforms/WatchOS.platform/Developer/SDKs/WatchOS27.0.sdk/Developer/Library/Frameworks -module-cache-path /Users/admin/builder/spi-builder-workspace/.derivedData/Build/Intermediates.noindex/SwiftExplicitPrecompiledModules -no-color-diagnostics -Xcc -fno-color-diagnostics -enable-testing -g -debug-info-format\=dwarf -dwarf-version\=4 -profile-generate -profile-coverage-mapping -swift-version 6 -Onone -D SWIFT_PACKAGE -D DEBUG -D SWIFT_MODULE_RESOURCE_BUNDLE_UNAVAILABLE -D Xcode -serialize-debugging-options -enable-experimental-feature DebugDescriptionMacro -empty-abi-descriptor -validate-clang-modules-once -clang-build-session-file /Users/admin/builder/spi-builder-workspace/.derivedData/ModuleCache.noindex/Session.modulevalidation -Xcc -working-directory -Xcc /Users/admin/builder/spi-builder-workspace/.swiftpm/xcode -enable-anonymous-context-mangled-names -file-compilation-dir /Users/admin/builder/spi-builder-workspace/.swiftpm/xcode -Xcc -D_LIBCPP_HARDENING_MODE\=_LIBCPP_HARDENING_MODE_DEBUG -Xcc -ivfsstatcache -Xcc /Users/admin/builder/spi-builder-workspace/.derivedData/SDKStatCaches.noindex/watchos27.0-24R360-e829b21a6f8c9b70876ba0858053c044b9db9bc9c079ee3c7b5f3373b13d10bc.sdkstatcache -Xcc -fmodules-prune-interval\=86400 -Xcc -fmodules-prune-after\=345600 -Xcc -I/Users/admin/builder/spi-builder-workspace/.derivedData/Build/Products/Debug-watchos/include -Xcc -I/Users/admin/builder/spi-builder-workspace/.derivedData/Build/Intermediates.noindex/ManagedNavigation.build/Debug-watchos/ManagedNavigation-t.build/DerivedSources-normal/arm64 -Xcc -I/Users/admin/builder/spi-builder-workspace/.derivedData/Build/Intermediates.noindex/ManagedNavigation.build/Debug-watchos/ManagedNavigation-t.build/DerivedSources/arm64 -Xcc -I/Users/admin/builder/spi-builder-workspace/.derivedData/Build/Intermediates.noindex/ManagedNavigation.build/Debug-watchos/ManagedNavigation-t.build/DerivedSources -Xcc -DSWIFT_PACKAGE -Xcc -DDEBUG\=1 -no-auto-bridging-header-chaining -module-name ManagedNavigation -package-name spi_builder_workspace -const-gather-protocols-file /Users/admin/builder/spi-builder-workspace/.derivedData/Build/Intermediates.noindex/ManagedNavigation.build/Debug-watchos/ManagedNavigation-t.build/Objects-normal/arm64/ManagedNavigation_const_extract_protocols.json -disable-clang-spi -clang-target arm64-apple-watchos27.0 -target-sdk-version 27.0 -target-sdk-name watchos27.0 -in-process-plugin-server-path /Applications/Xcode-27.0.0.app/Contents/Developer/Toolchains/XcodeDefault.xctoolchain/usr/lib/swift/host/libSwiftInProcPluginServer.dylib -emit-module-doc-path /Users/admin/builder/spi-builder-workspace/.derivedData/Build/Intermediates.noindex/ManagedNavigation.build/Debug-watchos/ManagedNavigation-t.build/Objects-normal/arm64/ManagedNavigation.swiftdoc -emit-module-source-info-path /Users/admin/builder/spi-builder-workspace/.derivedData/Build/Intermediates.noindex/ManagedNavigation.build/Debug-watchos/ManagedNavigation-t.build/Objects-normal/arm64/ManagedNavigation.swiftsourceinfo -emit-objc-header-path /Users/admin/builder/spi-builder-workspace/.derivedData/Build/Intermediates.noindex/ManagedNavigation.build/Debug-watchos/ManagedNavigation-t.build/Objects-normal/arm64/ManagedNavigation-Swift.h -serialize-diagnostics-path /Users/admin/builder/spi-builder-workspace/.derivedData/Build/Intermediates.noindex/ManagedNavigation.build/Debug-watchos/ManagedNavigation-t.build/Objects-normal/arm64/ManagedNavigation-primary-emit-module.dia -emit-dependencies-path /Users/admin/builder/spi-builder-workspace/.derivedData/Build/Intermediates.noindex/ManagedNavigation.build/Debug-watchos/ManagedNavigation-t.build/Objects-normal/arm64/ManagedNavigation-primary-emit-module.d -parse-as-library -o /Users/admin/builder/spi-builder-workspace/.derivedData/Build/Intermediates.noindex/ManagedNavigation.build/Debug-watchos/ManagedNavigation-t.build/Objects-normal/arm64/ManagedNavigation.swiftmodule -emit-abi-descriptor-path /Users/admin/builder/spi-builder-workspace/.derivedData/Build/Intermediates.noindex/ManagedNavigation.build/Debug-watchos/ManagedNavigation-t.build/Objects-normal/arm64/ManagedNavigation.abi.json
SwiftCompile normal arm64 Compiling\ PresentationDestinationModifier.swift /Users/admin/builder/spi-builder-workspace/Sources/ManagedNavigation/ModalPresentation/PresentationDestinationModifier.swift (in target 'ManagedNavigation' from project 'ManagedNavigation')
SwiftCompile normal arm64 /Users/admin/builder/spi-builder-workspace/Sources/ManagedNavigation/ModalPresentation/PresentationDestinationModifier.swift (in target 'ManagedNavigation' from project 'ManagedNavigation')
cd /Users/admin/builder/spi-builder-workspace/.swiftpm/xcode
builtin-SwiftPerFileCompile PresentationDestinationModifier.swift
SwiftCompile normal arm64 Compiling\ ManagedNavigationStack.swift /Users/admin/builder/spi-builder-workspace/Sources/ManagedNavigation/NavigationStack/ManagedNavigationStack.swift (in target 'ManagedNavigation' from project 'ManagedNavigation')
SwiftCompile normal arm64 /Users/admin/builder/spi-builder-workspace/Sources/ManagedNavigation/NavigationStack/ManagedNavigationStack.swift (in target 'ManagedNavigation' from project 'ManagedNavigation')
cd /Users/admin/builder/spi-builder-workspace/.swiftpm/xcode
builtin-SwiftPerFileCompile ManagedNavigationStack.swift
SwiftCompile normal arm64 Compiling\ ManagedPresentation.swift /Users/admin/builder/spi-builder-workspace/Sources/ManagedNavigation/ModalPresentation/ManagedPresentation.swift (in target 'ManagedNavigation' from project 'ManagedNavigation')
SwiftCompile normal arm64 /Users/admin/builder/spi-builder-workspace/Sources/ManagedNavigation/ModalPresentation/ManagedPresentation.swift (in target 'ManagedNavigation' from project 'ManagedNavigation')
cd /Users/admin/builder/spi-builder-workspace/.swiftpm/xcode
builtin-SwiftPerFileCompile ManagedPresentation.swift
SwiftCompile normal arm64 Compiling\ PresentationNotifier.swift /Users/admin/builder/spi-builder-workspace/Sources/ManagedNavigation/ModalPresentation/PresentationNotifier.swift (in target 'ManagedNavigation' from project 'ManagedNavigation')
/Users/admin/builder/spi-builder-workspace/Sources/ManagedNavigation/ModalPresentation/PresentationNotifier.swift:11:33: error: cannot find type 'UIViewControllerRepresentable' in scope
9 | import UIKit
10 |
11 | extension PresentationNotifier: UIViewControllerRepresentable {
| `- error: cannot find type 'UIViewControllerRepresentable' in scope
12 | func makeUIViewController(context: Context) -> PresentedDetectorVC {
13 | PresentedDetectorVC(onPresented: onPresented, onDismissed: onDismissed)
/Users/admin/builder/spi-builder-workspace/Sources/ManagedNavigation/ModalPresentation/PresentationNotifier.swift:12:38: error: cannot find type 'Context' in scope
10 |
11 | extension PresentationNotifier: UIViewControllerRepresentable {
12 | func makeUIViewController(context: Context) -> PresentedDetectorVC {
| `- error: cannot find type 'Context' in scope
13 | PresentedDetectorVC(onPresented: onPresented, onDismissed: onDismissed)
14 | }
/Users/admin/builder/spi-builder-workspace/Sources/ManagedNavigation/ModalPresentation/PresentationNotifier.swift:16:67: error: cannot find type 'Context' in scope
14 | }
15 |
16 | func updateUIViewController(_ vc: PresentedDetectorVC, context: Context) {
| `- error: cannot find type 'Context' in scope
17 | vc.onPresented = onPresented
18 | vc.onDismissed = onDismissed
/Users/admin/builder/spi-builder-workspace/Sources/ManagedNavigation/ModalPresentation/PresentationNotifier.swift:21:30: error: 'UIViewController' is unavailable in watchOS
19 | }
20 |
21 | class PresentedDetectorVC: UIViewController {
| `- error: 'UIViewController' is unavailable in watchOS
22 | var onPresented: () -> Void
23 | var onDismissed: () -> Void
/Applications/Xcode-27.0.0.app/Contents/Developer/Platforms/WatchOS.platform/Developer/SDKs/WatchOS27.0.sdk/System/Library/Frameworks/UIKit.framework/Headers/UIViewController.h:104:12: note: 'UIViewController' has been explicitly marked unavailable here
102 |
103 | UIKIT_EXTERN API_AVAILABLE(ios(2.0)) API_UNAVAILABLE(watchos) NS_SWIFT_UI_ACTOR
104 | @interface UIViewController : UIResponder <NSCoding, UIAppearanceContainer, UITraitEnvironment, UIContentContainer, UIFocusEnvironment>
| `- note: 'UIViewController' has been explicitly marked unavailable here
105 |
106 | /*
/Users/admin/builder/spi-builder-workspace/Sources/ManagedNavigation/ModalPresentation/PresentationNotifier.swift:13:5: warning: call to main actor-isolated initializer 'init(onPresented:onDismissed:)' in a synchronous nonisolated context [#ActorIsolatedCall]
10 |
11 | extension PresentationNotifier: UIViewControllerRepresentable {
12 | func makeUIViewController(context: Context) -> PresentedDetectorVC {
| `- note: add '@MainActor' to make instance method 'makeUIViewController(context:)' part of global actor 'MainActor'
13 | PresentedDetectorVC(onPresented: onPresented, onDismissed: onDismissed)
| `- warning: call to main actor-isolated initializer 'init(onPresented:onDismissed:)' in a synchronous nonisolated context [#ActorIsolatedCall]
14 | }
15 |
:
25 | var isPresented = false
26 |
27 | init(onPresented: @escaping () -> Void, onDismissed: @escaping () -> Void) {
| |- note: calls to initializer 'init(onPresented:onDismissed:)' from outside of its actor context are implicitly asynchronous
| `- note: main actor isolation inferred from inheritance from class 'UIViewController'
28 | self.onPresented = onPresented
29 | self.onDismissed = onDismissed
/Users/admin/builder/spi-builder-workspace/Sources/ManagedNavigation/ModalPresentation/PresentationNotifier.swift:17:8: warning: main actor-isolated property 'onPresented' can not be mutated from a nonisolated context
14 | }
15 |
16 | func updateUIViewController(_ vc: PresentedDetectorVC, context: Context) {
| `- note: add '@MainActor' to make instance method 'updateUIViewController(_:context:)' part of global actor 'MainActor'
17 | vc.onPresented = onPresented
| `- warning: main actor-isolated property 'onPresented' can not be mutated from a nonisolated context
18 | vc.onDismissed = onDismissed
19 | }
20 |
21 | class PresentedDetectorVC: UIViewController {
22 | var onPresented: () -> Void
| `- note: mutation of this property is only permitted within the actor
23 | var onDismissed: () -> Void
24 |
SwiftCompile normal arm64 /Users/admin/builder/spi-builder-workspace/Sources/ManagedNavigation/ModalPresentation/PresentationNotifier.swift (in target 'ManagedNavigation' from project 'ManagedNavigation')
cd /Users/admin/builder/spi-builder-workspace/.swiftpm/xcode
builtin-SwiftPerFileCompile PresentationNotifier.swift
SwiftCompile normal arm64 Compiling\ NavigationDestination.swift /Users/admin/builder/spi-builder-workspace/Sources/ManagedNavigation/NavigationDestination.swift (in target 'ManagedNavigation' from project 'ManagedNavigation')
SwiftCompile normal arm64 /Users/admin/builder/spi-builder-workspace/Sources/ManagedNavigation/NavigationDestination.swift (in target 'ManagedNavigation' from project 'ManagedNavigation')
cd /Users/admin/builder/spi-builder-workspace/.swiftpm/xcode
builtin-SwiftPerFileCompile NavigationDestination.swift
SwiftCompile normal arm64 Compiling\ NavigationManager.swift /Users/admin/builder/spi-builder-workspace/Sources/ManagedNavigation/NavigationManager.swift (in target 'ManagedNavigation' from project 'ManagedNavigation')
SwiftCompile normal arm64 /Users/admin/builder/spi-builder-workspace/Sources/ManagedNavigation/NavigationManager.swift (in target 'ManagedNavigation' from project 'ManagedNavigation')
cd /Users/admin/builder/spi-builder-workspace/.swiftpm/xcode
builtin-SwiftPerFileCompile NavigationManager.swift
SwiftCompile normal arm64 Compiling\ NavigationProxy.swift /Users/admin/builder/spi-builder-workspace/Sources/ManagedNavigation/NavigationProxy.swift (in target 'ManagedNavigation' from project 'ManagedNavigation')
SwiftCompile normal arm64 /Users/admin/builder/spi-builder-workspace/Sources/ManagedNavigation/NavigationProxy.swift (in target 'ManagedNavigation' from project 'ManagedNavigation')
cd /Users/admin/builder/spi-builder-workspace/.swiftpm/xcode
builtin-SwiftPerFileCompile NavigationProxy.swift
SwiftExplicitDependencyGeneratePcm arm64_32 /Users/admin/builder/spi-builder-workspace/.derivedData/SDKExplicitPrecompiledModules/SwiftUI-1RR011ILX8M637U24HKCUKH2G.pcm
SwiftEmitModule normal arm64_32 Emitting\ module\ for\ ManagedNavigation (in target 'ManagedNavigation' from project 'ManagedNavigation')
/Users/admin/builder/spi-builder-workspace/Sources/ManagedNavigation/ModalPresentation/PresentationNotifier.swift:11:33: error: cannot find type 'UIViewControllerRepresentable' in scope
9 | import UIKit
10 |
11 | extension PresentationNotifier: UIViewControllerRepresentable {
| `- error: cannot find type 'UIViewControllerRepresentable' in scope
12 | func makeUIViewController(context: Context) -> PresentedDetectorVC {
13 | PresentedDetectorVC(onPresented: onPresented, onDismissed: onDismissed)
/Users/admin/builder/spi-builder-workspace/Sources/ManagedNavigation/ModalPresentation/PresentationNotifier.swift:12:38: error: cannot find type 'Context' in scope
10 |
11 | extension PresentationNotifier: UIViewControllerRepresentable {
12 | func makeUIViewController(context: Context) -> PresentedDetectorVC {
| `- error: cannot find type 'Context' in scope
13 | PresentedDetectorVC(onPresented: onPresented, onDismissed: onDismissed)
14 | }
/Users/admin/builder/spi-builder-workspace/Sources/ManagedNavigation/ModalPresentation/PresentationNotifier.swift:16:67: error: cannot find type 'Context' in scope
14 | }
15 |
16 | func updateUIViewController(_ vc: PresentedDetectorVC, context: Context) {
| `- error: cannot find type 'Context' in scope
17 | vc.onPresented = onPresented
18 | vc.onDismissed = onDismissed
SwiftCompile normal arm64_32 (in target 'ManagedNavigation' from project 'ManagedNavigation')
cd /Users/admin/builder/spi-builder-workspace/.swiftpm/xcode
SwiftCompile normal arm64_32 Compiling\ ManagedNavigationStack.swift /Users/admin/builder/spi-builder-workspace/Sources/ManagedNavigation/NavigationStack/ManagedNavigationStack.swift (in target 'ManagedNavigation' from project 'ManagedNavigation')
SwiftCompile normal arm64_32 /Users/admin/builder/spi-builder-workspace/Sources/ManagedNavigation/NavigationStack/ManagedNavigationStack.swift (in target 'ManagedNavigation' from project 'ManagedNavigation')
cd /Users/admin/builder/spi-builder-workspace/.swiftpm/xcode
builtin-SwiftPerFileCompile ManagedNavigationStack.swift
SwiftCompile normal arm64_32 Compiling\ PresentationDestinationModifier.swift /Users/admin/builder/spi-builder-workspace/Sources/ManagedNavigation/ModalPresentation/PresentationDestinationModifier.swift (in target 'ManagedNavigation' from project 'ManagedNavigation')
SwiftCompile normal arm64_32 /Users/admin/builder/spi-builder-workspace/Sources/ManagedNavigation/ModalPresentation/PresentationDestinationModifier.swift (in target 'ManagedNavigation' from project 'ManagedNavigation')
cd /Users/admin/builder/spi-builder-workspace/.swiftpm/xcode
builtin-SwiftPerFileCompile PresentationDestinationModifier.swift
PruneExplicitPrecompiledModules /Users/admin/builder/spi-builder-workspace/.derivedData/Build/Intermediates.noindex/ExplicitPrecompiledModules
PruneExplicitPrecompiledModules /Users/admin/builder/spi-builder-workspace/.derivedData/SDKExplicitPrecompiledModules
PruneExplicitPrecompiledModules /Users/admin/builder/spi-builder-workspace/.derivedData/Build/Intermediates.noindex/SwiftExplicitPrecompiledModules
2026-10-12 11:00:08.604 xcodebuild[630:3928] [MT] IDERunDestination: Supported platforms for the buildables in the current scheme is empty.
** BUILD FAILED **
The following build commands failed:
SwiftCompile normal arm64 (in target 'ManagedNavigation' from project 'ManagedNavigation')
SwiftEmitModule normal arm64 Emitting\ module\ for\ ManagedNavigation (in target 'ManagedNavigation' from project 'ManagedNavigation')
Building workspace ManagedNavigation with scheme ManagedNavigation
(3 failures)
Command line invocation:
/Applications/Xcode-27.0.0.app/Contents/Developer/usr/bin/xcodebuild -IDEClonedSourcePackagesDirPathOverride=/Users/admin/builder/spi-builder-workspace/.dependencies -resolvePackageDependencies
Resolve Package Graph
Resolved source packages:
ManagedNavigation: /Users/admin/builder/spi-builder-workspace
resolved source packages: ManagedNavigation
2026-10-12 11:00:15.297 xcodebuild[810:4680] [MT] IDERunDestination: Supported platforms for the buildables in the current scheme is empty.
{
"dependencies" : [
],
"manifest_display_name" : "ManagedNavigation",
"name" : "ManagedNavigation",
"path" : "/Users/admin/builder/spi-builder-workspace",
"platforms" : [
{
"name" : "ios",
"version" : "17.0"
},
{
"name" : "macos",
"version" : "14.0"
},
{
"name" : "maccatalyst",
"version" : "17.0"
},
{
"name" : "tvos",
"version" : "17.0"
},
{
"name" : "visionos",
"version" : "1.0"
}
],
"products" : [
{
"name" : "ManagedNavigation",
"targets" : [
"ManagedNavigation"
],
"type" : {
"library" : [
"automatic"
]
}
}
],
"targets" : [
{
"c99name" : "ManagedNavigationTests",
"module_type" : "SwiftTarget",
"name" : "ManagedNavigationTests",
"path" : "Tests/ManagedNavigationTests",
"sources" : [
"NavigationManagerTests.swift"
],
"target_dependencies" : [
"ManagedNavigation"
],
"type" : "test"
},
{
"c99name" : "ManagedNavigation",
"module_type" : "SwiftTarget",
"name" : "ManagedNavigation",
"path" : "Sources/ManagedNavigation",
"product_memberships" : [
"ManagedNavigation"
],
"sources" : [
"ModalPresentation/ManagedPresentation.swift",
"ModalPresentation/PresentationDestinationModifier.swift",
"ModalPresentation/PresentationNotifier.swift",
"NavigationDestination.swift",
"NavigationManager.swift",
"NavigationProxy.swift",
"NavigationStack/ManagedNavigationStack.swift"
],
"type" : "library"
}
],
"tools_version" : "6.2"
}
{
"workspace" : {
"name" : "ManagedNavigation",
"schemes" : [
"ManagedNavigation"
]
}
}
2026-10-12 11:00:16.510 xcodebuild[818:4746] [MT] IDERunDestination: Supported platforms for the buildables in the current scheme is empty.
Running build ...
env DEVELOPER_DIR=/Applications/Xcode-27.0.0-Release.Candidate.app xcrun xcodebuild -IDEClonedSourcePackagesDirPathOverride=$PWD/.dependencies -skipMacroValidation -skipPackagePluginValidation -derivedDataPath $PWD/.derivedData build -scheme ManagedNavigation -destination generic/platform=watchOS
Command line invocation:
/Applications/Xcode-27.0.0.app/Contents/Developer/usr/bin/xcodebuild -IDEClonedSourcePackagesDirPathOverride=/Users/admin/builder/spi-builder-workspace/.dependencies -skipMacroValidation -skipPackagePluginValidation -derivedDataPath /Users/admin/builder/spi-builder-workspace/.derivedData build -scheme ManagedNavigation -destination generic/platform=watchOS
Resolve Package Graph
Resolved source packages:
ManagedNavigation: /Users/admin/builder/spi-builder-workspace
ComputePackagePrebuildTargetDependencyGraph
Prepare packages
CreateBuildRequest
SendProjectDescription
CreateBuildOperation
ComputeTargetDependencyGraph
note: Building targets in dependency order
note: Target dependency graph (2 targets)
Target 'ManagedNavigation-product' in project 'ManagedNavigation'
➜ Explicit dependency on target 'ManagedNavigation' in project 'ManagedNavigation'
Target 'ManagedNavigation' in project 'ManagedNavigation' (no dependencies)
GatherProvisioningInputs
CreateBuildDescription
ClangStatCache /Applications/Xcode-27.0.0.app/Contents/Developer/Toolchains/XcodeDefault.xctoolchain/usr/bin/clang-stat-cache /Applications/Xcode-27.0.0.app/Contents/Developer/Platforms/WatchOS.platform/Developer/SDKs/WatchOS27.0.sdk /Users/admin/builder/spi-builder-workspace/.derivedData/SDKStatCaches.noindex/watchos27.0-24R360-e829b21a6f8c9b70876ba0858053c044b9db9bc9c079ee3c7b5f3373b13d10bc.sdkstatcache
cd /Users/admin/builder/spi-builder-workspace/.swiftpm/xcode
/Applications/Xcode-27.0.0.app/Contents/Developer/Toolchains/XcodeDefault.xctoolchain/usr/bin/clang-stat-cache /Applications/Xcode-27.0.0.app/Contents/Developer/Platforms/WatchOS.platform/Developer/SDKs/WatchOS27.0.sdk -o /Users/admin/builder/spi-builder-workspace/.derivedData/SDKStatCaches.noindex/watchos27.0-24R360-e829b21a6f8c9b70876ba0858053c044b9db9bc9c079ee3c7b5f3373b13d10bc.sdkstatcache
SwiftDriver ManagedNavigation normal arm64_32 com.apple.xcode.tools.swift.compiler (in target 'ManagedNavigation' from project 'ManagedNavigation')
cd /Users/admin/builder/spi-builder-workspace/.swiftpm/xcode
builtin-SwiftDriver -- /Applications/Xcode-27.0.0.app/Contents/Developer/Toolchains/XcodeDefault.xctoolchain/usr/bin/swiftc -parse-as-library -module-name ManagedNavigation -Onone @/Users/admin/builder/spi-builder-workspace/.derivedData/Build/Intermediates.noindex/ManagedNavigation.build/Debug-watchos/ManagedNavigation-t.build/Objects-normal/arm64_32/ManagedNavigation.SwiftFileList -DSWIFT_PACKAGE -DDEBUG -DSWIFT_MODULE_RESOURCE_BUNDLE_UNAVAILABLE -DXcode -plugin-path /Applications/Xcode-27.0.0.app/Contents/Developer/Toolchains/XcodeDefault.xctoolchain/usr/lib/swift/host/plugins/testing -enable-experimental-feature DebugDescriptionMacro -sdk /Applications/Xcode-27.0.0.app/Contents/Developer/Platforms/WatchOS.platform/Developer/SDKs/WatchOS27.0.sdk -target arm64_32-apple-watchos10.0 -g -module-cache-path /Users/admin/builder/spi-builder-workspace/.derivedData/ModuleCache.noindex -Xfrontend -serialize-debugging-options -profile-coverage-mapping -profile-generate -enable-testing -index-store-path /Users/admin/builder/spi-builder-workspace/.derivedData/Index.noindex/DataStore -Xcc -D_LIBCPP_HARDENING_MODE\=_LIBCPP_HARDENING_MODE_DEBUG -swift-version 6 -I /Users/admin/builder/spi-builder-workspace/.derivedData/Build/Products/Debug-watchos -Isystem /Applications/Xcode-27.0.0.app/Contents/Developer/Platforms/WatchOS.platform/Developer/usr/lib -F /Users/admin/builder/spi-builder-workspace/.derivedData/Build/Products/Debug-watchos -F /Applications/Xcode-27.0.0.app/Contents/Developer/Platforms/WatchOS.platform/Developer/Library/Frameworks -F /Applications/Xcode-27.0.0.app/Contents/Developer/Platforms/WatchOS.platform/Developer/SDKs/WatchOS27.0.sdk/Developer/Library/Frameworks -c -j10 -enable-batch-mode -incremental -Xcc -ivfsstatcache -Xcc /Users/admin/builder/spi-builder-workspace/.derivedData/SDKStatCaches.noindex/watchos27.0-24R360-e829b21a6f8c9b70876ba0858053c044b9db9bc9c079ee3c7b5f3373b13d10bc.sdkstatcache -output-file-map /Users/admin/builder/spi-builder-workspace/.derivedData/Build/Intermediates.noindex/ManagedNavigation.build/Debug-watchos/ManagedNavigation-t.build/Objects-normal/arm64_32/ManagedNavigation-OutputFileMap.json -save-temps -no-color-diagnostics -explicit-module-build -module-cache-path /Users/admin/builder/spi-builder-workspace/.derivedData/Build/Intermediates.noindex/SwiftExplicitPrecompiledModules -clang-scanner-module-cache-path /Users/admin/builder/spi-builder-workspace/.derivedData/ModuleCache.noindex -sdk-module-cache-path /Users/admin/builder/spi-builder-workspace/.derivedData/SDKExplicitPrecompiledModules -emit-dependencies -emit-module -emit-module-path /Users/admin/builder/spi-builder-workspace/.derivedData/Build/Intermediates.noindex/ManagedNavigation.build/Debug-watchos/ManagedNavigation-t.build/Objects-normal/arm64_32/ManagedNavigation.swiftmodule -serialize-diagnostics -dependency-scan-serialize-diagnostics-path /Users/admin/builder/spi-builder-workspace/.derivedData/Build/Intermediates.noindex/ManagedNavigation.build/Debug-watchos/ManagedNavigation-t.build/Objects-normal/arm64_32/ManagedNavigation-dependency-scan.dia -validate-clang-modules-once -clang-build-session-file /Users/admin/builder/spi-builder-workspace/.derivedData/ModuleCache.noindex/Session.modulevalidation -Xcc -fmodules-prune-interval\=86400 -Xcc -fmodules-prune-after\=345600 -package-name spi_builder_workspace -emit-const-values -const-gather-protocols-list /Users/admin/builder/spi-builder-workspace/.derivedData/Build/Intermediates.noindex/ManagedNavigation.build/Debug-watchos/ManagedNavigation-t.build/Objects-normal/arm64_32/ManagedNavigation_const_extract_protocols.json -Xcc -I/Users/admin/builder/spi-builder-workspace/.derivedData/Build/Products/Debug-watchos/include -Xcc -I/Users/admin/builder/spi-builder-workspace/.derivedData/Build/Intermediates.noindex/ManagedNavigation.build/Debug-watchos/ManagedNavigation-t.build/DerivedSources-normal/arm64_32 -Xcc -I/Users/admin/builder/spi-builder-workspace/.derivedData/Build/Intermediates.noindex/ManagedNavigation.build/Debug-watchos/ManagedNavigation-t.build/DerivedSources/arm64_32 -Xcc -I/Users/admin/builder/spi-builder-workspace/.derivedData/Build/Intermediates.noindex/ManagedNavigation.build/Debug-watchos/ManagedNavigation-t.build/DerivedSources -Xcc -DSWIFT_PACKAGE -Xcc -DDEBUG\=1 -emit-objc-header -emit-objc-header-path /Users/admin/builder/spi-builder-workspace/.derivedData/Build/Intermediates.noindex/ManagedNavigation.build/Debug-watchos/ManagedNavigation-t.build/Objects-normal/arm64_32/ManagedNavigation-Swift.h -working-directory /Users/admin/builder/spi-builder-workspace/.swiftpm/xcode -experimental-emit-module-separately -disable-cmo
SwiftDriver ManagedNavigation normal arm64 com.apple.xcode.tools.swift.compiler (in target 'ManagedNavigation' from project 'ManagedNavigation')
cd /Users/admin/builder/spi-builder-workspace/.swiftpm/xcode
builtin-SwiftDriver -- /Applications/Xcode-27.0.0.app/Contents/Developer/Toolchains/XcodeDefault.xctoolchain/usr/bin/swiftc -parse-as-library -module-name ManagedNavigation -Onone @/Users/admin/builder/spi-builder-workspace/.derivedData/Build/Intermediates.noindex/ManagedNavigation.build/Debug-watchos/ManagedNavigation-t.build/Objects-normal/arm64/ManagedNavigation.SwiftFileList -DSWIFT_PACKAGE -DDEBUG -DSWIFT_MODULE_RESOURCE_BUNDLE_UNAVAILABLE -DXcode -plugin-path /Applications/Xcode-27.0.0.app/Contents/Developer/Toolchains/XcodeDefault.xctoolchain/usr/lib/swift/host/plugins/testing -enable-experimental-feature DebugDescriptionMacro -sdk /Applications/Xcode-27.0.0.app/Contents/Developer/Platforms/WatchOS.platform/Developer/SDKs/WatchOS27.0.sdk -target arm64-apple-watchos10.0 -g -module-cache-path /Users/admin/builder/spi-builder-workspace/.derivedData/ModuleCache.noindex -Xfrontend -serialize-debugging-options -profile-coverage-mapping -profile-generate -enable-testing -index-store-path /Users/admin/builder/spi-builder-workspace/.derivedData/Index.noindex/DataStore -Xcc -D_LIBCPP_HARDENING_MODE\=_LIBCPP_HARDENING_MODE_DEBUG -swift-version 6 -I /Users/admin/builder/spi-builder-workspace/.derivedData/Build/Products/Debug-watchos -Isystem /Applications/Xcode-27.0.0.app/Contents/Developer/Platforms/WatchOS.platform/Developer/usr/lib -F /Users/admin/builder/spi-builder-workspace/.derivedData/Build/Products/Debug-watchos -F /Applications/Xcode-27.0.0.app/Contents/Developer/Platforms/WatchOS.platform/Developer/Library/Frameworks -F /Applications/Xcode-27.0.0.app/Contents/Developer/Platforms/WatchOS.platform/Developer/SDKs/WatchOS27.0.sdk/Developer/Library/Frameworks -c -j10 -enable-batch-mode -incremental -Xcc -ivfsstatcache -Xcc /Users/admin/builder/spi-builder-workspace/.derivedData/SDKStatCaches.noindex/watchos27.0-24R360-e829b21a6f8c9b70876ba0858053c044b9db9bc9c079ee3c7b5f3373b13d10bc.sdkstatcache -output-file-map /Users/admin/builder/spi-builder-workspace/.derivedData/Build/Intermediates.noindex/ManagedNavigation.build/Debug-watchos/ManagedNavigation-t.build/Objects-normal/arm64/ManagedNavigation-OutputFileMap.json -save-temps -no-color-diagnostics -explicit-module-build -module-cache-path /Users/admin/builder/spi-builder-workspace/.derivedData/Build/Intermediates.noindex/SwiftExplicitPrecompiledModules -clang-scanner-module-cache-path /Users/admin/builder/spi-builder-workspace/.derivedData/ModuleCache.noindex -sdk-module-cache-path /Users/admin/builder/spi-builder-workspace/.derivedData/SDKExplicitPrecompiledModules -emit-dependencies -emit-module -emit-module-path /Users/admin/builder/spi-builder-workspace/.derivedData/Build/Intermediates.noindex/ManagedNavigation.build/Debug-watchos/ManagedNavigation-t.build/Objects-normal/arm64/ManagedNavigation.swiftmodule -serialize-diagnostics -dependency-scan-serialize-diagnostics-path /Users/admin/builder/spi-builder-workspace/.derivedData/Build/Intermediates.noindex/ManagedNavigation.build/Debug-watchos/ManagedNavigation-t.build/Objects-normal/arm64/ManagedNavigation-dependency-scan.dia -validate-clang-modules-once -clang-build-session-file /Users/admin/builder/spi-builder-workspace/.derivedData/ModuleCache.noindex/Session.modulevalidation -Xcc -fmodules-prune-interval\=86400 -Xcc -fmodules-prune-after\=345600 -package-name spi_builder_workspace -emit-const-values -const-gather-protocols-list /Users/admin/builder/spi-builder-workspace/.derivedData/Build/Intermediates.noindex/ManagedNavigation.build/Debug-watchos/ManagedNavigation-t.build/Objects-normal/arm64/ManagedNavigation_const_extract_protocols.json -Xcc -I/Users/admin/builder/spi-builder-workspace/.derivedData/Build/Products/Debug-watchos/include -Xcc -I/Users/admin/builder/spi-builder-workspace/.derivedData/Build/Intermediates.noindex/ManagedNavigation.build/Debug-watchos/ManagedNavigation-t.build/DerivedSources-normal/arm64 -Xcc -I/Users/admin/builder/spi-builder-workspace/.derivedData/Build/Intermediates.noindex/ManagedNavigation.build/Debug-watchos/ManagedNavigation-t.build/DerivedSources/arm64 -Xcc -I/Users/admin/builder/spi-builder-workspace/.derivedData/Build/Intermediates.noindex/ManagedNavigation.build/Debug-watchos/ManagedNavigation-t.build/DerivedSources -Xcc -DSWIFT_PACKAGE -Xcc -DDEBUG\=1 -emit-objc-header -emit-objc-header-path /Users/admin/builder/spi-builder-workspace/.derivedData/Build/Intermediates.noindex/ManagedNavigation.build/Debug-watchos/ManagedNavigation-t.build/Objects-normal/arm64/ManagedNavigation-Swift.h -working-directory /Users/admin/builder/spi-builder-workspace/.swiftpm/xcode -experimental-emit-module-separately -disable-cmo
SwiftEmitModule normal arm64_32 Emitting\ module\ for\ ManagedNavigation (in target 'ManagedNavigation' from project 'ManagedNavigation')
SwiftCompile normal arm64_32 (in target 'ManagedNavigation' from project 'ManagedNavigation')
cd /Users/admin/builder/spi-builder-workspace/.swiftpm/xcode
/Users/admin/builder/spi-builder-workspace/Sources/ManagedNavigation/ModalPresentation/PresentationNotifier.swift:11:33: error: cannot find type 'UIViewControllerRepresentable' in scope
9 | import UIKit
10 |
11 | extension PresentationNotifier: UIViewControllerRepresentable {
| `- error: cannot find type 'UIViewControllerRepresentable' in scope
12 | func makeUIViewController(context: Context) -> PresentedDetectorVC {
13 | PresentedDetectorVC(onPresented: onPresented, onDismissed: onDismissed)
/Users/admin/builder/spi-builder-workspace/Sources/ManagedNavigation/ModalPresentation/PresentationNotifier.swift:12:38: error: cannot find type 'Context' in scope
10 |
11 | extension PresentationNotifier: UIViewControllerRepresentable {
12 | func makeUIViewController(context: Context) -> PresentedDetectorVC {
| `- error: cannot find type 'Context' in scope
13 | PresentedDetectorVC(onPresented: onPresented, onDismissed: onDismissed)
14 | }
/Users/admin/builder/spi-builder-workspace/Sources/ManagedNavigation/ModalPresentation/PresentationNotifier.swift:16:67: error: cannot find type 'Context' in scope
14 | }
15 |
16 | func updateUIViewController(_ vc: PresentedDetectorVC, context: Context) {
| `- error: cannot find type 'Context' in scope
17 | vc.onPresented = onPresented
18 | vc.onDismissed = onDismissed
/Users/admin/builder/spi-builder-workspace/Sources/ManagedNavigation/ModalPresentation/PresentationNotifier.swift:21:30: error: 'UIViewController' is unavailable in watchOS
19 | }
20 |
21 | class PresentedDetectorVC: UIViewController {
| `- error: 'UIViewController' is unavailable in watchOS
22 | var onPresented: () -> Void
23 | var onDismissed: () -> Void
/Applications/Xcode-27.0.0.app/Contents/Developer/Platforms/WatchOS.platform/Developer/SDKs/WatchOS27.0.sdk/System/Library/Frameworks/UIKit.framework/Headers/UIViewController.h:104:12: note: 'UIViewController' has been explicitly marked unavailable here
102 |
103 | UIKIT_EXTERN API_AVAILABLE(ios(2.0)) API_UNAVAILABLE(watchos) NS_SWIFT_UI_ACTOR
104 | @interface UIViewController : UIResponder <NSCoding, UIAppearanceContainer, UITraitEnvironment, UIContentContainer, UIFocusEnvironment>
| `- note: 'UIViewController' has been explicitly marked unavailable here
105 |
106 | /*
SwiftCompile normal arm64_32 Compiling\ ManagedPresentation.swift /Users/admin/builder/spi-builder-workspace/Sources/ManagedNavigation/ModalPresentation/ManagedPresentation.swift (in target 'ManagedNavigation' from project 'ManagedNavigation')
SwiftCompile normal arm64_32 /Users/admin/builder/spi-builder-workspace/Sources/ManagedNavigation/ModalPresentation/ManagedPresentation.swift (in target 'ManagedNavigation' from project 'ManagedNavigation')
cd /Users/admin/builder/spi-builder-workspace/.swiftpm/xcode
builtin-SwiftPerFileCompile ManagedPresentation.swift
SwiftCompile normal arm64 Compiling\ ManagedPresentation.swift /Users/admin/builder/spi-builder-workspace/Sources/ManagedNavigation/ModalPresentation/ManagedPresentation.swift (in target 'ManagedNavigation' from project 'ManagedNavigation')
SwiftCompile normal arm64 /Users/admin/builder/spi-builder-workspace/Sources/ManagedNavigation/ModalPresentation/ManagedPresentation.swift (in target 'ManagedNavigation' from project 'ManagedNavigation')
cd /Users/admin/builder/spi-builder-workspace/.swiftpm/xcode
builtin-SwiftPerFileCompile ManagedPresentation.swift
SwiftCompile normal arm64_32 Compiling\ NavigationManager.swift /Users/admin/builder/spi-builder-workspace/Sources/ManagedNavigation/NavigationManager.swift (in target 'ManagedNavigation' from project 'ManagedNavigation')
SwiftCompile normal arm64_32 /Users/admin/builder/spi-builder-workspace/Sources/ManagedNavigation/NavigationManager.swift (in target 'ManagedNavigation' from project 'ManagedNavigation')
cd /Users/admin/builder/spi-builder-workspace/.swiftpm/xcode
builtin-SwiftPerFileCompile NavigationManager.swift
SwiftCompile normal arm64_32 Compiling\ NavigationProxy.swift /Users/admin/builder/spi-builder-workspace/Sources/ManagedNavigation/NavigationProxy.swift (in target 'ManagedNavigation' from project 'ManagedNavigation')
SwiftCompile normal arm64_32 /Users/admin/builder/spi-builder-workspace/Sources/ManagedNavigation/NavigationProxy.swift (in target 'ManagedNavigation' from project 'ManagedNavigation')
cd /Users/admin/builder/spi-builder-workspace/.swiftpm/xcode
builtin-SwiftPerFileCompile NavigationProxy.swift
SwiftCompile normal arm64 Compiling\ PresentationNotifier.swift /Users/admin/builder/spi-builder-workspace/Sources/ManagedNavigation/ModalPresentation/PresentationNotifier.swift (in target 'ManagedNavigation' from project 'ManagedNavigation')
/Users/admin/builder/spi-builder-workspace/Sources/ManagedNavigation/ModalPresentation/PresentationNotifier.swift:11:33: error: cannot find type 'UIViewControllerRepresentable' in scope
9 | import UIKit
10 |
11 | extension PresentationNotifier: UIViewControllerRepresentable {
| `- error: cannot find type 'UIViewControllerRepresentable' in scope
12 | func makeUIViewController(context: Context) -> PresentedDetectorVC {
13 | PresentedDetectorVC(onPresented: onPresented, onDismissed: onDismissed)
/Users/admin/builder/spi-builder-workspace/Sources/ManagedNavigation/ModalPresentation/PresentationNotifier.swift:12:38: error: cannot find type 'Context' in scope
10 |
11 | extension PresentationNotifier: UIViewControllerRepresentable {
12 | func makeUIViewController(context: Context) -> PresentedDetectorVC {
| `- error: cannot find type 'Context' in scope
13 | PresentedDetectorVC(onPresented: onPresented, onDismissed: onDismissed)
14 | }
/Users/admin/builder/spi-builder-workspace/Sources/ManagedNavigation/ModalPresentation/PresentationNotifier.swift:16:67: error: cannot find type 'Context' in scope
14 | }
15 |
16 | func updateUIViewController(_ vc: PresentedDetectorVC, context: Context) {
| `- error: cannot find type 'Context' in scope
17 | vc.onPresented = onPresented
18 | vc.onDismissed = onDismissed
/Users/admin/builder/spi-builder-workspace/Sources/ManagedNavigation/ModalPresentation/PresentationNotifier.swift:21:30: error: 'UIViewController' is unavailable in watchOS
19 | }
20 |
21 | class PresentedDetectorVC: UIViewController {
| `- error: 'UIViewController' is unavailable in watchOS
22 | var onPresented: () -> Void
23 | var onDismissed: () -> Void
/Applications/Xcode-27.0.0.app/Contents/Developer/Platforms/WatchOS.platform/Developer/SDKs/WatchOS27.0.sdk/System/Library/Frameworks/UIKit.framework/Headers/UIViewController.h:104:12: note: 'UIViewController' has been explicitly marked unavailable here
102 |
103 | UIKIT_EXTERN API_AVAILABLE(ios(2.0)) API_UNAVAILABLE(watchos) NS_SWIFT_UI_ACTOR
104 | @interface UIViewController : UIResponder <NSCoding, UIAppearanceContainer, UITraitEnvironment, UIContentContainer, UIFocusEnvironment>
| `- note: 'UIViewController' has been explicitly marked unavailable here
105 |
106 | /*
/Users/admin/builder/spi-builder-workspace/Sources/ManagedNavigation/ModalPresentation/PresentationNotifier.swift:13:5: warning: call to main actor-isolated initializer 'init(onPresented:onDismissed:)' in a synchronous nonisolated context [#ActorIsolatedCall]
10 |
11 | extension PresentationNotifier: UIViewControllerRepresentable {
12 | func makeUIViewController(context: Context) -> PresentedDetectorVC {
| `- note: add '@MainActor' to make instance method 'makeUIViewController(context:)' part of global actor 'MainActor'
13 | PresentedDetectorVC(onPresented: onPresented, onDismissed: onDismissed)
| `- warning: call to main actor-isolated initializer 'init(onPresented:onDismissed:)' in a synchronous nonisolated context [#ActorIsolatedCall]
14 | }
15 |
:
25 | var isPresented = false
26 |
27 | init(onPresented: @escaping () -> Void, onDismissed: @escaping () -> Void) {
| |- note: calls to initializer 'init(onPresented:onDismissed:)' from outside of its actor context are implicitly asynchronous
| `- note: main actor isolation inferred from inheritance from class 'UIViewController'
28 | self.onPresented = onPresented
29 | self.onDismissed = onDismissed
/Users/admin/builder/spi-builder-workspace/Sources/ManagedNavigation/ModalPresentation/PresentationNotifier.swift:17:8: warning: main actor-isolated property 'onPresented' can not be mutated from a nonisolated context
14 | }
15 |
16 | func updateUIViewController(_ vc: PresentedDetectorVC, context: Context) {
| `- note: add '@MainActor' to make instance method 'updateUIViewController(_:context:)' part of global actor 'MainActor'
17 | vc.onPresented = onPresented
| `- warning: main actor-isolated property 'onPresented' can not be mutated from a nonisolated context
18 | vc.onDismissed = onDismissed
19 | }
20 |
21 | class PresentedDetectorVC: UIViewController {
22 | var onPresented: () -> Void
| `- note: mutation of this property is only permitted within the actor
23 | var onDismissed: () -> Void
24 |
SwiftCompile normal arm64 /Users/admin/builder/spi-builder-workspace/Sources/ManagedNavigation/ModalPresentation/PresentationNotifier.swift (in target 'ManagedNavigation' from project 'ManagedNavigation')
cd /Users/admin/builder/spi-builder-workspace/.swiftpm/xcode
builtin-SwiftPerFileCompile PresentationNotifier.swift
SwiftEmitModule normal arm64 Emitting\ module\ for\ ManagedNavigation (in target 'ManagedNavigation' from project 'ManagedNavigation')
/Users/admin/builder/spi-builder-workspace/Sources/ManagedNavigation/ModalPresentation/PresentationNotifier.swift:11:33: error: cannot find type 'UIViewControllerRepresentable' in scope
9 | import UIKit
10 |
11 | extension PresentationNotifier: UIViewControllerRepresentable {
| `- error: cannot find type 'UIViewControllerRepresentable' in scope
12 | func makeUIViewController(context: Context) -> PresentedDetectorVC {
13 | PresentedDetectorVC(onPresented: onPresented, onDismissed: onDismissed)
/Users/admin/builder/spi-builder-workspace/Sources/ManagedNavigation/ModalPresentation/PresentationNotifier.swift:12:38: error: cannot find type 'Context' in scope
10 |
11 | extension PresentationNotifier: UIViewControllerRepresentable {
12 | func makeUIViewController(context: Context) -> PresentedDetectorVC {
| `- error: cannot find type 'Context' in scope
13 | PresentedDetectorVC(onPresented: onPresented, onDismissed: onDismissed)
14 | }
/Users/admin/builder/spi-builder-workspace/Sources/ManagedNavigation/ModalPresentation/PresentationNotifier.swift:16:67: error: cannot find type 'Context' in scope
14 | }
15 |
16 | func updateUIViewController(_ vc: PresentedDetectorVC, context: Context) {
| `- error: cannot find type 'Context' in scope
17 | vc.onPresented = onPresented
18 | vc.onDismissed = onDismissed
/Users/admin/builder/spi-builder-workspace/Sources/ManagedNavigation/ModalPresentation/PresentationNotifier.swift:21:30: error: 'UIViewController' is unavailable in watchOS
19 | }
20 |
21 | class PresentedDetectorVC: UIViewController {
| `- error: 'UIViewController' is unavailable in watchOS
22 | var onPresented: () -> Void
23 | var onDismissed: () -> Void
/Applications/Xcode-27.0.0.app/Contents/Developer/Platforms/WatchOS.platform/Developer/SDKs/WatchOS27.0.sdk/System/Library/Frameworks/UIKit.framework/Headers/UIViewController.h:104:12: note: 'UIViewController' has been explicitly marked unavailable here
102 |
103 | UIKIT_EXTERN API_AVAILABLE(ios(2.0)) API_UNAVAILABLE(watchos) NS_SWIFT_UI_ACTOR
104 | @interface UIViewController : UIResponder <NSCoding, UIAppearanceContainer, UITraitEnvironment, UIContentContainer, UIFocusEnvironment>
| `- note: 'UIViewController' has been explicitly marked unavailable here
105 |
106 | /*
Failed frontend command:
/Applications/Xcode-27.0.0.app/Contents/Developer/Toolchains/XcodeDefault.xctoolchain/usr/bin/swift-frontend -frontend -emit-module -experimental-skip-non-inlinable-function-bodies-without-types /Users/admin/builder/spi-builder-workspace/Sources/ManagedNavigation/ModalPresentation/ManagedPresentation.swift /Users/admin/builder/spi-builder-workspace/Sources/ManagedNavigation/ModalPresentation/PresentationDestinationModifier.swift /Users/admin/builder/spi-builder-workspace/Sources/ManagedNavigation/ModalPresentation/PresentationNotifier.swift /Users/admin/builder/spi-builder-workspace/Sources/ManagedNavigation/NavigationDestination.swift /Users/admin/builder/spi-builder-workspace/Sources/ManagedNavigation/NavigationManager.swift /Users/admin/builder/spi-builder-workspace/Sources/ManagedNavigation/NavigationProxy.swift /Users/admin/builder/spi-builder-workspace/Sources/ManagedNavigation/NavigationStack/ManagedNavigationStack.swift -target arm64-apple-watchos10.0 -module-can-import-version UIKit 9127.0.84.1 9127.0.84 -disable-cross-import-overlay-search -load-resolved-plugin /Applications/Xcode-27.0.0.app/Contents/Developer/Platforms/WatchOS.platform/Developer/usr/lib/swift/host/plugins/libFoundationMacros.dylib\#/Applications/Xcode-27.0.0.app/Contents/Developer/Platforms/WatchOS.platform/Developer/usr/bin/swift-plugin-server\#FoundationMacros -load-resolved-plugin /Applications/Xcode-27.0.0.app/Contents/Developer/Platforms/WatchOS.platform/Developer/usr/lib/swift/host/plugins/libObservationMacros.dylib\#/Applications/Xcode-27.0.0.app/Contents/Developer/Platforms/WatchOS.platform/Developer/usr/bin/swift-plugin-server\#ObservationMacros -load-resolved-plugin /Applications/Xcode-27.0.0.app/Contents/Developer/Platforms/WatchOS.platform/Developer/usr/lib/swift/host/plugins/libPreviewsMacros.dylib\#/Applications/Xcode-27.0.0.app/Contents/Developer/Platforms/WatchOS.platform/Developer/usr/bin/swift-plugin-server\#PreviewsMacros -load-resolved-plugin /Applications/Xcode-27.0.0.app/Contents/Developer/Platforms/WatchOS.platform/Developer/usr/lib/swift/host/plugins/libSwiftMacros.dylib\#/Applications/Xcode-27.0.0.app/Contents/Developer/Platforms/WatchOS.platform/Developer/usr/bin/swift-plugin-server\#SwiftMacros -load-resolved-plugin /Applications/Xcode-27.0.0.app/Contents/Developer/Platforms/WatchOS.platform/Developer/usr/lib/swift/host/plugins/libSwiftUIMacros.dylib\#/Applications/Xcode-27.0.0.app/Contents/Developer/Platforms/WatchOS.platform/Developer/usr/bin/swift-plugin-server\#SwiftUIMacros -disable-implicit-swift-modules -Xcc -fno-implicit-modules -Xcc -fno-implicit-module-maps -explicit-swift-module-map-file /Users/admin/builder/spi-builder-workspace/.derivedData/Build/Intermediates.noindex/ManagedNavigation.build/Debug-watchos/ManagedNavigation-t.build/Objects-normal/arm64/ManagedNavigation-dependencies-1.json -Xllvm -aarch64-use-tbi -enable-objc-interop -stack-check -sdk /Applications/Xcode-27.0.0.app/Contents/Developer/Platforms/WatchOS.platform/Developer/SDKs/WatchOS27.0.sdk -I /Users/admin/builder/spi-builder-workspace/.derivedData/Build/Products/Debug-watchos -Isystem /Applications/Xcode-27.0.0.app/Contents/Developer/Platforms/WatchOS.platform/Developer/usr/lib -F /Users/admin/builder/spi-builder-workspace/.derivedData/Build/Products/Debug-watchos -F /Applications/Xcode-27.0.0.app/Contents/Developer/Platforms/WatchOS.platform/Developer/Library/Frameworks -F /Applications/Xcode-27.0.0.app/Contents/Developer/Platforms/WatchOS.platform/Developer/SDKs/WatchOS27.0.sdk/Developer/Library/Frameworks -module-cache-path /Users/admin/builder/spi-builder-workspace/.derivedData/Build/Intermediates.noindex/SwiftExplicitPrecompiledModules -no-color-diagnostics -Xcc -fno-color-diagnostics -enable-testing -g -debug-info-format\=dwarf -dwarf-version\=4 -profile-generate -profile-coverage-mapping -swift-version 6 -Onone -D SWIFT_PACKAGE -D DEBUG -D SWIFT_MODULE_RESOURCE_BUNDLE_UNAVAILABLE -D Xcode -serialize-debugging-options -enable-experimental-feature DebugDescriptionMacro -empty-abi-descriptor -validate-clang-modules-once -clang-build-session-file /Users/admin/builder/spi-builder-workspace/.derivedData/ModuleCache.noindex/Session.modulevalidation -Xcc -working-directory -Xcc /Users/admin/builder/spi-builder-workspace/.swiftpm/xcode -enable-anonymous-context-mangled-names -file-compilation-dir /Users/admin/builder/spi-builder-workspace/.swiftpm/xcode -Xcc -D_LIBCPP_HARDENING_MODE\=_LIBCPP_HARDENING_MODE_DEBUG -Xcc -ivfsstatcache -Xcc /Users/admin/builder/spi-builder-workspace/.derivedData/SDKStatCaches.noindex/watchos27.0-24R360-e829b21a6f8c9b70876ba0858053c044b9db9bc9c079ee3c7b5f3373b13d10bc.sdkstatcache -Xcc -fmodules-prune-interval\=86400 -Xcc -fmodules-prune-after\=345600 -Xcc -I/Users/admin/builder/spi-builder-workspace/.derivedData/Build/Products/Debug-watchos/include -Xcc -I/Users/admin/builder/spi-builder-workspace/.derivedData/Build/Intermediates.noindex/ManagedNavigation.build/Debug-watchos/ManagedNavigation-t.build/DerivedSources-normal/arm64 -Xcc -I/Users/admin/builder/spi-builder-workspace/.derivedData/Build/Intermediates.noindex/ManagedNavigation.build/Debug-watchos/ManagedNavigation-t.build/DerivedSources/arm64 -Xcc -I/Users/admin/builder/spi-builder-workspace/.derivedData/Build/Intermediates.noindex/ManagedNavigation.build/Debug-watchos/ManagedNavigation-t.build/DerivedSources -Xcc -DSWIFT_PACKAGE -Xcc -DDEBUG\=1 -no-auto-bridging-header-chaining -module-name ManagedNavigation -package-name spi_builder_workspace -const-gather-protocols-file /Users/admin/builder/spi-builder-workspace/.derivedData/Build/Intermediates.noindex/ManagedNavigation.build/Debug-watchos/ManagedNavigation-t.build/Objects-normal/arm64/ManagedNavigation_const_extract_protocols.json -disable-clang-spi -clang-target arm64-apple-watchos27.0 -target-sdk-version 27.0 -target-sdk-name watchos27.0 -in-process-plugin-server-path /Applications/Xcode-27.0.0.app/Contents/Developer/Toolchains/XcodeDefault.xctoolchain/usr/lib/swift/host/libSwiftInProcPluginServer.dylib -emit-module-doc-path /Users/admin/builder/spi-builder-workspace/.derivedData/Build/Intermediates.noindex/ManagedNavigation.build/Debug-watchos/ManagedNavigation-t.build/Objects-normal/arm64/ManagedNavigation.swiftdoc -emit-module-source-info-path /Users/admin/builder/spi-builder-workspace/.derivedData/Build/Intermediates.noindex/ManagedNavigation.build/Debug-watchos/ManagedNavigation-t.build/Objects-normal/arm64/ManagedNavigation.swiftsourceinfo -emit-objc-header-path /Users/admin/builder/spi-builder-workspace/.derivedData/Build/Intermediates.noindex/ManagedNavigation.build/Debug-watchos/ManagedNavigation-t.build/Objects-normal/arm64/ManagedNavigation-Swift.h -serialize-diagnostics-path /Users/admin/builder/spi-builder-workspace/.derivedData/Build/Intermediates.noindex/ManagedNavigation.build/Debug-watchos/ManagedNavigation-t.build/Objects-normal/arm64/ManagedNavigation-primary-emit-module.dia -emit-dependencies-path /Users/admin/builder/spi-builder-workspace/.derivedData/Build/Intermediates.noindex/ManagedNavigation.build/Debug-watchos/ManagedNavigation-t.build/Objects-normal/arm64/ManagedNavigation-primary-emit-module.d -parse-as-library -o /Users/admin/builder/spi-builder-workspace/.derivedData/Build/Intermediates.noindex/ManagedNavigation.build/Debug-watchos/ManagedNavigation-t.build/Objects-normal/arm64/ManagedNavigation.swiftmodule -emit-abi-descriptor-path /Users/admin/builder/spi-builder-workspace/.derivedData/Build/Intermediates.noindex/ManagedNavigation.build/Debug-watchos/ManagedNavigation-t.build/Objects-normal/arm64/ManagedNavigation.abi.json
SwiftCompile normal arm64 (in target 'ManagedNavigation' from project 'ManagedNavigation')
cd /Users/admin/builder/spi-builder-workspace/.swiftpm/xcode
SwiftCompile normal arm64 Compiling\ ManagedNavigationStack.swift /Users/admin/builder/spi-builder-workspace/Sources/ManagedNavigation/NavigationStack/ManagedNavigationStack.swift (in target 'ManagedNavigation' from project 'ManagedNavigation')
SwiftCompile normal arm64 /Users/admin/builder/spi-builder-workspace/Sources/ManagedNavigation/NavigationStack/ManagedNavigationStack.swift (in target 'ManagedNavigation' from project 'ManagedNavigation')
cd /Users/admin/builder/spi-builder-workspace/.swiftpm/xcode
builtin-SwiftPerFileCompile ManagedNavigationStack.swift
SwiftCompile normal arm64_32 Compiling\ ManagedNavigationStack.swift /Users/admin/builder/spi-builder-workspace/Sources/ManagedNavigation/NavigationStack/ManagedNavigationStack.swift (in target 'ManagedNavigation' from project 'ManagedNavigation')
SwiftCompile normal arm64_32 /Users/admin/builder/spi-builder-workspace/Sources/ManagedNavigation/NavigationStack/ManagedNavigationStack.swift (in target 'ManagedNavigation' from project 'ManagedNavigation')
cd /Users/admin/builder/spi-builder-workspace/.swiftpm/xcode
builtin-SwiftPerFileCompile ManagedNavigationStack.swift
SwiftCompile normal arm64 Compiling\ NavigationManager.swift /Users/admin/builder/spi-builder-workspace/Sources/ManagedNavigation/NavigationManager.swift (in target 'ManagedNavigation' from project 'ManagedNavigation')
SwiftCompile normal arm64 /Users/admin/builder/spi-builder-workspace/Sources/ManagedNavigation/NavigationManager.swift (in target 'ManagedNavigation' from project 'ManagedNavigation')
cd /Users/admin/builder/spi-builder-workspace/.swiftpm/xcode
builtin-SwiftPerFileCompile NavigationManager.swift
PruneExplicitPrecompiledModules /Users/admin/builder/spi-builder-workspace/.derivedData/Build/Intermediates.noindex/SwiftExplicitPrecompiledModules
PruneExplicitPrecompiledModules /Users/admin/builder/spi-builder-workspace/.derivedData/SDKExplicitPrecompiledModules
PruneExplicitPrecompiledModules /Users/admin/builder/spi-builder-workspace/.derivedData/Build/Intermediates.noindex/ExplicitPrecompiledModules
2026-10-12 11:00:17.464 xcodebuild[819:4775] [MT] IDERunDestination: Supported platforms for the buildables in the current scheme is empty.
** BUILD FAILED **
The following build commands failed:
SwiftEmitModule normal arm64 Emitting\ module\ for\ ManagedNavigation (in target 'ManagedNavigation' from project 'ManagedNavigation')
SwiftCompile normal arm64 (in target 'ManagedNavigation' from project 'ManagedNavigation')
Building workspace ManagedNavigation with scheme ManagedNavigation
(3 failures)
BUILD FAILURE 6.4 watchOS