Build Information
Failed to build BasicBottomSheet, reference main (9516cb), with Swift 6.4 for tvOS using Xcode 27.0 on 21 Sep 2026 02:22:41 UTC.
Build Command
env DEVELOPER_DIR=/Applications/Xcode-27.0.0-Release.Candidate.app xcrun xcodebuild -IDEClonedSourcePackagesDirPathOverride=$PWD/.dependencies -skipMacroValidation -skipPackagePluginValidation -derivedDataPath $PWD/.derivedData build -scheme BasicBottomSheet -destination generic/platform=tvOSBuild Log
========================================
RunAll
========================================
Builder version: 5.1.0
Interrupt handler set up.
========================================
Checkout
========================================
Clone URL: https://github.com/OhKanghoon/BasicBottomSheet.git
Reference: main
Initialized empty Git repository in /Users/admin/builder/spi-builder-workspace/.git/
From https://github.com/OhKanghoon/BasicBottomSheet
* branch main -> FETCH_HEAD
* [new branch] main -> origin/main
HEAD is now at 9516cbf docs: fix code docs
Cloned https://github.com/OhKanghoon/BasicBottomSheet.git
Revision (git rev-parse @):
9516cbf544ec5e1c0da83ff40b577f1358c1f0c9
SPI manifest file found: $PWD/.spi.yml
SUCCESS checkout https://github.com/OhKanghoon/BasicBottomSheet.git at main
========================================
Build
========================================
Selected platform: tvOS
Swift version: 6.4
Building package at path: $PWD
https://github.com/OhKanghoon/BasicBottomSheet.git
Command line invocation:
/Applications/Xcode-27.0.0-Release.Candidate.app/Contents/Developer/usr/bin/xcodebuild -IDEClonedSourcePackagesDirPathOverride=/Users/admin/builder/spi-builder-workspace/.dependencies -resolvePackageDependencies
Resolve Package Graph
Resolve Package Graph
Resolved source packages:
BasicBottomSheet: /Users/admin/builder/spi-builder-workspace
resolved source packages: BasicBottomSheet
2026-09-20 22:21:49.231 xcodebuild[529:3024] [MT] IDERunDestination: Supported platforms for the buildables in the current scheme is empty.
{
"dependencies" : [
],
"manifest_display_name" : "BasicBottomSheet",
"name" : "BasicBottomSheet",
"path" : "/Users/admin/builder/spi-builder-workspace",
"platforms" : [
{
"name" : "ios",
"version" : "11.0"
}
],
"products" : [
{
"name" : "BasicBottomSheet",
"targets" : [
"BasicBottomSheet"
],
"type" : {
"library" : [
"automatic"
]
}
}
],
"targets" : [
{
"c99name" : "BasicBottomSheetTests",
"module_type" : "SwiftTarget",
"name" : "BasicBottomSheetTests",
"path" : "Tests/BasicBottomSheetTests",
"sources" : [
"BasicBottomSheetTests.swift"
],
"target_dependencies" : [
"BasicBottomSheet"
],
"type" : "test"
},
{
"c99name" : "BasicBottomSheet",
"module_type" : "SwiftTarget",
"name" : "BasicBottomSheet",
"path" : "Sources/BasicBottomSheet",
"product_memberships" : [
"BasicBottomSheet"
],
"sources" : [
"Animator/BasicBottomSheetAnimator.swift",
"Animator/BasicBottomSheetPresentationAnimator.swift",
"Presentable/BasicBottomSheet.swift",
"Presentable/BasicBottomSheetPresentable+Default.swift",
"Presentable/BasicBottomSheetPresentable+Internal.swift",
"Presentable/BasicBottomSheetPresentable+UIViewController.swift",
"Presentable/BasicBottomSheetPresentable.swift",
"Presentation/BasicBottomSheetContainerView.swift",
"Presentation/BasicBottomSheetHandleMetric.swift",
"Presentation/BasicBottomSheetPresentationController.swift",
"Presentation/BasicBottomSheetPresentationDelegate.swift",
"Presenter/BasicBottomSheetPresenter.swift",
"Presenter/UIViewController+BasicBottomSheetPresenter.swift",
"Utils/UIColor+Init.swift"
],
"type" : "library"
}
],
"tools_version" : "5.1"
}
{
"workspace" : {
"name" : "BasicBottomSheet",
"schemes" : [
"BasicBottomSheet"
]
}
}
2026-09-20 22:22:30.870 xcodebuild[648:4141] [MT] IDERunDestination: Supported platforms for the buildables in the current scheme is empty.
Running build ...
env DEVELOPER_DIR=/Applications/Xcode-27.0.0-Release.Candidate.app xcrun xcodebuild -IDEClonedSourcePackagesDirPathOverride=$PWD/.dependencies -skipMacroValidation -skipPackagePluginValidation -derivedDataPath $PWD/.derivedData build -scheme BasicBottomSheet -destination generic/platform=tvOS
Command line invocation:
/Applications/Xcode-27.0.0-Release.Candidate.app/Contents/Developer/usr/bin/xcodebuild -IDEClonedSourcePackagesDirPathOverride=/Users/admin/builder/spi-builder-workspace/.dependencies -skipMacroValidation -skipPackagePluginValidation -derivedDataPath /Users/admin/builder/spi-builder-workspace/.derivedData build -scheme BasicBottomSheet -destination generic/platform=tvOS
Resolve Package Graph
Resolved source packages:
BasicBottomSheet: /Users/admin/builder/spi-builder-workspace
ComputePackagePrebuildTargetDependencyGraph
Prepare packages
CreateBuildRequest
SendProjectDescription
CreateBuildOperation
ComputeTargetDependencyGraph
note: Building targets in dependency order
note: Target dependency graph (2 targets)
Target 'BasicBottomSheet-product' in project 'BasicBottomSheet'
➜ Explicit dependency on target 'BasicBottomSheet' in project 'BasicBottomSheet'
Target 'BasicBottomSheet' in project 'BasicBottomSheet' (no dependencies)
GatherProvisioningInputs
CreateBuildDescription
ExecuteExternalTool /Applications/Xcode-27.0.0-Release.Candidate.app/Contents/Developer/Toolchains/XcodeDefault.xctoolchain/usr/bin/clang -v -E -dM -isysroot /Applications/Xcode-27.0.0-Release.Candidate.app/Contents/Developer/Platforms/AppleTVOS.platform/Developer/SDKs/AppleTVOS27.0.sdk -x c -c /dev/null
ExecuteExternalTool /Applications/Xcode-27.0.0-Release.Candidate.app/Contents/Developer/Toolchains/XcodeDefault.xctoolchain/usr/bin/swiftc --version
ExecuteExternalTool /Applications/Xcode-27.0.0-Release.Candidate.app/Contents/Developer/Toolchains/XcodeDefault.xctoolchain/usr/bin/ld -version_details
Build description signature: 368e2a4684c20f4ebd71022462e0b7e0
Build description path: /Users/admin/builder/spi-builder-workspace/.derivedData/Build/Intermediates.noindex/XCBuildData/368e2a4684c20f4ebd71022462e0b7e0.xcbuilddata
CreateBuildDirectory /Users/admin/builder/spi-builder-workspace/.derivedData/SDKExplicitPrecompiledModules
cd /Users/admin/builder/spi-builder-workspace/.swiftpm/xcode
builtin-create-build-directory /Users/admin/builder/spi-builder-workspace/.derivedData/SDKExplicitPrecompiledModules
CreateBuildDirectory /Users/admin/builder/spi-builder-workspace/.derivedData/ModuleCache.noindex
cd /Users/admin/builder/spi-builder-workspace/.swiftpm/xcode
builtin-create-build-directory /Users/admin/builder/spi-builder-workspace/.derivedData/ModuleCache.noindex
CreateBuildDirectory /Users/admin/builder/spi-builder-workspace/.derivedData/CompilationCache.noindex
cd /Users/admin/builder/spi-builder-workspace/.swiftpm/xcode
builtin-create-build-directory /Users/admin/builder/spi-builder-workspace/.derivedData/CompilationCache.noindex
CreateBuildDirectory /Users/admin/builder/spi-builder-workspace/.derivedData/Build/Products
cd /Users/admin/builder/spi-builder-workspace/.swiftpm/xcode
builtin-create-build-directory /Users/admin/builder/spi-builder-workspace/.derivedData/Build/Products
CreateBuildDirectory /Users/admin/builder/spi-builder-workspace/.derivedData/Build/Intermediates.noindex
cd /Users/admin/builder/spi-builder-workspace/.swiftpm/xcode
builtin-create-build-directory /Users/admin/builder/spi-builder-workspace/.derivedData/Build/Intermediates.noindex
ClangStatCache /Applications/Xcode-27.0.0-Release.Candidate.app/Contents/Developer/Toolchains/XcodeDefault.xctoolchain/usr/bin/clang-stat-cache /Applications/Xcode-27.0.0-Release.Candidate.app/Contents/Developer/Platforms/AppleTVOS.platform/Developer/SDKs/AppleTVOS27.0.sdk /Users/admin/builder/spi-builder-workspace/.derivedData/SDKStatCaches.noindex/appletvos27.0-24J360-e829b21a6f8c9b70876ba0858053c044b32bfd8d43560033f8d89884cdb90028.sdkstatcache
cd /Users/admin/builder/spi-builder-workspace/.swiftpm/xcode
/Applications/Xcode-27.0.0-Release.Candidate.app/Contents/Developer/Toolchains/XcodeDefault.xctoolchain/usr/bin/clang-stat-cache /Applications/Xcode-27.0.0-Release.Candidate.app/Contents/Developer/Platforms/AppleTVOS.platform/Developer/SDKs/AppleTVOS27.0.sdk -o /Users/admin/builder/spi-builder-workspace/.derivedData/SDKStatCaches.noindex/appletvos27.0-24J360-e829b21a6f8c9b70876ba0858053c044b32bfd8d43560033f8d89884cdb90028.sdkstatcache
CreateBuildDirectory /Users/admin/builder/spi-builder-workspace/.derivedData/Build/Products/Debug-appletvos
cd /Users/admin/builder/spi-builder-workspace/.swiftpm/xcode
builtin-create-build-directory /Users/admin/builder/spi-builder-workspace/.derivedData/Build/Products/Debug-appletvos
CreateBuildDirectory /Users/admin/builder/spi-builder-workspace/.derivedData/Build/Intermediates.noindex/PrecompiledHeaders
cd /Users/admin/builder/spi-builder-workspace/.swiftpm/xcode
builtin-create-build-directory /Users/admin/builder/spi-builder-workspace/.derivedData/Build/Intermediates.noindex/PrecompiledHeaders
CreateBuildDirectory /Users/admin/builder/spi-builder-workspace/.derivedData/Build/Intermediates.noindex/ExplicitPrecompiledModules
cd /Users/admin/builder/spi-builder-workspace/.swiftpm/xcode
builtin-create-build-directory /Users/admin/builder/spi-builder-workspace/.derivedData/Build/Intermediates.noindex/ExplicitPrecompiledModules
CreateBuildDirectory /Users/admin/builder/spi-builder-workspace/.derivedData/Build/Intermediates.noindex/SwiftExplicitPrecompiledModules
cd /Users/admin/builder/spi-builder-workspace/.swiftpm/xcode
builtin-create-build-directory /Users/admin/builder/spi-builder-workspace/.derivedData/Build/Intermediates.noindex/SwiftExplicitPrecompiledModules
CreateBuildDirectory /Users/admin/builder/spi-builder-workspace/.derivedData/Build/Intermediates.noindex/EagerLinkingTBDs/Debug-appletvos
cd /Users/admin/builder/spi-builder-workspace/.swiftpm/xcode
builtin-create-build-directory /Users/admin/builder/spi-builder-workspace/.derivedData/Build/Intermediates.noindex/EagerLinkingTBDs/Debug-appletvos
CreateBuildDirectory /Users/admin/builder/spi-builder-workspace/.derivedData/Build/Products/Debug-appletvos/PackageFrameworks
cd /Users/admin/builder/spi-builder-workspace/.swiftpm/xcode
builtin-create-build-directory /Users/admin/builder/spi-builder-workspace/.derivedData/Build/Products/Debug-appletvos/PackageFrameworks
WriteAuxiliaryFile /Users/admin/builder/spi-builder-workspace/.derivedData/Build/Intermediates.noindex/BasicBottomSheet.build/Debug-appletvos/BasicBottomSheet-t.build/BasicBottomSheet.DependencyMetadataFileList (in target 'BasicBottomSheet' from project 'BasicBottomSheet')
cd /Users/admin/builder/spi-builder-workspace
write-file /Users/admin/builder/spi-builder-workspace/.derivedData/Build/Intermediates.noindex/BasicBottomSheet.build/Debug-appletvos/BasicBottomSheet-t.build/BasicBottomSheet.DependencyMetadataFileList
WriteAuxiliaryFile /Users/admin/builder/spi-builder-workspace/.derivedData/Build/Intermediates.noindex/BasicBottomSheet.build/Debug-appletvos/BasicBottomSheet-t.build/BasicBottomSheet.modulemap (in target 'BasicBottomSheet' from project 'BasicBottomSheet')
cd /Users/admin/builder/spi-builder-workspace
write-file /Users/admin/builder/spi-builder-workspace/.derivedData/Build/Intermediates.noindex/BasicBottomSheet.build/Debug-appletvos/BasicBottomSheet-t.build/BasicBottomSheet.modulemap
WriteAuxiliaryFile /Users/admin/builder/spi-builder-workspace/.derivedData/Build/Intermediates.noindex/BasicBottomSheet.build/Debug-appletvos/BasicBottomSheet-t.build/BasicBottomSheet.DependencyStaticMetadataFileList (in target 'BasicBottomSheet' from project 'BasicBottomSheet')
cd /Users/admin/builder/spi-builder-workspace
write-file /Users/admin/builder/spi-builder-workspace/.derivedData/Build/Intermediates.noindex/BasicBottomSheet.build/Debug-appletvos/BasicBottomSheet-t.build/BasicBottomSheet.DependencyStaticMetadataFileList
WriteAuxiliaryFile /Users/admin/builder/spi-builder-workspace/.derivedData/Build/Intermediates.noindex/BasicBottomSheet.build/Debug-appletvos/BasicBottomSheet-t.build/Objects-normal/arm64/BasicBottomSheet-OutputFileMap.json (in target 'BasicBottomSheet' from project 'BasicBottomSheet')
cd /Users/admin/builder/spi-builder-workspace
write-file /Users/admin/builder/spi-builder-workspace/.derivedData/Build/Intermediates.noindex/BasicBottomSheet.build/Debug-appletvos/BasicBottomSheet-t.build/Objects-normal/arm64/BasicBottomSheet-OutputFileMap.json
WriteAuxiliaryFile /Users/admin/builder/spi-builder-workspace/.derivedData/Build/Intermediates.noindex/BasicBottomSheet.build/Debug-appletvos/BasicBottomSheet-t.build/Objects-normal/arm64/BasicBottomSheet.LinkFileList (in target 'BasicBottomSheet' from project 'BasicBottomSheet')
cd /Users/admin/builder/spi-builder-workspace
write-file /Users/admin/builder/spi-builder-workspace/.derivedData/Build/Intermediates.noindex/BasicBottomSheet.build/Debug-appletvos/BasicBottomSheet-t.build/Objects-normal/arm64/BasicBottomSheet.LinkFileList
WriteAuxiliaryFile /Users/admin/builder/spi-builder-workspace/.derivedData/Build/Intermediates.noindex/BasicBottomSheet.build/Debug-appletvos/BasicBottomSheet-t.build/Objects-normal/arm64/BasicBottomSheet.SwiftConstValuesFileList (in target 'BasicBottomSheet' from project 'BasicBottomSheet')
cd /Users/admin/builder/spi-builder-workspace
write-file /Users/admin/builder/spi-builder-workspace/.derivedData/Build/Intermediates.noindex/BasicBottomSheet.build/Debug-appletvos/BasicBottomSheet-t.build/Objects-normal/arm64/BasicBottomSheet.SwiftConstValuesFileList
WriteAuxiliaryFile /Users/admin/builder/spi-builder-workspace/.derivedData/Build/Intermediates.noindex/BasicBottomSheet.build/Debug-appletvos/BasicBottomSheet-t.build/Objects-normal/arm64/BasicBottomSheet.SwiftFileList (in target 'BasicBottomSheet' from project 'BasicBottomSheet')
cd /Users/admin/builder/spi-builder-workspace
write-file /Users/admin/builder/spi-builder-workspace/.derivedData/Build/Intermediates.noindex/BasicBottomSheet.build/Debug-appletvos/BasicBottomSheet-t.build/Objects-normal/arm64/BasicBottomSheet.SwiftFileList
WriteAuxiliaryFile /Users/admin/builder/spi-builder-workspace/.derivedData/Build/Intermediates.noindex/BasicBottomSheet.build/Debug-appletvos/BasicBottomSheet-t.build/Objects-normal/arm64/BasicBottomSheet_const_extract_protocols.json (in target 'BasicBottomSheet' from project 'BasicBottomSheet')
cd /Users/admin/builder/spi-builder-workspace
write-file /Users/admin/builder/spi-builder-workspace/.derivedData/Build/Intermediates.noindex/BasicBottomSheet.build/Debug-appletvos/BasicBottomSheet-t.build/Objects-normal/arm64/BasicBottomSheet_const_extract_protocols.json
Copy /Users/admin/builder/spi-builder-workspace/.derivedData/Build/Intermediates.noindex/GeneratedModuleMaps-appletvos/BasicBottomSheet.modulemap /Users/admin/builder/spi-builder-workspace/.derivedData/Build/Intermediates.noindex/BasicBottomSheet.build/Debug-appletvos/BasicBottomSheet-t.build/BasicBottomSheet.modulemap (in target 'BasicBottomSheet' from project 'BasicBottomSheet')
cd /Users/admin/builder/spi-builder-workspace
builtin-copy -exclude .DS_Store -exclude CVS -exclude .svn -exclude .git -exclude .hg -resolve-src-symlinks /Users/admin/builder/spi-builder-workspace/.derivedData/Build/Intermediates.noindex/BasicBottomSheet.build/Debug-appletvos/BasicBottomSheet-t.build/BasicBottomSheet.modulemap /Users/admin/builder/spi-builder-workspace/.derivedData/Build/Intermediates.noindex/GeneratedModuleMaps-appletvos
SwiftDriver BasicBottomSheet normal arm64 com.apple.xcode.tools.swift.compiler (in target 'BasicBottomSheet' from project 'BasicBottomSheet')
cd /Users/admin/builder/spi-builder-workspace/.swiftpm/xcode
builtin-SwiftDriver -- /Applications/Xcode-27.0.0-Release.Candidate.app/Contents/Developer/Toolchains/XcodeDefault.xctoolchain/usr/bin/swiftc -parse-as-library -module-name BasicBottomSheet -Onone @/Users/admin/builder/spi-builder-workspace/.derivedData/Build/Intermediates.noindex/BasicBottomSheet.build/Debug-appletvos/BasicBottomSheet-t.build/Objects-normal/arm64/BasicBottomSheet.SwiftFileList -DSWIFT_PACKAGE -DDEBUG -DSWIFT_MODULE_RESOURCE_BUNDLE_UNAVAILABLE -DXcode -plugin-path /Applications/Xcode-27.0.0-Release.Candidate.app/Contents/Developer/Toolchains/XcodeDefault.xctoolchain/usr/lib/swift/host/plugins/testing -enable-experimental-feature DebugDescriptionMacro -sdk /Applications/Xcode-27.0.0-Release.Candidate.app/Contents/Developer/Platforms/AppleTVOS.platform/Developer/SDKs/AppleTVOS27.0.sdk -target arm64-apple-tvos15.0 -g -module-cache-path /Users/admin/builder/spi-builder-workspace/.derivedData/ModuleCache.noindex -Xfrontend -serialize-debugging-options -profile-coverage-mapping -profile-generate -enable-testing -index-store-path /Users/admin/builder/spi-builder-workspace/.derivedData/Index.noindex/DataStore -Xcc -D_LIBCPP_HARDENING_MODE\=_LIBCPP_HARDENING_MODE_DEBUG -swift-version 5 -I /Users/admin/builder/spi-builder-workspace/.derivedData/Build/Products/Debug-appletvos -Isystem /Applications/Xcode-27.0.0-Release.Candidate.app/Contents/Developer/Platforms/AppleTVOS.platform/Developer/usr/lib -F /Users/admin/builder/spi-builder-workspace/.derivedData/Build/Products/Debug-appletvos -F /Applications/Xcode-27.0.0-Release.Candidate.app/Contents/Developer/Platforms/AppleTVOS.platform/Developer/Library/Frameworks -F /Applications/Xcode-27.0.0-Release.Candidate.app/Contents/Developer/Platforms/AppleTVOS.platform/Developer/SDKs/AppleTVOS27.0.sdk/Developer/Library/Frameworks -c -j10 -enable-batch-mode -incremental -Xcc -ivfsstatcache -Xcc /Users/admin/builder/spi-builder-workspace/.derivedData/SDKStatCaches.noindex/appletvos27.0-24J360-e829b21a6f8c9b70876ba0858053c044b32bfd8d43560033f8d89884cdb90028.sdkstatcache -output-file-map /Users/admin/builder/spi-builder-workspace/.derivedData/Build/Intermediates.noindex/BasicBottomSheet.build/Debug-appletvos/BasicBottomSheet-t.build/Objects-normal/arm64/BasicBottomSheet-OutputFileMap.json -save-temps -no-color-diagnostics -explicit-module-build -module-cache-path /Users/admin/builder/spi-builder-workspace/.derivedData/Build/Intermediates.noindex/SwiftExplicitPrecompiledModules -clang-scanner-module-cache-path /Users/admin/builder/spi-builder-workspace/.derivedData/ModuleCache.noindex -sdk-module-cache-path /Users/admin/builder/spi-builder-workspace/.derivedData/SDKExplicitPrecompiledModules -emit-dependencies -emit-module -emit-module-path /Users/admin/builder/spi-builder-workspace/.derivedData/Build/Intermediates.noindex/BasicBottomSheet.build/Debug-appletvos/BasicBottomSheet-t.build/Objects-normal/arm64/BasicBottomSheet.swiftmodule -serialize-diagnostics -dependency-scan-serialize-diagnostics-path /Users/admin/builder/spi-builder-workspace/.derivedData/Build/Intermediates.noindex/BasicBottomSheet.build/Debug-appletvos/BasicBottomSheet-t.build/Objects-normal/arm64/BasicBottomSheet-dependency-scan.dia -validate-clang-modules-once -clang-build-session-file /Users/admin/builder/spi-builder-workspace/.derivedData/ModuleCache.noindex/Session.modulevalidation -Xcc -fmodules-prune-interval\=86400 -Xcc -fmodules-prune-after\=345600 -emit-const-values -const-gather-protocols-list /Users/admin/builder/spi-builder-workspace/.derivedData/Build/Intermediates.noindex/BasicBottomSheet.build/Debug-appletvos/BasicBottomSheet-t.build/Objects-normal/arm64/BasicBottomSheet_const_extract_protocols.json -Xcc -I/Users/admin/builder/spi-builder-workspace/.derivedData/Build/Products/Debug-appletvos/include -Xcc -I/Users/admin/builder/spi-builder-workspace/.derivedData/Build/Intermediates.noindex/BasicBottomSheet.build/Debug-appletvos/BasicBottomSheet-t.build/DerivedSources-normal/arm64 -Xcc -I/Users/admin/builder/spi-builder-workspace/.derivedData/Build/Intermediates.noindex/BasicBottomSheet.build/Debug-appletvos/BasicBottomSheet-t.build/DerivedSources/arm64 -Xcc -I/Users/admin/builder/spi-builder-workspace/.derivedData/Build/Intermediates.noindex/BasicBottomSheet.build/Debug-appletvos/BasicBottomSheet-t.build/DerivedSources -Xcc -DSWIFT_PACKAGE -Xcc -DDEBUG\=1 -emit-objc-header -emit-objc-header-path /Users/admin/builder/spi-builder-workspace/.derivedData/Build/Intermediates.noindex/BasicBottomSheet.build/Debug-appletvos/BasicBottomSheet-t.build/Objects-normal/arm64/BasicBottomSheet-Swift.h -working-directory /Users/admin/builder/spi-builder-workspace/.swiftpm/xcode -experimental-emit-module-separately -disable-cmo
SwiftExplicitDependencyGeneratePcm arm64 /Users/admin/builder/spi-builder-workspace/.derivedData/SDKExplicitPrecompiledModules/_Builtin_float-8ZJAYZ85YBOAOP52Y9H6IUNP3.pcm
SwiftExplicitDependencyGeneratePcm arm64 /Users/admin/builder/spi-builder-workspace/.derivedData/SDKExplicitPrecompiledModules/_Builtin_stddef-9ZJZ6FDEZNKTZU8YLPMFT9RAQ.pcm
SwiftExplicitDependencyGeneratePcm arm64 /Users/admin/builder/spi-builder-workspace/.derivedData/SDKExplicitPrecompiledModules/ptrauth-8X2KEPL7CTRPS40TUB9APHPK6.pcm
SwiftExplicitDependencyGeneratePcm arm64 /Users/admin/builder/spi-builder-workspace/.derivedData/SDKExplicitPrecompiledModules/SwiftShims-8N4EXJ4RUJTR8K9OO3CMOH1EP.pcm
SwiftExplicitDependencyGeneratePcm arm64 /Users/admin/builder/spi-builder-workspace/.derivedData/SDKExplicitPrecompiledModules/ptrcheck-2AZ6B5IBYD3RRRTFWN2ONASY3.pcm
SwiftExplicitDependencyGeneratePcm arm64 /Users/admin/builder/spi-builder-workspace/.derivedData/SDKExplicitPrecompiledModules/DeveloperToolsSupport-B1X8RI63V48AJRTH2RK6JAARV.pcm
SwiftExplicitDependencyGeneratePcm arm64 /Users/admin/builder/spi-builder-workspace/.derivedData/SDKExplicitPrecompiledModules/_Builtin_stdarg-BO2OCAUYVAXDRVQWQ8ISKGNUQ.pcm
SwiftExplicitDependencyGeneratePcm arm64 /Users/admin/builder/spi-builder-workspace/.derivedData/SDKExplicitPrecompiledModules/_Builtin_stdbool-AHRDH5EKLY6D04C5E42F3VCQI.pcm
SwiftExplicitDependencyGeneratePcm arm64 /Users/admin/builder/spi-builder-workspace/.derivedData/SDKExplicitPrecompiledModules/_AvailabilityInternal-BV2EDDP0MI5QJDDPEEV4D9D3V.pcm
SwiftExplicitDependencyGeneratePcm arm64 /Users/admin/builder/spi-builder-workspace/.derivedData/SDKExplicitPrecompiledModules/_SwiftConcurrencyShims-BY5PD8KF1L5KF6F4Q69HE3TJ4.pcm
SwiftExplicitDependencyGeneratePcm arm64 /Users/admin/builder/spi-builder-workspace/.derivedData/SDKExplicitPrecompiledModules/_DarwinFoundation1-JOTYMOA1YZCIJ2NON6FQ848O.pcm
SwiftExplicitDependencyGeneratePcm arm64 /Users/admin/builder/spi-builder-workspace/.derivedData/SDKExplicitPrecompiledModules/_Builtin_limits-7JU2HP127LIT1X9E2V3D8WZ1.pcm
SwiftExplicitDependencyGeneratePcm arm64 /Users/admin/builder/spi-builder-workspace/.derivedData/SDKExplicitPrecompiledModules/_DarwinFoundation2-AOGAN1O02NKXRJN5V73AV3V3M.pcm
SwiftExplicitDependencyGeneratePcm arm64 /Users/admin/builder/spi-builder-workspace/.derivedData/SDKExplicitPrecompiledModules/sys_types-8GCAV1YMG5UUGHUID3CA20TCH.pcm
SwiftExplicitDependencyGeneratePcm arm64 /Users/admin/builder/spi-builder-workspace/.derivedData/SDKExplicitPrecompiledModules/string_h-6EVHP7A717OUS5DMC78F79HWO.pcm
SwiftExplicitDependencyGeneratePcm arm64 /Users/admin/builder/spi-builder-workspace/.derivedData/SDKExplicitPrecompiledModules/_Builtin_tgmath-7ULT1EUHDHW4OZPSTT33H6QGE.pcm
SwiftExplicitDependencyGeneratePcm arm64 /Users/admin/builder/spi-builder-workspace/.derivedData/SDKExplicitPrecompiledModules/_Builtin_stdint-6NFTB6IBKS143IVPGT1EKB7HO.pcm
SwiftExplicitDependencyGeneratePcm arm64 /Users/admin/builder/spi-builder-workspace/.derivedData/SDKExplicitPrecompiledModules/_DarwinFoundation3-8SR3855WDFHQPR6G9GHOI2C07.pcm
SwiftExplicitDependencyGeneratePcm arm64 /Users/admin/builder/spi-builder-workspace/.derivedData/SDKExplicitPrecompiledModules/_Builtin_intrinsics-437O2R2NID4WAQVENR63GR82C.pcm
SwiftExplicitDependencyGeneratePcm arm64 /Users/admin/builder/spi-builder-workspace/.derivedData/SDKExplicitPrecompiledModules/_Builtin_stdatomic-3YXHN678NGYM3NL9POJ2HVEIF.pcm
SwiftExplicitDependencyGeneratePcm arm64 /Users/admin/builder/spi-builder-workspace/.derivedData/SDKExplicitPrecompiledModules/_Builtin_inttypes-6X1IQ3QK9KEVKXOK9Y79EW7J3.pcm
SwiftExplicitDependencyGeneratePcm arm64 /Users/admin/builder/spi-builder-workspace/.derivedData/SDKExplicitPrecompiledModules/Darwin-DBSQAVBBPC3D2OMU5ZI2RXMST.pcm
SwiftExplicitDependencyGeneratePcm arm64 /Users/admin/builder/spi-builder-workspace/.derivedData/SDKExplicitPrecompiledModules/simd-117QUXEUT3Z7UQCUYWV2UA228.pcm
SwiftExplicitDependencyGeneratePcm arm64 /Users/admin/builder/spi-builder-workspace/.derivedData/SDKExplicitPrecompiledModules/MachO-EH3F5PJCIZG05NO51CEFSZYPW.pcm
SwiftExplicitDependencyGeneratePcm arm64 /Users/admin/builder/spi-builder-workspace/.derivedData/SDKExplicitPrecompiledModules/ObjectiveC-5250FDCE56N8508OR6XUYDKZM.pcm
SwiftExplicitDependencyGeneratePcm arm64 /Users/admin/builder/spi-builder-workspace/.derivedData/SDKExplicitPrecompiledModules/os_object-E2DGZ0SX0TULQHULZRPO6OKNW.pcm
SwiftExplicitDependencyGeneratePcm arm64 /Users/admin/builder/spi-builder-workspace/.derivedData/SDKExplicitPrecompiledModules/os_workgroup-DBUFF7811DKMX7VPBOJPGGF1U.pcm
SwiftExplicitDependencyGeneratePcm arm64 /Users/admin/builder/spi-builder-workspace/.derivedData/SDKExplicitPrecompiledModules/Dispatch-1QL58A0V50C39KVAIC6C38SHL.pcm
SwiftExplicitDependencyGeneratePcm arm64 /Users/admin/builder/spi-builder-workspace/.derivedData/SDKExplicitPrecompiledModules/Spatial-7U8NLEFXSB8BR7PJQGVMF5A4Q.pcm
SwiftExplicitDependencyGeneratePcm arm64 /Users/admin/builder/spi-builder-workspace/.derivedData/SDKExplicitPrecompiledModules/XPC-6O2DJFT3QUJ7QKTD3SNUB6PCR.pcm
SwiftExplicitDependencyGeneratePcm arm64 /Users/admin/builder/spi-builder-workspace/.derivedData/SDKExplicitPrecompiledModules/CoreFoundation-7TPJ7ENDC4L1A1ESHYI9TXS0D.pcm
SwiftExplicitDependencyGeneratePcm arm64 /Users/admin/builder/spi-builder-workspace/.derivedData/SDKExplicitPrecompiledModules/os-3GJI8H0BNAEZPQPQ1V0VVY3FY.pcm
SwiftExplicitDependencyGeneratePcm arm64 /Users/admin/builder/spi-builder-workspace/.derivedData/SDKExplicitPrecompiledModules/CFNetwork-2CUR2VK9S3S3WPFXPNXNUWYGN.pcm
SwiftExplicitDependencyGeneratePcm arm64 /Users/admin/builder/spi-builder-workspace/.derivedData/SDKExplicitPrecompiledModules/Security-8VMXEKVDA3MHUH9AOTP905DID.pcm
SwiftExplicitDependencyGeneratePcm arm64 /Users/admin/builder/spi-builder-workspace/.derivedData/SDKExplicitPrecompiledModules/CoreGraphics-CWSP3J98S2658BYCVL6RP99T3.pcm
SwiftExplicitDependencyGeneratePcm arm64 /Users/admin/builder/spi-builder-workspace/.derivedData/SDKExplicitPrecompiledModules/Foundation-BSSIP64DIGUKMAYJOG1WPQ78X.pcm
SwiftExplicitDependencyGeneratePcm arm64 /Users/admin/builder/spi-builder-workspace/.derivedData/SDKExplicitPrecompiledModules/CoreText-59NY7PABM0I4V978161FOC04A.pcm
SwiftExplicitDependencyGeneratePcm arm64 /Users/admin/builder/spi-builder-workspace/.derivedData/SDKExplicitPrecompiledModules/ImageIO-88D4CLEBD4CLWQKT78PZ6H1O8.pcm
SwiftExplicitDependencyGeneratePcm arm64 /Users/admin/builder/spi-builder-workspace/.derivedData/SDKExplicitPrecompiledModules/IOSurface-38FJ1CKX9FV2RD97O64Z7QB17.pcm
SwiftExplicitDependencyGeneratePcm arm64 /Users/admin/builder/spi-builder-workspace/.derivedData/SDKExplicitPrecompiledModules/DataDetection-37JIYZ2GWDA1L166PP1D9JKAF.pcm
SwiftExplicitDependencyGeneratePcm arm64 /Users/admin/builder/spi-builder-workspace/.derivedData/SDKExplicitPrecompiledModules/UserNotifications-E9ZW5TH066WIJWH9080RC5NG4.pcm
SwiftExplicitDependencyGeneratePcm arm64 /Users/admin/builder/spi-builder-workspace/.derivedData/SDKExplicitPrecompiledModules/UIUtilities-6ZFJ1AK4H8IBGEBMYQBWGBYLK.pcm
SwiftExplicitDependencyGeneratePcm arm64 /Users/admin/builder/spi-builder-workspace/.derivedData/SDKExplicitPrecompiledModules/OSLog-7OT6HHTMY0ZFEQJ095LJZ6NLC.pcm
SwiftExplicitDependencyGeneratePcm arm64 /Users/admin/builder/spi-builder-workspace/.derivedData/SDKExplicitPrecompiledModules/UniformTypeIdentifiers-95CC8U42ZA9STP5K6GP9ZVJS5.pcm
SwiftExplicitDependencyGeneratePcm arm64 /Users/admin/builder/spi-builder-workspace/.derivedData/SDKExplicitPrecompiledModules/Accessibility-B6BODGZ4MQQTY0PBC4SHRP009.pcm
SwiftExplicitDependencyGeneratePcm arm64 /Users/admin/builder/spi-builder-workspace/.derivedData/SDKExplicitPrecompiledModules/Symbols-B5AU9VM9Y7NU79RLMH13Z4IFM.pcm
SwiftExplicitDependencyGeneratePcm arm64 /Users/admin/builder/spi-builder-workspace/.derivedData/SDKExplicitPrecompiledModules/_LocationEssentials-ETSJ65FELPWR8WH8G49R1DF2E.pcm
SwiftExplicitDependencyGeneratePcm arm64 /Users/admin/builder/spi-builder-workspace/.derivedData/SDKExplicitPrecompiledModules/CoreTransferable-7V4O8DATEQ9F7SDNTCW8YWLG3.pcm
SwiftExplicitDependencyGeneratePcm arm64 /Users/admin/builder/spi-builder-workspace/.derivedData/SDKExplicitPrecompiledModules/CoreLocation-YVXXAOMVX0JH2KO1XTTKTY51.pcm
SwiftExplicitDependencyGeneratePcm arm64 /Users/admin/builder/spi-builder-workspace/.derivedData/SDKExplicitPrecompiledModules/OpenGLES-4NY99CNDU9WUNUYEIXSS1QFGE.pcm
SwiftExplicitDependencyGeneratePcm arm64 /Users/admin/builder/spi-builder-workspace/.derivedData/SDKExplicitPrecompiledModules/Metal-2KYBS7IML1SD788M91YV7Q0CC.pcm
SwiftExplicitDependencyGeneratePcm arm64 /Users/admin/builder/spi-builder-workspace/.derivedData/SDKExplicitPrecompiledModules/CoreVideo-DPU0PB5X0XLSVA2ETRGI6FJBM.pcm
SwiftExplicitDependencyGeneratePcm arm64 /Users/admin/builder/spi-builder-workspace/.derivedData/SDKExplicitPrecompiledModules/CoreImage-7S2AFJ8EIY3DUFYLEAX1JR1QV.pcm
SwiftExplicitDependencyGeneratePcm arm64 /Users/admin/builder/spi-builder-workspace/.derivedData/SDKExplicitPrecompiledModules/QuartzCore-DJSYAWKXFGVSAK5CQMOB3JSR.pcm
SwiftExplicitDependencyGeneratePcm arm64 /Users/admin/builder/spi-builder-workspace/.derivedData/SDKExplicitPrecompiledModules/SwiftUICore-543QU5V2NHKUFCYFJDKUJ7NYG.pcm
SwiftExplicitDependencyGeneratePcm arm64 /Users/admin/builder/spi-builder-workspace/.derivedData/SDKExplicitPrecompiledModules/UIKit-1TKWN7VC2X6N3ITMRVA2G0EB2.pcm
SwiftEmitModule normal arm64 Emitting\ module\ for\ BasicBottomSheet (in target 'BasicBottomSheet' from project 'BasicBottomSheet')
/Users/admin/builder/spi-builder-workspace/Sources/BasicBottomSheet/Animator/BasicBottomSheetPresentationAnimator.swift:22:34: error: 'UISelectionFeedbackGenerator' is unavailable in tvOS
20 | private let transitionDirection: TransitionDirection
21 |
22 | private var feedbackGenerator: UISelectionFeedbackGenerator?
| `- error: 'UISelectionFeedbackGenerator' is unavailable in tvOS
23 |
24 |
/Applications/Xcode-27.0.0-Release.Candidate.app/Contents/Developer/Platforms/AppleTVOS.platform/Developer/SDKs/AppleTVOS27.0.sdk/System/Library/Frameworks/UIKit.framework/Headers/UISelectionFeedbackGenerator.h:15:12: note: 'UISelectionFeedbackGenerator' has been explicitly marked unavailable here
13 | // UISelectionFeedbackGenerator is used to give user feedback when a selection changes
14 | UIKIT_EXTERN API_AVAILABLE(ios(10.0)) API_UNAVAILABLE(visionos, tvos) API_UNAVAILABLE(watchos) NS_SWIFT_UI_ACTOR
15 | @interface UISelectionFeedbackGenerator : UIFeedbackGenerator
| `- note: 'UISelectionFeedbackGenerator' has been explicitly marked unavailable here
16 |
17 | /// call when the selection changes (not on initial selection)
/Users/admin/builder/spi-builder-workspace/Sources/BasicBottomSheet/Presentation/BasicBottomSheetPresentationController.swift:80:13: error: 'minimumNumberOfTouches' is unavailable in tvOS
78 | private lazy var panGestureRecognizer: UIPanGestureRecognizer = {
79 | let gesture = UIPanGestureRecognizer(target: self, action: #selector(didPanOnPresentedView(_ :)))
80 | gesture.minimumNumberOfTouches = 1
| `- error: 'minimumNumberOfTouches' is unavailable in tvOS
81 | gesture.maximumNumberOfTouches = 1
82 | gesture.delegate = self
/Applications/Xcode-27.0.0-Release.Candidate.app/Contents/Developer/Platforms/AppleTVOS.platform/Developer/SDKs/AppleTVOS27.0.sdk/System/Library/Frameworks/UIKit.framework/Headers/UIPanGestureRecognizer.h:33:43: note: 'minimumNumberOfTouches' has been explicitly marked unavailable here
31 | @interface UIPanGestureRecognizer : UIGestureRecognizer
32 |
33 | @property (nonatomic) NSUInteger minimumNumberOfTouches API_UNAVAILABLE(tvos); // default is 1. the minimum number of touches required to match
| `- note: 'minimumNumberOfTouches' has been explicitly marked unavailable here
34 | @property (nonatomic) NSUInteger maximumNumberOfTouches API_UNAVAILABLE(tvos); // default is UINT_MAX. the maximum number of touches that can be down
35 |
/Users/admin/builder/spi-builder-workspace/Sources/BasicBottomSheet/Presentation/BasicBottomSheetPresentationController.swift:81:13: error: 'maximumNumberOfTouches' is unavailable in tvOS
79 | let gesture = UIPanGestureRecognizer(target: self, action: #selector(didPanOnPresentedView(_ :)))
80 | gesture.minimumNumberOfTouches = 1
81 | gesture.maximumNumberOfTouches = 1
| `- error: 'maximumNumberOfTouches' is unavailable in tvOS
82 | gesture.delegate = self
83 | return gesture
/Applications/Xcode-27.0.0-Release.Candidate.app/Contents/Developer/Platforms/AppleTVOS.platform/Developer/SDKs/AppleTVOS27.0.sdk/System/Library/Frameworks/UIKit.framework/Headers/UIPanGestureRecognizer.h:34:43: note: 'maximumNumberOfTouches' has been explicitly marked unavailable here
32 |
33 | @property (nonatomic) NSUInteger minimumNumberOfTouches API_UNAVAILABLE(tvos); // default is 1. the minimum number of touches required to match
34 | @property (nonatomic) NSUInteger maximumNumberOfTouches API_UNAVAILABLE(tvos); // default is UINT_MAX. the maximum number of touches that can be down
| `- note: 'maximumNumberOfTouches' has been explicitly marked unavailable here
35 |
36 | - (CGPoint)translationInView:(nullable UIView *)view; // translation in the coordinate system of the specified view
Failed frontend command:
SwiftCompile normal arm64 (in target 'BasicBottomSheet' from project 'BasicBottomSheet')
cd /Users/admin/builder/spi-builder-workspace/.swiftpm/xcode
/Applications/Xcode-27.0.0-Release.Candidate.app/Contents/Developer/Toolchains/XcodeDefault.xctoolchain/usr/bin/swift-frontend -frontend -emit-module -experimental-skip-non-inlinable-function-bodies-without-types /Users/admin/builder/spi-builder-workspace/Sources/BasicBottomSheet/Animator/BasicBottomSheetAnimator.swift /Users/admin/builder/spi-builder-workspace/Sources/BasicBottomSheet/Animator/BasicBottomSheetPresentationAnimator.swift /Users/admin/builder/spi-builder-workspace/Sources/BasicBottomSheet/Presentable/BasicBottomSheet.swift /Users/admin/builder/spi-builder-workspace/Sources/BasicBottomSheet/Presentable/BasicBottomSheetPresentable+Default.swift /Users/admin/builder/spi-builder-workspace/Sources/BasicBottomSheet/Presentable/BasicBottomSheetPresentable+Internal.swift /Users/admin/builder/spi-builder-workspace/Sources/BasicBottomSheet/Presentable/BasicBottomSheetPresentable+UIViewController.swift /Users/admin/builder/spi-builder-workspace/Sources/BasicBottomSheet/Presentable/BasicBottomSheetPresentable.swift /Users/admin/builder/spi-builder-workspace/Sources/BasicBottomSheet/Presentation/BasicBottomSheetContainerView.swift /Users/admin/builder/spi-builder-workspace/Sources/BasicBottomSheet/Presentation/BasicBottomSheetHandleMetric.swift /Users/admin/builder/spi-builder-workspace/Sources/BasicBottomSheet/Presentation/BasicBottomSheetPresentationController.swift /Users/admin/builder/spi-builder-workspace/Sources/BasicBottomSheet/Presentation/BasicBottomSheetPresentationDelegate.swift /Users/admin/builder/spi-builder-workspace/Sources/BasicBottomSheet/Presenter/BasicBottomSheetPresenter.swift /Users/admin/builder/spi-builder-workspace/Sources/BasicBottomSheet/Presenter/UIViewController+BasicBottomSheetPresenter.swift /Users/admin/builder/spi-builder-workspace/Sources/BasicBottomSheet/Utils/UIColor+Init.swift -target arm64-apple-tvos15.0 -disable-cross-import-overlay-search -load-resolved-plugin /Applications/Xcode-27.0.0-Release.Candidate.app/Contents/Developer/Platforms/AppleTVOS.platform/Developer/usr/lib/swift/host/plugins/libFoundationMacros.dylib\#/Applications/Xcode-27.0.0-Release.Candidate.app/Contents/Developer/Platforms/AppleTVOS.platform/Developer/usr/bin/swift-plugin-server\#FoundationMacros -load-resolved-plugin /Applications/Xcode-27.0.0-Release.Candidate.app/Contents/Developer/Platforms/AppleTVOS.platform/Developer/usr/lib/swift/host/plugins/libObservationMacros.dylib\#/Applications/Xcode-27.0.0-Release.Candidate.app/Contents/Developer/Platforms/AppleTVOS.platform/Developer/usr/bin/swift-plugin-server\#ObservationMacros -load-resolved-plugin /Applications/Xcode-27.0.0-Release.Candidate.app/Contents/Developer/Platforms/AppleTVOS.platform/Developer/usr/lib/swift/host/plugins/libPreviewsMacros.dylib\#/Applications/Xcode-27.0.0-Release.Candidate.app/Contents/Developer/Platforms/AppleTVOS.platform/Developer/usr/bin/swift-plugin-server\#PreviewsMacros -load-resolved-plugin /Applications/Xcode-27.0.0-Release.Candidate.app/Contents/Developer/Platforms/AppleTVOS.platform/Developer/usr/lib/swift/host/plugins/libSwiftMacros.dylib\#/Applications/Xcode-27.0.0-Release.Candidate.app/Contents/Developer/Platforms/AppleTVOS.platform/Developer/usr/bin/swift-plugin-server\#SwiftMacros -load-resolved-plugin /Applications/Xcode-27.0.0-Release.Candidate.app/Contents/Developer/Platforms/AppleTVOS.platform/Developer/usr/lib/swift/host/plugins/libSwiftUIMacros.dylib\#/Applications/Xcode-27.0.0-Release.Candidate.app/Contents/Developer/Platforms/AppleTVOS.platform/Developer/usr/bin/swift-plugin-server\#SwiftUIMacros -disable-implicit-swift-modules -Xcc -fno-implicit-modules -Xcc -fno-implicit-module-maps -explicit-swift-module-map-file /Users/admin/builder/spi-builder-workspace/.derivedData/Build/Intermediates.noindex/BasicBottomSheet.build/Debug-appletvos/BasicBottomSheet-t.build/Objects-normal/arm64/BasicBottomSheet-dependencies-1.json -Xllvm -aarch64-use-tbi -enable-objc-interop -stack-check -sdk /Applications/Xcode-27.0.0-Release.Candidate.app/Contents/Developer/Platforms/AppleTVOS.platform/Developer/SDKs/AppleTVOS27.0.sdk -I /Users/admin/builder/spi-builder-workspace/.derivedData/Build/Products/Debug-appletvos -Isystem /Applications/Xcode-27.0.0-Release.Candidate.app/Contents/Developer/Platforms/AppleTVOS.platform/Developer/usr/lib -F /Users/admin/builder/spi-builder-workspace/.derivedData/Build/Products/Debug-appletvos -F /Applications/Xcode-27.0.0-Release.Candidate.app/Contents/Developer/Platforms/AppleTVOS.platform/Developer/Library/Frameworks -F /Applications/Xcode-27.0.0-Release.Candidate.app/Contents/Developer/Platforms/AppleTVOS.platform/Developer/SDKs/AppleTVOS27.0.sdk/Developer/Library/Frameworks -module-cache-path /Users/admin/builder/spi-builder-workspace/.derivedData/Build/Intermediates.noindex/SwiftExplicitPrecompiledModules -no-color-diagnostics -Xcc -fno-color-diagnostics -enable-testing -g -debug-info-format\=dwarf -dwarf-version\=4 -profile-generate -profile-coverage-mapping -swift-version 5 -Onone -D SWIFT_PACKAGE -D DEBUG -D SWIFT_MODULE_RESOURCE_BUNDLE_UNAVAILABLE -D Xcode -serialize-debugging-options -enable-experimental-feature DebugDescriptionMacro -empty-abi-descriptor -validate-clang-modules-once -clang-build-session-file /Users/admin/builder/spi-builder-workspace/.derivedData/ModuleCache.noindex/Session.modulevalidation -Xcc -working-directory -Xcc /Users/admin/builder/spi-builder-workspace/.swiftpm/xcode -enable-anonymous-context-mangled-names -file-compilation-dir /Users/admin/builder/spi-builder-workspace/.swiftpm/xcode -Xcc -D_LIBCPP_HARDENING_MODE\=_LIBCPP_HARDENING_MODE_DEBUG -Xcc -ivfsstatcache -Xcc /Users/admin/builder/spi-builder-workspace/.derivedData/SDKStatCaches.noindex/appletvos27.0-24J360-e829b21a6f8c9b70876ba0858053c044b32bfd8d43560033f8d89884cdb90028.sdkstatcache -Xcc -fmodules-prune-interval\=86400 -Xcc -fmodules-prune-after\=345600 -Xcc -I/Users/admin/builder/spi-builder-workspace/.derivedData/Build/Products/Debug-appletvos/include -Xcc -I/Users/admin/builder/spi-builder-workspace/.derivedData/Build/Intermediates.noindex/BasicBottomSheet.build/Debug-appletvos/BasicBottomSheet-t.build/DerivedSources-normal/arm64 -Xcc -I/Users/admin/builder/spi-builder-workspace/.derivedData/Build/Intermediates.noindex/BasicBottomSheet.build/Debug-appletvos/BasicBottomSheet-t.build/DerivedSources/arm64 -Xcc -I/Users/admin/builder/spi-builder-workspace/.derivedData/Build/Intermediates.noindex/BasicBottomSheet.build/Debug-appletvos/BasicBottomSheet-t.build/DerivedSources -Xcc -DSWIFT_PACKAGE -Xcc -DDEBUG\=1 -no-auto-bridging-header-chaining -module-name BasicBottomSheet -const-gather-protocols-file /Users/admin/builder/spi-builder-workspace/.derivedData/Build/Intermediates.noindex/BasicBottomSheet.build/Debug-appletvos/BasicBottomSheet-t.build/Objects-normal/arm64/BasicBottomSheet_const_extract_protocols.json -disable-clang-spi -clang-target arm64-apple-tvos27.0 -target-sdk-version 27.0 -target-sdk-name appletvos27.0 -in-process-plugin-server-path /Applications/Xcode-27.0.0-Release.Candidate.app/Contents/Developer/Toolchains/XcodeDefault.xctoolchain/usr/lib/swift/host/libSwiftInProcPluginServer.dylib -emit-module-doc-path /Users/admin/builder/spi-builder-workspace/.derivedData/Build/Intermediates.noindex/BasicBottomSheet.build/Debug-appletvos/BasicBottomSheet-t.build/Objects-normal/arm64/BasicBottomSheet.swiftdoc -emit-module-source-info-path /Users/admin/builder/spi-builder-workspace/.derivedData/Build/Intermediates.noindex/BasicBottomSheet.build/Debug-appletvos/BasicBottomSheet-t.build/Objects-normal/arm64/BasicBottomSheet.swiftsourceinfo -emit-objc-header-path /Users/admin/builder/spi-builder-workspace/.derivedData/Build/Intermediates.noindex/BasicBottomSheet.build/Debug-appletvos/BasicBottomSheet-t.build/Objects-normal/arm64/BasicBottomSheet-Swift.h -serialize-diagnostics-path /Users/admin/builder/spi-builder-workspace/.derivedData/Build/Intermediates.noindex/BasicBottomSheet.build/Debug-appletvos/BasicBottomSheet-t.build/Objects-normal/arm64/BasicBottomSheet-primary-emit-module.dia -emit-dependencies-path /Users/admin/builder/spi-builder-workspace/.derivedData/Build/Intermediates.noindex/BasicBottomSheet.build/Debug-appletvos/BasicBottomSheet-t.build/Objects-normal/arm64/BasicBottomSheet-primary-emit-module.d -parse-as-library -o /Users/admin/builder/spi-builder-workspace/.derivedData/Build/Intermediates.noindex/BasicBottomSheet.build/Debug-appletvos/BasicBottomSheet-t.build/Objects-normal/arm64/BasicBottomSheet.swiftmodule -emit-abi-descriptor-path /Users/admin/builder/spi-builder-workspace/.derivedData/Build/Intermediates.noindex/BasicBottomSheet.build/Debug-appletvos/BasicBottomSheet-t.build/Objects-normal/arm64/BasicBottomSheet.abi.json
SwiftCompile normal arm64 Compiling\ BasicBottomSheetPresentationDelegate.swift /Users/admin/builder/spi-builder-workspace/Sources/BasicBottomSheet/Presentation/BasicBottomSheetPresentationDelegate.swift (in target 'BasicBottomSheet' from project 'BasicBottomSheet')
SwiftCompile normal arm64 /Users/admin/builder/spi-builder-workspace/Sources/BasicBottomSheet/Presentation/BasicBottomSheetPresentationDelegate.swift (in target 'BasicBottomSheet' from project 'BasicBottomSheet')
cd /Users/admin/builder/spi-builder-workspace/.swiftpm/xcode
builtin-SwiftPerFileCompile BasicBottomSheetPresentationDelegate.swift
SwiftCompile normal arm64 Compiling\ BasicBottomSheetPresenter.swift /Users/admin/builder/spi-builder-workspace/Sources/BasicBottomSheet/Presenter/BasicBottomSheetPresenter.swift (in target 'BasicBottomSheet' from project 'BasicBottomSheet')
SwiftCompile normal arm64 /Users/admin/builder/spi-builder-workspace/Sources/BasicBottomSheet/Presenter/BasicBottomSheetPresenter.swift (in target 'BasicBottomSheet' from project 'BasicBottomSheet')
cd /Users/admin/builder/spi-builder-workspace/.swiftpm/xcode
builtin-SwiftPerFileCompile BasicBottomSheetPresenter.swift
SwiftCompile normal arm64 Compiling\ UIViewController+BasicBottomSheetPresenter.swift /Users/admin/builder/spi-builder-workspace/Sources/BasicBottomSheet/Presenter/UIViewController+BasicBottomSheetPresenter.swift (in target 'BasicBottomSheet' from project 'BasicBottomSheet')
SwiftCompile normal arm64 /Users/admin/builder/spi-builder-workspace/Sources/BasicBottomSheet/Presenter/UIViewController+BasicBottomSheetPresenter.swift (in target 'BasicBottomSheet' from project 'BasicBottomSheet')
cd /Users/admin/builder/spi-builder-workspace/.swiftpm/xcode
builtin-SwiftPerFileCompile UIViewController+BasicBottomSheetPresenter.swift
SwiftCompile normal arm64 Compiling\ UIColor+Init.swift /Users/admin/builder/spi-builder-workspace/Sources/BasicBottomSheet/Utils/UIColor+Init.swift (in target 'BasicBottomSheet' from project 'BasicBottomSheet')
SwiftCompile normal arm64 /Users/admin/builder/spi-builder-workspace/Sources/BasicBottomSheet/Utils/UIColor+Init.swift (in target 'BasicBottomSheet' from project 'BasicBottomSheet')
cd /Users/admin/builder/spi-builder-workspace/.swiftpm/xcode
builtin-SwiftPerFileCompile UIColor+Init.swift
SwiftCompile normal arm64 Compiling\ BasicBottomSheetPresentable.swift,\ BasicBottomSheetContainerView.swift /Users/admin/builder/spi-builder-workspace/Sources/BasicBottomSheet/Presentable/BasicBottomSheetPresentable.swift /Users/admin/builder/spi-builder-workspace/Sources/BasicBottomSheet/Presentation/BasicBottomSheetContainerView.swift (in target 'BasicBottomSheet' from project 'BasicBottomSheet')
SwiftCompile normal arm64 /Users/admin/builder/spi-builder-workspace/Sources/BasicBottomSheet/Presentable/BasicBottomSheetPresentable.swift (in target 'BasicBottomSheet' from project 'BasicBottomSheet')
cd /Users/admin/builder/spi-builder-workspace/.swiftpm/xcode
builtin-SwiftPerFileCompile BasicBottomSheetPresentable.swift
SwiftCompile normal arm64 /Users/admin/builder/spi-builder-workspace/Sources/BasicBottomSheet/Presentation/BasicBottomSheetContainerView.swift (in target 'BasicBottomSheet' from project 'BasicBottomSheet')
cd /Users/admin/builder/spi-builder-workspace/.swiftpm/xcode
builtin-SwiftPerFileCompile BasicBottomSheetContainerView.swift
SwiftCompile normal arm64 Compiling\ BasicBottomSheetPresentable+Internal.swift,\ BasicBottomSheetPresentable+UIViewController.swift /Users/admin/builder/spi-builder-workspace/Sources/BasicBottomSheet/Presentable/BasicBottomSheetPresentable+Internal.swift /Users/admin/builder/spi-builder-workspace/Sources/BasicBottomSheet/Presentable/BasicBottomSheetPresentable+UIViewController.swift (in target 'BasicBottomSheet' from project 'BasicBottomSheet')
SwiftCompile normal arm64 /Users/admin/builder/spi-builder-workspace/Sources/BasicBottomSheet/Presentable/BasicBottomSheetPresentable+Internal.swift (in target 'BasicBottomSheet' from project 'BasicBottomSheet')
cd /Users/admin/builder/spi-builder-workspace/.swiftpm/xcode
builtin-SwiftPerFileCompile BasicBottomSheetPresentable+Internal.swift
SwiftCompile normal arm64 /Users/admin/builder/spi-builder-workspace/Sources/BasicBottomSheet/Presentable/BasicBottomSheetPresentable+UIViewController.swift (in target 'BasicBottomSheet' from project 'BasicBottomSheet')
cd /Users/admin/builder/spi-builder-workspace/.swiftpm/xcode
builtin-SwiftPerFileCompile BasicBottomSheetPresentable+UIViewController.swift
SwiftCompile normal arm64 Compiling\ BasicBottomSheet.swift,\ BasicBottomSheetPresentable+Default.swift /Users/admin/builder/spi-builder-workspace/Sources/BasicBottomSheet/Presentable/BasicBottomSheet.swift /Users/admin/builder/spi-builder-workspace/Sources/BasicBottomSheet/Presentable/BasicBottomSheetPresentable+Default.swift (in target 'BasicBottomSheet' from project 'BasicBottomSheet')
SwiftCompile normal arm64 /Users/admin/builder/spi-builder-workspace/Sources/BasicBottomSheet/Presentable/BasicBottomSheet.swift (in target 'BasicBottomSheet' from project 'BasicBottomSheet')
cd /Users/admin/builder/spi-builder-workspace/.swiftpm/xcode
builtin-SwiftPerFileCompile BasicBottomSheet.swift
SwiftCompile normal arm64 /Users/admin/builder/spi-builder-workspace/Sources/BasicBottomSheet/Presentable/BasicBottomSheetPresentable+Default.swift (in target 'BasicBottomSheet' from project 'BasicBottomSheet')
cd /Users/admin/builder/spi-builder-workspace/.swiftpm/xcode
builtin-SwiftPerFileCompile BasicBottomSheetPresentable+Default.swift
SwiftCompile normal arm64 Compiling\ BasicBottomSheetAnimator.swift,\ BasicBottomSheetPresentationAnimator.swift /Users/admin/builder/spi-builder-workspace/Sources/BasicBottomSheet/Animator/BasicBottomSheetAnimator.swift /Users/admin/builder/spi-builder-workspace/Sources/BasicBottomSheet/Animator/BasicBottomSheetPresentationAnimator.swift (in target 'BasicBottomSheet' from project 'BasicBottomSheet')
/Users/admin/builder/spi-builder-workspace/Sources/BasicBottomSheet/Animator/BasicBottomSheetPresentationAnimator.swift:22:34: error: 'UISelectionFeedbackGenerator' is unavailable in tvOS
20 | private let transitionDirection: TransitionDirection
21 |
22 | private var feedbackGenerator: UISelectionFeedbackGenerator?
| `- error: 'UISelectionFeedbackGenerator' is unavailable in tvOS
23 |
24 |
/Applications/Xcode-27.0.0-Release.Candidate.app/Contents/Developer/Platforms/AppleTVOS.platform/Developer/SDKs/AppleTVOS27.0.sdk/System/Library/Frameworks/UIKit.framework/Headers/UISelectionFeedbackGenerator.h:15:12: note: 'UISelectionFeedbackGenerator' has been explicitly marked unavailable here
13 | // UISelectionFeedbackGenerator is used to give user feedback when a selection changes
14 | UIKIT_EXTERN API_AVAILABLE(ios(10.0)) API_UNAVAILABLE(visionos, tvos) API_UNAVAILABLE(watchos) NS_SWIFT_UI_ACTOR
15 | @interface UISelectionFeedbackGenerator : UIFeedbackGenerator
| `- note: 'UISelectionFeedbackGenerator' has been explicitly marked unavailable here
16 |
17 | /// call when the selection changes (not on initial selection)
SwiftCompile normal arm64 /Users/admin/builder/spi-builder-workspace/Sources/BasicBottomSheet/Animator/BasicBottomSheetAnimator.swift (in target 'BasicBottomSheet' from project 'BasicBottomSheet')
cd /Users/admin/builder/spi-builder-workspace/.swiftpm/xcode
builtin-SwiftPerFileCompile BasicBottomSheetAnimator.swift
SwiftCompile normal arm64 /Users/admin/builder/spi-builder-workspace/Sources/BasicBottomSheet/Animator/BasicBottomSheetPresentationAnimator.swift (in target 'BasicBottomSheet' from project 'BasicBottomSheet')
cd /Users/admin/builder/spi-builder-workspace/.swiftpm/xcode
builtin-SwiftPerFileCompile BasicBottomSheetPresentationAnimator.swift
SwiftCompile normal arm64 Compiling\ BasicBottomSheetHandleMetric.swift /Users/admin/builder/spi-builder-workspace/Sources/BasicBottomSheet/Presentation/BasicBottomSheetHandleMetric.swift (in target 'BasicBottomSheet' from project 'BasicBottomSheet')
SwiftCompile normal arm64 /Users/admin/builder/spi-builder-workspace/Sources/BasicBottomSheet/Presentation/BasicBottomSheetHandleMetric.swift (in target 'BasicBottomSheet' from project 'BasicBottomSheet')
cd /Users/admin/builder/spi-builder-workspace/.swiftpm/xcode
builtin-SwiftPerFileCompile BasicBottomSheetHandleMetric.swift
SwiftCompile normal arm64 Compiling\ BasicBottomSheetPresentationController.swift /Users/admin/builder/spi-builder-workspace/Sources/BasicBottomSheet/Presentation/BasicBottomSheetPresentationController.swift (in target 'BasicBottomSheet' from project 'BasicBottomSheet')
SwiftCompile normal arm64 /Users/admin/builder/spi-builder-workspace/Sources/BasicBottomSheet/Presentation/BasicBottomSheetPresentationController.swift (in target 'BasicBottomSheet' from project 'BasicBottomSheet')
cd /Users/admin/builder/spi-builder-workspace/.swiftpm/xcode
builtin-SwiftPerFileCompile BasicBottomSheetPresentationController.swift
PruneExplicitPrecompiledModules /Users/admin/builder/spi-builder-workspace/.derivedData/Build/Intermediates.noindex/SwiftExplicitPrecompiledModules
PruneExplicitPrecompiledModules /Users/admin/builder/spi-builder-workspace/.derivedData/SDKExplicitPrecompiledModules
PruneExplicitPrecompiledModules /Users/admin/builder/spi-builder-workspace/.derivedData/Build/Intermediates.noindex/ExplicitPrecompiledModules
2026-09-20 22:22:32.427 xcodebuild[649:4183] [MT] IDERunDestination: Supported platforms for the buildables in the current scheme is empty.
** BUILD FAILED **
The following build commands failed:
SwiftCompile normal arm64 (in target 'BasicBottomSheet' from project 'BasicBottomSheet')
SwiftEmitModule normal arm64 Emitting\ module\ for\ BasicBottomSheet (in target 'BasicBottomSheet' from project 'BasicBottomSheet')
Building workspace BasicBottomSheet with scheme BasicBottomSheet
(3 failures)
Command line invocation:
/Applications/Xcode-27.0.0-Release.Candidate.app/Contents/Developer/usr/bin/xcodebuild -IDEClonedSourcePackagesDirPathOverride=/Users/admin/builder/spi-builder-workspace/.dependencies -resolvePackageDependencies
Resolve Package Graph
Resolved source packages:
BasicBottomSheet: /Users/admin/builder/spi-builder-workspace
resolved source packages: BasicBottomSheet
2026-09-20 22:22:38.280 xcodebuild[730:4532] [MT] IDERunDestination: Supported platforms for the buildables in the current scheme is empty.
{
"dependencies" : [
],
"manifest_display_name" : "BasicBottomSheet",
"name" : "BasicBottomSheet",
"path" : "/Users/admin/builder/spi-builder-workspace",
"platforms" : [
{
"name" : "ios",
"version" : "11.0"
}
],
"products" : [
{
"name" : "BasicBottomSheet",
"targets" : [
"BasicBottomSheet"
],
"type" : {
"library" : [
"automatic"
]
}
}
],
"targets" : [
{
"c99name" : "BasicBottomSheetTests",
"module_type" : "SwiftTarget",
"name" : "BasicBottomSheetTests",
"path" : "Tests/BasicBottomSheetTests",
"sources" : [
"BasicBottomSheetTests.swift"
],
"target_dependencies" : [
"BasicBottomSheet"
],
"type" : "test"
},
{
"c99name" : "BasicBottomSheet",
"module_type" : "SwiftTarget",
"name" : "BasicBottomSheet",
"path" : "Sources/BasicBottomSheet",
"product_memberships" : [
"BasicBottomSheet"
],
"sources" : [
"Animator/BasicBottomSheetAnimator.swift",
"Animator/BasicBottomSheetPresentationAnimator.swift",
"Presentable/BasicBottomSheet.swift",
"Presentable/BasicBottomSheetPresentable+Default.swift",
"Presentable/BasicBottomSheetPresentable+Internal.swift",
"Presentable/BasicBottomSheetPresentable+UIViewController.swift",
"Presentable/BasicBottomSheetPresentable.swift",
"Presentation/BasicBottomSheetContainerView.swift",
"Presentation/BasicBottomSheetHandleMetric.swift",
"Presentation/BasicBottomSheetPresentationController.swift",
"Presentation/BasicBottomSheetPresentationDelegate.swift",
"Presenter/BasicBottomSheetPresenter.swift",
"Presenter/UIViewController+BasicBottomSheetPresenter.swift",
"Utils/UIColor+Init.swift"
],
"type" : "library"
}
],
"tools_version" : "5.1"
}
{
"workspace" : {
"name" : "BasicBottomSheet",
"schemes" : [
"BasicBottomSheet"
]
}
}
2026-09-20 22:22:39.498 xcodebuild[738:4596] [MT] IDERunDestination: Supported platforms for the buildables in the current scheme is empty.
Running build ...
env DEVELOPER_DIR=/Applications/Xcode-27.0.0-Release.Candidate.app xcrun xcodebuild -IDEClonedSourcePackagesDirPathOverride=$PWD/.dependencies -skipMacroValidation -skipPackagePluginValidation -derivedDataPath $PWD/.derivedData build -scheme BasicBottomSheet -destination generic/platform=tvOS
Command line invocation:
/Applications/Xcode-27.0.0-Release.Candidate.app/Contents/Developer/usr/bin/xcodebuild -IDEClonedSourcePackagesDirPathOverride=/Users/admin/builder/spi-builder-workspace/.dependencies -skipMacroValidation -skipPackagePluginValidation -derivedDataPath /Users/admin/builder/spi-builder-workspace/.derivedData build -scheme BasicBottomSheet -destination generic/platform=tvOS
Resolve Package Graph
Resolved source packages:
BasicBottomSheet: /Users/admin/builder/spi-builder-workspace
ComputePackagePrebuildTargetDependencyGraph
Prepare packages
CreateBuildRequest
SendProjectDescription
CreateBuildOperation
ComputeTargetDependencyGraph
note: Building targets in dependency order
note: Target dependency graph (2 targets)
Target 'BasicBottomSheet-product' in project 'BasicBottomSheet'
➜ Explicit dependency on target 'BasicBottomSheet' in project 'BasicBottomSheet'
Target 'BasicBottomSheet' in project 'BasicBottomSheet' (no dependencies)
GatherProvisioningInputs
CreateBuildDescription
ClangStatCache /Applications/Xcode-27.0.0-Release.Candidate.app/Contents/Developer/Toolchains/XcodeDefault.xctoolchain/usr/bin/clang-stat-cache /Applications/Xcode-27.0.0-Release.Candidate.app/Contents/Developer/Platforms/AppleTVOS.platform/Developer/SDKs/AppleTVOS27.0.sdk /Users/admin/builder/spi-builder-workspace/.derivedData/SDKStatCaches.noindex/appletvos27.0-24J360-e829b21a6f8c9b70876ba0858053c044b32bfd8d43560033f8d89884cdb90028.sdkstatcache
cd /Users/admin/builder/spi-builder-workspace/.swiftpm/xcode
/Applications/Xcode-27.0.0-Release.Candidate.app/Contents/Developer/Toolchains/XcodeDefault.xctoolchain/usr/bin/clang-stat-cache /Applications/Xcode-27.0.0-Release.Candidate.app/Contents/Developer/Platforms/AppleTVOS.platform/Developer/SDKs/AppleTVOS27.0.sdk -o /Users/admin/builder/spi-builder-workspace/.derivedData/SDKStatCaches.noindex/appletvos27.0-24J360-e829b21a6f8c9b70876ba0858053c044b32bfd8d43560033f8d89884cdb90028.sdkstatcache
SwiftDriver BasicBottomSheet normal arm64 com.apple.xcode.tools.swift.compiler (in target 'BasicBottomSheet' from project 'BasicBottomSheet')
cd /Users/admin/builder/spi-builder-workspace/.swiftpm/xcode
builtin-SwiftDriver -- /Applications/Xcode-27.0.0-Release.Candidate.app/Contents/Developer/Toolchains/XcodeDefault.xctoolchain/usr/bin/swiftc -parse-as-library -module-name BasicBottomSheet -Onone @/Users/admin/builder/spi-builder-workspace/.derivedData/Build/Intermediates.noindex/BasicBottomSheet.build/Debug-appletvos/BasicBottomSheet-t.build/Objects-normal/arm64/BasicBottomSheet.SwiftFileList -DSWIFT_PACKAGE -DDEBUG -DSWIFT_MODULE_RESOURCE_BUNDLE_UNAVAILABLE -DXcode -plugin-path /Applications/Xcode-27.0.0-Release.Candidate.app/Contents/Developer/Toolchains/XcodeDefault.xctoolchain/usr/lib/swift/host/plugins/testing -enable-experimental-feature DebugDescriptionMacro -sdk /Applications/Xcode-27.0.0-Release.Candidate.app/Contents/Developer/Platforms/AppleTVOS.platform/Developer/SDKs/AppleTVOS27.0.sdk -target arm64-apple-tvos15.0 -g -module-cache-path /Users/admin/builder/spi-builder-workspace/.derivedData/ModuleCache.noindex -Xfrontend -serialize-debugging-options -profile-coverage-mapping -profile-generate -enable-testing -index-store-path /Users/admin/builder/spi-builder-workspace/.derivedData/Index.noindex/DataStore -Xcc -D_LIBCPP_HARDENING_MODE\=_LIBCPP_HARDENING_MODE_DEBUG -swift-version 5 -I /Users/admin/builder/spi-builder-workspace/.derivedData/Build/Products/Debug-appletvos -Isystem /Applications/Xcode-27.0.0-Release.Candidate.app/Contents/Developer/Platforms/AppleTVOS.platform/Developer/usr/lib -F /Users/admin/builder/spi-builder-workspace/.derivedData/Build/Products/Debug-appletvos -F /Applications/Xcode-27.0.0-Release.Candidate.app/Contents/Developer/Platforms/AppleTVOS.platform/Developer/Library/Frameworks -F /Applications/Xcode-27.0.0-Release.Candidate.app/Contents/Developer/Platforms/AppleTVOS.platform/Developer/SDKs/AppleTVOS27.0.sdk/Developer/Library/Frameworks -c -j10 -enable-batch-mode -incremental -Xcc -ivfsstatcache -Xcc /Users/admin/builder/spi-builder-workspace/.derivedData/SDKStatCaches.noindex/appletvos27.0-24J360-e829b21a6f8c9b70876ba0858053c044b32bfd8d43560033f8d89884cdb90028.sdkstatcache -output-file-map /Users/admin/builder/spi-builder-workspace/.derivedData/Build/Intermediates.noindex/BasicBottomSheet.build/Debug-appletvos/BasicBottomSheet-t.build/Objects-normal/arm64/BasicBottomSheet-OutputFileMap.json -save-temps -no-color-diagnostics -explicit-module-build -module-cache-path /Users/admin/builder/spi-builder-workspace/.derivedData/Build/Intermediates.noindex/SwiftExplicitPrecompiledModules -clang-scanner-module-cache-path /Users/admin/builder/spi-builder-workspace/.derivedData/ModuleCache.noindex -sdk-module-cache-path /Users/admin/builder/spi-builder-workspace/.derivedData/SDKExplicitPrecompiledModules -emit-dependencies -emit-module -emit-module-path /Users/admin/builder/spi-builder-workspace/.derivedData/Build/Intermediates.noindex/BasicBottomSheet.build/Debug-appletvos/BasicBottomSheet-t.build/Objects-normal/arm64/BasicBottomSheet.swiftmodule -serialize-diagnostics -dependency-scan-serialize-diagnostics-path /Users/admin/builder/spi-builder-workspace/.derivedData/Build/Intermediates.noindex/BasicBottomSheet.build/Debug-appletvos/BasicBottomSheet-t.build/Objects-normal/arm64/BasicBottomSheet-dependency-scan.dia -validate-clang-modules-once -clang-build-session-file /Users/admin/builder/spi-builder-workspace/.derivedData/ModuleCache.noindex/Session.modulevalidation -Xcc -fmodules-prune-interval\=86400 -Xcc -fmodules-prune-after\=345600 -emit-const-values -const-gather-protocols-list /Users/admin/builder/spi-builder-workspace/.derivedData/Build/Intermediates.noindex/BasicBottomSheet.build/Debug-appletvos/BasicBottomSheet-t.build/Objects-normal/arm64/BasicBottomSheet_const_extract_protocols.json -Xcc -I/Users/admin/builder/spi-builder-workspace/.derivedData/Build/Products/Debug-appletvos/include -Xcc -I/Users/admin/builder/spi-builder-workspace/.derivedData/Build/Intermediates.noindex/BasicBottomSheet.build/Debug-appletvos/BasicBottomSheet-t.build/DerivedSources-normal/arm64 -Xcc -I/Users/admin/builder/spi-builder-workspace/.derivedData/Build/Intermediates.noindex/BasicBottomSheet.build/Debug-appletvos/BasicBottomSheet-t.build/DerivedSources/arm64 -Xcc -I/Users/admin/builder/spi-builder-workspace/.derivedData/Build/Intermediates.noindex/BasicBottomSheet.build/Debug-appletvos/BasicBottomSheet-t.build/DerivedSources -Xcc -DSWIFT_PACKAGE -Xcc -DDEBUG\=1 -emit-objc-header -emit-objc-header-path /Users/admin/builder/spi-builder-workspace/.derivedData/Build/Intermediates.noindex/BasicBottomSheet.build/Debug-appletvos/BasicBottomSheet-t.build/Objects-normal/arm64/BasicBottomSheet-Swift.h -working-directory /Users/admin/builder/spi-builder-workspace/.swiftpm/xcode -experimental-emit-module-separately -disable-cmo
SwiftCompile normal arm64 Compiling\ BasicBottomSheet.swift,\ BasicBottomSheetPresentable+Default.swift /Users/admin/builder/spi-builder-workspace/Sources/BasicBottomSheet/Presentable/BasicBottomSheet.swift /Users/admin/builder/spi-builder-workspace/Sources/BasicBottomSheet/Presentable/BasicBottomSheetPresentable+Default.swift (in target 'BasicBottomSheet' from project 'BasicBottomSheet')
SwiftCompile normal arm64 /Users/admin/builder/spi-builder-workspace/Sources/BasicBottomSheet/Presentable/BasicBottomSheet.swift (in target 'BasicBottomSheet' from project 'BasicBottomSheet')
cd /Users/admin/builder/spi-builder-workspace/.swiftpm/xcode
builtin-SwiftPerFileCompile BasicBottomSheet.swift
SwiftCompile normal arm64 /Users/admin/builder/spi-builder-workspace/Sources/BasicBottomSheet/Presentable/BasicBottomSheetPresentable+Default.swift (in target 'BasicBottomSheet' from project 'BasicBottomSheet')
cd /Users/admin/builder/spi-builder-workspace/.swiftpm/xcode
builtin-SwiftPerFileCompile BasicBottomSheetPresentable+Default.swift
SwiftCompile normal arm64 Compiling\ BasicBottomSheetPresentationController.swift /Users/admin/builder/spi-builder-workspace/Sources/BasicBottomSheet/Presentation/BasicBottomSheetPresentationController.swift (in target 'BasicBottomSheet' from project 'BasicBottomSheet')
/Users/admin/builder/spi-builder-workspace/Sources/BasicBottomSheet/Presentation/BasicBottomSheetPresentationController.swift:80:13: error: 'minimumNumberOfTouches' is unavailable in tvOS
78 | private lazy var panGestureRecognizer: UIPanGestureRecognizer = {
79 | let gesture = UIPanGestureRecognizer(target: self, action: #selector(didPanOnPresentedView(_ :)))
80 | gesture.minimumNumberOfTouches = 1
| `- error: 'minimumNumberOfTouches' is unavailable in tvOS
81 | gesture.maximumNumberOfTouches = 1
82 | gesture.delegate = self
/Applications/Xcode-27.0.0-Release.Candidate.app/Contents/Developer/Platforms/AppleTVOS.platform/Developer/SDKs/AppleTVOS27.0.sdk/System/Library/Frameworks/UIKit.framework/Headers/UIPanGestureRecognizer.h:33:43: note: 'minimumNumberOfTouches' has been explicitly marked unavailable here
31 | @interface UIPanGestureRecognizer : UIGestureRecognizer
32 |
33 | @property (nonatomic) NSUInteger minimumNumberOfTouches API_UNAVAILABLE(tvos); // default is 1. the minimum number of touches required to match
| `- note: 'minimumNumberOfTouches' has been explicitly marked unavailable here
34 | @property (nonatomic) NSUInteger maximumNumberOfTouches API_UNAVAILABLE(tvos); // default is UINT_MAX. the maximum number of touches that can be down
35 |
/Users/admin/builder/spi-builder-workspace/Sources/BasicBottomSheet/Presentation/BasicBottomSheetPresentationController.swift:81:13: error: 'maximumNumberOfTouches' is unavailable in tvOS
79 | let gesture = UIPanGestureRecognizer(target: self, action: #selector(didPanOnPresentedView(_ :)))
80 | gesture.minimumNumberOfTouches = 1
81 | gesture.maximumNumberOfTouches = 1
| `- error: 'maximumNumberOfTouches' is unavailable in tvOS
82 | gesture.delegate = self
83 | return gesture
/Applications/Xcode-27.0.0-Release.Candidate.app/Contents/Developer/Platforms/AppleTVOS.platform/Developer/SDKs/AppleTVOS27.0.sdk/System/Library/Frameworks/UIKit.framework/Headers/UIPanGestureRecognizer.h:34:43: note: 'maximumNumberOfTouches' has been explicitly marked unavailable here
32 |
33 | @property (nonatomic) NSUInteger minimumNumberOfTouches API_UNAVAILABLE(tvos); // default is 1. the minimum number of touches required to match
34 | @property (nonatomic) NSUInteger maximumNumberOfTouches API_UNAVAILABLE(tvos); // default is UINT_MAX. the maximum number of touches that can be down
| `- note: 'maximumNumberOfTouches' has been explicitly marked unavailable here
35 |
36 | - (CGPoint)translationInView:(nullable UIView *)view; // translation in the coordinate system of the specified view
/Users/admin/builder/spi-builder-workspace/Sources/BasicBottomSheet/Presentation/BasicBottomSheetPresentationController.swift:151:37: error: 'setNeedsStatusBarAppearanceUpdate()' is unavailable in tvOS
149 | coordinator.animate(alongsideTransition: { [weak self] _ in
150 | self?.dimmingView.alpha = 1.0
151 | self?.presentedViewController.setNeedsStatusBarAppearanceUpdate()
| `- error: 'setNeedsStatusBarAppearanceUpdate()' is unavailable in tvOS
152 | })
153 | }
/Applications/Xcode-27.0.0-Release.Candidate.app/Contents/Developer/Platforms/AppleTVOS.platform/Developer/SDKs/AppleTVOS27.0.sdk/System/Library/Frameworks/UIKit.framework/Headers/UIViewController.h:334:1: note: 'setNeedsStatusBarAppearanceUpdate()' has been explicitly marked unavailable here
332 |
333 | // This should be called whenever the return values for the view controller's status bar attributes have changed. If it is called from within an animation block, the changes will be animated along with the rest of the animation block.
334 | - (void)setNeedsStatusBarAppearanceUpdate API_AVAILABLE(ios(7.0)) API_UNAVAILABLE(tvos, visionos);
| `- note: 'setNeedsStatusBarAppearanceUpdate()' has been explicitly marked unavailable here
335 |
336 | /* This method returns either itself or the nearest ancestor that can perform the given action and, if applicable, has overridden UIViewController's default implementation of the action method. View controllers can return NO from canPerformAction:withSender: to opt out of being a target for a given action. */
SwiftCompile normal arm64 /Users/admin/builder/spi-builder-workspace/Sources/BasicBottomSheet/Presentation/BasicBottomSheetPresentationController.swift (in target 'BasicBottomSheet' from project 'BasicBottomSheet')
cd /Users/admin/builder/spi-builder-workspace/.swiftpm/xcode
builtin-SwiftPerFileCompile BasicBottomSheetPresentationController.swift
SwiftCompile normal arm64 Compiling\ BasicBottomSheetPresentable+Internal.swift,\ BasicBottomSheetPresentable+UIViewController.swift /Users/admin/builder/spi-builder-workspace/Sources/BasicBottomSheet/Presentable/BasicBottomSheetPresentable+Internal.swift /Users/admin/builder/spi-builder-workspace/Sources/BasicBottomSheet/Presentable/BasicBottomSheetPresentable+UIViewController.swift (in target 'BasicBottomSheet' from project 'BasicBottomSheet')
SwiftCompile normal arm64 /Users/admin/builder/spi-builder-workspace/Sources/BasicBottomSheet/Presentable/BasicBottomSheetPresentable+Internal.swift (in target 'BasicBottomSheet' from project 'BasicBottomSheet')
cd /Users/admin/builder/spi-builder-workspace/.swiftpm/xcode
builtin-SwiftPerFileCompile BasicBottomSheetPresentable+Internal.swift
SwiftCompile normal arm64 /Users/admin/builder/spi-builder-workspace/Sources/BasicBottomSheet/Presentable/BasicBottomSheetPresentable+UIViewController.swift (in target 'BasicBottomSheet' from project 'BasicBottomSheet')
cd /Users/admin/builder/spi-builder-workspace/.swiftpm/xcode
builtin-SwiftPerFileCompile BasicBottomSheetPresentable+UIViewController.swift
SwiftCompile normal arm64 Compiling\ BasicBottomSheetAnimator.swift,\ BasicBottomSheetPresentationAnimator.swift /Users/admin/builder/spi-builder-workspace/Sources/BasicBottomSheet/Animator/BasicBottomSheetAnimator.swift /Users/admin/builder/spi-builder-workspace/Sources/BasicBottomSheet/Animator/BasicBottomSheetPresentationAnimator.swift (in target 'BasicBottomSheet' from project 'BasicBottomSheet')
/Users/admin/builder/spi-builder-workspace/Sources/BasicBottomSheet/Animator/BasicBottomSheetPresentationAnimator.swift:22:34: error: 'UISelectionFeedbackGenerator' is unavailable in tvOS
20 | private let transitionDirection: TransitionDirection
21 |
22 | private var feedbackGenerator: UISelectionFeedbackGenerator?
| `- error: 'UISelectionFeedbackGenerator' is unavailable in tvOS
23 |
24 |
/Applications/Xcode-27.0.0-Release.Candidate.app/Contents/Developer/Platforms/AppleTVOS.platform/Developer/SDKs/AppleTVOS27.0.sdk/System/Library/Frameworks/UIKit.framework/Headers/UISelectionFeedbackGenerator.h:15:12: note: 'UISelectionFeedbackGenerator' has been explicitly marked unavailable here
13 | // UISelectionFeedbackGenerator is used to give user feedback when a selection changes
14 | UIKIT_EXTERN API_AVAILABLE(ios(10.0)) API_UNAVAILABLE(visionos, tvos) API_UNAVAILABLE(watchos) NS_SWIFT_UI_ACTOR
15 | @interface UISelectionFeedbackGenerator : UIFeedbackGenerator
| `- note: 'UISelectionFeedbackGenerator' has been explicitly marked unavailable here
16 |
17 | /// call when the selection changes (not on initial selection)
SwiftCompile normal arm64 /Users/admin/builder/spi-builder-workspace/Sources/BasicBottomSheet/Animator/BasicBottomSheetAnimator.swift (in target 'BasicBottomSheet' from project 'BasicBottomSheet')
cd /Users/admin/builder/spi-builder-workspace/.swiftpm/xcode
builtin-SwiftPerFileCompile BasicBottomSheetAnimator.swift
SwiftCompile normal arm64 /Users/admin/builder/spi-builder-workspace/Sources/BasicBottomSheet/Animator/BasicBottomSheetPresentationAnimator.swift (in target 'BasicBottomSheet' from project 'BasicBottomSheet')
cd /Users/admin/builder/spi-builder-workspace/.swiftpm/xcode
builtin-SwiftPerFileCompile BasicBottomSheetPresentationAnimator.swift
SwiftCompile normal arm64 Compiling\ BasicBottomSheetPresenter.swift /Users/admin/builder/spi-builder-workspace/Sources/BasicBottomSheet/Presenter/BasicBottomSheetPresenter.swift (in target 'BasicBottomSheet' from project 'BasicBottomSheet')
SwiftCompile normal arm64 /Users/admin/builder/spi-builder-workspace/Sources/BasicBottomSheet/Presenter/BasicBottomSheetPresenter.swift (in target 'BasicBottomSheet' from project 'BasicBottomSheet')
cd /Users/admin/builder/spi-builder-workspace/.swiftpm/xcode
builtin-SwiftPerFileCompile BasicBottomSheetPresenter.swift
SwiftEmitModule normal arm64 Emitting\ module\ for\ BasicBottomSheet (in target 'BasicBottomSheet' from project 'BasicBottomSheet')
/Users/admin/builder/spi-builder-workspace/Sources/BasicBottomSheet/Animator/BasicBottomSheetPresentationAnimator.swift:22:34: error: 'UISelectionFeedbackGenerator' is unavailable in tvOS
20 | private let transitionDirection: TransitionDirection
21 |
22 | private var feedbackGenerator: UISelectionFeedbackGenerator?
| `- error: 'UISelectionFeedbackGenerator' is unavailable in tvOS
23 |
24 |
/Applications/Xcode-27.0.0-Release.Candidate.app/Contents/Developer/Platforms/AppleTVOS.platform/Developer/SDKs/AppleTVOS27.0.sdk/System/Library/Frameworks/UIKit.framework/Headers/UISelectionFeedbackGenerator.h:15:12: note: 'UISelectionFeedbackGenerator' has been explicitly marked unavailable here
13 | // UISelectionFeedbackGenerator is used to give user feedback when a selection changes
14 | UIKIT_EXTERN API_AVAILABLE(ios(10.0)) API_UNAVAILABLE(visionos, tvos) API_UNAVAILABLE(watchos) NS_SWIFT_UI_ACTOR
15 | @interface UISelectionFeedbackGenerator : UIFeedbackGenerator
| `- note: 'UISelectionFeedbackGenerator' has been explicitly marked unavailable here
16 |
17 | /// call when the selection changes (not on initial selection)
/Users/admin/builder/spi-builder-workspace/Sources/BasicBottomSheet/Presentation/BasicBottomSheetPresentationController.swift:80:13: error: 'minimumNumberOfTouches' is unavailable in tvOS
78 | private lazy var panGestureRecognizer: UIPanGestureRecognizer = {
79 | let gesture = UIPanGestureRecognizer(target: self, action: #selector(didPanOnPresentedView(_ :)))
80 | gesture.minimumNumberOfTouches = 1
| `- error: 'minimumNumberOfTouches' is unavailable in tvOS
81 | gesture.maximumNumberOfTouches = 1
82 | gesture.delegate = self
/Applications/Xcode-27.0.0-Release.Candidate.app/Contents/Developer/Platforms/AppleTVOS.platform/Developer/SDKs/AppleTVOS27.0.sdk/System/Library/Frameworks/UIKit.framework/Headers/UIPanGestureRecognizer.h:33:43: note: 'minimumNumberOfTouches' has been explicitly marked unavailable here
31 | @interface UIPanGestureRecognizer : UIGestureRecognizer
32 |
33 | @property (nonatomic) NSUInteger minimumNumberOfTouches API_UNAVAILABLE(tvos); // default is 1. the minimum number of touches required to match
| `- note: 'minimumNumberOfTouches' has been explicitly marked unavailable here
34 | @property (nonatomic) NSUInteger maximumNumberOfTouches API_UNAVAILABLE(tvos); // default is UINT_MAX. the maximum number of touches that can be down
35 |
/Users/admin/builder/spi-builder-workspace/Sources/BasicBottomSheet/Presentation/BasicBottomSheetPresentationController.swift:81:13: error: 'maximumNumberOfTouches' is unavailable in tvOS
79 | let gesture = UIPanGestureRecognizer(target: self, action: #selector(didPanOnPresentedView(_ :)))
80 | gesture.minimumNumberOfTouches = 1
81 | gesture.maximumNumberOfTouches = 1
| `- error: 'maximumNumberOfTouches' is unavailable in tvOS
82 | gesture.delegate = self
83 | return gesture
/Applications/Xcode-27.0.0-Release.Candidate.app/Contents/Developer/Platforms/AppleTVOS.platform/Developer/SDKs/AppleTVOS27.0.sdk/System/Library/Frameworks/UIKit.framework/Headers/UIPanGestureRecognizer.h:34:43: note: 'maximumNumberOfTouches' has been explicitly marked unavailable here
32 |
33 | @property (nonatomic) NSUInteger minimumNumberOfTouches API_UNAVAILABLE(tvos); // default is 1. the minimum number of touches required to match
34 | @property (nonatomic) NSUInteger maximumNumberOfTouches API_UNAVAILABLE(tvos); // default is UINT_MAX. the maximum number of touches that can be down
| `- note: 'maximumNumberOfTouches' has been explicitly marked unavailable here
35 |
36 | - (CGPoint)translationInView:(nullable UIView *)view; // translation in the coordinate system of the specified view
Failed frontend command:
/Applications/Xcode-27.0.0-Release.Candidate.app/Contents/Developer/Toolchains/XcodeDefault.xctoolchain/usr/bin/swift-frontend -frontend -emit-module -experimental-skip-non-inlinable-function-bodies-without-types /Users/admin/builder/spi-builder-workspace/Sources/BasicBottomSheet/Animator/BasicBottomSheetAnimator.swift /Users/admin/builder/spi-builder-workspace/Sources/BasicBottomSheet/Animator/BasicBottomSheetPresentationAnimator.swift /Users/admin/builder/spi-builder-workspace/Sources/BasicBottomSheet/Presentable/BasicBottomSheet.swift /Users/admin/builder/spi-builder-workspace/Sources/BasicBottomSheet/Presentable/BasicBottomSheetPresentable+Default.swift /Users/admin/builder/spi-builder-workspace/Sources/BasicBottomSheet/Presentable/BasicBottomSheetPresentable+Internal.swift /Users/admin/builder/spi-builder-workspace/Sources/BasicBottomSheet/Presentable/BasicBottomSheetPresentable+UIViewController.swift /Users/admin/builder/spi-builder-workspace/Sources/BasicBottomSheet/Presentable/BasicBottomSheetPresentable.swift /Users/admin/builder/spi-builder-workspace/Sources/BasicBottomSheet/Presentation/BasicBottomSheetContainerView.swift /Users/admin/builder/spi-builder-workspace/Sources/BasicBottomSheet/Presentation/BasicBottomSheetHandleMetric.swift /Users/admin/builder/spi-builder-workspace/Sources/BasicBottomSheet/Presentation/BasicBottomSheetPresentationController.swift /Users/admin/builder/spi-builder-workspace/Sources/BasicBottomSheet/Presentation/BasicBottomSheetPresentationDelegate.swift /Users/admin/builder/spi-builder-workspace/Sources/BasicBottomSheet/Presenter/BasicBottomSheetPresenter.swift /Users/admin/builder/spi-builder-workspace/Sources/BasicBottomSheet/Presenter/UIViewController+BasicBottomSheetPresenter.swift /Users/admin/builder/spi-builder-workspace/Sources/BasicBottomSheet/Utils/UIColor+Init.swift -target arm64-apple-tvos15.0 -disable-cross-import-overlay-search -load-resolved-plugin /Applications/Xcode-27.0.0-Release.Candidate.app/Contents/Developer/Platforms/AppleTVOS.platform/Developer/usr/lib/swift/host/plugins/libFoundationMacros.dylib\#/Applications/Xcode-27.0.0-Release.Candidate.app/Contents/Developer/Platforms/AppleTVOS.platform/Developer/usr/bin/swift-plugin-server\#FoundationMacros -load-resolved-plugin /Applications/Xcode-27.0.0-Release.Candidate.app/Contents/Developer/Platforms/AppleTVOS.platform/Developer/usr/lib/swift/host/plugins/libObservationMacros.dylib\#/Applications/Xcode-27.0.0-Release.Candidate.app/Contents/Developer/Platforms/AppleTVOS.platform/Developer/usr/bin/swift-plugin-server\#ObservationMacros -load-resolved-plugin /Applications/Xcode-27.0.0-Release.Candidate.app/Contents/Developer/Platforms/AppleTVOS.platform/Developer/usr/lib/swift/host/plugins/libPreviewsMacros.dylib\#/Applications/Xcode-27.0.0-Release.Candidate.app/Contents/Developer/Platforms/AppleTVOS.platform/Developer/usr/bin/swift-plugin-server\#PreviewsMacros -load-resolved-plugin /Applications/Xcode-27.0.0-Release.Candidate.app/Contents/Developer/Platforms/AppleTVOS.platform/Developer/usr/lib/swift/host/plugins/libSwiftMacros.dylib\#/Applications/Xcode-27.0.0-Release.Candidate.app/Contents/Developer/Platforms/AppleTVOS.platform/Developer/usr/bin/swift-plugin-server\#SwiftMacros -load-resolved-plugin /Applications/Xcode-27.0.0-Release.Candidate.app/Contents/Developer/Platforms/AppleTVOS.platform/Developer/usr/lib/swift/host/plugins/libSwiftUIMacros.dylib\#/Applications/Xcode-27.0.0-Release.Candidate.app/Contents/Developer/Platforms/AppleTVOS.platform/Developer/usr/bin/swift-plugin-server\#SwiftUIMacros -disable-implicit-swift-modules -Xcc -fno-implicit-modules -Xcc -fno-implicit-module-maps -explicit-swift-module-map-file /Users/admin/builder/spi-builder-workspace/.derivedData/Build/Intermediates.noindex/BasicBottomSheet.build/Debug-appletvos/BasicBottomSheet-t.build/Objects-normal/arm64/BasicBottomSheet-dependencies-1.json -Xllvm -aarch64-use-tbi -enable-objc-interop -stack-check -sdk /Applications/Xcode-27.0.0-Release.Candidate.app/Contents/Developer/Platforms/AppleTVOS.platform/Developer/SDKs/AppleTVOS27.0.sdk -I /Users/admin/builder/spi-builder-workspace/.derivedData/Build/Products/Debug-appletvos -Isystem /Applications/Xcode-27.0.0-Release.Candidate.app/Contents/Developer/Platforms/AppleTVOS.platform/Developer/usr/lib -F /Users/admin/builder/spi-builder-workspace/.derivedData/Build/Products/Debug-appletvos -F /Applications/Xcode-27.0.0-Release.Candidate.app/Contents/Developer/Platforms/AppleTVOS.platform/Developer/Library/Frameworks -F /Applications/Xcode-27.0.0-Release.Candidate.app/Contents/Developer/Platforms/AppleTVOS.platform/Developer/SDKs/AppleTVOS27.0.sdk/Developer/Library/Frameworks -module-cache-path /Users/admin/builder/spi-builder-workspace/.derivedData/Build/Intermediates.noindex/SwiftExplicitPrecompiledModules -no-color-diagnostics -Xcc -fno-color-diagnostics -enable-testing -g -debug-info-format\=dwarf -dwarf-version\=4 -profile-generate -profile-coverage-mapping -swift-version 5 -Onone -D SWIFT_PACKAGE -D DEBUG -D SWIFT_MODULE_RESOURCE_BUNDLE_UNAVAILABLE -D Xcode -serialize-debugging-options -enable-experimental-feature DebugDescriptionMacro -empty-abi-descriptor -validate-clang-modules-once -clang-build-session-file /Users/admin/builder/spi-builder-workspace/.derivedData/ModuleCache.noindex/Session.modulevalidation -Xcc -working-directory -Xcc /Users/admin/builder/spi-builder-workspace/.swiftpm/xcode -enable-anonymous-context-mangled-names -file-compilation-dir /Users/admin/builder/spi-builder-workspace/.swiftpm/xcode -Xcc -D_LIBCPP_HARDENING_MODE\=_LIBCPP_HARDENING_MODE_DEBUG -Xcc -ivfsstatcache -Xcc /Users/admin/builder/spi-builder-workspace/.derivedData/SDKStatCaches.noindex/appletvos27.0-24J360-e829b21a6f8c9b70876ba0858053c044b32bfd8d43560033f8d89884cdb90028.sdkstatcache -Xcc -fmodules-prune-interval\=86400 -Xcc -fmodules-prune-after\=345600 -Xcc -I/Users/admin/builder/spi-builder-workspace/.derivedData/Build/Products/Debug-appletvos/include -Xcc -I/Users/admin/builder/spi-builder-workspace/.derivedData/Build/Intermediates.noindex/BasicBottomSheet.build/Debug-appletvos/BasicBottomSheet-t.build/DerivedSources-normal/arm64 -Xcc -I/Users/admin/builder/spi-builder-workspace/.derivedData/Build/Intermediates.noindex/BasicBottomSheet.build/Debug-appletvos/BasicBottomSheet-t.build/DerivedSources/arm64 -Xcc -I/Users/admin/builder/spi-builder-workspace/.derivedData/Build/Intermediates.noindex/BasicBottomSheet.build/Debug-appletvos/BasicBottomSheet-t.build/DerivedSources -Xcc -DSWIFT_PACKAGE -Xcc -DDEBUG\=1 -no-auto-bridging-header-chaining -module-name BasicBottomSheet -const-gather-protocols-file /Users/admin/builder/spi-builder-workspace/.derivedData/Build/Intermediates.noindex/BasicBottomSheet.build/Debug-appletvos/BasicBottomSheet-t.build/Objects-normal/arm64/BasicBottomSheet_const_extract_protocols.json -disable-clang-spi -clang-target arm64-apple-tvos27.0 -target-sdk-version 27.0 -target-sdk-name appletvos27.0 -in-process-plugin-server-path /Applications/Xcode-27.0.0-Release.Candidate.app/Contents/Developer/Toolchains/XcodeDefault.xctoolchain/usr/lib/swift/host/libSwiftInProcPluginServer.dylib -emit-module-doc-path /Users/admin/builder/spi-builder-workspace/.derivedData/Build/Intermediates.noindex/BasicBottomSheet.build/Debug-appletvos/BasicBottomSheet-t.build/Objects-normal/arm64/BasicBottomSheet.swiftdoc -emit-module-source-info-path /Users/admin/builder/spi-builder-workspace/.derivedData/Build/Intermediates.noindex/BasicBottomSheet.build/Debug-appletvos/BasicBottomSheet-t.build/Objects-normal/arm64/BasicBottomSheet.swiftsourceinfo -emit-objc-header-path /Users/admin/builder/spi-builder-workspace/.derivedData/Build/Intermediates.noindex/BasicBottomSheet.build/Debug-appletvos/BasicBottomSheet-t.build/Objects-normal/arm64/BasicBottomSheet-Swift.h -serialize-diagnostics-path /Users/admin/builder/spi-builder-workspace/.derivedData/Build/Intermediates.noindex/BasicBottomSheet.build/Debug-appletvos/BasicBottomSheet-t.build/Objects-normal/arm64/BasicBottomSheet-primary-emit-module.dia -emit-dependencies-path /Users/admin/builder/spi-builder-workspace/.derivedData/Build/Intermediates.noindex/BasicBottomSheet.build/Debug-appletvos/BasicBottomSheet-t.build/Objects-normal/arm64/BasicBottomSheet-primary-emit-module.d -parse-as-library -o /Users/admin/builder/spi-builder-workspace/.derivedData/Build/Intermediates.noindex/BasicBottomSheet.build/Debug-appletvos/BasicBottomSheet-t.build/Objects-normal/arm64/BasicBottomSheet.swiftmodule -emit-abi-descriptor-path /Users/admin/builder/spi-builder-workspace/.derivedData/Build/Intermediates.noindex/BasicBottomSheet.build/Debug-appletvos/BasicBottomSheet-t.build/Objects-normal/arm64/BasicBottomSheet.abi.json
SwiftCompile normal arm64 (in target 'BasicBottomSheet' from project 'BasicBottomSheet')
cd /Users/admin/builder/spi-builder-workspace/.swiftpm/xcode
SwiftCompile normal arm64 Compiling\ BasicBottomSheetPresentable.swift,\ BasicBottomSheetContainerView.swift /Users/admin/builder/spi-builder-workspace/Sources/BasicBottomSheet/Presentable/BasicBottomSheetPresentable.swift /Users/admin/builder/spi-builder-workspace/Sources/BasicBottomSheet/Presentation/BasicBottomSheetContainerView.swift (in target 'BasicBottomSheet' from project 'BasicBottomSheet')
SwiftCompile normal arm64 /Users/admin/builder/spi-builder-workspace/Sources/BasicBottomSheet/Presentable/BasicBottomSheetPresentable.swift (in target 'BasicBottomSheet' from project 'BasicBottomSheet')
cd /Users/admin/builder/spi-builder-workspace/.swiftpm/xcode
builtin-SwiftPerFileCompile BasicBottomSheetPresentable.swift
SwiftCompile normal arm64 /Users/admin/builder/spi-builder-workspace/Sources/BasicBottomSheet/Presentation/BasicBottomSheetContainerView.swift (in target 'BasicBottomSheet' from project 'BasicBottomSheet')
cd /Users/admin/builder/spi-builder-workspace/.swiftpm/xcode
builtin-SwiftPerFileCompile BasicBottomSheetContainerView.swift
SwiftCompile normal arm64 Compiling\ BasicBottomSheetHandleMetric.swift /Users/admin/builder/spi-builder-workspace/Sources/BasicBottomSheet/Presentation/BasicBottomSheetHandleMetric.swift (in target 'BasicBottomSheet' from project 'BasicBottomSheet')
SwiftCompile normal arm64 /Users/admin/builder/spi-builder-workspace/Sources/BasicBottomSheet/Presentation/BasicBottomSheetHandleMetric.swift (in target 'BasicBottomSheet' from project 'BasicBottomSheet')
cd /Users/admin/builder/spi-builder-workspace/.swiftpm/xcode
builtin-SwiftPerFileCompile BasicBottomSheetHandleMetric.swift
SwiftCompile normal arm64 Compiling\ UIColor+Init.swift /Users/admin/builder/spi-builder-workspace/Sources/BasicBottomSheet/Utils/UIColor+Init.swift (in target 'BasicBottomSheet' from project 'BasicBottomSheet')
SwiftCompile normal arm64 /Users/admin/builder/spi-builder-workspace/Sources/BasicBottomSheet/Utils/UIColor+Init.swift (in target 'BasicBottomSheet' from project 'BasicBottomSheet')
cd /Users/admin/builder/spi-builder-workspace/.swiftpm/xcode
builtin-SwiftPerFileCompile UIColor+Init.swift
SwiftCompile normal arm64 Compiling\ BasicBottomSheetPresentationDelegate.swift /Users/admin/builder/spi-builder-workspace/Sources/BasicBottomSheet/Presentation/BasicBottomSheetPresentationDelegate.swift (in target 'BasicBottomSheet' from project 'BasicBottomSheet')
SwiftCompile normal arm64 /Users/admin/builder/spi-builder-workspace/Sources/BasicBottomSheet/Presentation/BasicBottomSheetPresentationDelegate.swift (in target 'BasicBottomSheet' from project 'BasicBottomSheet')
cd /Users/admin/builder/spi-builder-workspace/.swiftpm/xcode
builtin-SwiftPerFileCompile BasicBottomSheetPresentationDelegate.swift
PruneExplicitPrecompiledModules /Users/admin/builder/spi-builder-workspace/.derivedData/Build/Intermediates.noindex/SwiftExplicitPrecompiledModules
PruneExplicitPrecompiledModules /Users/admin/builder/spi-builder-workspace/.derivedData/SDKExplicitPrecompiledModules
PruneExplicitPrecompiledModules /Users/admin/builder/spi-builder-workspace/.derivedData/Build/Intermediates.noindex/ExplicitPrecompiledModules
2026-09-20 22:22:40.451 xcodebuild[739:4620] [MT] IDERunDestination: Supported platforms for the buildables in the current scheme is empty.
** BUILD FAILED **
The following build commands failed:
SwiftEmitModule normal arm64 Emitting\ module\ for\ BasicBottomSheet (in target 'BasicBottomSheet' from project 'BasicBottomSheet')
SwiftCompile normal arm64 (in target 'BasicBottomSheet' from project 'BasicBottomSheet')
Building workspace BasicBottomSheet with scheme BasicBottomSheet
(3 failures)
BUILD FAILURE 6.4 tvOS