The Swift Package Index logo.Swift Package Index

Build Information

Failed to build appattest-swift, reference main (df0d85), with Swift 6.3 for Wasm on 5 Oct 2026 11:56:53 UTC.

Build Command

bash -c docker run --pull=always --rm -v "checkouts-54344843-1":/host -w "$PWD" -e JAVA_HOME="/root/.sdkman/candidates/java/current" -e SPI_BUILD="1" -e SPI_PROCESSING="1" registry.gitlab.com/saguaro1/spi-images:wasm-6.3-latest swift build --swift-sdk swift-6.3.2-RELEASE_wasm 2>&1

Build Log

========================================
RunAll
========================================
Builder version: 5.1.1
Interrupt handler set up.
========================================
Checkout
========================================
Clone URL: https://github.com/zunda-pixel/appattest-swift.git
Reference: main
Initialized empty Git repository in /host/spi-builder-workspace/.git/
hint: Using 'master' as the name for the initial branch. This default branch name
hint: is subject to change. To configure the initial branch name to use in all
hint: of your new repositories, which will suppress this warning, call:
hint:
hint: 	git config --global init.defaultBranch <name>
hint:
hint: Names commonly chosen instead of 'master' are 'main', 'trunk' and
hint: 'development'. The just-created branch can be renamed via this command:
hint:
hint: 	git branch -m <name>
From https://github.com/zunda-pixel/appattest-swift
 * branch            main       -> FETCH_HEAD
 * [new branch]      main       -> origin/main
HEAD is now at df0d85a Bump github.com/apple/swift-certificates from 1.20.0 to 1.21.0 (#82)
Cloned https://github.com/zunda-pixel/appattest-swift.git
Revision (git rev-parse @):
df0d85a46f091c4b0affb6d1ee1e9b4cfc75ad1e
SUCCESS checkout https://github.com/zunda-pixel/appattest-swift.git at main
========================================
Build
========================================
Selected platform:         wasm
Swift version:             6.3
Building package at path:  $PWD
https://github.com/zunda-pixel/appattest-swift.git
Running build ...
bash -c docker run --pull=always --rm -v "checkouts-54344843-1":/host -w "$PWD" -e JAVA_HOME="/root/.sdkman/candidates/java/current" -e SPI_BUILD="1" -e SPI_PROCESSING="1" registry.gitlab.com/saguaro1/spi-images:wasm-6.3-latest swift build --swift-sdk swift-6.3.2-RELEASE_wasm 2>&1
wasm-6.3-latest: Pulling from saguaro1/spi-images
Digest: sha256:df2e9038ff906af397ec7b7e13902ccb183f8867606bc33419e44453a9abdb4b
Status: Image is up to date for registry.gitlab.com/saguaro1/spi-images:wasm-6.3-latest
Fetching https://github.com/apple/swift-certificates
Fetching https://github.com/brokenhandsio/swift-cbor
[1/8866] Fetching swift-cbor
[2/16473] Fetching swift-cbor, swift-certificates
Fetched https://github.com/brokenhandsio/swift-cbor from cache (0.66s)
[4260/7607] Fetching swift-certificates
Fetched https://github.com/apple/swift-certificates from cache (0.88s)
Computing version for https://github.com/brokenhandsio/swift-cbor
Computed https://github.com/brokenhandsio/swift-cbor at 0.2.0 (1.17s)
Computing version for https://github.com/apple/swift-certificates
Computed https://github.com/apple/swift-certificates at 1.21.0 (1.52s)
Fetching https://github.com/apple/swift-crypto.git
Fetching https://github.com/apple/swift-asn1.git
[1/1986] Fetching swift-asn1
[1987/20558] Fetching swift-asn1, swift-crypto
Fetched https://github.com/apple/swift-asn1.git from cache (0.56s)
[743/18572] Fetching swift-crypto
Fetched https://github.com/apple/swift-crypto.git from cache (2.07s)
Computing version for https://github.com/apple/swift-asn1.git
Computed https://github.com/apple/swift-asn1.git at 1.7.3 (2.48s)
Computing version for https://github.com/apple/swift-crypto.git
Computed https://github.com/apple/swift-crypto.git at 5.0.0 (0.47s)
Creating working copy for https://github.com/apple/swift-asn1.git
Working copy of https://github.com/apple/swift-asn1.git resolved at 1.7.3
Creating working copy for https://github.com/brokenhandsio/swift-cbor
Working copy of https://github.com/brokenhandsio/swift-cbor resolved at 0.2.0
Creating working copy for https://github.com/apple/swift-crypto.git
Working copy of https://github.com/apple/swift-crypto.git resolved at 5.0.0
Creating working copy for https://github.com/apple/swift-certificates
Working copy of https://github.com/apple/swift-certificates resolved at 1.21.0
Building for debugging...
[0/382] Copying Apple_App_Attestation_Root_CA.pem
[1/382] Write sources
[10/382] Compiling KeccakSponge.c
[11/382] Compiling KeccakHash.c
[12/382] Compiling SimpleFIPS202.c
[13/382] Compiling CXKCPShims shims.c
[14/382] Compiling fiat_p256_adx_mul.S
[15/382] Compiling fiat_p256_adx_sqr.S
[16/382] Write swift-version-24593BA9C3E375BF.txt
[17/382] Compiling fiat_curve25519_adx_square.S
[18/382] Compiling fiat_curve25519_adx_mul.S
[19/382] Compiling md5-x86_64-linux.S
[20/382] Compiling md5-x86_64-apple.S
[21/382] Compiling md5-586-apple.S
[22/382] Compiling md5-586-linux.S
[23/413] Compiling chacha20_poly1305_armv8-win.S
[24/413] Compiling chacha20_poly1305_x86_64-apple.S
[25/413] Compiling chacha20_poly1305_x86_64-linux.S
[26/413] Compiling chacha-x86_64-linux.S
[27/413] Compiling chacha20_poly1305_armv8-linux.S
[28/413] Compiling chacha-x86_64-apple.S
[29/413] Compiling chacha20_poly1305_armv8-apple.S
[30/413] Compiling chacha-x86-linux.S
[31/413] Compiling chacha-x86-apple.S
[32/413] Compiling chacha-armv8-apple.S
[33/413] Compiling chacha-armv8-win.S
[34/413] Compiling chacha-armv8-linux.S
[35/413] Compiling chacha-armv4-linux.S
[36/413] Compiling aes128gcmsiv-x86_64-apple.S
[37/413] Compiling aes128gcmsiv-x86_64-linux.S
[38/413] Compiling x86_64-mont-linux.S
[39/413] Compiling x86_64-mont5-linux.S
[40/413] Compiling x86_64-mont-apple.S
[41/413] Compiling x86_64-mont5-apple.S
[42/413] Compiling x86-mont-linux.S
[43/413] Compiling vpaes-x86_64-linux.S
[44/413] Compiling x86-mont-apple.S
[45/413] Compiling vpaes-x86-linux.S
[46/413] Compiling vpaes-x86-apple.S
[47/413] Compiling vpaes-armv8-win.S
[48/413] Compiling vpaes-x86_64-apple.S
[49/413] Compiling vpaes-armv8-linux.S
[50/413] Compiling vpaes-armv8-apple.S
[51/413] Compiling vpaes-armv7-linux.S
[52/413] Compiling sha512-x86_64-apple.S
[53/413] Compiling sha512-x86_64-linux.S
[54/413] Compiling sha512-armv8-apple.S
[55/413] Compiling sha512-armv8-linux.S
[56/413] Compiling sha512-armv8-win.S
[57/413] Compiling sha512-armv4-linux.S
[58/413] Compiling sha512-586-linux.S
[59/413] Compiling sha256-x86_64-linux.S
[60/413] Compiling sha256-x86_64-apple.S
[61/413] Compiling sha512-586-apple.S
[62/413] Compiling sha256-armv8-win.S
[63/413] Compiling sha256-armv8-linux.S
[64/413] Compiling sha256-armv8-apple.S
[65/413] Compiling sha256-586-linux.S
[66/413] Compiling sha256-586-apple.S
[67/413] Compiling sha256-armv4-linux.S
[68/413] Compiling sha1-armv8-win.S
[68/413] Compiling sha1-x86_64-linux.S
[70/413] Compiling sha1-x86_64-apple.S
[71/413] Compiling sha1-armv8-linux.S
[72/413] Compiling err_data.cc
[73/413] Compiling sha1-armv8-apple.S
[74/413] Compiling sha1-586-apple.S
[75/413] Compiling sha1-armv4-large-linux.S
[76/413] Compiling rsaz-avx2-apple.S
[77/413] Compiling sha1-586-linux.S
[78/413] Compiling p256_beeu-x86_64-asm-linux.S
[79/413] Compiling rdrand-x86_64-apple.S
[80/413] Compiling rsaz-avx2-linux.S
[81/413] Compiling rdrand-x86_64-linux.S
[82/413] Compiling p256_beeu-armv8-asm-win.S
[83/413] Compiling p256_beeu-armv8-asm-apple.S
[84/413] Compiling p256_beeu-x86_64-asm-apple.S
[85/413] Compiling p256_beeu-armv8-asm-linux.S
[86/413] Compiling p256-x86_64-asm-apple.S
[87/413] Compiling p256-armv8-asm-win.S
[88/413] Compiling p256-armv8-asm-apple.S
[89/413] Compiling ghashv8-armv8-linux.S
[90/413] Compiling p256-x86_64-asm-linux.S
[91/413] Compiling p256-armv8-asm-linux.S
[92/413] Compiling ghashv8-armv8-win.S
[93/413] Compiling ghashv8-armv8-apple.S
[94/413] Compiling ghashv8-armv7-linux.S
[95/413] Compiling ghash-x86-linux.S
[96/413] Compiling ghash-x86-apple.S
[97/413] Compiling ghash-x86_64-linux.S
[98/413] Compiling ghash-ssse3-x86_64-apple.S
[99/413] Compiling ghash-ssse3-x86_64-linux.S
[100/413] Compiling ghash-ssse3-x86-linux.S
[101/413] Compiling ghash-x86_64-apple.S
[102/413] Compiling ghash-neon-armv8-win.S
[103/413] Compiling ghash-ssse3-x86-apple.S
[104/413] Compiling ghash-neon-armv8-apple.S
[105/413] Compiling ghash-neon-armv8-linux.S
[106/413] Compiling ghash-armv4-linux.S
[107/413] Compiling co-586-linux.S
[108/413] Compiling bn-armv8-win.S
[109/413] Compiling co-586-apple.S
[110/413] Compiling bn-armv8-linux.S
[111/413] Compiling bsaes-armv7-linux.S
[112/413] Compiling bn-armv8-apple.S
[113/413] Compiling bn-586-linux.S
[114/413] Compiling bn-586-apple.S
[115/413] Compiling armv8-mont-win.S
[116/413] Compiling armv8-mont-linux.S
[117/413] Compiling armv8-mont-apple.S
[118/413] Compiling aesv8-gcm-armv8-linux.S
[119/413] Compiling armv4-mont-linux.S
[120/413] Compiling aesv8-gcm-armv8-win.S
[121/413] Compiling aesv8-armv8-win.S
[122/413] Compiling aesv8-gcm-armv8-apple.S
[123/413] Compiling aesv8-armv8-linux.S
[124/413] Compiling aesni-x86_64-linux.S
[125/413] Compiling aesv8-armv7-linux.S
[126/413] Compiling aesv8-armv8-apple.S
[127/413] Compiling aesni-x86-linux.S
[128/413] Compiling aesni-x86-apple.S
[129/413] Compiling aesni-x86_64-apple.S
[130/413] Compiling aesni-gcm-x86_64-apple.S
[131/413] Compiling aes-gcm-avx512-x86_64-linux.S
[132/413] Compiling aes-gcm-avx2-x86_64-linux.S
[133/413] Compiling aes-gcm-avx512-x86_64-apple.S
[134/413] Compiling aesni-gcm-x86_64-linux.S
[135/413] Compiling aes-gcm-avx2-x86_64-apple.S
[136/413] Compiling xwing.cc
[138/413] Compiling SwiftASN1 ASN1Boolean.swift
[139/413] Compiling SwiftASN1 ASN1Identifier.swift
[140/413] Compiling SwiftASN1 ASN1Any.swift
[141/413] Compiling SwiftASN1 ASN1BitString.swift
[145/413] Compiling CBOR CBOR+Decode.swift
[146/413] Compiling SwiftASN1 ASN1.swift
[147/413] Compiling SwiftASN1 BER.swift
[148/413] Compiling SwiftASN1 ASN1Integer.swift
[149/413] Compiling SwiftASN1 ASN1Null.swift
[149/413] Compiling x_x509.cc
[150/413] Compiling CBOR CBORParser.swift
[152/416] Compiling _CertificateInternals _TinyArray.swift
[153/416] Emitting module _CertificateInternals
[153/417] Compiling x_x509a.cc
[155/417] Emitting module SwiftASN1
[160/417] Compiling SwiftASN1 TimeUtilities.swift
[161/417] Compiling SwiftASN1 UTCTime.swift
[161/417] Compiling x_spki.cc
[162/417] Compiling x_sig.cc
[164/417] Compiling CBOR CBOR+Encode.swift
[165/417] Compiling SwiftASN1 ASN1OctetString.swift
[166/417] Compiling SwiftASN1 ASN1Strings.swift
[167/417] Compiling SwiftASN1 ObjectIdentifier.swift
[168/417] Compiling SwiftASN1 PEMDocument.swift
[169/417] Compiling SwiftASN1 ArraySliceBigint.swift
[170/417] Compiling SwiftASN1 GeneralizedTime.swift
[170/417] Compiling x_exten.cc
[171/417] Compiling x_pubkey.cc
[172/417] Compiling x_req.cc
[174/417] Compiling CBOR CBOREncoder.swift
[177/417] Emitting module CBOR
[179/418] Compiling SwiftASN1 DER.swift
[180/418] Compiling SwiftASN1 Errors.swift
[180/418] Compiling x_name.cc
[182/419] Compiling x_crl.cc
[183/419] Compiling x509rset.cc
[184/419] Compiling x_attrib.cc
[185/419] Compiling x509name.cc
[186/419] Compiling x_algor.cc
[187/419] Compiling x509spki.cc
[188/419] Compiling x509_vpm.cc
[189/419] Compiling x_all.cc
[190/419] Compiling x509cset.cc
[191/419] Compiling x509_v3.cc
[192/419] Compiling x509_vfy.cc
[193/419] Compiling x509_set.cc
[194/419] Compiling x509_lu.cc
[195/419] Compiling x509_ext.cc
[196/419] Compiling x509_d2.cc
[197/419] Compiling x509_def.cc
[198/419] Compiling x509_txt.cc
[199/419] Compiling x509_cmp.cc
[200/419] Compiling x509_trs.cc
[201/419] Compiling x509_obj.cc
[202/419] Compiling x509_req.cc
[203/419] Compiling x509.cc
[204/419] Compiling KeccakP-1600-opt64.c
[205/419] Compiling v3_skey.cc
[206/419] Compiling v3_purp.cc
[207/419] Compiling v3_ocsp.cc
[208/419] Compiling x509_att.cc
[209/419] Compiling v3_pcons.cc
[210/419] Compiling v3_prn.cc
[211/419] Compiling v3_ncons.cc
[212/419] Compiling v3_pmaps.cc
[213/419] Compiling v3_utl.cc
[214/419] Compiling v3_lib.cc
[215/419] Compiling v3_extku.cc
[216/419] Compiling v3_int.cc
[217/419] Compiling v3_ia5.cc
[218/419] Compiling v3_enum.cc
[219/419] Compiling v3_crld.cc
[220/419] Compiling v3_genn.cc
[221/419] Compiling v3_info.cc
[222/419] Compiling v3_conf.cc
[223/419] Compiling v3_cpols.cc
[224/419] Compiling v3_akeya.cc
[225/419] Compiling v3_bcons.cc
[226/419] Compiling v3_bitst.cc
[227/419] Compiling v3_alt.cc
[228/419] Compiling v3_akey.cc
[229/419] Compiling t_crl.cc
[230/419] Compiling t_x509a.cc
[231/419] Compiling i2d_pr.cc
[232/419] Compiling t_x509.cc
[233/419] Compiling rsa_pss.cc
[234/419] Compiling policy.cc
[235/419] Compiling t_req.cc
[236/419] Compiling name_print.cc
[237/419] Compiling a_verify.cc
[238/419] Compiling a_digest.cc
[239/419] Compiling asn1_gen.cc
[239/419] Compiling algorithm.cc
[241/419] Compiling by_file.cc
[242/419] Compiling thread_none.cc
[243/419] Compiling by_dir.cc
[244/419] Compiling voprf.cc
[245/419] Compiling a_sign.cc
[246/419] Compiling pmbtoken.cc
[247/419] Compiling trust_token.cc
[248/419] Compiling thread_pthread.cc
[249/419] Compiling thread.cc
[250/419] Compiling thread_win.cc
[251/419] Compiling sha512.cc
[252/419] Compiling siphash.cc
[253/419] Compiling stack.cc
[254/419] Compiling slhdsa.cc
[255/419] Compiling sha1.cc
[256/419] Compiling spake2plus.cc
[257/419] Compiling sha256.cc
[258/419] Compiling rsa_crypt.cc
[259/419] Compiling rsa_print.cc
[260/419] Compiling rsa_extra.cc
[261/419] Compiling rc4.cc
[262/419] Compiling trusty.cc
[263/419] Compiling rand.cc
[264/419] Compiling refcount.cc
[265/419] Compiling urandom.cc
[266/419] Compiling windows.cc
[267/419] Compiling forkunsafe.cc
[268/419] Compiling rsa_asn1.cc
[269/419] Compiling deterministic.cc
[270/419] Compiling poly1305_arm_asm.S
[271/419] Compiling ios.cc
[272/419] Compiling getentropy.cc
[273/419] Compiling passive.cc
[274/419] Compiling fork_detect.cc
[275/419] Compiling poly1305_vec.cc
[276/419] Compiling poly1305.cc
[277/419] Compiling pool.cc
[278/419] Compiling p5_pbev2.cc
[279/419] Compiling poly1305_arm.cc
[280/419] Compiling pkcs7.cc
[281/419] Compiling pem_pk8.cc
[282/419] Compiling pkcs8.cc
[283/419] Compiling pkcs7_x509.cc
[284/419] Compiling pkcs8_x509.cc
[285/419] Compiling pem_xaux.cc
[286/419] Compiling pem_pkey.cc
[287/419] Compiling pem_x509.cc
[288/419] Compiling pem_all.cc
[289/419] Compiling obj_xref.cc
[290/419] Compiling pem_info.cc
[291/419] Compiling obj.cc
[292/419] Compiling pem_oth.cc
[293/419] Compiling mlkem.cc
[294/419] Compiling pem_lib.cc
[295/419] Compiling mldsa.cc
[296/419] Compiling md5.cc
[297/419] Compiling mem.cc
[298/419] Compiling poly_rq_mul.S
[299/419] Compiling fips_shared_support.cc
[300/419] Compiling lhash.cc
[301/419] Compiling md4.cc
[302/419] Compiling hrss.cc
[303/419] Compiling fuzzer_mode.cc
[304/419] Compiling ex_data.cc
[305/419] Compiling hpke.cc
[306/419] Compiling kyber.cc
[307/419] Compiling scrypt.cc
[308/419] Compiling pbkdf.cc
[309/419] Compiling print.cc
[310/419] Compiling sign.cc
[311/419] Compiling p_x25519.cc
[312/419] Compiling p_rsa_asn1.cc
[313/419] Compiling p_rsa.cc
[314/419] Compiling p_x25519_asn1.cc
[315/419] Compiling p_ed25519.cc
[316/419] Compiling p_dh_asn1.cc
[317/419] Compiling p_dsa_asn1.cc
[318/419] Compiling p_ed25519_asn1.cc
[319/419] Compiling p_hkdf.cc
[320/419] Compiling p_ec_asn1.cc
[321/419] Compiling p_ec.cc
[322/419] Compiling p_dh.cc
[323/419] Compiling ecdsa_p1363.cc
[324/419] Compiling evp_asn1.cc
[325/419] Compiling evp_ctx.cc
[326/419] Compiling evp.cc
[327/419] Compiling ecdsa_asn1.cc
[328/419] Compiling bcm.cc
[329/419] Compiling err.cc
[330/419] Compiling ecdh.cc
[331/419] Compiling ec_derive.cc
[332/419] Compiling engine.cc
[333/419] Compiling dsa_asn1.cc
[334/419] Compiling params.cc
[335/419] Compiling ec_asn1.cc
[336/419] Compiling digest_extra.cc
[337/419] Compiling x25519-asm-arm.S
[338/419] Compiling dsa.cc
[339/419] Compiling spake25519.cc
[340/419] Compiling curve25519_64_adx.cc
[341/419] Compiling hash_to_curve.cc
[342/419] Compiling cpu_intel.cc
[343/419] Compiling curve25519.cc
[344/419] Compiling des.cc
[345/419] Compiling cpu_arm_freebsd.cc
[346/419] Compiling dh_asn1.cc
[347/419] Compiling cpu_aarch64_sysreg.cc
[348/419] Compiling cpu_aarch64_openbsd.cc
[349/419] Compiling crypto.cc
[350/419] Compiling cpu_arm_linux.cc
[351/419] Compiling cpu_aarch64_apple.cc
[352/419] Compiling cpu_aarch64_linux.cc
[353/419] Compiling cpu_aarch64_fuchsia.cc
[354/419] Compiling cpu_aarch64_win.cc
[355/419] Compiling e_rc2.cc
[356/419] Compiling cms.cc
[357/419] Compiling e_tls.cc
[358/419] Compiling conf.cc
[359/419] Compiling tls_cbc.cc
[360/419] Compiling e_chacha20poly1305.cc
[361/419] Compiling e_null.cc
[362/419] Compiling e_des.cc
[363/419] Compiling get_cipher.cc
[364/419] Compiling e_rc4.cc
[365/419] Compiling derive_key.cc
[366/419] Compiling chacha.cc
[367/419] Compiling e_aeseax.cc
[368/419] Compiling e_aesgcmsiv.cc
[369/419] Compiling e_aesctrhmac.cc
[370/419] Compiling buf.cc
[371/419] Compiling unicode.cc
[372/419] Compiling ber.cc
[373/419] Compiling cbs.cc
[374/419] Compiling exponentiation.cc
[375/419] Compiling sqrt.cc
[376/419] Compiling convert.cc
[377/419] Compiling cbb.cc
[378/419] Compiling div.cc
[379/419] Compiling asn1_compat.cc
[380/419] Compiling blake2.cc
[381/419] Compiling fd.cc
[382/419] Compiling hexdump.cc
[383/419] Compiling bio_mem.cc
[384/419] Compiling pair.cc
[385/419] Compiling printf.cc
[386/419] Compiling base64.cc
[387/419] Compiling bio.cc
[388/419] Compiling bn_asn1.cc
[389/419] Compiling file.cc
[390/419] Compiling tasn_utl.cc
[391/419] Compiling tasn_fre.cc
[392/419] Compiling errno.cc
[393/419] Compiling tasn_enc.cc
[394/419] Compiling f_string.cc
[395/419] Compiling tasn_typ.cc
[396/419] Compiling posix_time.cc
[397/419] Compiling f_int.cc
[398/419] Compiling asn1_par.cc
[399/419] Compiling asn_pack.cc
[400/419] Compiling tasn_new.cc
[401/419] Compiling tasn_dec.cc
[402/419] Compiling a_type.cc
[403/419] Compiling a_time.cc
[404/419] Compiling a_strnid.cc
[405/419] Compiling a_object.cc
[406/419] Compiling a_i2d_fp.cc
[407/419] Compiling a_mbstr.cc
[408/419] Compiling a_int.cc
[409/419] Compiling a_octet.cc
[410/419] Compiling asn1_lib.cc
[411/419] Compiling a_gentm.cc
[412/419] Compiling a_utctm.cc
[413/419] Compiling a_dup.cc
[414/419] Compiling a_d2i_fp.cc
[415/419] Compiling a_strex.cc
[416/419] Compiling aes.cc
[417/419] Compiling a_bool.cc
[418/419] Compiling a_bitstr.cc
[420/427] Compiling CryptoBoringWrapper BoringSSLAEAD.swift
[421/428] Compiling CryptoBoringWrapper Data+Span.swift
[422/428] Compiling CryptoBoringWrapper FiniteFieldArithmeticContext.swift
[423/428] Compiling CryptoBoringWrapper RandomBytes.swift
[424/428] Emitting module CryptoBoringWrapper
[425/428] Compiling CryptoBoringWrapper EllipticCurve.swift
[426/428] Compiling CryptoBoringWrapper CryptoKitErrors_boring.swift
[427/428] Compiling CryptoBoringWrapper ArbitraryPrecisionInteger.swift
[428/428] Compiling CryptoBoringWrapper EllipticCurvePoint.swift
[430/515] Compiling Crypto AESWrap.swift
[431/515] Compiling Crypto AESWrap_boring.swift
[432/515] Compiling Crypto Ed25519_boring.swift
[433/515] Compiling Crypto NISTCurvesKeys_boring.swift
[434/515] Compiling Crypto X25519Keys_boring.swift
[435/515] Compiling Crypto Curve25519.swift
[436/515] Compiling Crypto Ed25519Keys.swift
[437/515] Compiling Crypto NISTCurvesKeys.swift
[438/515] Compiling Crypto X25519Keys.swift
[439/515] Compiling Crypto SymmetricKeys.swift
[440/515] Compiling Crypto HMAC.swift
[441/515] Compiling Crypto MACFunctions.swift
[442/527] Compiling Crypto Digest_boring.swift
[443/527] Compiling Crypto Digest.swift
[444/527] Compiling Crypto Digests.swift
[445/527] Compiling Crypto HashFunctions.swift
[446/527] Compiling Crypto HashFunctions_SHA2.swift
[447/527] Compiling Crypto HashFunctions_SHA3.swift
[448/527] Compiling Crypto Digest_xkcp.swift
[449/527] Compiling Crypto HPKE-AEAD.swift
[450/527] Compiling Crypto HPKE-Ciphersuite.swift
[451/527] Compiling Crypto HPKE-KDF.swift
[452/527] Compiling Crypto HPKE-KexKeyDerivation.swift
[453/527] Compiling Crypto HPKE-LabeledExtract.swift
[454/527] Emitting module Crypto
[455/527] Compiling Crypto AES-GCM.swift
[456/527] Compiling Crypto AES-GCM_boring.swift
[457/527] Compiling Crypto ChaChaPoly_boring.swift
[458/527] Compiling Crypto ChaChaPoly.swift
[459/527] Compiling Crypto Cipher.swift
[460/527] Compiling Crypto Nonces.swift
[461/527] Compiling Crypto ASN1.swift
[462/527] Compiling Crypto ASN1Any.swift
[463/527] Compiling Crypto ASN1BitString.swift
[464/527] Compiling Crypto ASN1Boolean.swift
[465/527] Compiling Crypto ASN1Identifier.swift
[466/527] Compiling Crypto ASN1Integer.swift
[467/527] Compiling Crypto ASN1Null.swift
[468/527] Compiling Crypto CryptoKitErrors_boring.swift
[469/527] Compiling Crypto InlineArray+withBytes_boring.swift
[470/527] Compiling Crypto Optional+withUnsafeBytes_boring.swift
[471/527] Compiling Crypto RNG_boring.swift
[472/527] Compiling Crypto SafeCompare_boring.swift
[473/527] Compiling Crypto Zeroization_boring.swift
[474/527] Compiling Crypto _CryptoModuleAnchor.swift
[475/527] Compiling Crypto Data+ArraySpan.swift
[476/527] Compiling Crypto PrettyBytes.swift
[477/527] Compiling Crypto SafeCompare.swift
[478/527] Compiling Crypto SecureBytes.swift
[479/527] Compiling Crypto Zeroization.swift
[480/527] Compiling Crypto MessageAuthenticationCode.swift
[481/527] Compiling Crypto AES.swift
[482/527] Compiling Crypto ECDSASignature_boring.swift
[483/527] Compiling Crypto ECDSA_boring.swift
[484/527] Compiling Crypto EdDSA_boring.swift
[485/527] Compiling Crypto MLDSA_boring.swift
[486/527] Compiling Crypto MLDSA_wrapper.swift
[487/527] Compiling Crypto ECDSA.swift
[488/527] Compiling Crypto Ed25519.swift
[489/527] Compiling Crypto MLDSA.swift
[490/527] Compiling Crypto Signature.swift
[491/527] Compiling Crypto ArraySpanHelpers.swift
[492/527] Compiling Crypto ASN1OctetString.swift
[493/527] Compiling Crypto ASN1Strings.swift
[494/527] Compiling Crypto ArraySliceBigint.swift
[495/527] Compiling Crypto GeneralizedTime.swift
[496/527] Compiling Crypto ObjectIdentifier.swift
[497/527] Compiling Crypto ECDSASignature.swift
[498/527] Compiling Crypto PEMDocument.swift
[499/527] Compiling Crypto PKCS8PrivateKey.swift
[500/527] Compiling Crypto SEC1PrivateKey.swift
[501/527] Compiling Crypto SubjectPublicKeyInfo.swift
[502/527] Compiling Crypto CryptoError_boring.swift
[503/527] Compiling Crypto CryptoKitErrors.swift
[504/527] Compiling Crypto HPKE-Utils.swift
[505/527] Compiling Crypto DHKEM.swift
[506/527] Compiling Crypto HPKE-KEM-Curve25519.swift
[507/527] Compiling Crypto HPKE-NIST-EC-KEMs.swift
[508/527] Compiling Crypto HPKE-KEM.swift
[509/527] Compiling Crypto HPKE-Errors.swift
[510/527] Compiling Crypto HPKE.swift
[511/527] Compiling Crypto HPKE-Context.swift
[512/527] Compiling Crypto HPKE-KeySchedule.swift
[513/527] Compiling Crypto HPKE-Modes.swift
[514/527] Compiling Crypto Insecure.swift
[515/527] Compiling Crypto Insecure_HashFunctions.swift
[516/527] Compiling Crypto MLKEM_boring.swift
[517/527] Compiling Crypto MLKEM_wrapper.swift
[518/527] Compiling Crypto XWing_boring.swift
[519/527] Compiling Crypto KEM-Errors.swift
[520/527] Compiling Crypto KEM.swift
[521/527] Compiling Crypto MLKEM.swift
[522/527] Compiling Crypto XWing.swift
[523/527] Compiling Crypto ECDH_boring.swift
[524/527] Compiling Crypto DH.swift
[525/527] Compiling Crypto ECDH.swift
[526/527] Compiling Crypto ANSIx963.swift
[527/527] Compiling Crypto HKDF.swift
error: emit-module command failed with exit code 1 (use -v to see invocation)
[529/590] Emitting module CryptoExtras
/host/spi-builder-workspace/.build/checkouts/swift-crypto/Sources/CryptoExtras/Util/ThreadSpecific/ThreadSpecific.swift:33:36: error: cannot find type 'ThreadOpsSystem' in scope
 31 |
 32 |     private final class Key {
 33 |         private var underlyingKey: ThreadOpsSystem.ThreadSpecificKey
    |                                    `- error: cannot find type 'ThreadOpsSystem' in scope
 34 |
 35 |         internal init(destructor: @escaping ThreadOpsSystem.ThreadSpecificKeyDestructor) {
/host/spi-builder-workspace/.build/checkouts/swift-crypto/Sources/CryptoExtras/Util/ThreadSpecific/ThreadSpecific.swift:35:45: error: cannot find type 'ThreadOpsSystem' in scope
 33 |         private var underlyingKey: ThreadOpsSystem.ThreadSpecificKey
 34 |
 35 |         internal init(destructor: @escaping ThreadOpsSystem.ThreadSpecificKeyDestructor) {
    |                                             `- error: cannot find type 'ThreadOpsSystem' in scope
 36 |             self.underlyingKey = ThreadOpsSystem.allocateThreadSpecificValue(destructor: destructor)
 37 |         }
/host/spi-builder-workspace/.build/checkouts/swift-crypto/Sources/CryptoExtras/Util/ThreadSpecific/ThreadSpecific.swift:35:35: error: '@escaping' only applies to function types
 33 |         private var underlyingKey: ThreadOpsSystem.ThreadSpecificKey
 34 |
 35 |         internal init(destructor: @escaping ThreadOpsSystem.ThreadSpecificKeyDestructor) {
    |                                   `- error: '@escaping' only applies to function types
 36 |             self.underlyingKey = ThreadOpsSystem.allocateThreadSpecificValue(destructor: destructor)
 37 |         }
[530/598] Compiling CryptoExtras PKCS8DERRepresentation.swift
[531/598] Compiling CryptoExtras PKCS8PrivateKey.swift
[532/598] Compiling CryptoExtras RFC8410AlgorithmIdentifier.swift
[533/598] Compiling CryptoExtras ECToolbox_boring.swift
[534/598] Compiling CryptoExtras ECToolbox.swift
[535/598] Compiling CryptoExtras HashToField.swift
[536/598] Compiling CryptoExtras KDF.swift
[537/598] Compiling CryptoExtras PBKDF2_boring.swift
[538/598] Compiling CryptoExtras PBKDF2_commoncrypto.swift
[539/598] Compiling CryptoExtras Data+Extensions.swift
[540/598] Compiling CryptoExtras DigestType.swift
[541/598] Compiling CryptoExtras Error.swift
[542/598] Compiling CryptoExtras I2OSP.swift
[543/598] Compiling CryptoExtras IntegerEncoding.swift
[544/598] Compiling CryptoExtras PEMDocument.swift
[545/598] Compiling CryptoExtras PrettyBytes.swift
[546/598] Compiling CryptoExtras SubjectPublicKeyInfo.swift
[547/598] Compiling CryptoExtras ThreadOps.swift
/host/spi-builder-workspace/.build/checkouts/swift-crypto/Sources/CryptoExtras/Util/ThreadSpecific/ThreadSpecific.swift:33:36: error: cannot find type 'ThreadOpsSystem' in scope
 31 |
 32 |     private final class Key {
 33 |         private var underlyingKey: ThreadOpsSystem.ThreadSpecificKey
    |                                    `- error: cannot find type 'ThreadOpsSystem' in scope
 34 |
 35 |         internal init(destructor: @escaping ThreadOpsSystem.ThreadSpecificKeyDestructor) {
/host/spi-builder-workspace/.build/checkouts/swift-crypto/Sources/CryptoExtras/Util/ThreadSpecific/ThreadSpecific.swift:35:45: error: cannot find type 'ThreadOpsSystem' in scope
 33 |         private var underlyingKey: ThreadOpsSystem.ThreadSpecificKey
 34 |
 35 |         internal init(destructor: @escaping ThreadOpsSystem.ThreadSpecificKeyDestructor) {
    |                                             `- error: cannot find type 'ThreadOpsSystem' in scope
 36 |             self.underlyingKey = ThreadOpsSystem.allocateThreadSpecificValue(destructor: destructor)
 37 |         }
/host/spi-builder-workspace/.build/checkouts/swift-crypto/Sources/CryptoExtras/Util/ThreadSpecific/ThreadSpecific.swift:35:35: error: '@escaping' only applies to function types
 33 |         private var underlyingKey: ThreadOpsSystem.ThreadSpecificKey
 34 |
 35 |         internal init(destructor: @escaping ThreadOpsSystem.ThreadSpecificKeyDestructor) {
    |                                   `- error: '@escaping' only applies to function types
 36 |             self.underlyingKey = ThreadOpsSystem.allocateThreadSpecificValue(destructor: destructor)
 37 |         }
/host/spi-builder-workspace/.build/checkouts/swift-crypto/Sources/CryptoExtras/Util/ThreadSpecific/ThreadSpecific.swift:36:34: error: cannot find 'ThreadOpsSystem' in scope
 34 |
 35 |         internal init(destructor: @escaping ThreadOpsSystem.ThreadSpecificKeyDestructor) {
 36 |             self.underlyingKey = ThreadOpsSystem.allocateThreadSpecificValue(destructor: destructor)
    |                                  `- error: cannot find 'ThreadOpsSystem' in scope
 37 |         }
 38 |
/host/spi-builder-workspace/.build/checkouts/swift-crypto/Sources/CryptoExtras/Util/ThreadSpecific/ThreadSpecific.swift:40:13: error: cannot find 'ThreadOpsSystem' in scope
 38 |
 39 |         deinit {
 40 |             ThreadOpsSystem.deallocateThreadSpecificValue(self.underlyingKey)
    |             `- error: cannot find 'ThreadOpsSystem' in scope
 41 |         }
 42 |
/host/spi-builder-workspace/.build/checkouts/swift-crypto/Sources/CryptoExtras/Util/ThreadSpecific/ThreadSpecific.swift:44:13: error: cannot find 'ThreadOpsSystem' in scope
 42 |
 43 |         func get() -> UnsafeMutableRawPointer? {
 44 |             ThreadOpsSystem.getThreadSpecificValue(self.underlyingKey)
    |             `- error: cannot find 'ThreadOpsSystem' in scope
 45 |         }
 46 |
/host/spi-builder-workspace/.build/checkouts/swift-crypto/Sources/CryptoExtras/Util/ThreadSpecific/ThreadSpecific.swift:48:13: error: cannot find 'ThreadOpsSystem' in scope
 46 |
 47 |         func set(value: UnsafeMutableRawPointer?) {
 48 |             ThreadOpsSystem.setThreadSpecificValue(key: self.underlyingKey, value: value)
    |             `- error: cannot find 'ThreadOpsSystem' in scope
 49 |         }
 50 |     }
[548/598] Compiling CryptoExtras ThreadPosix.swift
/host/spi-builder-workspace/.build/checkouts/swift-crypto/Sources/CryptoExtras/Util/ThreadSpecific/ThreadSpecific.swift:33:36: error: cannot find type 'ThreadOpsSystem' in scope
 31 |
 32 |     private final class Key {
 33 |         private var underlyingKey: ThreadOpsSystem.ThreadSpecificKey
    |                                    `- error: cannot find type 'ThreadOpsSystem' in scope
 34 |
 35 |         internal init(destructor: @escaping ThreadOpsSystem.ThreadSpecificKeyDestructor) {
/host/spi-builder-workspace/.build/checkouts/swift-crypto/Sources/CryptoExtras/Util/ThreadSpecific/ThreadSpecific.swift:35:45: error: cannot find type 'ThreadOpsSystem' in scope
 33 |         private var underlyingKey: ThreadOpsSystem.ThreadSpecificKey
 34 |
 35 |         internal init(destructor: @escaping ThreadOpsSystem.ThreadSpecificKeyDestructor) {
    |                                             `- error: cannot find type 'ThreadOpsSystem' in scope
 36 |             self.underlyingKey = ThreadOpsSystem.allocateThreadSpecificValue(destructor: destructor)
 37 |         }
/host/spi-builder-workspace/.build/checkouts/swift-crypto/Sources/CryptoExtras/Util/ThreadSpecific/ThreadSpecific.swift:35:35: error: '@escaping' only applies to function types
 33 |         private var underlyingKey: ThreadOpsSystem.ThreadSpecificKey
 34 |
 35 |         internal init(destructor: @escaping ThreadOpsSystem.ThreadSpecificKeyDestructor) {
    |                                   `- error: '@escaping' only applies to function types
 36 |             self.underlyingKey = ThreadOpsSystem.allocateThreadSpecificValue(destructor: destructor)
 37 |         }
/host/spi-builder-workspace/.build/checkouts/swift-crypto/Sources/CryptoExtras/Util/ThreadSpecific/ThreadSpecific.swift:36:34: error: cannot find 'ThreadOpsSystem' in scope
 34 |
 35 |         internal init(destructor: @escaping ThreadOpsSystem.ThreadSpecificKeyDestructor) {
 36 |             self.underlyingKey = ThreadOpsSystem.allocateThreadSpecificValue(destructor: destructor)
    |                                  `- error: cannot find 'ThreadOpsSystem' in scope
 37 |         }
 38 |
/host/spi-builder-workspace/.build/checkouts/swift-crypto/Sources/CryptoExtras/Util/ThreadSpecific/ThreadSpecific.swift:40:13: error: cannot find 'ThreadOpsSystem' in scope
 38 |
 39 |         deinit {
 40 |             ThreadOpsSystem.deallocateThreadSpecificValue(self.underlyingKey)
    |             `- error: cannot find 'ThreadOpsSystem' in scope
 41 |         }
 42 |
/host/spi-builder-workspace/.build/checkouts/swift-crypto/Sources/CryptoExtras/Util/ThreadSpecific/ThreadSpecific.swift:44:13: error: cannot find 'ThreadOpsSystem' in scope
 42 |
 43 |         func get() -> UnsafeMutableRawPointer? {
 44 |             ThreadOpsSystem.getThreadSpecificValue(self.underlyingKey)
    |             `- error: cannot find 'ThreadOpsSystem' in scope
 45 |         }
 46 |
/host/spi-builder-workspace/.build/checkouts/swift-crypto/Sources/CryptoExtras/Util/ThreadSpecific/ThreadSpecific.swift:48:13: error: cannot find 'ThreadOpsSystem' in scope
 46 |
 47 |         func set(value: UnsafeMutableRawPointer?) {
 48 |             ThreadOpsSystem.setThreadSpecificValue(key: self.underlyingKey, value: value)
    |             `- error: cannot find 'ThreadOpsSystem' in scope
 49 |         }
 50 |     }
[549/598] Compiling CryptoExtras ThreadSpecific.swift
/host/spi-builder-workspace/.build/checkouts/swift-crypto/Sources/CryptoExtras/Util/ThreadSpecific/ThreadSpecific.swift:33:36: error: cannot find type 'ThreadOpsSystem' in scope
 31 |
 32 |     private final class Key {
 33 |         private var underlyingKey: ThreadOpsSystem.ThreadSpecificKey
    |                                    `- error: cannot find type 'ThreadOpsSystem' in scope
 34 |
 35 |         internal init(destructor: @escaping ThreadOpsSystem.ThreadSpecificKeyDestructor) {
/host/spi-builder-workspace/.build/checkouts/swift-crypto/Sources/CryptoExtras/Util/ThreadSpecific/ThreadSpecific.swift:35:45: error: cannot find type 'ThreadOpsSystem' in scope
 33 |         private var underlyingKey: ThreadOpsSystem.ThreadSpecificKey
 34 |
 35 |         internal init(destructor: @escaping ThreadOpsSystem.ThreadSpecificKeyDestructor) {
    |                                             `- error: cannot find type 'ThreadOpsSystem' in scope
 36 |             self.underlyingKey = ThreadOpsSystem.allocateThreadSpecificValue(destructor: destructor)
 37 |         }
/host/spi-builder-workspace/.build/checkouts/swift-crypto/Sources/CryptoExtras/Util/ThreadSpecific/ThreadSpecific.swift:35:35: error: '@escaping' only applies to function types
 33 |         private var underlyingKey: ThreadOpsSystem.ThreadSpecificKey
 34 |
 35 |         internal init(destructor: @escaping ThreadOpsSystem.ThreadSpecificKeyDestructor) {
    |                                   `- error: '@escaping' only applies to function types
 36 |             self.underlyingKey = ThreadOpsSystem.allocateThreadSpecificValue(destructor: destructor)
 37 |         }
/host/spi-builder-workspace/.build/checkouts/swift-crypto/Sources/CryptoExtras/Util/ThreadSpecific/ThreadSpecific.swift:36:34: error: cannot find 'ThreadOpsSystem' in scope
 34 |
 35 |         internal init(destructor: @escaping ThreadOpsSystem.ThreadSpecificKeyDestructor) {
 36 |             self.underlyingKey = ThreadOpsSystem.allocateThreadSpecificValue(destructor: destructor)
    |                                  `- error: cannot find 'ThreadOpsSystem' in scope
 37 |         }
 38 |
/host/spi-builder-workspace/.build/checkouts/swift-crypto/Sources/CryptoExtras/Util/ThreadSpecific/ThreadSpecific.swift:40:13: error: cannot find 'ThreadOpsSystem' in scope
 38 |
 39 |         deinit {
 40 |             ThreadOpsSystem.deallocateThreadSpecificValue(self.underlyingKey)
    |             `- error: cannot find 'ThreadOpsSystem' in scope
 41 |         }
 42 |
/host/spi-builder-workspace/.build/checkouts/swift-crypto/Sources/CryptoExtras/Util/ThreadSpecific/ThreadSpecific.swift:44:13: error: cannot find 'ThreadOpsSystem' in scope
 42 |
 43 |         func get() -> UnsafeMutableRawPointer? {
 44 |             ThreadOpsSystem.getThreadSpecificValue(self.underlyingKey)
    |             `- error: cannot find 'ThreadOpsSystem' in scope
 45 |         }
 46 |
/host/spi-builder-workspace/.build/checkouts/swift-crypto/Sources/CryptoExtras/Util/ThreadSpecific/ThreadSpecific.swift:48:13: error: cannot find 'ThreadOpsSystem' in scope
 46 |
 47 |         func set(value: UnsafeMutableRawPointer?) {
 48 |             ThreadOpsSystem.setThreadSpecificValue(key: self.underlyingKey, value: value)
    |             `- error: cannot find 'ThreadOpsSystem' in scope
 49 |         }
 50 |     }
[550/598] Compiling CryptoExtras ThreadWindows.swift
/host/spi-builder-workspace/.build/checkouts/swift-crypto/Sources/CryptoExtras/Util/ThreadSpecific/ThreadSpecific.swift:33:36: error: cannot find type 'ThreadOpsSystem' in scope
 31 |
 32 |     private final class Key {
 33 |         private var underlyingKey: ThreadOpsSystem.ThreadSpecificKey
    |                                    `- error: cannot find type 'ThreadOpsSystem' in scope
 34 |
 35 |         internal init(destructor: @escaping ThreadOpsSystem.ThreadSpecificKeyDestructor) {
/host/spi-builder-workspace/.build/checkouts/swift-crypto/Sources/CryptoExtras/Util/ThreadSpecific/ThreadSpecific.swift:35:45: error: cannot find type 'ThreadOpsSystem' in scope
 33 |         private var underlyingKey: ThreadOpsSystem.ThreadSpecificKey
 34 |
 35 |         internal init(destructor: @escaping ThreadOpsSystem.ThreadSpecificKeyDestructor) {
    |                                             `- error: cannot find type 'ThreadOpsSystem' in scope
 36 |             self.underlyingKey = ThreadOpsSystem.allocateThreadSpecificValue(destructor: destructor)
 37 |         }
/host/spi-builder-workspace/.build/checkouts/swift-crypto/Sources/CryptoExtras/Util/ThreadSpecific/ThreadSpecific.swift:35:35: error: '@escaping' only applies to function types
 33 |         private var underlyingKey: ThreadOpsSystem.ThreadSpecificKey
 34 |
 35 |         internal init(destructor: @escaping ThreadOpsSystem.ThreadSpecificKeyDestructor) {
    |                                   `- error: '@escaping' only applies to function types
 36 |             self.underlyingKey = ThreadOpsSystem.allocateThreadSpecificValue(destructor: destructor)
 37 |         }
/host/spi-builder-workspace/.build/checkouts/swift-crypto/Sources/CryptoExtras/Util/ThreadSpecific/ThreadSpecific.swift:36:34: error: cannot find 'ThreadOpsSystem' in scope
 34 |
 35 |         internal init(destructor: @escaping ThreadOpsSystem.ThreadSpecificKeyDestructor) {
 36 |             self.underlyingKey = ThreadOpsSystem.allocateThreadSpecificValue(destructor: destructor)
    |                                  `- error: cannot find 'ThreadOpsSystem' in scope
 37 |         }
 38 |
/host/spi-builder-workspace/.build/checkouts/swift-crypto/Sources/CryptoExtras/Util/ThreadSpecific/ThreadSpecific.swift:40:13: error: cannot find 'ThreadOpsSystem' in scope
 38 |
 39 |         deinit {
 40 |             ThreadOpsSystem.deallocateThreadSpecificValue(self.underlyingKey)
    |             `- error: cannot find 'ThreadOpsSystem' in scope
 41 |         }
 42 |
/host/spi-builder-workspace/.build/checkouts/swift-crypto/Sources/CryptoExtras/Util/ThreadSpecific/ThreadSpecific.swift:44:13: error: cannot find 'ThreadOpsSystem' in scope
 42 |
 43 |         func get() -> UnsafeMutableRawPointer? {
 44 |             ThreadOpsSystem.getThreadSpecificValue(self.underlyingKey)
    |             `- error: cannot find 'ThreadOpsSystem' in scope
 45 |         }
 46 |
/host/spi-builder-workspace/.build/checkouts/swift-crypto/Sources/CryptoExtras/Util/ThreadSpecific/ThreadSpecific.swift:48:13: error: cannot find 'ThreadOpsSystem' in scope
 46 |
 47 |         func set(value: UnsafeMutableRawPointer?) {
 48 |             ThreadOpsSystem.setThreadSpecificValue(key: self.underlyingKey, value: value)
    |             `- error: cannot find 'ThreadOpsSystem' in scope
 49 |         }
 50 |     }
[551/598] Compiling CryptoExtras DLEQ.swift
/host/spi-builder-workspace/.build/checkouts/swift-crypto/Sources/CryptoExtras/Util/ThreadSpecific/ThreadSpecific.swift:33:36: error: cannot find type 'ThreadOpsSystem' in scope
 31 |
 32 |     private final class Key {
 33 |         private var underlyingKey: ThreadOpsSystem.ThreadSpecificKey
    |                                    `- error: cannot find type 'ThreadOpsSystem' in scope
 34 |
 35 |         internal init(destructor: @escaping ThreadOpsSystem.ThreadSpecificKeyDestructor) {
/host/spi-builder-workspace/.build/checkouts/swift-crypto/Sources/CryptoExtras/Util/ThreadSpecific/ThreadSpecific.swift:35:45: error: cannot find type 'ThreadOpsSystem' in scope
 33 |         private var underlyingKey: ThreadOpsSystem.ThreadSpecificKey
 34 |
 35 |         internal init(destructor: @escaping ThreadOpsSystem.ThreadSpecificKeyDestructor) {
    |                                             `- error: cannot find type 'ThreadOpsSystem' in scope
 36 |             self.underlyingKey = ThreadOpsSystem.allocateThreadSpecificValue(destructor: destructor)
 37 |         }
/host/spi-builder-workspace/.build/checkouts/swift-crypto/Sources/CryptoExtras/Util/ThreadSpecific/ThreadSpecific.swift:35:35: error: '@escaping' only applies to function types
 33 |         private var underlyingKey: ThreadOpsSystem.ThreadSpecificKey
 34 |
 35 |         internal init(destructor: @escaping ThreadOpsSystem.ThreadSpecificKeyDestructor) {
    |                                   `- error: '@escaping' only applies to function types
 36 |             self.underlyingKey = ThreadOpsSystem.allocateThreadSpecificValue(destructor: destructor)
 37 |         }
/host/spi-builder-workspace/.build/checkouts/swift-crypto/Sources/CryptoExtras/Util/ThreadSpecific/ThreadSpecific.swift:36:34: error: cannot find 'ThreadOpsSystem' in scope
 34 |
 35 |         internal init(destructor: @escaping ThreadOpsSystem.ThreadSpecificKeyDestructor) {
 36 |             self.underlyingKey = ThreadOpsSystem.allocateThreadSpecificValue(destructor: destructor)
    |                                  `- error: cannot find 'ThreadOpsSystem' in scope
 37 |         }
 38 |
/host/spi-builder-workspace/.build/checkouts/swift-crypto/Sources/CryptoExtras/Util/ThreadSpecific/ThreadSpecific.swift:40:13: error: cannot find 'ThreadOpsSystem' in scope
 38 |
 39 |         deinit {
 40 |             ThreadOpsSystem.deallocateThreadSpecificValue(self.underlyingKey)
    |             `- error: cannot find 'ThreadOpsSystem' in scope
 41 |         }
 42 |
/host/spi-builder-workspace/.build/checkouts/swift-crypto/Sources/CryptoExtras/Util/ThreadSpecific/ThreadSpecific.swift:44:13: error: cannot find 'ThreadOpsSystem' in scope
 42 |
 43 |         func get() -> UnsafeMutableRawPointer? {
 44 |             ThreadOpsSystem.getThreadSpecificValue(self.underlyingKey)
    |             `- error: cannot find 'ThreadOpsSystem' in scope
 45 |         }
 46 |
/host/spi-builder-workspace/.build/checkouts/swift-crypto/Sources/CryptoExtras/Util/ThreadSpecific/ThreadSpecific.swift:48:13: error: cannot find 'ThreadOpsSystem' in scope
 46 |
 47 |         func set(value: UnsafeMutableRawPointer?) {
 48 |             ThreadOpsSystem.setThreadSpecificValue(key: self.underlyingKey, value: value)
    |             `- error: cannot find 'ThreadOpsSystem' in scope
 49 |         }
 50 |     }
[552/598] Compiling CryptoExtras Prover.swift
/host/spi-builder-workspace/.build/checkouts/swift-crypto/Sources/CryptoExtras/Util/ThreadSpecific/ThreadSpecific.swift:33:36: error: cannot find type 'ThreadOpsSystem' in scope
 31 |
 32 |     private final class Key {
 33 |         private var underlyingKey: ThreadOpsSystem.ThreadSpecificKey
    |                                    `- error: cannot find type 'ThreadOpsSystem' in scope
 34 |
 35 |         internal init(destructor: @escaping ThreadOpsSystem.ThreadSpecificKeyDestructor) {
/host/spi-builder-workspace/.build/checkouts/swift-crypto/Sources/CryptoExtras/Util/ThreadSpecific/ThreadSpecific.swift:35:45: error: cannot find type 'ThreadOpsSystem' in scope
 33 |         private var underlyingKey: ThreadOpsSystem.ThreadSpecificKey
 34 |
 35 |         internal init(destructor: @escaping ThreadOpsSystem.ThreadSpecificKeyDestructor) {
    |                                             `- error: cannot find type 'ThreadOpsSystem' in scope
 36 |             self.underlyingKey = ThreadOpsSystem.allocateThreadSpecificValue(destructor: destructor)
 37 |         }
/host/spi-builder-workspace/.build/checkouts/swift-crypto/Sources/CryptoExtras/Util/ThreadSpecific/ThreadSpecific.swift:35:35: error: '@escaping' only applies to function types
 33 |         private var underlyingKey: ThreadOpsSystem.ThreadSpecificKey
 34 |
 35 |         internal init(destructor: @escaping ThreadOpsSystem.ThreadSpecificKeyDestructor) {
    |                                   `- error: '@escaping' only applies to function types
 36 |             self.underlyingKey = ThreadOpsSystem.allocateThreadSpecificValue(destructor: destructor)
 37 |         }
/host/spi-builder-workspace/.build/checkouts/swift-crypto/Sources/CryptoExtras/Util/ThreadSpecific/ThreadSpecific.swift:36:34: error: cannot find 'ThreadOpsSystem' in scope
 34 |
 35 |         internal init(destructor: @escaping ThreadOpsSystem.ThreadSpecificKeyDestructor) {
 36 |             self.underlyingKey = ThreadOpsSystem.allocateThreadSpecificValue(destructor: destructor)
    |                                  `- error: cannot find 'ThreadOpsSystem' in scope
 37 |         }
 38 |
/host/spi-builder-workspace/.build/checkouts/swift-crypto/Sources/CryptoExtras/Util/ThreadSpecific/ThreadSpecific.swift:40:13: error: cannot find 'ThreadOpsSystem' in scope
 38 |
 39 |         deinit {
 40 |             ThreadOpsSystem.deallocateThreadSpecificValue(self.underlyingKey)
    |             `- error: cannot find 'ThreadOpsSystem' in scope
 41 |         }
 42 |
/host/spi-builder-workspace/.build/checkouts/swift-crypto/Sources/CryptoExtras/Util/ThreadSpecific/ThreadSpecific.swift:44:13: error: cannot find 'ThreadOpsSystem' in scope
 42 |
 43 |         func get() -> UnsafeMutableRawPointer? {
 44 |             ThreadOpsSystem.getThreadSpecificValue(self.underlyingKey)
    |             `- error: cannot find 'ThreadOpsSystem' in scope
 45 |         }
 46 |
/host/spi-builder-workspace/.build/checkouts/swift-crypto/Sources/CryptoExtras/Util/ThreadSpecific/ThreadSpecific.swift:48:13: error: cannot find 'ThreadOpsSystem' in scope
 46 |
 47 |         func set(value: UnsafeMutableRawPointer?) {
 48 |             ThreadOpsSystem.setThreadSpecificValue(key: self.underlyingKey, value: value)
    |             `- error: cannot find 'ThreadOpsSystem' in scope
 49 |         }
 50 |     }
[553/598] Compiling CryptoExtras Verifier.swift
/host/spi-builder-workspace/.build/checkouts/swift-crypto/Sources/CryptoExtras/Util/ThreadSpecific/ThreadSpecific.swift:33:36: error: cannot find type 'ThreadOpsSystem' in scope
 31 |
 32 |     private final class Key {
 33 |         private var underlyingKey: ThreadOpsSystem.ThreadSpecificKey
    |                                    `- error: cannot find type 'ThreadOpsSystem' in scope
 34 |
 35 |         internal init(destructor: @escaping ThreadOpsSystem.ThreadSpecificKeyDestructor) {
/host/spi-builder-workspace/.build/checkouts/swift-crypto/Sources/CryptoExtras/Util/ThreadSpecific/ThreadSpecific.swift:35:45: error: cannot find type 'ThreadOpsSystem' in scope
 33 |         private var underlyingKey: ThreadOpsSystem.ThreadSpecificKey
 34 |
 35 |         internal init(destructor: @escaping ThreadOpsSystem.ThreadSpecificKeyDestructor) {
    |                                             `- error: cannot find type 'ThreadOpsSystem' in scope
 36 |             self.underlyingKey = ThreadOpsSystem.allocateThreadSpecificValue(destructor: destructor)
 37 |         }
/host/spi-builder-workspace/.build/checkouts/swift-crypto/Sources/CryptoExtras/Util/ThreadSpecific/ThreadSpecific.swift:35:35: error: '@escaping' only applies to function types
 33 |         private var underlyingKey: ThreadOpsSystem.ThreadSpecificKey
 34 |
 35 |         internal init(destructor: @escaping ThreadOpsSystem.ThreadSpecificKeyDestructor) {
    |                                   `- error: '@escaping' only applies to function types
 36 |             self.underlyingKey = ThreadOpsSystem.allocateThreadSpecificValue(destructor: destructor)
 37 |         }
/host/spi-builder-workspace/.build/checkouts/swift-crypto/Sources/CryptoExtras/Util/ThreadSpecific/ThreadSpecific.swift:36:34: error: cannot find 'ThreadOpsSystem' in scope
 34 |
 35 |         internal init(destructor: @escaping ThreadOpsSystem.ThreadSpecificKeyDestructor) {
 36 |             self.underlyingKey = ThreadOpsSystem.allocateThreadSpecificValue(destructor: destructor)
    |                                  `- error: cannot find 'ThreadOpsSystem' in scope
 37 |         }
 38 |
/host/spi-builder-workspace/.build/checkouts/swift-crypto/Sources/CryptoExtras/Util/ThreadSpecific/ThreadSpecific.swift:40:13: error: cannot find 'ThreadOpsSystem' in scope
 38 |
 39 |         deinit {
 40 |             ThreadOpsSystem.deallocateThreadSpecificValue(self.underlyingKey)
    |             `- error: cannot find 'ThreadOpsSystem' in scope
 41 |         }
 42 |
/host/spi-builder-workspace/.build/checkouts/swift-crypto/Sources/CryptoExtras/Util/ThreadSpecific/ThreadSpecific.swift:44:13: error: cannot find 'ThreadOpsSystem' in scope
 42 |
 43 |         func get() -> UnsafeMutableRawPointer? {
 44 |             ThreadOpsSystem.getThreadSpecificValue(self.underlyingKey)
    |             `- error: cannot find 'ThreadOpsSystem' in scope
 45 |         }
 46 |
/host/spi-builder-workspace/.build/checkouts/swift-crypto/Sources/CryptoExtras/Util/ThreadSpecific/ThreadSpecific.swift:48:13: error: cannot find 'ThreadOpsSystem' in scope
 46 |
 47 |         func set(value: UnsafeMutableRawPointer?) {
 48 |             ThreadOpsSystem.setThreadSpecificValue(key: self.underlyingKey, value: value)
    |             `- error: cannot find 'ThreadOpsSystem' in scope
 49 |         }
 50 |     }
[554/598] Compiling CryptoExtras ZKPToolbox.swift
/host/spi-builder-workspace/.build/checkouts/swift-crypto/Sources/CryptoExtras/Util/ThreadSpecific/ThreadSpecific.swift:33:36: error: cannot find type 'ThreadOpsSystem' in scope
 31 |
 32 |     private final class Key {
 33 |         private var underlyingKey: ThreadOpsSystem.ThreadSpecificKey
    |                                    `- error: cannot find type 'ThreadOpsSystem' in scope
 34 |
 35 |         internal init(destructor: @escaping ThreadOpsSystem.ThreadSpecificKeyDestructor) {
/host/spi-builder-workspace/.build/checkouts/swift-crypto/Sources/CryptoExtras/Util/ThreadSpecific/ThreadSpecific.swift:35:45: error: cannot find type 'ThreadOpsSystem' in scope
 33 |         private var underlyingKey: ThreadOpsSystem.ThreadSpecificKey
 34 |
 35 |         internal init(destructor: @escaping ThreadOpsSystem.ThreadSpecificKeyDestructor) {
    |                                             `- error: cannot find type 'ThreadOpsSystem' in scope
 36 |             self.underlyingKey = ThreadOpsSystem.allocateThreadSpecificValue(destructor: destructor)
 37 |         }
/host/spi-builder-workspace/.build/checkouts/swift-crypto/Sources/CryptoExtras/Util/ThreadSpecific/ThreadSpecific.swift:35:35: error: '@escaping' only applies to function types
 33 |         private var underlyingKey: ThreadOpsSystem.ThreadSpecificKey
 34 |
 35 |         internal init(destructor: @escaping ThreadOpsSystem.ThreadSpecificKeyDestructor) {
    |                                   `- error: '@escaping' only applies to function types
 36 |             self.underlyingKey = ThreadOpsSystem.allocateThreadSpecificValue(destructor: destructor)
 37 |         }
/host/spi-builder-workspace/.build/checkouts/swift-crypto/Sources/CryptoExtras/Util/ThreadSpecific/ThreadSpecific.swift:36:34: error: cannot find 'ThreadOpsSystem' in scope
 34 |
 35 |         internal init(destructor: @escaping ThreadOpsSystem.ThreadSpecificKeyDestructor) {
 36 |             self.underlyingKey = ThreadOpsSystem.allocateThreadSpecificValue(destructor: destructor)
    |                                  `- error: cannot find 'ThreadOpsSystem' in scope
 37 |         }
 38 |
/host/spi-builder-workspace/.build/checkouts/swift-crypto/Sources/CryptoExtras/Util/ThreadSpecific/ThreadSpecific.swift:40:13: error: cannot find 'ThreadOpsSystem' in scope
 38 |
 39 |         deinit {
 40 |             ThreadOpsSystem.deallocateThreadSpecificValue(self.underlyingKey)
    |             `- error: cannot find 'ThreadOpsSystem' in scope
 41 |         }
 42 |
/host/spi-builder-workspace/.build/checkouts/swift-crypto/Sources/CryptoExtras/Util/ThreadSpecific/ThreadSpecific.swift:44:13: error: cannot find 'ThreadOpsSystem' in scope
 42 |
 43 |         func get() -> UnsafeMutableRawPointer? {
 44 |             ThreadOpsSystem.getThreadSpecificValue(self.underlyingKey)
    |             `- error: cannot find 'ThreadOpsSystem' in scope
 45 |         }
 46 |
/host/spi-builder-workspace/.build/checkouts/swift-crypto/Sources/CryptoExtras/Util/ThreadSpecific/ThreadSpecific.swift:48:13: error: cannot find 'ThreadOpsSystem' in scope
 46 |
 47 |         func set(value: UnsafeMutableRawPointer?) {
 48 |             ThreadOpsSystem.setThreadSpecificValue(key: self.underlyingKey, value: value)
    |             `- error: cannot find 'ThreadOpsSystem' in scope
 49 |         }
 50 |     }
[555/598] Compiling CryptoExtras PBKDF2.swift
[556/598] Compiling CryptoExtras Scrypt_boring.swift
[557/598] Compiling CryptoExtras Scrypt.swift
[558/598] Compiling CryptoExtras OPRF.swift
[559/598] Compiling CryptoExtras OPRFClient.swift
[560/598] Compiling CryptoExtras OPRFServer.swift
[561/598] Compiling CryptoExtras VOPRF+API.swift
[562/598] Compiling CryptoExtras VOPRFClient.swift
[563/598] Compiling CryptoExtras VOPRFServer.swift
[564/598] Compiling CryptoExtras ARCServer.swift
[565/598] Compiling CryptoExtras ChaCha20CTR_boring.swift
[566/598] Compiling CryptoExtras ChaCha20CTR.swift
[567/598] Compiling CryptoExtras BoringSSLSHA512256Context.swift
[568/598] Compiling CryptoExtras BoringSSLSHA512256HashFunction.swift
[569/598] Compiling CryptoExtras SHA512256.swift
[570/598] Compiling CryptoExtras SHA512256Digest.swift
[571/598] Compiling CryptoExtras Curve25519+PEM.swift
[572/598] Compiling CryptoExtras ObjectIdentifier.swift
[573/598] Compiling CryptoExtras CMAC.swift
[574/598] Compiling CryptoExtras ARC+API.swift
[575/598] Compiling CryptoExtras ARC.swift
[576/598] Compiling CryptoExtras ARCCredential.swift
[577/598] Compiling CryptoExtras ARCEncoding.swift
[578/598] Compiling CryptoExtras ARCPrecredential.swift
[579/598] Compiling CryptoExtras ARCPresentation.swift
[580/598] Compiling CryptoExtras ARCRequest.swift
[581/598] Compiling CryptoExtras ARCResponse.swift
[582/598] Compiling CryptoExtras BoringSSLPassphraseCallbackManager.swift
[583/598] Compiling CryptoExtras RSA+BlindSigning.swift
[584/598] Compiling CryptoExtras RSA.swift
[585/598] Compiling CryptoExtras RSA_boring.swift
[586/598] Compiling CryptoExtras Reexport.swift
[587/598] Compiling CryptoExtras Zeroization_boring.swift
[588/598] Compiling CryptoExtras BoringSSLHelpers.swift
[589/598] Compiling CryptoExtras CryptoKitErrors_boring.swift
[590/598] Compiling CryptoExtras AES_CBC.swift
[591/598] Compiling CryptoExtras AES_CFB.swift
[592/598] Compiling CryptoExtras AES_CTR.swift
[593/598] Compiling CryptoExtras AES_GCM_SIV.swift
[594/598] Compiling CryptoExtras Block Function.swift
[595/598] Compiling CryptoExtras AES_CBC_boring.swift
[596/598] Compiling CryptoExtras AES_CFB_boring.swift
[597/598] Compiling CryptoExtras AES_CTR_boring.swift
[598/598] Compiling CryptoExtras AES_GCM_SIV_boring.swift
BUILD FAILURE 6.3 wasm