Build Information
Failed to build AppServerClient, reference main (c58ca8), with Swift 6.3 for watchOS using Xcode 26.4 on 19 Oct 2026 06:23:30 UTC.
Build Command
env DEVELOPER_DIR=/Applications/Xcode-26.5.0.app xcrun xcodebuild -IDEClonedSourcePackagesDirPathOverride=$PWD/.dependencies -skipMacroValidation -skipPackagePluginValidation -derivedDataPath $PWD/.derivedData build -scheme AppServerClient-Package -destination generic/platform=watchOSBuild Log
export RPATH_ORIGIN\=@loader_path
export RUNTIME_EXCEPTION_ALLOW_DYLD_ENVIRONMENT_VARIABLES\=NO
export RUNTIME_EXCEPTION_ALLOW_JIT\=NO
export RUNTIME_EXCEPTION_ALLOW_UNSIGNED_EXECUTABLE_MEMORY\=NO
export RUNTIME_EXCEPTION_DEBUGGING_TOOL\=NO
export RUNTIME_EXCEPTION_DISABLE_EXECUTABLE_PAGE_PROTECTION\=NO
export RUNTIME_EXCEPTION_DISABLE_LIBRARY_VALIDATION\=NO
export SCANNING_PCM_KEEP_CACHE_DIRECTORY\=YES
export SCAN_ALL_SOURCE_FILES_FOR_INCLUDES\=NO
export SDKROOT\=/Applications/Xcode-26.5.0.app/Contents/Developer/Platforms/WatchOS.platform/Developer/SDKs/WatchOS26.5.sdk
export SDK_DIR\=/Applications/Xcode-26.5.0.app/Contents/Developer/Platforms/WatchOS.platform/Developer/SDKs/WatchOS26.5.sdk
export SDK_DIR_watchos\=/Applications/Xcode-26.5.0.app/Contents/Developer/Platforms/WatchOS.platform/Developer/SDKs/WatchOS26.5.sdk
export SDK_DIR_watchos26_5\=/Applications/Xcode-26.5.0.app/Contents/Developer/Platforms/WatchOS.platform/Developer/SDKs/WatchOS26.5.sdk
export SDK_NAME\=watchos26.5
export SDK_NAMES\=watchos26.5
export SDK_PRODUCT_BUILD_VERSION\=23T570
export SDK_STAT_CACHE_DIR\=/Users/admin/builder/spi-builder-workspace/.derivedData
export SDK_STAT_CACHE_ENABLE\=YES
export SDK_STAT_CACHE_PATH\=/Users/admin/builder/spi-builder-workspace/.derivedData/SDKStatCaches.noindex/watchos26.5-23T570-688ef53f1462e2c8f657fdc38a81448f7931b973dfc65d9472806dbbc3af9379.sdkstatcache
export SDK_VERSION\=26.5
export SDK_VERSION_ACTUAL\=260500
export SDK_VERSION_MAJOR\=260000
export SDK_VERSION_MINOR\=260500
export SED\=/usr/bin/sed
export SEPARATE_STRIP\=NO
export SEPARATE_SYMBOL_EDIT\=NO
export SET_DIR_MODE_OWNER_GROUP\=YES
export SET_FILE_MODE_OWNER_GROUP\=NO
export SHALLOW_BUNDLE\=NO
export SHARED_DERIVED_FILE_DIR\=/Users/admin/builder/spi-builder-workspace/.derivedData/Build/Products/Debug-watchos/DerivedSources
export SHARED_PRECOMPS_DIR\=/Users/admin/builder/spi-builder-workspace/.derivedData/Build/Intermediates.noindex/PrecompiledHeaders
export SKIP_INSTALL\=YES
export SKIP_MERGEABLE_LIBRARY_BUNDLE_HOOK\=NO
export SOURCE_ROOT\=/Users/admin/builder/spi-builder-workspace
export SRCROOT\=/Users/admin/builder/spi-builder-workspace
export STRINGSDATA_DIR\=/Users/admin/builder/spi-builder-workspace/.derivedData/Build/Intermediates.noindex/AppServerClient.build/Debug-watchos/AppServerClient.build/Objects-normal/undefined_arch
export STRINGSDATA_ROOT\=/Users/admin/builder/spi-builder-workspace/.derivedData/Build/Intermediates.noindex/AppServerClient.build/Debug-watchos/AppServerClient.build
export STRINGS_FILE_INFOPLIST_RENAME\=YES
export STRINGS_FILE_OUTPUT_ENCODING\=binary
export STRING_CATALOG_GENERATE_SYMBOLS\=NO
export STRIP_BITCODE_FROM_COPIED_FILES\=YES
export STRIP_INSTALLED_PRODUCT\=NO
export STRIP_STYLE\=debugging
export STRIP_SWIFT_SYMBOLS\=YES
export SUPPORTED_DEVICE_FAMILIES\=4
export SUPPORTED_PLATFORMS\=android\ appletvos\ appletvsimulator\ driverkit\ freebsd\ iphoneos\ iphonesimulator\ linux\ macosx\ none\ openbsd\ qnx\ watchos\ watchsimulator\ webassembly\ xros\ xrsimulator
export SUPPORTS_MACCATALYST\=NO
export SUPPORTS_TEXT_BASED_API\=NO
export SUPPRESS_WARNINGS\=NO
export SWIFT_ACTIVE_COMPILATION_CONDITIONS\=\ SWIFT_PACKAGE\ DEBUG\ SWIFT_MODULE_RESOURCE_BUNDLE_UNAVAILABLE
export SWIFT_EMIT_CONST_VALUE_PROTOCOLS\=AnyResolverProviding\ AppEntity\ AppEnum\ AppExtension\ AppIntent\ AppIntentsPackage\ AppShortcutProviding\ AppShortcutsProvider\ DynamicOptionsProvider\ EntityQuery\ ExtensionPointDefining\ IntentValueQuery\ Resolver\ TransientEntity\ _AssistantIntentsProvider\ _GenerativeFunctionExtractable\ _IntentValueRepresentable
export SWIFT_EMIT_LOC_STRINGS\=NO
export SWIFT_ENABLE_BARE_SLASH_REGEX\=NO
export SWIFT_ENABLE_EXPLICIT_MODULES\=YES
export SWIFT_INSTALL_OBJC_HEADER\=NO
export SWIFT_OBJC_INTERFACE_HEADER_DIR\=/Users/admin/builder/spi-builder-workspace/.derivedData/Build/Intermediates.noindex/GeneratedModuleMaps-watchos
export SWIFT_OBJC_INTERFACE_HEADER_NAME\=AppServerClient-Swift.h
export SWIFT_OPTIMIZATION_LEVEL\=-Onone
export SWIFT_PACKAGE_NAME\=spi_builder_workspace
export SWIFT_PLATFORM_TARGET_PREFIX\=watchos
export SWIFT_RESPONSE_FILE_PATH_normal_arm64\=/Users/admin/builder/spi-builder-workspace/.derivedData/Build/Intermediates.noindex/AppServerClient.build/Debug-watchos/AppServerClient.build/Objects-normal/arm64/AppServerClient.SwiftFileList
export SWIFT_RESPONSE_FILE_PATH_normal_arm64_32\=/Users/admin/builder/spi-builder-workspace/.derivedData/Build/Intermediates.noindex/AppServerClient.build/Debug-watchos/AppServerClient.build/Objects-normal/arm64_32/AppServerClient.SwiftFileList
export SWIFT_VERSION\=6
export SYMROOT\=/Users/admin/builder/spi-builder-workspace/.derivedData/Build/Products
export SYSTEM_ADMIN_APPS_DIR\=/Applications/Utilities
export SYSTEM_APPS_DIR\=/Applications
export SYSTEM_CORE_SERVICES_DIR\=/System/Library/CoreServices
export SYSTEM_DEMOS_DIR\=/Applications/Extras
export SYSTEM_DEVELOPER_APPS_DIR\=/Applications/Xcode-26.5.0.app/Contents/Developer/Applications
export SYSTEM_DEVELOPER_BIN_DIR\=/Applications/Xcode-26.5.0.app/Contents/Developer/usr/bin
export SYSTEM_DEVELOPER_DEMOS_DIR\=/Applications/Xcode-26.5.0.app/Contents/Developer/Applications/Utilities/Built\ Examples
export SYSTEM_DEVELOPER_DIR\=/Applications/Xcode-26.5.0.app/Contents/Developer
export SYSTEM_DEVELOPER_DOC_DIR\=/Applications/Xcode-26.5.0.app/Contents/Developer/ADC\ Reference\ Library
export SYSTEM_DEVELOPER_GRAPHICS_TOOLS_DIR\=/Applications/Xcode-26.5.0.app/Contents/Developer/Applications/Graphics\ Tools
export SYSTEM_DEVELOPER_JAVA_TOOLS_DIR\=/Applications/Xcode-26.5.0.app/Contents/Developer/Applications/Java\ Tools
export SYSTEM_DEVELOPER_PERFORMANCE_TOOLS_DIR\=/Applications/Xcode-26.5.0.app/Contents/Developer/Applications/Performance\ Tools
export SYSTEM_DEVELOPER_RELEASENOTES_DIR\=/Applications/Xcode-26.5.0.app/Contents/Developer/ADC\ Reference\ Library/releasenotes
export SYSTEM_DEVELOPER_TOOLS\=/Applications/Xcode-26.5.0.app/Contents/Developer/Tools
export SYSTEM_DEVELOPER_TOOLS_DOC_DIR\=/Applications/Xcode-26.5.0.app/Contents/Developer/ADC\ Reference\ Library/documentation/DeveloperTools
export SYSTEM_DEVELOPER_TOOLS_RELEASENOTES_DIR\=/Applications/Xcode-26.5.0.app/Contents/Developer/ADC\ Reference\ Library/releasenotes/DeveloperTools
export SYSTEM_DEVELOPER_USR_DIR\=/Applications/Xcode-26.5.0.app/Contents/Developer/usr
export SYSTEM_DEVELOPER_UTILITIES_DIR\=/Applications/Xcode-26.5.0.app/Contents/Developer/Applications/Utilities
export SYSTEM_DEXT_INSTALL_PATH\=/System/Library/DriverExtensions
export SYSTEM_DOCUMENTATION_DIR\=/Library/Documentation
export SYSTEM_FRAMEWORK_SEARCH_PATHS\=\ \ /Applications/Xcode-26.5.0.app/Contents/Developer/Platforms/WatchOS.platform/Developer/Library/Frameworks\ /Applications/Xcode-26.5.0.app/Contents/Developer/Platforms/WatchOS.platform/Developer/SDKs/WatchOS26.5.sdk/Developer/Library/Frameworks
export SYSTEM_KEXT_INSTALL_PATH\=/System/Library/Extensions
export SYSTEM_LIBRARY_DIR\=/System/Library
export TAPI_DEMANGLE\=YES
export TAPI_DYLIB_INSTALL_NAME\=AppServerClient
export TAPI_ENABLE_PROJECT_HEADERS\=NO
export TAPI_LANGUAGE\=objective-c
export TAPI_LANGUAGE_STANDARD\=compiler-default
export TAPI_USE_SRCROOT\=YES
export TAPI_VERIFY_MODE\=Pedantic
export TARGETED_DEVICE_FAMILY\=1,2,3,4,6,7
export TARGETNAME\=AppServerClient
export TARGET_BUILD_DIR\=/Users/admin/builder/spi-builder-workspace/.derivedData/Build/Products/Debug-watchos
export TARGET_NAME\=AppServerClient
export TARGET_TEMP_DIR\=/Users/admin/builder/spi-builder-workspace/.derivedData/Build/Intermediates.noindex/AppServerClient.build/Debug-watchos/AppServerClient.build
export TEMP_DIR\=/Users/admin/builder/spi-builder-workspace/.derivedData/Build/Intermediates.noindex/AppServerClient.build/Debug-watchos/AppServerClient.build
export TEMP_FILES_DIR\=/Users/admin/builder/spi-builder-workspace/.derivedData/Build/Intermediates.noindex/AppServerClient.build/Debug-watchos/AppServerClient.build
export TEMP_FILE_DIR\=/Users/admin/builder/spi-builder-workspace/.derivedData/Build/Intermediates.noindex/AppServerClient.build/Debug-watchos/AppServerClient.build
export TEMP_ROOT\=/Users/admin/builder/spi-builder-workspace/.derivedData/Build/Intermediates.noindex
export TEMP_SANDBOX_DIR\=/Users/admin/builder/spi-builder-workspace/.derivedData/Build/Intermediates.noindex/TemporaryTaskSandboxes
export TEST_FRAMEWORK_SEARCH_PATHS\=\ /Applications/Xcode-26.5.0.app/Contents/Developer/Platforms/WatchOS.platform/Developer/Library/Frameworks\ /Applications/Xcode-26.5.0.app/Contents/Developer/Platforms/WatchOS.platform/Developer/SDKs/WatchOS26.5.sdk/Developer/Library/Frameworks
export TEST_LIBRARY_SEARCH_PATHS\=\ /Applications/Xcode-26.5.0.app/Contents/Developer/Platforms/WatchOS.platform/Developer/usr/lib
export TOOLCHAINS\=com.apple.dt.toolchain.Metal.32023.883\ com.apple.dt.toolchain.XcodeDefault
export TOOLCHAIN_DIR\=/var/run/com.apple.security.cryptexd/mnt/com.apple.MobileAsset.MetalToolchain-v17.6.42.0.N7aMCU/Metal.xctoolchain
export TOOLCHAIN_VERSION\=32023.883
export TREAT_MISSING_BASELINES_AS_TEST_FAILURES\=NO
export TREAT_MISSING_SCRIPT_PHASE_OUTPUTS_AS_ERRORS\=NO
export UID\=501
export UNINSTALLED_PRODUCTS_DIR\=/Users/admin/builder/spi-builder-workspace/.derivedData/Build/Intermediates.noindex/UninstalledProducts
export UNSTRIPPED_PRODUCT\=NO
export USER\=admin
export USER_APPS_DIR\=/Users/admin/Applications
export USER_LIBRARY_DIR\=/Users/admin/Library
export USE_DYNAMIC_NO_PIC\=YES
export USE_HEADERMAP\=NO
export USE_HEADER_SYMLINKS\=NO
export VALIDATE_DEVELOPMENT_ASSET_PATHS\=YES_ERROR
export VALIDATE_PRODUCT\=NO
export VALID_ARCHS\=arm64\ arm64_32\ arm64e\ armv7k
export VERBOSE_PBXCP\=NO
export VERSION_INFO_BUILDER\=admin
export VERSION_INFO_FILE\=AppServerClient_vers.c
export VERSION_INFO_STRING\=\"@\(\#\)PROGRAM:AppServerClient\ \ PROJECT:AppServerClient-\"
export WATCHOS_DEPLOYMENT_TARGET\=11.0
export WORKSPACE_DIR\=/Users/admin/builder/spi-builder-workspace/.swiftpm/xcode
export WRAP_ASSET_PACKS_IN_SEPARATE_DIRECTORIES\=NO
export XCODE_APP_SUPPORT_DIR\=/Applications/Xcode-26.5.0.app/Contents/Developer/Library/Xcode
export XCODE_PRODUCT_BUILD_VERSION\=17F42
export XCODE_VERSION_ACTUAL\=2650
export XCODE_VERSION_MAJOR\=2600
export XCODE_VERSION_MINOR\=2650
export XPCSERVICES_FOLDER_PATH\=/XPCServices
export YACC\=yacc
export _DISCOVER_COMMAND_LINE_LINKER_INPUTS\=YES
export _DISCOVER_COMMAND_LINE_LINKER_INPUTS_INCLUDE_WL\=YES
export _LD_MULTIARCH\=YES
export __DIAGNOSE_DEPRECATED_ARCHS\=YES
export __ORIGINAL_SDK_DEFINED_LLVM_TARGET_TRIPLE_SYS\=watchos
export arch\=undefined_arch
export variant\=normal
/usr/bin/sandbox-exec -p \(version\ 1\)'
'\(deny\ default\)'
'\(import\ \"system.sb\"\)'
'\(allow\ file-read\*\)'
'\(allow\ process\*\)'
'\(allow\ mach-lookup\ \(global-name\ \"com.apple.lsd.mapdb\"\)\)'
'\(allow\ mach-lookup\ \(global-name\ \"com.apple.mobileassetd.v2\"\)\)'
'\(allow\ file-write\*'
'\ \ \ \ \(subpath\ \"/private/tmp\"\)'
'\ \ \ \ \(subpath\ \"/private/var/tmp\"\)'
'\ \ \ \ \(subpath\ \"/private/var/folders/xq/y_g06wb113726d38xsyx71_h0000gn/T\"\)'
'\ \ \ \ \(subpath\ \"/private/var/folders/xq/y_g06wb113726d38xsyx71_h0000gn/C\"\)'
'\)'
'\(deny\ file-write\*'
'\ \ \ \ \(subpath\ \"/Users/admin/builder/spi-builder-workspace\"\)'
'\)'
'\(allow\ file-write\*'
'\ \ \ \ \(subpath\ \"/Users/admin/builder/spi-builder-workspace/.derivedData/Build/Intermediates.noindex/BuildToolPluginIntermediates/spi-builder-workspace.output/AppServerClient/OpenAPIGenerator\"\)'
'\ \ \ \ \(subpath\ \"/private/var/folders/xq/y_g06wb113726d38xsyx71_h0000gn/T/TemporaryItems\"\)'
'\)'
' //Users/admin/builder/spi-builder-workspace/.derivedData/Build/Products/Debug/swift-openapi-generator generate /Users/admin/builder/spi-builder-workspace/Sources/AppServerClient/openapi.json --config /Users/admin/builder/spi-builder-workspace/Sources/AppServerClient/openapi-generator-config.yaml --output-directory /Users/admin/builder/spi-builder-workspace/.derivedData/Build/Intermediates.noindex/BuildToolPluginIntermediates/spi-builder-workspace.output/AppServerClient/OpenAPIGenerator/GeneratedSources --plugin-source build
Swift OpenAPI Generator is running with the following configuration:
- OpenAPI document path: /Users/admin/builder/spi-builder-workspace/Sources/AppServerClient/openapi.json
- Configuration path: /Users/admin/builder/spi-builder-workspace/Sources/AppServerClient/openapi-generator-config.yaml
- Generator modes: types
- Access modifier: public
- Naming strategy: idiomatic
- Name overrides: <none>
- Type overrides: "CodexErrorInfo"->"CodexErrorInfoValue", "ForcedChatgptWorkspaceIds"->"ForcedChatgptWorkspaceIdsValue", "FunctionCallOutputBody"->"FunctionCallOutputBodyValue", "McpElicitationEnumSchema"->"McpElicitationEnumSchemaValue", "McpElicitationMultiSelectEnumSchema"->"McpElicitationMultiSelectEnumSchemaValue", "McpElicitationPrimitiveSchema"->"McpElicitationPrimitiveSchemaValue", "McpElicitationSingleSelectEnumSchema"->"McpElicitationSingleSelectEnumSchemaValue", "McpServerElicitationRequestParams"->"McpServerElicitationRequestParamsValue", "MultiAgentMode"->"MultiAgentModeValue", "RequestId"->"RequestIdValue", "ResourceContent"->"ResourceContentValue", "ThreadListCwdFilter"->"ThreadListCwdFilterValue"
- Feature flags: <none>
- Output file names: Types.swift, Types+Components.swift, Types+Operations.swift, Types+Components+Schemas.swift, Types+Components+Parameters.swift, Types+Components+RequestBodies.swift, Types+Components+Responses.swift, Types+Components+Headers.swift
- Output directory: /Users/admin/builder/spi-builder-workspace/.derivedData/Build/Intermediates.noindex/BuildToolPluginIntermediates/spi-builder-workspace.output/AppServerClient/OpenAPIGenerator/GeneratedSources
- Diagnostics output path: <none - logs to stderr>
- Current directory: /Users/admin/builder/spi-builder-workspace
- Plugin source: build
- Is dry run: false
- Additional imports: <none>
- Additional file comments: <none>LLVM Profile Error: Failed to write file "default.profraw": Operation not permitted
Writing data to file Types.swift...
Writing data to file Types+Components.swift...
Writing data to file Types+Operations.swift...
Writing data to file Types+Components+Schemas.swift...
Writing data to file Types+Components+Parameters.swift...
Writing data to file Types+Components+RequestBodies.swift...
Writing data to file Types+Components+Responses.swift...
Writing data to file Types+Components+Headers.swift...
Writing data to file Client.swift...
Writing data to file Server.swift...
SwiftDriver AppServerClient normal arm64_32 com.apple.xcode.tools.swift.compiler (in target 'AppServerClient' from project 'AppServerClient')
cd /Users/admin/builder/spi-builder-workspace/.swiftpm/xcode
builtin-SwiftDriver -- /Applications/Xcode-26.5.0.app/Contents/Developer/Toolchains/XcodeDefault.xctoolchain/usr/bin/swiftc -module-name AppServerClient -Onone @/Users/admin/builder/spi-builder-workspace/.derivedData/Build/Intermediates.noindex/AppServerClient.build/Debug-watchos/AppServerClient.build/Objects-normal/arm64_32/AppServerClient.SwiftFileList -DSWIFT_PACKAGE -DDEBUG -DSWIFT_MODULE_RESOURCE_BUNDLE_UNAVAILABLE -DXcode -plugin-path /Applications/Xcode-26.5.0.app/Contents/Developer/Toolchains/XcodeDefault.xctoolchain/usr/lib/swift/host/plugins/testing -enable-experimental-feature DebugDescriptionMacro -sdk /Applications/Xcode-26.5.0.app/Contents/Developer/Platforms/WatchOS.platform/Developer/SDKs/WatchOS26.5.sdk -target arm64_32-apple-watchos11.0 -g -module-cache-path /Users/admin/builder/spi-builder-workspace/.derivedData/ModuleCache.noindex -Xfrontend -serialize-debugging-options -profile-coverage-mapping -profile-generate -enable-testing -index-store-path /Users/admin/builder/spi-builder-workspace/.derivedData/Index.noindex/DataStore -Xcc -D_LIBCPP_HARDENING_MODE\=_LIBCPP_HARDENING_MODE_DEBUG -swift-version 6 -I /Users/admin/builder/spi-builder-workspace/.derivedData/Build/Products/Debug-watchos -Isystem /Applications/Xcode-26.5.0.app/Contents/Developer/Platforms/WatchOS.platform/Developer/usr/lib -F /Users/admin/builder/spi-builder-workspace/.derivedData/Build/Products/Debug-watchos/PackageFrameworks -F /Users/admin/builder/spi-builder-workspace/.derivedData/Build/Products/Debug-watchos/PackageFrameworks -F /Users/admin/builder/spi-builder-workspace/.derivedData/Build/Products/Debug-watchos -F /Applications/Xcode-26.5.0.app/Contents/Developer/Platforms/WatchOS.platform/Developer/Library/Frameworks -F /Applications/Xcode-26.5.0.app/Contents/Developer/Platforms/WatchOS.platform/Developer/SDKs/WatchOS26.5.sdk/Developer/Library/Frameworks -c -j10 -enable-batch-mode -incremental -Xcc -ivfsstatcache -Xcc /Users/admin/builder/spi-builder-workspace/.derivedData/SDKStatCaches.noindex/watchos26.5-23T570-688ef53f1462e2c8f657fdc38a81448f7931b973dfc65d9472806dbbc3af9379.sdkstatcache -output-file-map /Users/admin/builder/spi-builder-workspace/.derivedData/Build/Intermediates.noindex/AppServerClient.build/Debug-watchos/AppServerClient.build/Objects-normal/arm64_32/AppServerClient-OutputFileMap.json -use-frontend-parseable-output -save-temps -no-color-diagnostics -explicit-module-build -module-cache-path /Users/admin/builder/spi-builder-workspace/.derivedData/Build/Intermediates.noindex/SwiftExplicitPrecompiledModules -clang-scanner-module-cache-path /Users/admin/builder/spi-builder-workspace/.derivedData/ModuleCache.noindex -sdk-module-cache-path /Users/admin/builder/spi-builder-workspace/.derivedData/ModuleCache.noindex -serialize-diagnostics -emit-dependencies -emit-module -emit-module-path /Users/admin/builder/spi-builder-workspace/.derivedData/Build/Intermediates.noindex/AppServerClient.build/Debug-watchos/AppServerClient.build/Objects-normal/arm64_32/AppServerClient.swiftmodule -validate-clang-modules-once -clang-build-session-file /Users/admin/builder/spi-builder-workspace/.derivedData/ModuleCache.noindex/Session.modulevalidation -package-name spi_builder_workspace -Xcc -I/Users/admin/builder/spi-builder-workspace/.derivedData/Build/Intermediates.noindex/AppServerClient.build/Debug-watchos/AppServerClient.build/swift-overrides.hmap -emit-const-values -Xfrontend -const-gather-protocols-file -Xfrontend /Users/admin/builder/spi-builder-workspace/.derivedData/Build/Intermediates.noindex/AppServerClient.build/Debug-watchos/AppServerClient.build/Objects-normal/arm64_32/AppServerClient_const_extract_protocols.json -Xcc -I/Users/admin/builder/spi-builder-workspace/.derivedData/Build/Products/Debug-watchos/include -Xcc -I/Users/admin/builder/spi-builder-workspace/.derivedData/Build/Intermediates.noindex/AppServerClient.build/Debug-watchos/AppServerClient.build/DerivedSources-normal/arm64_32 -Xcc -I/Users/admin/builder/spi-builder-workspace/.derivedData/Build/Intermediates.noindex/AppServerClient.build/Debug-watchos/AppServerClient.build/DerivedSources/arm64_32 -Xcc -I/Users/admin/builder/spi-builder-workspace/.derivedData/Build/Intermediates.noindex/AppServerClient.build/Debug-watchos/AppServerClient.build/DerivedSources -Xcc -DSWIFT_PACKAGE -Xcc -DDEBUG\=1 -emit-objc-header -emit-objc-header-path /Users/admin/builder/spi-builder-workspace/.derivedData/Build/Intermediates.noindex/AppServerClient.build/Debug-watchos/AppServerClient.build/Objects-normal/arm64_32/AppServerClient-Swift.h -working-directory /Users/admin/builder/spi-builder-workspace/.swiftpm/xcode -experimental-emit-module-separately -disable-cmo
SwiftDriver AppServerClient normal arm64 com.apple.xcode.tools.swift.compiler (in target 'AppServerClient' from project 'AppServerClient')
cd /Users/admin/builder/spi-builder-workspace/.swiftpm/xcode
builtin-SwiftDriver -- /Applications/Xcode-26.5.0.app/Contents/Developer/Toolchains/XcodeDefault.xctoolchain/usr/bin/swiftc -module-name AppServerClient -Onone @/Users/admin/builder/spi-builder-workspace/.derivedData/Build/Intermediates.noindex/AppServerClient.build/Debug-watchos/AppServerClient.build/Objects-normal/arm64/AppServerClient.SwiftFileList -DSWIFT_PACKAGE -DDEBUG -DSWIFT_MODULE_RESOURCE_BUNDLE_UNAVAILABLE -DXcode -plugin-path /Applications/Xcode-26.5.0.app/Contents/Developer/Toolchains/XcodeDefault.xctoolchain/usr/lib/swift/host/plugins/testing -enable-experimental-feature DebugDescriptionMacro -sdk /Applications/Xcode-26.5.0.app/Contents/Developer/Platforms/WatchOS.platform/Developer/SDKs/WatchOS26.5.sdk -target arm64-apple-watchos11.0 -g -module-cache-path /Users/admin/builder/spi-builder-workspace/.derivedData/ModuleCache.noindex -Xfrontend -serialize-debugging-options -profile-coverage-mapping -profile-generate -enable-testing -index-store-path /Users/admin/builder/spi-builder-workspace/.derivedData/Index.noindex/DataStore -Xcc -D_LIBCPP_HARDENING_MODE\=_LIBCPP_HARDENING_MODE_DEBUG -swift-version 6 -I /Users/admin/builder/spi-builder-workspace/.derivedData/Build/Products/Debug-watchos -Isystem /Applications/Xcode-26.5.0.app/Contents/Developer/Platforms/WatchOS.platform/Developer/usr/lib -F /Users/admin/builder/spi-builder-workspace/.derivedData/Build/Products/Debug-watchos/PackageFrameworks -F /Users/admin/builder/spi-builder-workspace/.derivedData/Build/Products/Debug-watchos/PackageFrameworks -F /Users/admin/builder/spi-builder-workspace/.derivedData/Build/Products/Debug-watchos -F /Applications/Xcode-26.5.0.app/Contents/Developer/Platforms/WatchOS.platform/Developer/Library/Frameworks -F /Applications/Xcode-26.5.0.app/Contents/Developer/Platforms/WatchOS.platform/Developer/SDKs/WatchOS26.5.sdk/Developer/Library/Frameworks -c -j10 -enable-batch-mode -incremental -Xcc -ivfsstatcache -Xcc /Users/admin/builder/spi-builder-workspace/.derivedData/SDKStatCaches.noindex/watchos26.5-23T570-688ef53f1462e2c8f657fdc38a81448f7931b973dfc65d9472806dbbc3af9379.sdkstatcache -output-file-map /Users/admin/builder/spi-builder-workspace/.derivedData/Build/Intermediates.noindex/AppServerClient.build/Debug-watchos/AppServerClient.build/Objects-normal/arm64/AppServerClient-OutputFileMap.json -use-frontend-parseable-output -save-temps -no-color-diagnostics -explicit-module-build -module-cache-path /Users/admin/builder/spi-builder-workspace/.derivedData/Build/Intermediates.noindex/SwiftExplicitPrecompiledModules -clang-scanner-module-cache-path /Users/admin/builder/spi-builder-workspace/.derivedData/ModuleCache.noindex -sdk-module-cache-path /Users/admin/builder/spi-builder-workspace/.derivedData/ModuleCache.noindex -serialize-diagnostics -emit-dependencies -emit-module -emit-module-path /Users/admin/builder/spi-builder-workspace/.derivedData/Build/Intermediates.noindex/AppServerClient.build/Debug-watchos/AppServerClient.build/Objects-normal/arm64/AppServerClient.swiftmodule -validate-clang-modules-once -clang-build-session-file /Users/admin/builder/spi-builder-workspace/.derivedData/ModuleCache.noindex/Session.modulevalidation -package-name spi_builder_workspace -Xcc -I/Users/admin/builder/spi-builder-workspace/.derivedData/Build/Intermediates.noindex/AppServerClient.build/Debug-watchos/AppServerClient.build/swift-overrides.hmap -emit-const-values -Xfrontend -const-gather-protocols-file -Xfrontend /Users/admin/builder/spi-builder-workspace/.derivedData/Build/Intermediates.noindex/AppServerClient.build/Debug-watchos/AppServerClient.build/Objects-normal/arm64/AppServerClient_const_extract_protocols.json -Xcc -I/Users/admin/builder/spi-builder-workspace/.derivedData/Build/Products/Debug-watchos/include -Xcc -I/Users/admin/builder/spi-builder-workspace/.derivedData/Build/Intermediates.noindex/AppServerClient.build/Debug-watchos/AppServerClient.build/DerivedSources-normal/arm64 -Xcc -I/Users/admin/builder/spi-builder-workspace/.derivedData/Build/Intermediates.noindex/AppServerClient.build/Debug-watchos/AppServerClient.build/DerivedSources/arm64 -Xcc -I/Users/admin/builder/spi-builder-workspace/.derivedData/Build/Intermediates.noindex/AppServerClient.build/Debug-watchos/AppServerClient.build/DerivedSources -Xcc -DSWIFT_PACKAGE -Xcc -DDEBUG\=1 -emit-objc-header -emit-objc-header-path /Users/admin/builder/spi-builder-workspace/.derivedData/Build/Intermediates.noindex/AppServerClient.build/Debug-watchos/AppServerClient.build/Objects-normal/arm64/AppServerClient-Swift.h -working-directory /Users/admin/builder/spi-builder-workspace/.swiftpm/xcode -experimental-emit-module-separately -disable-cmo
SwiftEmitModule normal arm64_32 Emitting\ module\ for\ AppServerClient (in target 'AppServerClient' from project 'AppServerClient')
EmitSwiftModule normal arm64_32 (in target 'AppServerClient' from project 'AppServerClient')
cd /Users/admin/builder/spi-builder-workspace/.swiftpm/xcode
/Users/admin/builder/spi-builder-workspace/Sources/AppServerClient/Models/DataModelMapping.swift:1892:50: warning: 'ThreadRollbackParams' is deprecated
public typealias Params = Components.Schemas.ThreadRollbackParams
^
/Users/admin/builder/spi-builder-workspace/Sources/AppServerClient/Models/DataModelMapping.swift:1893:72: warning: 'ThreadRollback' is deprecated: Removed upstream.
public typealias Response = AppServerModels.ClientRequest.Response.ThreadRollback
^
/Users/admin/builder/spi-builder-workspace/Sources/AppServerClient/Models/DataModelMapping.swift:1891:30: warning: 'ClientRequestThreadRollbackRequest' is deprecated
extension Components.Schemas.ClientRequestThreadRollbackRequest: ClientRequestable {
^
/Users/admin/builder/spi-builder-workspace/.derivedData/Build/Intermediates.noindex/BuildToolPluginIntermediates/spi-builder-workspace.output/AppServerClient/OpenAPIGenerator/GeneratedSources/Types+Components+Schemas.swift:16262:52: warning: 'ClientRequestThreadRollbackRequest' is deprecated
case threadRollback(Components.Schemas.ClientRequestThreadRollbackRequest)
^
/Users/admin/builder/spi-builder-workspace/.derivedData/Build/Intermediates.noindex/BuildToolPluginIntermediates/spi-builder-workspace.output/AppServerClient/OpenAPIGenerator/GeneratedSources/Types+Components+Schemas.swift:37811:55: warning: 'PluginExtensions' is deprecated
public var extensions: Components.Schemas.PluginExtensions?
^
/Users/admin/builder/spi-builder-workspace/.derivedData/Build/Intermediates.noindex/BuildToolPluginIntermediates/spi-builder-workspace.output/AppServerClient/OpenAPIGenerator/GeneratedSources/Types+Components+Schemas.swift:37877:48: warning: 'PluginExtensions' is deprecated
extensions: Components.Schemas.PluginExtensions? = nil,
^
/Users/admin/builder/spi-builder-workspace/.derivedData/Build/Intermediates.noindex/BuildToolPluginIntermediates/spi-builder-workspace.output/AppServerClient/OpenAPIGenerator/GeneratedSources/Types+Components+Schemas.swift:41932:42: warning: 'PluginEntrypointFilePluginEntrypoint' is deprecated
case file(Components.Schemas.PluginEntrypointFilePluginEntrypoint)
^
/Users/admin/builder/spi-builder-workspace/.derivedData/Build/Intermediates.noindex/BuildToolPluginIntermediates/spi-builder-workspace.output/AppServerClient/OpenAPIGenerator/GeneratedSources/Types+Components+Schemas.swift:41934:44: warning: 'PluginEntrypointGlobalPluginEntrypoint' is deprecated
case global(Components.Schemas.PluginEntrypointGlobalPluginEntrypoint)
^
/Users/admin/builder/spi-builder-workspace/.derivedData/Build/Intermediates.noindex/BuildToolPluginIntermediates/spi-builder-workspace.output/AppServerClient/OpenAPIGenerator/GeneratedSources/Types+Components+Schemas.swift:41936:46: warning: 'PluginEntrypointSettingsPluginEntrypoint' is deprecated
case settings(Components.Schemas.PluginEntrypointSettingsPluginEntrypoint)
^
/Users/admin/builder/spi-builder-workspace/.derivedData/Build/Intermediates.noindex/BuildToolPluginIntermediates/spi-builder-workspace.output/AppServerClient/OpenAPIGenerator/GeneratedSources/Types+Components+Schemas.swift:41938:44: warning: 'PluginEntrypointThreadPluginEntrypoint' is deprecated
case thread(Components.Schemas.PluginEntrypointThreadPluginEntrypoint)
^
SwiftCompile normal arm64_32 Compiling\ AppServerClient.swift,\ AppServerConnection.swift,\ StdIOAppServerConnection.swift /Users/admin/builder/spi-builder-workspace/Sources/AppServerClient/AppServerClient.swift /Users/admin/builder/spi-builder-workspace/Sources/AppServerClient/AppServerConnection/AppServerConnection.swift /Users/admin/builder/spi-builder-workspace/Sources/AppServerClient/AppServerConnection/StdIOAppServerConnection.swift (in target 'AppServerClient' from project 'AppServerClient')
SwiftCompile normal arm64_32 /Users/admin/builder/spi-builder-workspace/Sources/AppServerClient/AppServerClient.swift (in target 'AppServerClient' from project 'AppServerClient')
cd /Users/admin/builder/spi-builder-workspace/.swiftpm/xcode
SwiftCompile normal arm64_32 /Users/admin/builder/spi-builder-workspace/Sources/AppServerClient/AppServerConnection/AppServerConnection.swift (in target 'AppServerClient' from project 'AppServerClient')
cd /Users/admin/builder/spi-builder-workspace/.swiftpm/xcode
SwiftCompile normal arm64_32 /Users/admin/builder/spi-builder-workspace/Sources/AppServerClient/AppServerConnection/StdIOAppServerConnection.swift (in target 'AppServerClient' from project 'AppServerClient')
cd /Users/admin/builder/spi-builder-workspace/.swiftpm/xcode
SwiftCompile normal arm64_32 Compiling\ DataModelMapping.swift,\ AnyOfValueError.swift,\ CodexErrorInfo.swift /Users/admin/builder/spi-builder-workspace/Sources/AppServerClient/Models/DataModelMapping.swift /Users/admin/builder/spi-builder-workspace/Sources/AppServerClient/Models/TypeOverrides/AnyOfValueError.swift /Users/admin/builder/spi-builder-workspace/Sources/AppServerClient/Models/TypeOverrides/CodexErrorInfo.swift (in target 'AppServerClient' from project 'AppServerClient')
SwiftCompile normal arm64_32 /Users/admin/builder/spi-builder-workspace/Sources/AppServerClient/Models/DataModelMapping.swift (in target 'AppServerClient' from project 'AppServerClient')
cd /Users/admin/builder/spi-builder-workspace/.swiftpm/xcode
/Users/admin/builder/spi-builder-workspace/Sources/AppServerClient/Models/DataModelMapping.swift:1892:50: warning: 'ThreadRollbackParams' is deprecated
public typealias Params = Components.Schemas.ThreadRollbackParams
^
/Users/admin/builder/spi-builder-workspace/Sources/AppServerClient/Models/DataModelMapping.swift:1893:72: warning: 'ThreadRollback' is deprecated: Removed upstream.
public typealias Response = AppServerModels.ClientRequest.Response.ThreadRollback
^
/Users/admin/builder/spi-builder-workspace/Sources/AppServerClient/Models/DataModelMapping.swift:1891:30: warning: 'ClientRequestThreadRollbackRequest' is deprecated
extension Components.Schemas.ClientRequestThreadRollbackRequest: ClientRequestable {
^
SwiftCompile normal arm64_32 /Users/admin/builder/spi-builder-workspace/Sources/AppServerClient/Models/TypeOverrides/AnyOfValueError.swift (in target 'AppServerClient' from project 'AppServerClient')
cd /Users/admin/builder/spi-builder-workspace/.swiftpm/xcode
SwiftCompile normal arm64_32 /Users/admin/builder/spi-builder-workspace/Sources/AppServerClient/Models/TypeOverrides/CodexErrorInfo.swift (in target 'AppServerClient' from project 'AppServerClient')
cd /Users/admin/builder/spi-builder-workspace/.swiftpm/xcode
SwiftCompile normal arm64_32 Compiling\ ForcedChatgptWorkspaceIds.swift,\ FunctionCallOutputBody.swift,\ McpElicitationSchemas.swift /Users/admin/builder/spi-builder-workspace/Sources/AppServerClient/Models/TypeOverrides/ForcedChatgptWorkspaceIds.swift /Users/admin/builder/spi-builder-workspace/Sources/AppServerClient/Models/TypeOverrides/FunctionCallOutputBody.swift /Users/admin/builder/spi-builder-workspace/Sources/AppServerClient/Models/TypeOverrides/McpElicitationSchemas.swift (in target 'AppServerClient' from project 'AppServerClient')
SwiftCompile normal arm64_32 /Users/admin/builder/spi-builder-workspace/Sources/AppServerClient/Models/TypeOverrides/ForcedChatgptWorkspaceIds.swift (in target 'AppServerClient' from project 'AppServerClient')
cd /Users/admin/builder/spi-builder-workspace/.swiftpm/xcode
SwiftCompile normal arm64_32 /Users/admin/builder/spi-builder-workspace/Sources/AppServerClient/Models/TypeOverrides/FunctionCallOutputBody.swift (in target 'AppServerClient' from project 'AppServerClient')
cd /Users/admin/builder/spi-builder-workspace/.swiftpm/xcode
SwiftCompile normal arm64_32 /Users/admin/builder/spi-builder-workspace/Sources/AppServerClient/Models/TypeOverrides/McpElicitationSchemas.swift (in target 'AppServerClient' from project 'AppServerClient')
cd /Users/admin/builder/spi-builder-workspace/.swiftpm/xcode
SwiftCompile normal arm64_32 Compiling\ AppServerFileUpload.swift,\ AppServerTurnInputBuilder.swift,\ DataModel.swift /Users/admin/builder/spi-builder-workspace/Sources/AppServerClient/FileUpload/AppServerFileUpload.swift /Users/admin/builder/spi-builder-workspace/Sources/AppServerClient/FileUpload/AppServerTurnInputBuilder.swift /Users/admin/builder/spi-builder-workspace/Sources/AppServerClient/Models/DataModel.swift (in target 'AppServerClient' from project 'AppServerClient')
SwiftCompile normal arm64_32 /Users/admin/builder/spi-builder-workspace/Sources/AppServerClient/FileUpload/AppServerFileUpload.swift (in target 'AppServerClient' from project 'AppServerClient')
cd /Users/admin/builder/spi-builder-workspace/.swiftpm/xcode
SwiftCompile normal arm64_32 /Users/admin/builder/spi-builder-workspace/Sources/AppServerClient/FileUpload/AppServerTurnInputBuilder.swift (in target 'AppServerClient' from project 'AppServerClient')
cd /Users/admin/builder/spi-builder-workspace/.swiftpm/xcode
SwiftCompile normal arm64_32 /Users/admin/builder/spi-builder-workspace/Sources/AppServerClient/Models/DataModel.swift (in target 'AppServerClient' from project 'AppServerClient')
cd /Users/admin/builder/spi-builder-workspace/.swiftpm/xcode
SwiftCompile normal arm64_32 Compiling\ MultiAgentMode.swift,\ RequestId.swift,\ ResourceContent.swift /Users/admin/builder/spi-builder-workspace/Sources/AppServerClient/Models/TypeOverrides/MultiAgentMode.swift /Users/admin/builder/spi-builder-workspace/Sources/AppServerClient/Models/TypeOverrides/RequestId.swift /Users/admin/builder/spi-builder-workspace/Sources/AppServerClient/Models/TypeOverrides/ResourceContent.swift (in target 'AppServerClient' from project 'AppServerClient')
SwiftCompile normal arm64_32 /Users/admin/builder/spi-builder-workspace/Sources/AppServerClient/Models/TypeOverrides/MultiAgentMode.swift (in target 'AppServerClient' from project 'AppServerClient')
cd /Users/admin/builder/spi-builder-workspace/.swiftpm/xcode
SwiftCompile normal arm64_32 /Users/admin/builder/spi-builder-workspace/Sources/AppServerClient/Models/TypeOverrides/RequestId.swift (in target 'AppServerClient' from project 'AppServerClient')
cd /Users/admin/builder/spi-builder-workspace/.swiftpm/xcode
SwiftCompile normal arm64_32 /Users/admin/builder/spi-builder-workspace/Sources/AppServerClient/Models/TypeOverrides/ResourceContent.swift (in target 'AppServerClient' from project 'AppServerClient')
cd /Users/admin/builder/spi-builder-workspace/.swiftpm/xcode
SwiftCompile normal arm64_32 Compiling\ Types+Components+Responses.swift,\ Types+Components+Headers.swift /Users/admin/builder/spi-builder-workspace/.derivedData/Build/Intermediates.noindex/BuildToolPluginIntermediates/spi-builder-workspace.output/AppServerClient/OpenAPIGenerator/GeneratedSources/Types+Components+Responses.swift /Users/admin/builder/spi-builder-workspace/.derivedData/Build/Intermediates.noindex/BuildToolPluginIntermediates/spi-builder-workspace.output/AppServerClient/OpenAPIGenerator/GeneratedSources/Types+Components+Headers.swift (in target 'AppServerClient' from project 'AppServerClient')
SwiftCompile normal arm64_32 /Users/admin/builder/spi-builder-workspace/.derivedData/Build/Intermediates.noindex/BuildToolPluginIntermediates/spi-builder-workspace.output/AppServerClient/OpenAPIGenerator/GeneratedSources/Types+Components+Responses.swift (in target 'AppServerClient' from project 'AppServerClient')
cd /Users/admin/builder/spi-builder-workspace/.swiftpm/xcode
/Users/admin/builder/spi-builder-workspace/.derivedData/Build/Intermediates.noindex/BuildToolPluginIntermediates/spi-builder-workspace.output/AppServerClient/OpenAPIGenerator/GeneratedSources/Types+Components+Responses.swift:2:25: warning: public import of 'OpenAPIRuntime' was not used in public declarations or inlinable code
@_spi(Generated) public import OpenAPIRuntime
~~~~~~ ^
internal
/Users/admin/builder/spi-builder-workspace/.derivedData/Build/Intermediates.noindex/BuildToolPluginIntermediates/spi-builder-workspace.output/AppServerClient/OpenAPIGenerator/GeneratedSources/Types+Components+Responses.swift:3:8: warning: public import of 'Foundation' was not used in public declarations or inlinable code
public import struct Foundation.URL
~~~~~~ ^
internal
/Users/admin/builder/spi-builder-workspace/.derivedData/Build/Intermediates.noindex/BuildToolPluginIntermediates/spi-builder-workspace.output/AppServerClient/OpenAPIGenerator/GeneratedSources/Types+Components+Responses.swift:4:8: warning: public import of 'Foundation' was not used in public declarations or inlinable code
public import struct Foundation.Data
~~~~~~ ^
internal
/Users/admin/builder/spi-builder-workspace/.derivedData/Build/Intermediates.noindex/BuildToolPluginIntermediates/spi-builder-workspace.output/AppServerClient/OpenAPIGenerator/GeneratedSources/Types+Components+Responses.swift:5:8: warning: public import of 'Foundation' was not used in public declarations or inlinable code
public import struct Foundation.Date
~~~~~~ ^
internal
SwiftCompile normal arm64_32 /Users/admin/builder/spi-builder-workspace/.derivedData/Build/Intermediates.noindex/BuildToolPluginIntermediates/spi-builder-workspace.output/AppServerClient/OpenAPIGenerator/GeneratedSources/Types+Components+Headers.swift (in target 'AppServerClient' from project 'AppServerClient')
cd /Users/admin/builder/spi-builder-workspace/.swiftpm/xcode
/Users/admin/builder/spi-builder-workspace/.derivedData/Build/Intermediates.noindex/BuildToolPluginIntermediates/spi-builder-workspace.output/AppServerClient/OpenAPIGenerator/GeneratedSources/Types+Components+Headers.swift:2:25: warning: public import of 'OpenAPIRuntime' was not used in public declarations or inlinable code
@_spi(Generated) public import OpenAPIRuntime
~~~~~~ ^
internal
/Users/admin/builder/spi-builder-workspace/.derivedData/Build/Intermediates.noindex/BuildToolPluginIntermediates/spi-builder-workspace.output/AppServerClient/OpenAPIGenerator/GeneratedSources/Types+Components+Headers.swift:3:8: warning: public import of 'Foundation' was not used in public declarations or inlinable code
public import struct Foundation.URL
~~~~~~ ^
internal
/Users/admin/builder/spi-builder-workspace/.derivedData/Build/Intermediates.noindex/BuildToolPluginIntermediates/spi-builder-workspace.output/AppServerClient/OpenAPIGenerator/GeneratedSources/Types+Components+Headers.swift:4:8: warning: public import of 'Foundation' was not used in public declarations or inlinable code
public import struct Foundation.Data
~~~~~~ ^
internal
/Users/admin/builder/spi-builder-workspace/.derivedData/Build/Intermediates.noindex/BuildToolPluginIntermediates/spi-builder-workspace.output/AppServerClient/OpenAPIGenerator/GeneratedSources/Types+Components+Headers.swift:5:8: warning: public import of 'Foundation' was not used in public declarations or inlinable code
public import struct Foundation.Date
~~~~~~ ^
internal
SwiftCompile normal arm64_32 Compiling\ Types+Operations.swift,\ Types+Components+Schemas.swift /Users/admin/builder/spi-builder-workspace/.derivedData/Build/Intermediates.noindex/BuildToolPluginIntermediates/spi-builder-workspace.output/AppServerClient/OpenAPIGenerator/GeneratedSources/Types+Operations.swift /Users/admin/builder/spi-builder-workspace/.derivedData/Build/Intermediates.noindex/BuildToolPluginIntermediates/spi-builder-workspace.output/AppServerClient/OpenAPIGenerator/GeneratedSources/Types+Components+Schemas.swift (in target 'AppServerClient' from project 'AppServerClient')
SwiftCompile normal arm64_32 /Users/admin/builder/spi-builder-workspace/.derivedData/Build/Intermediates.noindex/BuildToolPluginIntermediates/spi-builder-workspace.output/AppServerClient/OpenAPIGenerator/GeneratedSources/Types+Operations.swift (in target 'AppServerClient' from project 'AppServerClient')
cd /Users/admin/builder/spi-builder-workspace/.swiftpm/xcode
SwiftCompile normal arm64_32 /Users/admin/builder/spi-builder-workspace/.derivedData/Build/Intermediates.noindex/BuildToolPluginIntermediates/spi-builder-workspace.output/AppServerClient/OpenAPIGenerator/GeneratedSources/Types+Components+Schemas.swift (in target 'AppServerClient' from project 'AppServerClient')
cd /Users/admin/builder/spi-builder-workspace/.swiftpm/xcode
SwiftCompile normal arm64_32 Compiling\ Client.swift,\ Server.swift /Users/admin/builder/spi-builder-workspace/.derivedData/Build/Intermediates.noindex/BuildToolPluginIntermediates/spi-builder-workspace.output/AppServerClient/OpenAPIGenerator/GeneratedSources/Client.swift /Users/admin/builder/spi-builder-workspace/.derivedData/Build/Intermediates.noindex/BuildToolPluginIntermediates/spi-builder-workspace.output/AppServerClient/OpenAPIGenerator/GeneratedSources/Server.swift (in target 'AppServerClient' from project 'AppServerClient')
SwiftCompile normal arm64_32 /Users/admin/builder/spi-builder-workspace/.derivedData/Build/Intermediates.noindex/BuildToolPluginIntermediates/spi-builder-workspace.output/AppServerClient/OpenAPIGenerator/GeneratedSources/Client.swift (in target 'AppServerClient' from project 'AppServerClient')
cd /Users/admin/builder/spi-builder-workspace/.swiftpm/xcode
SwiftCompile normal arm64_32 /Users/admin/builder/spi-builder-workspace/.derivedData/Build/Intermediates.noindex/BuildToolPluginIntermediates/spi-builder-workspace.output/AppServerClient/OpenAPIGenerator/GeneratedSources/Server.swift (in target 'AppServerClient' from project 'AppServerClient')
cd /Users/admin/builder/spi-builder-workspace/.swiftpm/xcode
SwiftCompile normal arm64_32 Compiling\ Types+Components+Parameters.swift,\ Types+Components+RequestBodies.swift /Users/admin/builder/spi-builder-workspace/.derivedData/Build/Intermediates.noindex/BuildToolPluginIntermediates/spi-builder-workspace.output/AppServerClient/OpenAPIGenerator/GeneratedSources/Types+Components+Parameters.swift /Users/admin/builder/spi-builder-workspace/.derivedData/Build/Intermediates.noindex/BuildToolPluginIntermediates/spi-builder-workspace.output/AppServerClient/OpenAPIGenerator/GeneratedSources/Types+Components+RequestBodies.swift (in target 'AppServerClient' from project 'AppServerClient')
SwiftCompile normal arm64_32 /Users/admin/builder/spi-builder-workspace/.derivedData/Build/Intermediates.noindex/BuildToolPluginIntermediates/spi-builder-workspace.output/AppServerClient/OpenAPIGenerator/GeneratedSources/Types+Components+Parameters.swift (in target 'AppServerClient' from project 'AppServerClient')
cd /Users/admin/builder/spi-builder-workspace/.swiftpm/xcode
/Users/admin/builder/spi-builder-workspace/.derivedData/Build/Intermediates.noindex/BuildToolPluginIntermediates/spi-builder-workspace.output/AppServerClient/OpenAPIGenerator/GeneratedSources/Types+Components+Parameters.swift:2:25: warning: public import of 'OpenAPIRuntime' was not used in public declarations or inlinable code
@_spi(Generated) public import OpenAPIRuntime
~~~~~~ ^
internal
/Users/admin/builder/spi-builder-workspace/.derivedData/Build/Intermediates.noindex/BuildToolPluginIntermediates/spi-builder-workspace.output/AppServerClient/OpenAPIGenerator/GeneratedSources/Types+Components+Parameters.swift:3:8: warning: public import of 'Foundation' was not used in public declarations or inlinable code
public import struct Foundation.URL
~~~~~~ ^
internal
/Users/admin/builder/spi-builder-workspace/.derivedData/Build/Intermediates.noindex/BuildToolPluginIntermediates/spi-builder-workspace.output/AppServerClient/OpenAPIGenerator/GeneratedSources/Types+Components+Parameters.swift:4:8: warning: public import of 'Foundation' was not used in public declarations or inlinable code
public import struct Foundation.Data
~~~~~~ ^
internal
/Users/admin/builder/spi-builder-workspace/.derivedData/Build/Intermediates.noindex/BuildToolPluginIntermediates/spi-builder-workspace.output/AppServerClient/OpenAPIGenerator/GeneratedSources/Types+Components+Parameters.swift:5:8: warning: public import of 'Foundation' was not used in public declarations or inlinable code
public import struct Foundation.Date
~~~~~~ ^
internal
SwiftCompile normal arm64_32 /Users/admin/builder/spi-builder-workspace/.derivedData/Build/Intermediates.noindex/BuildToolPluginIntermediates/spi-builder-workspace.output/AppServerClient/OpenAPIGenerator/GeneratedSources/Types+Components+RequestBodies.swift (in target 'AppServerClient' from project 'AppServerClient')
cd /Users/admin/builder/spi-builder-workspace/.swiftpm/xcode
/Users/admin/builder/spi-builder-workspace/.derivedData/Build/Intermediates.noindex/BuildToolPluginIntermediates/spi-builder-workspace.output/AppServerClient/OpenAPIGenerator/GeneratedSources/Types+Components+RequestBodies.swift:2:25: warning: public import of 'OpenAPIRuntime' was not used in public declarations or inlinable code
@_spi(Generated) public import OpenAPIRuntime
~~~~~~ ^
internal
/Users/admin/builder/spi-builder-workspace/.derivedData/Build/Intermediates.noindex/BuildToolPluginIntermediates/spi-builder-workspace.output/AppServerClient/OpenAPIGenerator/GeneratedSources/Types+Components+RequestBodies.swift:3:8: warning: public import of 'Foundation' was not used in public declarations or inlinable code
public import struct Foundation.URL
~~~~~~ ^
internal
/Users/admin/builder/spi-builder-workspace/.derivedData/Build/Intermediates.noindex/BuildToolPluginIntermediates/spi-builder-workspace.output/AppServerClient/OpenAPIGenerator/GeneratedSources/Types+Components+RequestBodies.swift:4:8: warning: public import of 'Foundation' was not used in public declarations or inlinable code
public import struct Foundation.Data
~~~~~~ ^
internal
/Users/admin/builder/spi-builder-workspace/.derivedData/Build/Intermediates.noindex/BuildToolPluginIntermediates/spi-builder-workspace.output/AppServerClient/OpenAPIGenerator/GeneratedSources/Types+Components+RequestBodies.swift:5:8: warning: public import of 'Foundation' was not used in public declarations or inlinable code
public import struct Foundation.Date
~~~~~~ ^
internal
SwiftEmitModule normal arm64 Emitting\ module\ for\ AppServerClient (in target 'AppServerClient' from project 'AppServerClient')
EmitSwiftModule normal arm64 (in target 'AppServerClient' from project 'AppServerClient')
cd /Users/admin/builder/spi-builder-workspace/.swiftpm/xcode
/Users/admin/builder/spi-builder-workspace/Sources/AppServerClient/Models/DataModelMapping.swift:1892:50: warning: 'ThreadRollbackParams' is deprecated
public typealias Params = Components.Schemas.ThreadRollbackParams
^
/Users/admin/builder/spi-builder-workspace/Sources/AppServerClient/Models/DataModelMapping.swift:1893:72: warning: 'ThreadRollback' is deprecated: Removed upstream.
public typealias Response = AppServerModels.ClientRequest.Response.ThreadRollback
^
/Users/admin/builder/spi-builder-workspace/Sources/AppServerClient/Models/DataModelMapping.swift:1891:30: warning: 'ClientRequestThreadRollbackRequest' is deprecated
extension Components.Schemas.ClientRequestThreadRollbackRequest: ClientRequestable {
^
/Users/admin/builder/spi-builder-workspace/.derivedData/Build/Intermediates.noindex/BuildToolPluginIntermediates/spi-builder-workspace.output/AppServerClient/OpenAPIGenerator/GeneratedSources/Types+Components+Schemas.swift:16262:52: warning: 'ClientRequestThreadRollbackRequest' is deprecated
case threadRollback(Components.Schemas.ClientRequestThreadRollbackRequest)
^
/Users/admin/builder/spi-builder-workspace/.derivedData/Build/Intermediates.noindex/BuildToolPluginIntermediates/spi-builder-workspace.output/AppServerClient/OpenAPIGenerator/GeneratedSources/Types+Components+Schemas.swift:37811:55: warning: 'PluginExtensions' is deprecated
public var extensions: Components.Schemas.PluginExtensions?
^
/Users/admin/builder/spi-builder-workspace/.derivedData/Build/Intermediates.noindex/BuildToolPluginIntermediates/spi-builder-workspace.output/AppServerClient/OpenAPIGenerator/GeneratedSources/Types+Components+Schemas.swift:37877:48: warning: 'PluginExtensions' is deprecated
extensions: Components.Schemas.PluginExtensions? = nil,
^
/Users/admin/builder/spi-builder-workspace/.derivedData/Build/Intermediates.noindex/BuildToolPluginIntermediates/spi-builder-workspace.output/AppServerClient/OpenAPIGenerator/GeneratedSources/Types+Components+Schemas.swift:41932:42: warning: 'PluginEntrypointFilePluginEntrypoint' is deprecated
case file(Components.Schemas.PluginEntrypointFilePluginEntrypoint)
^
/Users/admin/builder/spi-builder-workspace/.derivedData/Build/Intermediates.noindex/BuildToolPluginIntermediates/spi-builder-workspace.output/AppServerClient/OpenAPIGenerator/GeneratedSources/Types+Components+Schemas.swift:41934:44: warning: 'PluginEntrypointGlobalPluginEntrypoint' is deprecated
case global(Components.Schemas.PluginEntrypointGlobalPluginEntrypoint)
^
/Users/admin/builder/spi-builder-workspace/.derivedData/Build/Intermediates.noindex/BuildToolPluginIntermediates/spi-builder-workspace.output/AppServerClient/OpenAPIGenerator/GeneratedSources/Types+Components+Schemas.swift:41936:46: warning: 'PluginEntrypointSettingsPluginEntrypoint' is deprecated
case settings(Components.Schemas.PluginEntrypointSettingsPluginEntrypoint)
^
/Users/admin/builder/spi-builder-workspace/.derivedData/Build/Intermediates.noindex/BuildToolPluginIntermediates/spi-builder-workspace.output/AppServerClient/OpenAPIGenerator/GeneratedSources/Types+Components+Schemas.swift:41938:44: warning: 'PluginEntrypointThreadPluginEntrypoint' is deprecated
case thread(Components.Schemas.PluginEntrypointThreadPluginEntrypoint)
^
SwiftDriverJobDiscovery normal arm64_32 Compiling Client.swift, Server.swift (in target 'AppServerClient' from project 'AppServerClient')
SwiftCompile normal arm64 Compiling\ AppServerFileUpload.swift,\ AppServerTurnInputBuilder.swift,\ DataModel.swift /Users/admin/builder/spi-builder-workspace/Sources/AppServerClient/FileUpload/AppServerFileUpload.swift /Users/admin/builder/spi-builder-workspace/Sources/AppServerClient/FileUpload/AppServerTurnInputBuilder.swift /Users/admin/builder/spi-builder-workspace/Sources/AppServerClient/Models/DataModel.swift (in target 'AppServerClient' from project 'AppServerClient')
SwiftCompile normal arm64 /Users/admin/builder/spi-builder-workspace/Sources/AppServerClient/FileUpload/AppServerFileUpload.swift (in target 'AppServerClient' from project 'AppServerClient')
cd /Users/admin/builder/spi-builder-workspace/.swiftpm/xcode
SwiftCompile normal arm64 /Users/admin/builder/spi-builder-workspace/Sources/AppServerClient/FileUpload/AppServerTurnInputBuilder.swift (in target 'AppServerClient' from project 'AppServerClient')
cd /Users/admin/builder/spi-builder-workspace/.swiftpm/xcode
SwiftCompile normal arm64 /Users/admin/builder/spi-builder-workspace/Sources/AppServerClient/Models/DataModel.swift (in target 'AppServerClient' from project 'AppServerClient')
cd /Users/admin/builder/spi-builder-workspace/.swiftpm/xcode
SwiftDriverJobDiscovery normal arm64_32 Compiling Types+Components+Parameters.swift, Types+Components+RequestBodies.swift (in target 'AppServerClient' from project 'AppServerClient')
SwiftCompile normal arm64 Compiling\ Types+Components+Parameters.swift,\ Types+Components+RequestBodies.swift /Users/admin/builder/spi-builder-workspace/.derivedData/Build/Intermediates.noindex/BuildToolPluginIntermediates/spi-builder-workspace.output/AppServerClient/OpenAPIGenerator/GeneratedSources/Types+Components+Parameters.swift /Users/admin/builder/spi-builder-workspace/.derivedData/Build/Intermediates.noindex/BuildToolPluginIntermediates/spi-builder-workspace.output/AppServerClient/OpenAPIGenerator/GeneratedSources/Types+Components+RequestBodies.swift (in target 'AppServerClient' from project 'AppServerClient')
SwiftCompile normal arm64 /Users/admin/builder/spi-builder-workspace/.derivedData/Build/Intermediates.noindex/BuildToolPluginIntermediates/spi-builder-workspace.output/AppServerClient/OpenAPIGenerator/GeneratedSources/Types+Components+Parameters.swift (in target 'AppServerClient' from project 'AppServerClient')
cd /Users/admin/builder/spi-builder-workspace/.swiftpm/xcode
/Users/admin/builder/spi-builder-workspace/.derivedData/Build/Intermediates.noindex/BuildToolPluginIntermediates/spi-builder-workspace.output/AppServerClient/OpenAPIGenerator/GeneratedSources/Types+Components+Parameters.swift:2:25: warning: public import of 'OpenAPIRuntime' was not used in public declarations or inlinable code
@_spi(Generated) public import OpenAPIRuntime
~~~~~~ ^
internal
/Users/admin/builder/spi-builder-workspace/.derivedData/Build/Intermediates.noindex/BuildToolPluginIntermediates/spi-builder-workspace.output/AppServerClient/OpenAPIGenerator/GeneratedSources/Types+Components+Parameters.swift:3:8: warning: public import of 'Foundation' was not used in public declarations or inlinable code
public import struct Foundation.URL
~~~~~~ ^
internal
/Users/admin/builder/spi-builder-workspace/.derivedData/Build/Intermediates.noindex/BuildToolPluginIntermediates/spi-builder-workspace.output/AppServerClient/OpenAPIGenerator/GeneratedSources/Types+Components+Parameters.swift:4:8: warning: public import of 'Foundation' was not used in public declarations or inlinable code
public import struct Foundation.Data
~~~~~~ ^
internal
/Users/admin/builder/spi-builder-workspace/.derivedData/Build/Intermediates.noindex/BuildToolPluginIntermediates/spi-builder-workspace.output/AppServerClient/OpenAPIGenerator/GeneratedSources/Types+Components+Parameters.swift:5:8: warning: public import of 'Foundation' was not used in public declarations or inlinable code
public import struct Foundation.Date
~~~~~~ ^
internal
SwiftCompile normal arm64 /Users/admin/builder/spi-builder-workspace/.derivedData/Build/Intermediates.noindex/BuildToolPluginIntermediates/spi-builder-workspace.output/AppServerClient/OpenAPIGenerator/GeneratedSources/Types+Components+RequestBodies.swift (in target 'AppServerClient' from project 'AppServerClient')
cd /Users/admin/builder/spi-builder-workspace/.swiftpm/xcode
/Users/admin/builder/spi-builder-workspace/.derivedData/Build/Intermediates.noindex/BuildToolPluginIntermediates/spi-builder-workspace.output/AppServerClient/OpenAPIGenerator/GeneratedSources/Types+Components+RequestBodies.swift:2:25: warning: public import of 'OpenAPIRuntime' was not used in public declarations or inlinable code
@_spi(Generated) public import OpenAPIRuntime
~~~~~~ ^
internal
/Users/admin/builder/spi-builder-workspace/.derivedData/Build/Intermediates.noindex/BuildToolPluginIntermediates/spi-builder-workspace.output/AppServerClient/OpenAPIGenerator/GeneratedSources/Types+Components+RequestBodies.swift:3:8: warning: public import of 'Foundation' was not used in public declarations or inlinable code
public import struct Foundation.URL
~~~~~~ ^
internal
/Users/admin/builder/spi-builder-workspace/.derivedData/Build/Intermediates.noindex/BuildToolPluginIntermediates/spi-builder-workspace.output/AppServerClient/OpenAPIGenerator/GeneratedSources/Types+Components+RequestBodies.swift:4:8: warning: public import of 'Foundation' was not used in public declarations or inlinable code
public import struct Foundation.Data
~~~~~~ ^
internal
/Users/admin/builder/spi-builder-workspace/.derivedData/Build/Intermediates.noindex/BuildToolPluginIntermediates/spi-builder-workspace.output/AppServerClient/OpenAPIGenerator/GeneratedSources/Types+Components+RequestBodies.swift:5:8: warning: public import of 'Foundation' was not used in public declarations or inlinable code
public import struct Foundation.Date
~~~~~~ ^
internal
SwiftDriverJobDiscovery normal arm64_32 Compiling Types+Components+Responses.swift, Types+Components+Headers.swift (in target 'AppServerClient' from project 'AppServerClient')
SwiftCompile normal arm64 Compiling\ DataModelMapping.swift,\ AnyOfValueError.swift,\ CodexErrorInfo.swift /Users/admin/builder/spi-builder-workspace/Sources/AppServerClient/Models/DataModelMapping.swift /Users/admin/builder/spi-builder-workspace/Sources/AppServerClient/Models/TypeOverrides/AnyOfValueError.swift /Users/admin/builder/spi-builder-workspace/Sources/AppServerClient/Models/TypeOverrides/CodexErrorInfo.swift (in target 'AppServerClient' from project 'AppServerClient')
SwiftCompile normal arm64 /Users/admin/builder/spi-builder-workspace/Sources/AppServerClient/Models/DataModelMapping.swift (in target 'AppServerClient' from project 'AppServerClient')
cd /Users/admin/builder/spi-builder-workspace/.swiftpm/xcode
/Users/admin/builder/spi-builder-workspace/Sources/AppServerClient/Models/DataModelMapping.swift:1892:50: warning: 'ThreadRollbackParams' is deprecated
public typealias Params = Components.Schemas.ThreadRollbackParams
^
/Users/admin/builder/spi-builder-workspace/Sources/AppServerClient/Models/DataModelMapping.swift:1893:72: warning: 'ThreadRollback' is deprecated: Removed upstream.
public typealias Response = AppServerModels.ClientRequest.Response.ThreadRollback
^
/Users/admin/builder/spi-builder-workspace/Sources/AppServerClient/Models/DataModelMapping.swift:1891:30: warning: 'ClientRequestThreadRollbackRequest' is deprecated
extension Components.Schemas.ClientRequestThreadRollbackRequest: ClientRequestable {
^
SwiftCompile normal arm64 /Users/admin/builder/spi-builder-workspace/Sources/AppServerClient/Models/TypeOverrides/AnyOfValueError.swift (in target 'AppServerClient' from project 'AppServerClient')
cd /Users/admin/builder/spi-builder-workspace/.swiftpm/xcode
SwiftCompile normal arm64 /Users/admin/builder/spi-builder-workspace/Sources/AppServerClient/Models/TypeOverrides/CodexErrorInfo.swift (in target 'AppServerClient' from project 'AppServerClient')
cd /Users/admin/builder/spi-builder-workspace/.swiftpm/xcode
SwiftDriverJobDiscovery normal arm64 Compiling Types+Components+Parameters.swift, Types+Components+RequestBodies.swift (in target 'AppServerClient' from project 'AppServerClient')
SwiftCompile normal arm64 Compiling\ AppServerClient.swift,\ AppServerConnection.swift,\ StdIOAppServerConnection.swift /Users/admin/builder/spi-builder-workspace/Sources/AppServerClient/AppServerClient.swift /Users/admin/builder/spi-builder-workspace/Sources/AppServerClient/AppServerConnection/AppServerConnection.swift /Users/admin/builder/spi-builder-workspace/Sources/AppServerClient/AppServerConnection/StdIOAppServerConnection.swift (in target 'AppServerClient' from project 'AppServerClient')
SwiftCompile normal arm64 /Users/admin/builder/spi-builder-workspace/Sources/AppServerClient/AppServerClient.swift (in target 'AppServerClient' from project 'AppServerClient')
cd /Users/admin/builder/spi-builder-workspace/.swiftpm/xcode
SwiftCompile normal arm64 /Users/admin/builder/spi-builder-workspace/Sources/AppServerClient/AppServerConnection/AppServerConnection.swift (in target 'AppServerClient' from project 'AppServerClient')
cd /Users/admin/builder/spi-builder-workspace/.swiftpm/xcode
SwiftCompile normal arm64 /Users/admin/builder/spi-builder-workspace/Sources/AppServerClient/AppServerConnection/StdIOAppServerConnection.swift (in target 'AppServerClient' from project 'AppServerClient')
cd /Users/admin/builder/spi-builder-workspace/.swiftpm/xcode
SwiftDriverJobDiscovery normal arm64_32 Compiling MultiAgentMode.swift, RequestId.swift, ResourceContent.swift (in target 'AppServerClient' from project 'AppServerClient')
SwiftCompile normal arm64 Compiling\ Types+Operations.swift,\ Types+Components+Schemas.swift /Users/admin/builder/spi-builder-workspace/.derivedData/Build/Intermediates.noindex/BuildToolPluginIntermediates/spi-builder-workspace.output/AppServerClient/OpenAPIGenerator/GeneratedSources/Types+Operations.swift /Users/admin/builder/spi-builder-workspace/.derivedData/Build/Intermediates.noindex/BuildToolPluginIntermediates/spi-builder-workspace.output/AppServerClient/OpenAPIGenerator/GeneratedSources/Types+Components+Schemas.swift (in target 'AppServerClient' from project 'AppServerClient')
SwiftCompile normal arm64 /Users/admin/builder/spi-builder-workspace/.derivedData/Build/Intermediates.noindex/BuildToolPluginIntermediates/spi-builder-workspace.output/AppServerClient/OpenAPIGenerator/GeneratedSources/Types+Operations.swift (in target 'AppServerClient' from project 'AppServerClient')
cd /Users/admin/builder/spi-builder-workspace/.swiftpm/xcode
SwiftCompile normal arm64 /Users/admin/builder/spi-builder-workspace/.derivedData/Build/Intermediates.noindex/BuildToolPluginIntermediates/spi-builder-workspace.output/AppServerClient/OpenAPIGenerator/GeneratedSources/Types+Components+Schemas.swift (in target 'AppServerClient' from project 'AppServerClient')
cd /Users/admin/builder/spi-builder-workspace/.swiftpm/xcode
SwiftDriverJobDiscovery normal arm64_32 Compiling ForcedChatgptWorkspaceIds.swift, FunctionCallOutputBody.swift, McpElicitationSchemas.swift (in target 'AppServerClient' from project 'AppServerClient')
SwiftCompile normal arm64 Compiling\ Types+Components+Responses.swift,\ Types+Components+Headers.swift /Users/admin/builder/spi-builder-workspace/.derivedData/Build/Intermediates.noindex/BuildToolPluginIntermediates/spi-builder-workspace.output/AppServerClient/OpenAPIGenerator/GeneratedSources/Types+Components+Responses.swift /Users/admin/builder/spi-builder-workspace/.derivedData/Build/Intermediates.noindex/BuildToolPluginIntermediates/spi-builder-workspace.output/AppServerClient/OpenAPIGenerator/GeneratedSources/Types+Components+Headers.swift (in target 'AppServerClient' from project 'AppServerClient')
SwiftCompile normal arm64 /Users/admin/builder/spi-builder-workspace/.derivedData/Build/Intermediates.noindex/BuildToolPluginIntermediates/spi-builder-workspace.output/AppServerClient/OpenAPIGenerator/GeneratedSources/Types+Components+Responses.swift (in target 'AppServerClient' from project 'AppServerClient')
cd /Users/admin/builder/spi-builder-workspace/.swiftpm/xcode
/Users/admin/builder/spi-builder-workspace/.derivedData/Build/Intermediates.noindex/BuildToolPluginIntermediates/spi-builder-workspace.output/AppServerClient/OpenAPIGenerator/GeneratedSources/Types+Components+Responses.swift:2:25: warning: public import of 'OpenAPIRuntime' was not used in public declarations or inlinable code
@_spi(Generated) public import OpenAPIRuntime
~~~~~~ ^
internal
/Users/admin/builder/spi-builder-workspace/.derivedData/Build/Intermediates.noindex/BuildToolPluginIntermediates/spi-builder-workspace.output/AppServerClient/OpenAPIGenerator/GeneratedSources/Types+Components+Responses.swift:3:8: warning: public import of 'Foundation' was not used in public declarations or inlinable code
public import struct Foundation.URL
~~~~~~ ^
internal
/Users/admin/builder/spi-builder-workspace/.derivedData/Build/Intermediates.noindex/BuildToolPluginIntermediates/spi-builder-workspace.output/AppServerClient/OpenAPIGenerator/GeneratedSources/Types+Components+Responses.swift:4:8: warning: public import of 'Foundation' was not used in public declarations or inlinable code
public import struct Foundation.Data
~~~~~~ ^
internal
/Users/admin/builder/spi-builder-workspace/.derivedData/Build/Intermediates.noindex/BuildToolPluginIntermediates/spi-builder-workspace.output/AppServerClient/OpenAPIGenerator/GeneratedSources/Types+Components+Responses.swift:5:8: warning: public import of 'Foundation' was not used in public declarations or inlinable code
public import struct Foundation.Date
~~~~~~ ^
internal
SwiftCompile normal arm64 /Users/admin/builder/spi-builder-workspace/.derivedData/Build/Intermediates.noindex/BuildToolPluginIntermediates/spi-builder-workspace.output/AppServerClient/OpenAPIGenerator/GeneratedSources/Types+Components+Headers.swift (in target 'AppServerClient' from project 'AppServerClient')
cd /Users/admin/builder/spi-builder-workspace/.swiftpm/xcode
/Users/admin/builder/spi-builder-workspace/.derivedData/Build/Intermediates.noindex/BuildToolPluginIntermediates/spi-builder-workspace.output/AppServerClient/OpenAPIGenerator/GeneratedSources/Types+Components+Headers.swift:2:25: warning: public import of 'OpenAPIRuntime' was not used in public declarations or inlinable code
@_spi(Generated) public import OpenAPIRuntime
~~~~~~ ^
internal
/Users/admin/builder/spi-builder-workspace/.derivedData/Build/Intermediates.noindex/BuildToolPluginIntermediates/spi-builder-workspace.output/AppServerClient/OpenAPIGenerator/GeneratedSources/Types+Components+Headers.swift:3:8: warning: public import of 'Foundation' was not used in public declarations or inlinable code
public import struct Foundation.URL
~~~~~~ ^
internal
/Users/admin/builder/spi-builder-workspace/.derivedData/Build/Intermediates.noindex/BuildToolPluginIntermediates/spi-builder-workspace.output/AppServerClient/OpenAPIGenerator/GeneratedSources/Types+Components+Headers.swift:4:8: warning: public import of 'Foundation' was not used in public declarations or inlinable code
public import struct Foundation.Data
~~~~~~ ^
internal
/Users/admin/builder/spi-builder-workspace/.derivedData/Build/Intermediates.noindex/BuildToolPluginIntermediates/spi-builder-workspace.output/AppServerClient/OpenAPIGenerator/GeneratedSources/Types+Components+Headers.swift:5:8: warning: public import of 'Foundation' was not used in public declarations or inlinable code
public import struct Foundation.Date
~~~~~~ ^
internal
SwiftDriverJobDiscovery normal arm64_32 Compiling AppServerFileUpload.swift, AppServerTurnInputBuilder.swift, DataModel.swift (in target 'AppServerClient' from project 'AppServerClient')
SwiftCompile normal arm64 Compiling\ MultiAgentMode.swift,\ RequestId.swift,\ ResourceContent.swift /Users/admin/builder/spi-builder-workspace/Sources/AppServerClient/Models/TypeOverrides/MultiAgentMode.swift /Users/admin/builder/spi-builder-workspace/Sources/AppServerClient/Models/TypeOverrides/RequestId.swift /Users/admin/builder/spi-builder-workspace/Sources/AppServerClient/Models/TypeOverrides/ResourceContent.swift (in target 'AppServerClient' from project 'AppServerClient')
SwiftCompile normal arm64 /Users/admin/builder/spi-builder-workspace/Sources/AppServerClient/Models/TypeOverrides/MultiAgentMode.swift (in target 'AppServerClient' from project 'AppServerClient')
cd /Users/admin/builder/spi-builder-workspace/.swiftpm/xcode
SwiftCompile normal arm64 /Users/admin/builder/spi-builder-workspace/Sources/AppServerClient/Models/TypeOverrides/RequestId.swift (in target 'AppServerClient' from project 'AppServerClient')
cd /Users/admin/builder/spi-builder-workspace/.swiftpm/xcode
SwiftCompile normal arm64 /Users/admin/builder/spi-builder-workspace/Sources/AppServerClient/Models/TypeOverrides/ResourceContent.swift (in target 'AppServerClient' from project 'AppServerClient')
cd /Users/admin/builder/spi-builder-workspace/.swiftpm/xcode
SwiftDriverJobDiscovery normal arm64 Compiling AppServerFileUpload.swift, AppServerTurnInputBuilder.swift, DataModel.swift (in target 'AppServerClient' from project 'AppServerClient')
SwiftCompile normal arm64 Compiling\ Client.swift,\ Server.swift /Users/admin/builder/spi-builder-workspace/.derivedData/Build/Intermediates.noindex/BuildToolPluginIntermediates/spi-builder-workspace.output/AppServerClient/OpenAPIGenerator/GeneratedSources/Client.swift /Users/admin/builder/spi-builder-workspace/.derivedData/Build/Intermediates.noindex/BuildToolPluginIntermediates/spi-builder-workspace.output/AppServerClient/OpenAPIGenerator/GeneratedSources/Server.swift (in target 'AppServerClient' from project 'AppServerClient')
SwiftCompile normal arm64 /Users/admin/builder/spi-builder-workspace/.derivedData/Build/Intermediates.noindex/BuildToolPluginIntermediates/spi-builder-workspace.output/AppServerClient/OpenAPIGenerator/GeneratedSources/Client.swift (in target 'AppServerClient' from project 'AppServerClient')
cd /Users/admin/builder/spi-builder-workspace/.swiftpm/xcode
SwiftCompile normal arm64 /Users/admin/builder/spi-builder-workspace/.derivedData/Build/Intermediates.noindex/BuildToolPluginIntermediates/spi-builder-workspace.output/AppServerClient/OpenAPIGenerator/GeneratedSources/Server.swift (in target 'AppServerClient' from project 'AppServerClient')
cd /Users/admin/builder/spi-builder-workspace/.swiftpm/xcode
SwiftDriverJobDiscovery normal arm64 Compiling Types+Components+Responses.swift, Types+Components+Headers.swift (in target 'AppServerClient' from project 'AppServerClient')
SwiftCompile normal arm64 Compiling\ ForcedChatgptWorkspaceIds.swift,\ FunctionCallOutputBody.swift,\ McpElicitationSchemas.swift /Users/admin/builder/spi-builder-workspace/Sources/AppServerClient/Models/TypeOverrides/ForcedChatgptWorkspaceIds.swift /Users/admin/builder/spi-builder-workspace/Sources/AppServerClient/Models/TypeOverrides/FunctionCallOutputBody.swift /Users/admin/builder/spi-builder-workspace/Sources/AppServerClient/Models/TypeOverrides/McpElicitationSchemas.swift (in target 'AppServerClient' from project 'AppServerClient')
SwiftCompile normal arm64 /Users/admin/builder/spi-builder-workspace/Sources/AppServerClient/Models/TypeOverrides/ForcedChatgptWorkspaceIds.swift (in target 'AppServerClient' from project 'AppServerClient')
cd /Users/admin/builder/spi-builder-workspace/.swiftpm/xcode
SwiftCompile normal arm64 /Users/admin/builder/spi-builder-workspace/Sources/AppServerClient/Models/TypeOverrides/FunctionCallOutputBody.swift (in target 'AppServerClient' from project 'AppServerClient')
cd /Users/admin/builder/spi-builder-workspace/.swiftpm/xcode
SwiftCompile normal arm64 /Users/admin/builder/spi-builder-workspace/Sources/AppServerClient/Models/TypeOverrides/McpElicitationSchemas.swift (in target 'AppServerClient' from project 'AppServerClient')
cd /Users/admin/builder/spi-builder-workspace/.swiftpm/xcode
SwiftDriverJobDiscovery normal arm64_32 Compiling AppServerClient.swift, AppServerConnection.swift, StdIOAppServerConnection.swift (in target 'AppServerClient' from project 'AppServerClient')
SwiftCompile normal arm64_32 Compiling\ ThreadListCwdFilter.swift,\ Types.swift,\ Types+Components.swift /Users/admin/builder/spi-builder-workspace/Sources/AppServerClient/Models/TypeOverrides/ThreadListCwdFilter.swift /Users/admin/builder/spi-builder-workspace/.derivedData/Build/Intermediates.noindex/BuildToolPluginIntermediates/spi-builder-workspace.output/AppServerClient/OpenAPIGenerator/GeneratedSources/Types.swift /Users/admin/builder/spi-builder-workspace/.derivedData/Build/Intermediates.noindex/BuildToolPluginIntermediates/spi-builder-workspace.output/AppServerClient/OpenAPIGenerator/GeneratedSources/Types+Components.swift (in target 'AppServerClient' from project 'AppServerClient')
SwiftCompile normal arm64_32 /Users/admin/builder/spi-builder-workspace/Sources/AppServerClient/Models/TypeOverrides/ThreadListCwdFilter.swift (in target 'AppServerClient' from project 'AppServerClient')
cd /Users/admin/builder/spi-builder-workspace/.swiftpm/xcode
SwiftCompile normal arm64_32 /Users/admin/builder/spi-builder-workspace/.derivedData/Build/Intermediates.noindex/BuildToolPluginIntermediates/spi-builder-workspace.output/AppServerClient/OpenAPIGenerator/GeneratedSources/Types.swift (in target 'AppServerClient' from project 'AppServerClient')
cd /Users/admin/builder/spi-builder-workspace/.swiftpm/xcode
/Users/admin/builder/spi-builder-workspace/.derivedData/Build/Intermediates.noindex/BuildToolPluginIntermediates/spi-builder-workspace.output/AppServerClient/OpenAPIGenerator/GeneratedSources/Types.swift:2:25: warning: public import of 'OpenAPIRuntime' was not used in public declarations or inlinable code
@_spi(Generated) public import OpenAPIRuntime
~~~~~~ ^
internal
/Users/admin/builder/spi-builder-workspace/.derivedData/Build/Intermediates.noindex/BuildToolPluginIntermediates/spi-builder-workspace.output/AppServerClient/OpenAPIGenerator/GeneratedSources/Types.swift:3:8: warning: public import of 'Foundation' was not used in public declarations or inlinable code
public import struct Foundation.URL
~~~~~~ ^
internal
/Users/admin/builder/spi-builder-workspace/.derivedData/Build/Intermediates.noindex/BuildToolPluginIntermediates/spi-builder-workspace.output/AppServerClient/OpenAPIGenerator/GeneratedSources/Types.swift:4:8: warning: public import of 'Foundation' was not used in public declarations or inlinable code
public import struct Foundation.Data
~~~~~~ ^
internal
/Users/admin/builder/spi-builder-workspace/.derivedData/Build/Intermediates.noindex/BuildToolPluginIntermediates/spi-builder-workspace.output/AppServerClient/OpenAPIGenerator/GeneratedSources/Types.swift:5:8: warning: public import of 'Foundation' was not used in public declarations or inlinable code
public import struct Foundation.Date
~~~~~~ ^
internal
SwiftCompile normal arm64_32 /Users/admin/builder/spi-builder-workspace/.derivedData/Build/Intermediates.noindex/BuildToolPluginIntermediates/spi-builder-workspace.output/AppServerClient/OpenAPIGenerator/GeneratedSources/Types+Components.swift (in target 'AppServerClient' from project 'AppServerClient')
cd /Users/admin/builder/spi-builder-workspace/.swiftpm/xcode
/Users/admin/builder/spi-builder-workspace/.derivedData/Build/Intermediates.noindex/BuildToolPluginIntermediates/spi-builder-workspace.output/AppServerClient/OpenAPIGenerator/GeneratedSources/Types+Components.swift:2:25: warning: public import of 'OpenAPIRuntime' was not used in public declarations or inlinable code
@_spi(Generated) public import OpenAPIRuntime
~~~~~~ ^
internal
/Users/admin/builder/spi-builder-workspace/.derivedData/Build/Intermediates.noindex/BuildToolPluginIntermediates/spi-builder-workspace.output/AppServerClient/OpenAPIGenerator/GeneratedSources/Types+Components.swift:3:8: warning: public import of 'Foundation' was not used in public declarations or inlinable code
public import struct Foundation.URL
~~~~~~ ^
internal
/Users/admin/builder/spi-builder-workspace/.derivedData/Build/Intermediates.noindex/BuildToolPluginIntermediates/spi-builder-workspace.output/AppServerClient/OpenAPIGenerator/GeneratedSources/Types+Components.swift:4:8: warning: public import of 'Foundation' was not used in public declarations or inlinable code
public import struct Foundation.Data
~~~~~~ ^
internal
/Users/admin/builder/spi-builder-workspace/.derivedData/Build/Intermediates.noindex/BuildToolPluginIntermediates/spi-builder-workspace.output/AppServerClient/OpenAPIGenerator/GeneratedSources/Types+Components.swift:5:8: warning: public import of 'Foundation' was not used in public declarations or inlinable code
public import struct Foundation.Date
~~~~~~ ^
internal
SwiftDriverJobDiscovery normal arm64 Compiling Client.swift, Server.swift (in target 'AppServerClient' from project 'AppServerClient')
SwiftCompile normal arm64 Compiling\ ThreadListCwdFilter.swift,\ Types.swift,\ Types+Components.swift /Users/admin/builder/spi-builder-workspace/Sources/AppServerClient/Models/TypeOverrides/ThreadListCwdFilter.swift /Users/admin/builder/spi-builder-workspace/.derivedData/Build/Intermediates.noindex/BuildToolPluginIntermediates/spi-builder-workspace.output/AppServerClient/OpenAPIGenerator/GeneratedSources/Types.swift /Users/admin/builder/spi-builder-workspace/.derivedData/Build/Intermediates.noindex/BuildToolPluginIntermediates/spi-builder-workspace.output/AppServerClient/OpenAPIGenerator/GeneratedSources/Types+Components.swift (in target 'AppServerClient' from project 'AppServerClient')
SwiftCompile normal arm64 /Users/admin/builder/spi-builder-workspace/Sources/AppServerClient/Models/TypeOverrides/ThreadListCwdFilter.swift (in target 'AppServerClient' from project 'AppServerClient')
cd /Users/admin/builder/spi-builder-workspace/.swiftpm/xcode
SwiftCompile normal arm64 /Users/admin/builder/spi-builder-workspace/.derivedData/Build/Intermediates.noindex/BuildToolPluginIntermediates/spi-builder-workspace.output/AppServerClient/OpenAPIGenerator/GeneratedSources/Types.swift (in target 'AppServerClient' from project 'AppServerClient')
cd /Users/admin/builder/spi-builder-workspace/.swiftpm/xcode
/Users/admin/builder/spi-builder-workspace/.derivedData/Build/Intermediates.noindex/BuildToolPluginIntermediates/spi-builder-workspace.output/AppServerClient/OpenAPIGenerator/GeneratedSources/Types.swift:2:25: warning: public import of 'OpenAPIRuntime' was not used in public declarations or inlinable code
@_spi(Generated) public import OpenAPIRuntime
~~~~~~ ^
internal
/Users/admin/builder/spi-builder-workspace/.derivedData/Build/Intermediates.noindex/BuildToolPluginIntermediates/spi-builder-workspace.output/AppServerClient/OpenAPIGenerator/GeneratedSources/Types.swift:3:8: warning: public import of 'Foundation' was not used in public declarations or inlinable code
public import struct Foundation.URL
~~~~~~ ^
internal
/Users/admin/builder/spi-builder-workspace/.derivedData/Build/Intermediates.noindex/BuildToolPluginIntermediates/spi-builder-workspace.output/AppServerClient/OpenAPIGenerator/GeneratedSources/Types.swift:4:8: warning: public import of 'Foundation' was not used in public declarations or inlinable code
public import struct Foundation.Data
~~~~~~ ^
internal
/Users/admin/builder/spi-builder-workspace/.derivedData/Build/Intermediates.noindex/BuildToolPluginIntermediates/spi-builder-workspace.output/AppServerClient/OpenAPIGenerator/GeneratedSources/Types.swift:5:8: warning: public import of 'Foundation' was not used in public declarations or inlinable code
public import struct Foundation.Date
~~~~~~ ^
internal
SwiftCompile normal arm64 /Users/admin/builder/spi-builder-workspace/.derivedData/Build/Intermediates.noindex/BuildToolPluginIntermediates/spi-builder-workspace.output/AppServerClient/OpenAPIGenerator/GeneratedSources/Types+Components.swift (in target 'AppServerClient' from project 'AppServerClient')
cd /Users/admin/builder/spi-builder-workspace/.swiftpm/xcode
/Users/admin/builder/spi-builder-workspace/.derivedData/Build/Intermediates.noindex/BuildToolPluginIntermediates/spi-builder-workspace.output/AppServerClient/OpenAPIGenerator/GeneratedSources/Types+Components.swift:2:25: warning: public import of 'OpenAPIRuntime' was not used in public declarations or inlinable code
@_spi(Generated) public import OpenAPIRuntime
~~~~~~ ^
internal
/Users/admin/builder/spi-builder-workspace/.derivedData/Build/Intermediates.noindex/BuildToolPluginIntermediates/spi-builder-workspace.output/AppServerClient/OpenAPIGenerator/GeneratedSources/Types+Components.swift:3:8: warning: public import of 'Foundation' was not used in public declarations or inlinable code
public import struct Foundation.URL
~~~~~~ ^
internal
/Users/admin/builder/spi-builder-workspace/.derivedData/Build/Intermediates.noindex/BuildToolPluginIntermediates/spi-builder-workspace.output/AppServerClient/OpenAPIGenerator/GeneratedSources/Types+Components.swift:4:8: warning: public import of 'Foundation' was not used in public declarations or inlinable code
public import struct Foundation.Data
~~~~~~ ^
internal
/Users/admin/builder/spi-builder-workspace/.derivedData/Build/Intermediates.noindex/BuildToolPluginIntermediates/spi-builder-workspace.output/AppServerClient/OpenAPIGenerator/GeneratedSources/Types+Components.swift:5:8: warning: public import of 'Foundation' was not used in public declarations or inlinable code
public import struct Foundation.Date
~~~~~~ ^
internal
SwiftDriverJobDiscovery normal arm64 Compiling AppServerClient.swift, AppServerConnection.swift, StdIOAppServerConnection.swift (in target 'AppServerClient' from project 'AppServerClient')
SwiftDriverJobDiscovery normal arm64 Compiling MultiAgentMode.swift, RequestId.swift, ResourceContent.swift (in target 'AppServerClient' from project 'AppServerClient')
SwiftDriverJobDiscovery normal arm64_32 Compiling ThreadListCwdFilter.swift, Types.swift, Types+Components.swift (in target 'AppServerClient' from project 'AppServerClient')
SwiftDriverJobDiscovery normal arm64 Compiling ThreadListCwdFilter.swift, Types.swift, Types+Components.swift (in target 'AppServerClient' from project 'AppServerClient')
SwiftDriverJobDiscovery normal arm64 Compiling ForcedChatgptWorkspaceIds.swift, FunctionCallOutputBody.swift, McpElicitationSchemas.swift (in target 'AppServerClient' from project 'AppServerClient')
SwiftDriverJobDiscovery normal arm64_32 Compiling DataModelMapping.swift, AnyOfValueError.swift, CodexErrorInfo.swift (in target 'AppServerClient' from project 'AppServerClient')
SwiftDriverJobDiscovery normal arm64 Compiling DataModelMapping.swift, AnyOfValueError.swift, CodexErrorInfo.swift (in target 'AppServerClient' from project 'AppServerClient')
SwiftDriverJobDiscovery normal arm64_32 Emitting module for AppServerClient (in target 'AppServerClient' from project 'AppServerClient')
SwiftDriver\ Compilation\ Requirements AppServerClient normal arm64_32 com.apple.xcode.tools.swift.compiler (in target 'AppServerClient' from project 'AppServerClient')
cd /Users/admin/builder/spi-builder-workspace/.swiftpm/xcode
builtin-Swift-Compilation-Requirements -- /Applications/Xcode-26.5.0.app/Contents/Developer/Toolchains/XcodeDefault.xctoolchain/usr/bin/swiftc -module-name AppServerClient -Onone @/Users/admin/builder/spi-builder-workspace/.derivedData/Build/Intermediates.noindex/AppServerClient.build/Debug-watchos/AppServerClient.build/Objects-normal/arm64_32/AppServerClient.SwiftFileList -DSWIFT_PACKAGE -DDEBUG -DSWIFT_MODULE_RESOURCE_BUNDLE_UNAVAILABLE -DXcode -plugin-path /Applications/Xcode-26.5.0.app/Contents/Developer/Toolchains/XcodeDefault.xctoolchain/usr/lib/swift/host/plugins/testing -enable-experimental-feature DebugDescriptionMacro -sdk /Applications/Xcode-26.5.0.app/Contents/Developer/Platforms/WatchOS.platform/Developer/SDKs/WatchOS26.5.sdk -target arm64_32-apple-watchos11.0 -g -module-cache-path /Users/admin/builder/spi-builder-workspace/.derivedData/ModuleCache.noindex -Xfrontend -serialize-debugging-options -profile-coverage-mapping -profile-generate -enable-testing -index-store-path /Users/admin/builder/spi-builder-workspace/.derivedData/Index.noindex/DataStore -Xcc -D_LIBCPP_HARDENING_MODE\=_LIBCPP_HARDENING_MODE_DEBUG -swift-version 6 -I /Users/admin/builder/spi-builder-workspace/.derivedData/Build/Products/Debug-watchos -Isystem /Applications/Xcode-26.5.0.app/Contents/Developer/Platforms/WatchOS.platform/Developer/usr/lib -F /Users/admin/builder/spi-builder-workspace/.derivedData/Build/Products/Debug-watchos/PackageFrameworks -F /Users/admin/builder/spi-builder-workspace/.derivedData/Build/Products/Debug-watchos/PackageFrameworks -F /Users/admin/builder/spi-builder-workspace/.derivedData/Build/Products/Debug-watchos -F /Applications/Xcode-26.5.0.app/Contents/Developer/Platforms/WatchOS.platform/Developer/Library/Frameworks -F /Applications/Xcode-26.5.0.app/Contents/Developer/Platforms/WatchOS.platform/Developer/SDKs/WatchOS26.5.sdk/Developer/Library/Frameworks -c -j10 -enable-batch-mode -incremental -Xcc -ivfsstatcache -Xcc /Users/admin/builder/spi-builder-workspace/.derivedData/SDKStatCaches.noindex/watchos26.5-23T570-688ef53f1462e2c8f657fdc38a81448f7931b973dfc65d9472806dbbc3af9379.sdkstatcache -output-file-map /Users/admin/builder/spi-builder-workspace/.derivedData/Build/Intermediates.noindex/AppServerClient.build/Debug-watchos/AppServerClient.build/Objects-normal/arm64_32/AppServerClient-OutputFileMap.json -use-frontend-parseable-output -save-temps -no-color-diagnostics -explicit-module-build -module-cache-path /Users/admin/builder/spi-builder-workspace/.derivedData/Build/Intermediates.noindex/SwiftExplicitPrecompiledModules -clang-scanner-module-cache-path /Users/admin/builder/spi-builder-workspace/.derivedData/ModuleCache.noindex -sdk-module-cache-path /Users/admin/builder/spi-builder-workspace/.derivedData/ModuleCache.noindex -serialize-diagnostics -emit-dependencies -emit-module -emit-module-path /Users/admin/builder/spi-builder-workspace/.derivedData/Build/Intermediates.noindex/AppServerClient.build/Debug-watchos/AppServerClient.build/Objects-normal/arm64_32/AppServerClient.swiftmodule -validate-clang-modules-once -clang-build-session-file /Users/admin/builder/spi-builder-workspace/.derivedData/ModuleCache.noindex/Session.modulevalidation -package-name spi_builder_workspace -Xcc -I/Users/admin/builder/spi-builder-workspace/.derivedData/Build/Intermediates.noindex/AppServerClient.build/Debug-watchos/AppServerClient.build/swift-overrides.hmap -emit-const-values -Xfrontend -const-gather-protocols-file -Xfrontend /Users/admin/builder/spi-builder-workspace/.derivedData/Build/Intermediates.noindex/AppServerClient.build/Debug-watchos/AppServerClient.build/Objects-normal/arm64_32/AppServerClient_const_extract_protocols.json -Xcc -I/Users/admin/builder/spi-builder-workspace/.derivedData/Build/Products/Debug-watchos/include -Xcc -I/Users/admin/builder/spi-builder-workspace/.derivedData/Build/Intermediates.noindex/AppServerClient.build/Debug-watchos/AppServerClient.build/DerivedSources-normal/arm64_32 -Xcc -I/Users/admin/builder/spi-builder-workspace/.derivedData/Build/Intermediates.noindex/AppServerClient.build/Debug-watchos/AppServerClient.build/DerivedSources/arm64_32 -Xcc -I/Users/admin/builder/spi-builder-workspace/.derivedData/Build/Intermediates.noindex/AppServerClient.build/Debug-watchos/AppServerClient.build/DerivedSources -Xcc -DSWIFT_PACKAGE -Xcc -DDEBUG\=1 -emit-objc-header -emit-objc-header-path /Users/admin/builder/spi-builder-workspace/.derivedData/Build/Intermediates.noindex/AppServerClient.build/Debug-watchos/AppServerClient.build/Objects-normal/arm64_32/AppServerClient-Swift.h -working-directory /Users/admin/builder/spi-builder-workspace/.swiftpm/xcode -experimental-emit-module-separately -disable-cmo
Copy /Users/admin/builder/spi-builder-workspace/.derivedData/Build/Products/Debug-watchos/AppServerClient.swiftmodule/arm64_32-apple-watchos.swiftmodule /Users/admin/builder/spi-builder-workspace/.derivedData/Build/Intermediates.noindex/AppServerClient.build/Debug-watchos/AppServerClient.build/Objects-normal/arm64_32/AppServerClient.swiftmodule (in target 'AppServerClient' from project 'AppServerClient')
cd /Users/admin/builder/spi-builder-workspace
builtin-copy -exclude .DS_Store -exclude CVS -exclude .svn -exclude .git -exclude .hg -resolve-src-symlinks -rename /Users/admin/builder/spi-builder-workspace/.derivedData/Build/Intermediates.noindex/AppServerClient.build/Debug-watchos/AppServerClient.build/Objects-normal/arm64_32/AppServerClient.swiftmodule /Users/admin/builder/spi-builder-workspace/.derivedData/Build/Products/Debug-watchos/AppServerClient.swiftmodule/arm64_32-apple-watchos.swiftmodule
Copy /Users/admin/builder/spi-builder-workspace/.derivedData/Build/Products/Debug-watchos/AppServerClient.swiftmodule/arm64_32-apple-watchos.abi.json /Users/admin/builder/spi-builder-workspace/.derivedData/Build/Intermediates.noindex/AppServerClient.build/Debug-watchos/AppServerClient.build/Objects-normal/arm64_32/AppServerClient.abi.json (in target 'AppServerClient' from project 'AppServerClient')
cd /Users/admin/builder/spi-builder-workspace
builtin-copy -exclude .DS_Store -exclude CVS -exclude .svn -exclude .git -exclude .hg -resolve-src-symlinks -rename /Users/admin/builder/spi-builder-workspace/.derivedData/Build/Intermediates.noindex/AppServerClient.build/Debug-watchos/AppServerClient.build/Objects-normal/arm64_32/AppServerClient.abi.json /Users/admin/builder/spi-builder-workspace/.derivedData/Build/Products/Debug-watchos/AppServerClient.swiftmodule/arm64_32-apple-watchos.abi.json
Copy /Users/admin/builder/spi-builder-workspace/.derivedData/Build/Products/Debug-watchos/AppServerClient.swiftmodule/arm64_32-apple-watchos.swiftdoc /Users/admin/builder/spi-builder-workspace/.derivedData/Build/Intermediates.noindex/AppServerClient.build/Debug-watchos/AppServerClient.build/Objects-normal/arm64_32/AppServerClient.swiftdoc (in target 'AppServerClient' from project 'AppServerClient')
cd /Users/admin/builder/spi-builder-workspace
builtin-copy -exclude .DS_Store -exclude CVS -exclude .svn -exclude .git -exclude .hg -resolve-src-symlinks -rename /Users/admin/builder/spi-builder-workspace/.derivedData/Build/Intermediates.noindex/AppServerClient.build/Debug-watchos/AppServerClient.build/Objects-normal/arm64_32/AppServerClient.swiftdoc /Users/admin/builder/spi-builder-workspace/.derivedData/Build/Products/Debug-watchos/AppServerClient.swiftmodule/arm64_32-apple-watchos.swiftdoc
Copy /Users/admin/builder/spi-builder-workspace/.derivedData/Build/Products/Debug-watchos/AppServerClient.swiftmodule/Project/arm64_32-apple-watchos.swiftsourceinfo /Users/admin/builder/spi-builder-workspace/.derivedData/Build/Intermediates.noindex/AppServerClient.build/Debug-watchos/AppServerClient.build/Objects-normal/arm64_32/AppServerClient.swiftsourceinfo (in target 'AppServerClient' from project 'AppServerClient')
cd /Users/admin/builder/spi-builder-workspace
builtin-copy -exclude .DS_Store -exclude CVS -exclude .svn -exclude .git -exclude .hg -resolve-src-symlinks -rename /Users/admin/builder/spi-builder-workspace/.derivedData/Build/Intermediates.noindex/AppServerClient.build/Debug-watchos/AppServerClient.build/Objects-normal/arm64_32/AppServerClient.swiftsourceinfo /Users/admin/builder/spi-builder-workspace/.derivedData/Build/Products/Debug-watchos/AppServerClient.swiftmodule/Project/arm64_32-apple-watchos.swiftsourceinfo
SwiftDriverJobDiscovery normal arm64 Emitting module for AppServerClient (in target 'AppServerClient' from project 'AppServerClient')
SwiftDriver\ Compilation\ Requirements AppServerClient normal arm64 com.apple.xcode.tools.swift.compiler (in target 'AppServerClient' from project 'AppServerClient')
cd /Users/admin/builder/spi-builder-workspace/.swiftpm/xcode
builtin-Swift-Compilation-Requirements -- /Applications/Xcode-26.5.0.app/Contents/Developer/Toolchains/XcodeDefault.xctoolchain/usr/bin/swiftc -module-name AppServerClient -Onone @/Users/admin/builder/spi-builder-workspace/.derivedData/Build/Intermediates.noindex/AppServerClient.build/Debug-watchos/AppServerClient.build/Objects-normal/arm64/AppServerClient.SwiftFileList -DSWIFT_PACKAGE -DDEBUG -DSWIFT_MODULE_RESOURCE_BUNDLE_UNAVAILABLE -DXcode -plugin-path /Applications/Xcode-26.5.0.app/Contents/Developer/Toolchains/XcodeDefault.xctoolchain/usr/lib/swift/host/plugins/testing -enable-experimental-feature DebugDescriptionMacro -sdk /Applications/Xcode-26.5.0.app/Contents/Developer/Platforms/WatchOS.platform/Developer/SDKs/WatchOS26.5.sdk -target arm64-apple-watchos11.0 -g -module-cache-path /Users/admin/builder/spi-builder-workspace/.derivedData/ModuleCache.noindex -Xfrontend -serialize-debugging-options -profile-coverage-mapping -profile-generate -enable-testing -index-store-path /Users/admin/builder/spi-builder-workspace/.derivedData/Index.noindex/DataStore -Xcc -D_LIBCPP_HARDENING_MODE\=_LIBCPP_HARDENING_MODE_DEBUG -swift-version 6 -I /Users/admin/builder/spi-builder-workspace/.derivedData/Build/Products/Debug-watchos -Isystem /Applications/Xcode-26.5.0.app/Contents/Developer/Platforms/WatchOS.platform/Developer/usr/lib -F /Users/admin/builder/spi-builder-workspace/.derivedData/Build/Products/Debug-watchos/PackageFrameworks -F /Users/admin/builder/spi-builder-workspace/.derivedData/Build/Products/Debug-watchos/PackageFrameworks -F /Users/admin/builder/spi-builder-workspace/.derivedData/Build/Products/Debug-watchos -F /Applications/Xcode-26.5.0.app/Contents/Developer/Platforms/WatchOS.platform/Developer/Library/Frameworks -F /Applications/Xcode-26.5.0.app/Contents/Developer/Platforms/WatchOS.platform/Developer/SDKs/WatchOS26.5.sdk/Developer/Library/Frameworks -c -j10 -enable-batch-mode -incremental -Xcc -ivfsstatcache -Xcc /Users/admin/builder/spi-builder-workspace/.derivedData/SDKStatCaches.noindex/watchos26.5-23T570-688ef53f1462e2c8f657fdc38a81448f7931b973dfc65d9472806dbbc3af9379.sdkstatcache -output-file-map /Users/admin/builder/spi-builder-workspace/.derivedData/Build/Intermediates.noindex/AppServerClient.build/Debug-watchos/AppServerClient.build/Objects-normal/arm64/AppServerClient-OutputFileMap.json -use-frontend-parseable-output -save-temps -no-color-diagnostics -explicit-module-build -module-cache-path /Users/admin/builder/spi-builder-workspace/.derivedData/Build/Intermediates.noindex/SwiftExplicitPrecompiledModules -clang-scanner-module-cache-path /Users/admin/builder/spi-builder-workspace/.derivedData/ModuleCache.noindex -sdk-module-cache-path /Users/admin/builder/spi-builder-workspace/.derivedData/ModuleCache.noindex -serialize-diagnostics -emit-dependencies -emit-module -emit-module-path /Users/admin/builder/spi-builder-workspace/.derivedData/Build/Intermediates.noindex/AppServerClient.build/Debug-watchos/AppServerClient.build/Objects-normal/arm64/AppServerClient.swiftmodule -validate-clang-modules-once -clang-build-session-file /Users/admin/builder/spi-builder-workspace/.derivedData/ModuleCache.noindex/Session.modulevalidation -package-name spi_builder_workspace -Xcc -I/Users/admin/builder/spi-builder-workspace/.derivedData/Build/Intermediates.noindex/AppServerClient.build/Debug-watchos/AppServerClient.build/swift-overrides.hmap -emit-const-values -Xfrontend -const-gather-protocols-file -Xfrontend /Users/admin/builder/spi-builder-workspace/.derivedData/Build/Intermediates.noindex/AppServerClient.build/Debug-watchos/AppServerClient.build/Objects-normal/arm64/AppServerClient_const_extract_protocols.json -Xcc -I/Users/admin/builder/spi-builder-workspace/.derivedData/Build/Products/Debug-watchos/include -Xcc -I/Users/admin/builder/spi-builder-workspace/.derivedData/Build/Intermediates.noindex/AppServerClient.build/Debug-watchos/AppServerClient.build/DerivedSources-normal/arm64 -Xcc -I/Users/admin/builder/spi-builder-workspace/.derivedData/Build/Intermediates.noindex/AppServerClient.build/Debug-watchos/AppServerClient.build/DerivedSources/arm64 -Xcc -I/Users/admin/builder/spi-builder-workspace/.derivedData/Build/Intermediates.noindex/AppServerClient.build/Debug-watchos/AppServerClient.build/DerivedSources -Xcc -DSWIFT_PACKAGE -Xcc -DDEBUG\=1 -emit-objc-header -emit-objc-header-path /Users/admin/builder/spi-builder-workspace/.derivedData/Build/Intermediates.noindex/AppServerClient.build/Debug-watchos/AppServerClient.build/Objects-normal/arm64/AppServerClient-Swift.h -working-directory /Users/admin/builder/spi-builder-workspace/.swiftpm/xcode -experimental-emit-module-separately -disable-cmo
SwiftMergeGeneratedHeaders /Users/admin/builder/spi-builder-workspace/.derivedData/Build/Intermediates.noindex/GeneratedModuleMaps-watchos/AppServerClient-Swift.h /Users/admin/builder/spi-builder-workspace/.derivedData/Build/Intermediates.noindex/AppServerClient.build/Debug-watchos/AppServerClient.build/Objects-normal/arm64/AppServerClient-Swift.h /Users/admin/builder/spi-builder-workspace/.derivedData/Build/Intermediates.noindex/AppServerClient.build/Debug-watchos/AppServerClient.build/Objects-normal/arm64_32/AppServerClient-Swift.h (in target 'AppServerClient' from project 'AppServerClient')
cd /Users/admin/builder/spi-builder-workspace
builtin-swiftHeaderTool -arch arm64 /Users/admin/builder/spi-builder-workspace/.derivedData/Build/Intermediates.noindex/AppServerClient.build/Debug-watchos/AppServerClient.build/Objects-normal/arm64/AppServerClient-Swift.h -arch arm64_32 /Users/admin/builder/spi-builder-workspace/.derivedData/Build/Intermediates.noindex/AppServerClient.build/Debug-watchos/AppServerClient.build/Objects-normal/arm64_32/AppServerClient-Swift.h -o /Users/admin/builder/spi-builder-workspace/.derivedData/Build/Intermediates.noindex/GeneratedModuleMaps-watchos/AppServerClient-Swift.h
Copy /Users/admin/builder/spi-builder-workspace/.derivedData/Build/Products/Debug-watchos/AppServerClient.swiftmodule/arm64-apple-watchos.swiftdoc /Users/admin/builder/spi-builder-workspace/.derivedData/Build/Intermediates.noindex/AppServerClient.build/Debug-watchos/AppServerClient.build/Objects-normal/arm64/AppServerClient.swiftdoc (in target 'AppServerClient' from project 'AppServerClient')
cd /Users/admin/builder/spi-builder-workspace
builtin-copy -exclude .DS_Store -exclude CVS -exclude .svn -exclude .git -exclude .hg -resolve-src-symlinks -rename /Users/admin/builder/spi-builder-workspace/.derivedData/Build/Intermediates.noindex/AppServerClient.build/Debug-watchos/AppServerClient.build/Objects-normal/arm64/AppServerClient.swiftdoc /Users/admin/builder/spi-builder-workspace/.derivedData/Build/Products/Debug-watchos/AppServerClient.swiftmodule/arm64-apple-watchos.swiftdoc
Copy /Users/admin/builder/spi-builder-workspace/.derivedData/Build/Products/Debug-watchos/AppServerClient.swiftmodule/arm64-apple-watchos.swiftmodule /Users/admin/builder/spi-builder-workspace/.derivedData/Build/Intermediates.noindex/AppServerClient.build/Debug-watchos/AppServerClient.build/Objects-normal/arm64/AppServerClient.swiftmodule (in target 'AppServerClient' from project 'AppServerClient')
cd /Users/admin/builder/spi-builder-workspace
builtin-copy -exclude .DS_Store -exclude CVS -exclude .svn -exclude .git -exclude .hg -resolve-src-symlinks -rename /Users/admin/builder/spi-builder-workspace/.derivedData/Build/Intermediates.noindex/AppServerClient.build/Debug-watchos/AppServerClient.build/Objects-normal/arm64/AppServerClient.swiftmodule /Users/admin/builder/spi-builder-workspace/.derivedData/Build/Products/Debug-watchos/AppServerClient.swiftmodule/arm64-apple-watchos.swiftmodule
Copy /Users/admin/builder/spi-builder-workspace/.derivedData/Build/Products/Debug-watchos/AppServerClient.swiftmodule/arm64-apple-watchos.abi.json /Users/admin/builder/spi-builder-workspace/.derivedData/Build/Intermediates.noindex/AppServerClient.build/Debug-watchos/AppServerClient.build/Objects-normal/arm64/AppServerClient.abi.json (in target 'AppServerClient' from project 'AppServerClient')
cd /Users/admin/builder/spi-builder-workspace
builtin-copy -exclude .DS_Store -exclude CVS -exclude .svn -exclude .git -exclude .hg -resolve-src-symlinks -rename /Users/admin/builder/spi-builder-workspace/.derivedData/Build/Intermediates.noindex/AppServerClient.build/Debug-watchos/AppServerClient.build/Objects-normal/arm64/AppServerClient.abi.json /Users/admin/builder/spi-builder-workspace/.derivedData/Build/Products/Debug-watchos/AppServerClient.swiftmodule/arm64-apple-watchos.abi.json
Copy /Users/admin/builder/spi-builder-workspace/.derivedData/Build/Products/Debug-watchos/AppServerClient.swiftmodule/Project/arm64-apple-watchos.swiftsourceinfo /Users/admin/builder/spi-builder-workspace/.derivedData/Build/Intermediates.noindex/AppServerClient.build/Debug-watchos/AppServerClient.build/Objects-normal/arm64/AppServerClient.swiftsourceinfo (in target 'AppServerClient' from project 'AppServerClient')
cd /Users/admin/builder/spi-builder-workspace
builtin-copy -exclude .DS_Store -exclude CVS -exclude .svn -exclude .git -exclude .hg -resolve-src-symlinks -rename /Users/admin/builder/spi-builder-workspace/.derivedData/Build/Intermediates.noindex/AppServerClient.build/Debug-watchos/AppServerClient.build/Objects-normal/arm64/AppServerClient.swiftsourceinfo /Users/admin/builder/spi-builder-workspace/.derivedData/Build/Products/Debug-watchos/AppServerClient.swiftmodule/Project/arm64-apple-watchos.swiftsourceinfo
SwiftDriver appserver-smoke normal arm64_32 com.apple.xcode.tools.swift.compiler (in target 'appserver-smoke' from project 'AppServerClient')
cd /Users/admin/builder/spi-builder-workspace/.swiftpm/xcode
builtin-SwiftDriver -- /Applications/Xcode-26.5.0.app/Contents/Developer/Toolchains/XcodeDefault.xctoolchain/usr/bin/swiftc -module-name appserver_smoke -Onone @/Users/admin/builder/spi-builder-workspace/.derivedData/Build/Intermediates.noindex/AppServerClient.build/Debug-watchos/appserver-smoke.build/Objects-normal/arm64_32/appserver-smoke.SwiftFileList -DSWIFT_PACKAGE -DDEBUG -DXcode -plugin-path /Applications/Xcode-26.5.0.app/Contents/Developer/Toolchains/XcodeDefault.xctoolchain/usr/lib/swift/host/plugins/testing -enable-experimental-feature DebugDescriptionMacro -sdk /Applications/Xcode-26.5.0.app/Contents/Developer/Platforms/WatchOS.platform/Developer/SDKs/WatchOS26.5.sdk -target arm64_32-apple-watchos11.0 -g -module-cache-path /Users/admin/builder/spi-builder-workspace/.derivedData/ModuleCache.noindex -Xfrontend -serialize-debugging-options -profile-coverage-mapping -profile-generate -enable-testing -index-store-path /Users/admin/builder/spi-builder-workspace/.derivedData/Index.noindex/DataStore -Xcc -D_LIBCPP_HARDENING_MODE\=_LIBCPP_HARDENING_MODE_DEBUG -swift-version 6 -I /Users/admin/builder/spi-builder-workspace/.derivedData/Build/Products/Debug-watchos -Isystem /Applications/Xcode-26.5.0.app/Contents/Developer/Platforms/WatchOS.platform/Developer/usr/lib -F /Users/admin/builder/spi-builder-workspace/.derivedData/Build/Products/Debug-watchos/PackageFrameworks -F /Users/admin/builder/spi-builder-workspace/.derivedData/Build/Products/Debug-watchos/PackageFrameworks -F /Users/admin/builder/spi-builder-workspace/.derivedData/Build/Products/Debug-watchos/PackageFrameworks -F /Users/admin/builder/spi-builder-workspace/.derivedData/Build/Products/Debug-watchos -F /Applications/Xcode-26.5.0.app/Contents/Developer/Platforms/WatchOS.platform/Developer/Library/Frameworks -F /Applications/Xcode-26.5.0.app/Contents/Developer/Platforms/WatchOS.platform/Developer/SDKs/WatchOS26.5.sdk/Developer/Library/Frameworks -parse-as-library -c -j10 -enable-batch-mode -incremental -Xcc -ivfsstatcache -Xcc /Users/admin/builder/spi-builder-workspace/.derivedData/SDKStatCaches.noindex/watchos26.5-23T570-688ef53f1462e2c8f657fdc38a81448f7931b973dfc65d9472806dbbc3af9379.sdkstatcache -output-file-map /Users/admin/builder/spi-builder-workspace/.derivedData/Build/Intermediates.noindex/AppServerClient.build/Debug-watchos/appserver-smoke.build/Objects-normal/arm64_32/appserver-smoke-OutputFileMap.json -use-frontend-parseable-output -save-temps -no-color-diagnostics -explicit-module-build -module-cache-path /Users/admin/builder/spi-builder-workspace/.derivedData/Build/Intermediates.noindex/SwiftExplicitPrecompiledModules -clang-scanner-module-cache-path /Users/admin/builder/spi-builder-workspace/.derivedData/ModuleCache.noindex -sdk-module-cache-path /Users/admin/builder/spi-builder-workspace/.derivedData/ModuleCache.noindex -serialize-diagnostics -emit-dependencies -emit-module -emit-module-path /Users/admin/builder/spi-builder-workspace/.derivedData/Build/Intermediates.noindex/AppServerClient.build/Debug-watchos/appserver-smoke.build/Objects-normal/arm64_32/appserver_smoke.swiftmodule -validate-clang-modules-once -clang-build-session-file /Users/admin/builder/spi-builder-workspace/.derivedData/ModuleCache.noindex/Session.modulevalidation -package-name spi_builder_workspace -emit-const-values -Xfrontend -const-gather-protocols-file -Xfrontend /Users/admin/builder/spi-builder-workspace/.derivedData/Build/Intermediates.noindex/AppServerClient.build/Debug-watchos/appserver-smoke.build/Objects-normal/arm64_32/appserver-smoke_const_extract_protocols.json -Xcc -I/Users/admin/builder/spi-builder-workspace/.derivedData/Build/Products/Debug-watchos/include -Xcc -I/Users/admin/builder/spi-builder-workspace/.derivedData/Build/Intermediates.noindex/AppServerClient.build/Debug-watchos/appserver-smoke.build/DerivedSources-normal/arm64_32 -Xcc -I/Users/admin/builder/spi-builder-workspace/.derivedData/Build/Intermediates.noindex/AppServerClient.build/Debug-watchos/appserver-smoke.build/DerivedSources/arm64_32 -Xcc -I/Users/admin/builder/spi-builder-workspace/.derivedData/Build/Intermediates.noindex/AppServerClient.build/Debug-watchos/appserver-smoke.build/DerivedSources -Xcc -DSWIFT_PACKAGE -Xcc -DDEBUG\=1 -working-directory /Users/admin/builder/spi-builder-workspace/.swiftpm/xcode -experimental-emit-module-separately -disable-cmo
SwiftDriver appserver-smoke normal arm64 com.apple.xcode.tools.swift.compiler (in target 'appserver-smoke' from project 'AppServerClient')
cd /Users/admin/builder/spi-builder-workspace/.swiftpm/xcode
builtin-SwiftDriver -- /Applications/Xcode-26.5.0.app/Contents/Developer/Toolchains/XcodeDefault.xctoolchain/usr/bin/swiftc -module-name appserver_smoke -Onone @/Users/admin/builder/spi-builder-workspace/.derivedData/Build/Intermediates.noindex/AppServerClient.build/Debug-watchos/appserver-smoke.build/Objects-normal/arm64/appserver-smoke.SwiftFileList -DSWIFT_PACKAGE -DDEBUG -DXcode -plugin-path /Applications/Xcode-26.5.0.app/Contents/Developer/Toolchains/XcodeDefault.xctoolchain/usr/lib/swift/host/plugins/testing -enable-experimental-feature DebugDescriptionMacro -sdk /Applications/Xcode-26.5.0.app/Contents/Developer/Platforms/WatchOS.platform/Developer/SDKs/WatchOS26.5.sdk -target arm64-apple-watchos11.0 -g -module-cache-path /Users/admin/builder/spi-builder-workspace/.derivedData/ModuleCache.noindex -Xfrontend -serialize-debugging-options -profile-coverage-mapping -profile-generate -enable-testing -index-store-path /Users/admin/builder/spi-builder-workspace/.derivedData/Index.noindex/DataStore -Xcc -D_LIBCPP_HARDENING_MODE\=_LIBCPP_HARDENING_MODE_DEBUG -swift-version 6 -I /Users/admin/builder/spi-builder-workspace/.derivedData/Build/Products/Debug-watchos -Isystem /Applications/Xcode-26.5.0.app/Contents/Developer/Platforms/WatchOS.platform/Developer/usr/lib -F /Users/admin/builder/spi-builder-workspace/.derivedData/Build/Products/Debug-watchos/PackageFrameworks -F /Users/admin/builder/spi-builder-workspace/.derivedData/Build/Products/Debug-watchos/PackageFrameworks -F /Users/admin/builder/spi-builder-workspace/.derivedData/Build/Products/Debug-watchos/PackageFrameworks -F /Users/admin/builder/spi-builder-workspace/.derivedData/Build/Products/Debug-watchos -F /Applications/Xcode-26.5.0.app/Contents/Developer/Platforms/WatchOS.platform/Developer/Library/Frameworks -F /Applications/Xcode-26.5.0.app/Contents/Developer/Platforms/WatchOS.platform/Developer/SDKs/WatchOS26.5.sdk/Developer/Library/Frameworks -parse-as-library -c -j10 -enable-batch-mode -incremental -Xcc -ivfsstatcache -Xcc /Users/admin/builder/spi-builder-workspace/.derivedData/SDKStatCaches.noindex/watchos26.5-23T570-688ef53f1462e2c8f657fdc38a81448f7931b973dfc65d9472806dbbc3af9379.sdkstatcache -output-file-map /Users/admin/builder/spi-builder-workspace/.derivedData/Build/Intermediates.noindex/AppServerClient.build/Debug-watchos/appserver-smoke.build/Objects-normal/arm64/appserver-smoke-OutputFileMap.json -use-frontend-parseable-output -save-temps -no-color-diagnostics -explicit-module-build -module-cache-path /Users/admin/builder/spi-builder-workspace/.derivedData/Build/Intermediates.noindex/SwiftExplicitPrecompiledModules -clang-scanner-module-cache-path /Users/admin/builder/spi-builder-workspace/.derivedData/ModuleCache.noindex -sdk-module-cache-path /Users/admin/builder/spi-builder-workspace/.derivedData/ModuleCache.noindex -serialize-diagnostics -emit-dependencies -emit-module -emit-module-path /Users/admin/builder/spi-builder-workspace/.derivedData/Build/Intermediates.noindex/AppServerClient.build/Debug-watchos/appserver-smoke.build/Objects-normal/arm64/appserver_smoke.swiftmodule -validate-clang-modules-once -clang-build-session-file /Users/admin/builder/spi-builder-workspace/.derivedData/ModuleCache.noindex/Session.modulevalidation -package-name spi_builder_workspace -emit-const-values -Xfrontend -const-gather-protocols-file -Xfrontend /Users/admin/builder/spi-builder-workspace/.derivedData/Build/Intermediates.noindex/AppServerClient.build/Debug-watchos/appserver-smoke.build/Objects-normal/arm64/appserver-smoke_const_extract_protocols.json -Xcc -I/Users/admin/builder/spi-builder-workspace/.derivedData/Build/Products/Debug-watchos/include -Xcc -I/Users/admin/builder/spi-builder-workspace/.derivedData/Build/Intermediates.noindex/AppServerClient.build/Debug-watchos/appserver-smoke.build/DerivedSources-normal/arm64 -Xcc -I/Users/admin/builder/spi-builder-workspace/.derivedData/Build/Intermediates.noindex/AppServerClient.build/Debug-watchos/appserver-smoke.build/DerivedSources/arm64 -Xcc -I/Users/admin/builder/spi-builder-workspace/.derivedData/Build/Intermediates.noindex/AppServerClient.build/Debug-watchos/appserver-smoke.build/DerivedSources -Xcc -DSWIFT_PACKAGE -Xcc -DDEBUG\=1 -working-directory /Users/admin/builder/spi-builder-workspace/.swiftpm/xcode -experimental-emit-module-separately -disable-cmo
SwiftCompile normal arm64 Compiling\ AppServerSmokeCLI.swift /Users/admin/builder/spi-builder-workspace/Sources/AppServerSmokeCLI/AppServerSmokeCLI.swift (in target 'appserver-smoke' from project 'AppServerClient')
Failed frontend command:
/Applications/Xcode-26.5.0.app/Contents/Developer/Toolchains/XcodeDefault.xctoolchain/usr/bin/swift-frontend -frontend -c -primary-file /Users/admin/builder/spi-builder-workspace/Sources/AppServerSmokeCLI/AppServerSmokeCLI.swift -emit-dependencies-path /Users/admin/builder/spi-builder-workspace/.derivedData/Build/Intermediates.noindex/AppServerClient.build/Debug-watchos/appserver-smoke.build/Objects-normal/arm64/AppServerSmokeCLI.d -emit-const-values-path /Users/admin/builder/spi-builder-workspace/.derivedData/Build/Intermediates.noindex/AppServerClient.build/Debug-watchos/appserver-smoke.build/Objects-normal/arm64/AppServerSmokeCLI.swiftconstvalues -emit-reference-dependencies-path /Users/admin/builder/spi-builder-workspace/.derivedData/Build/Intermediates.noindex/AppServerClient.build/Debug-watchos/appserver-smoke.build/Objects-normal/arm64/AppServerSmokeCLI.swiftdeps -serialize-diagnostics-path /Users/admin/builder/spi-builder-workspace/.derivedData/Build/Intermediates.noindex/AppServerClient.build/Debug-watchos/appserver-smoke.build/Objects-normal/arm64/AppServerSmokeCLI.dia -target arm64-apple-watchos11.0 -load-resolved-plugin /Applications/Xcode-26.5.0.app/Contents/Developer/Platforms/WatchOS.platform/Developer/usr/lib/swift/host/plugins/libFoundationMacros.dylib\#/Applications/Xcode-26.5.0.app/Contents/Developer/Platforms/WatchOS.platform/Developer/usr/bin/swift-plugin-server\#FoundationMacros -load-resolved-plugin /Applications/Xcode-26.5.0.app/Contents/Developer/Platforms/WatchOS.platform/Developer/usr/lib/swift/host/plugins/libObservationMacros.dylib\#/Applications/Xcode-26.5.0.app/Contents/Developer/Platforms/WatchOS.platform/Developer/usr/bin/swift-plugin-server\#ObservationMacros -load-resolved-plugin /Applications/Xcode-26.5.0.app/Contents/Developer/Platforms/WatchOS.platform/Developer/usr/lib/swift/host/plugins/libSwiftMacros.dylib\#/Applications/Xcode-26.5.0.app/Contents/Developer/Platforms/WatchOS.platform/Developer/usr/bin/swift-plugin-server\#SwiftMacros -disable-implicit-swift-modules -Xcc -fno-implicit-modules -Xcc -fno-implicit-module-maps -explicit-swift-module-map-file /Users/admin/builder/spi-builder-workspace/.derivedData/Build/Intermediates.noindex/AppServerClient.build/Debug-watchos/appserver-smoke.build/Objects-normal/arm64/appserver_smoke-dependencies-1.json -debug-module-path /Users/admin/builder/spi-builder-workspace/.derivedData/Build/Intermediates.noindex/AppServerClient.build/Debug-watchos/appserver-smoke.build/Objects-normal/arm64/appserver_smoke.swiftmodule -Xllvm -aarch64-use-tbi -enable-objc-interop -stack-check -sdk /Applications/Xcode-26.5.0.app/Contents/Developer/Platforms/WatchOS.platform/Developer/SDKs/WatchOS26.5.sdk -I /Users/admin/builder/spi-builder-workspace/.derivedData/Build/Products/Debug-watchos -Isystem /Applications/Xcode-26.5.0.app/Contents/Developer/Platforms/WatchOS.platform/Developer/usr/lib -F /Users/admin/builder/spi-builder-workspace/.derivedData/Build/Products/Debug-watchos/PackageFrameworks -F /Users/admin/builder/spi-builder-workspace/.derivedData/Build/Products/Debug-watchos/PackageFrameworks -F /Users/admin/builder/spi-builder-workspace/.derivedData/Build/Products/Debug-watchos/PackageFrameworks -F /Users/admin/builder/spi-builder-workspace/.derivedData/Build/Products/Debug-watchos -F /Applications/Xcode-26.5.0.app/Contents/Developer/Platforms/WatchOS.platform/Developer/Library/Frameworks -F /Applications/Xcode-26.5.0.app/Contents/Developer/Platforms/WatchOS.platform/Developer/SDKs/WatchOS26.5.sdk/Developer/Library/Frameworks -no-color-diagnostics -Xcc -fno-color-diagnostics -enable-testing -g -debug-info-format\=dwarf -dwarf-version\=5 -module-cache-path /Users/admin/builder/spi-builder-workspace/.derivedData/Build/Intermediates.noindex/SwiftExplicitPrecompiledModules -profile-generate -profile-coverage-mapping -swift-version 6 -Onone -D SWIFT_PACKAGE -D DEBUG -D Xcode -serialize-debugging-options -const-gather-protocols-file /Users/admin/builder/spi-builder-workspace/.derivedData/Build/Intermediates.noindex/AppServerClient.build/Debug-watchos/appserver-smoke.build/Objects-normal/arm64/appserver-smoke_const_extract_protocols.json -enable-experimental-feature DebugDescriptionMacro -empty-abi-descriptor -validate-clang-modules-once -clang-build-session-file /Users/admin/builder/spi-builder-workspace/.derivedData/ModuleCache.noindex/Session.modulevalidation -Xcc -working-directory -Xcc /Users/admin/builder/spi-builder-workspace/.swiftpm/xcode -enable-anonymous-context-mangled-names -file-compilation-dir /Users/admin/builder/spi-builder-workspace/.swiftpm/xcode -Xcc -D_LIBCPP_HARDENING_MODE\=_LIBCPP_HARDENING_MODE_DEBUG -Xcc -ivfsstatcache -Xcc /Users/admin/builder/spi-builder-workspace/.derivedData/SDKStatCaches.noindex/watchos26.5-23T570-688ef53f1462e2c8f657fdc38a81448f7931b973dfc65d9472806dbbc3af9379.sdkstatcache -Xcc -I/Users/admin/builder/spi-builder-workspace/.derivedData/Build/Products/Debug-watchos/include -Xcc -I/Users/admin/builder/spi-builder-workspace/.derivedData/Build/Intermediates.noindex/AppServerClient.build/Debug-watchos/appserver-smoke.build/DerivedSources-normal/arm64 -Xcc -I/Users/admin/builder/spi-builder-workspace/.derivedData/Build/Intermediates.noindex/AppServerClient.build/Debug-watchos/appserver-smoke.build/DerivedSources/arm64 -Xcc -I/Users/admin/builder/spi-builder-workspace/.derivedData/Build/Intermediates.noindex/AppServerClient.build/Debug-watchos/appserver-smoke.build/DerivedSources -Xcc -DSWIFT_PACKAGE -Xcc -DDEBUG\=1 -no-auto-bridging-header-chaining -module-name appserver_smoke -package-name spi_builder_workspace -frontend-parseable-output -disable-clang-spi -clang-target arm64-apple-watchos26.5 -target-sdk-version 26.5 -target-sdk-name watchos26.5 -in-process-plugin-server-path /Applications/Xcode-26.5.0.app/Contents/Developer/Toolchains/XcodeDefault.xctoolchain/usr/lib/swift/host/libSwiftInProcPluginServer.dylib -parse-as-library -o /Users/admin/builder/spi-builder-workspace/.derivedData/Build/Intermediates.noindex/AppServerClient.build/Debug-watchos/appserver-smoke.build/Objects-normal/arm64/AppServerSmokeCLI.o -index-unit-output-path /AppServerClient.build/Debug-watchos/appserver-smoke.build/Objects-normal/arm64/AppServerSmokeCLI.o -index-store-path /Users/admin/builder/spi-builder-workspace/.derivedData/Index.noindex/DataStore -index-system-modules
SwiftCompile normal arm64 /Users/admin/builder/spi-builder-workspace/Sources/AppServerSmokeCLI/AppServerSmokeCLI.swift (in target 'appserver-smoke' from project 'AppServerClient')
cd /Users/admin/builder/spi-builder-workspace/.swiftpm/xcode
/Users/admin/builder/spi-builder-workspace/Sources/AppServerSmokeCLI/AppServerSmokeCLI.swift:10:30: error: cannot find 'StdIOAppServerConnection' in scope
let connection = try StdIOAppServerConnection.connect()
^~~~~~~~~~~~~~~~~~~~~~~~
/Users/admin/builder/spi-builder-workspace/Sources/AppServerSmokeCLI/AppServerSmokeCLI.swift:25:20: error: cannot infer contextual base in reference to member 'init'
with: .init()
~^~~~
/Users/admin/builder/spi-builder-workspace/Sources/AppServerSmokeCLI/AppServerSmokeCLI.swift:33:20: error: cannot infer contextual base in reference to member 'none'
with: .none
~^~~~
/Users/admin/builder/spi-builder-workspace/Sources/AppServerSmokeCLI/AppServerSmokeCLI.swift:42:20: error: cannot infer contextual base in reference to member 'init'
with: .init(limit: 5)
~^~~~
/Users/admin/builder/spi-builder-workspace/Sources/AppServerSmokeCLI/AppServerSmokeCLI.swift:62:20: error: cannot infer contextual base in reference to member 'init'
with: .init(itemsView: .full, limit: 3, threadId: featuredThread.id)
~^~~~
/Users/admin/builder/spi-builder-workspace/Sources/AppServerSmokeCLI/AppServerSmokeCLI.swift:62:37: error: cannot infer contextual base in reference to member 'full'
with: .init(itemsView: .full, limit: 3, threadId: featuredThread.id)
~^~~~
SwiftEmitModule normal arm64 Emitting\ module\ for\ appserver_smoke (in target 'appserver-smoke' from project 'AppServerClient')
SwiftCompile normal arm64 /Users/admin/builder/spi-builder-workspace/Sources/AppServerSmokeCLI/AppServerSmokeCLI.swift (in target 'appserver-smoke' from project 'AppServerClient')
cd /Users/admin/builder/spi-builder-workspace/.swiftpm/xcode
SwiftCompile normal arm64_32 Compiling\ AppServerSmokeCLI.swift /Users/admin/builder/spi-builder-workspace/Sources/AppServerSmokeCLI/AppServerSmokeCLI.swift (in target 'appserver-smoke' from project 'AppServerClient')
SwiftCompile normal arm64_32 /Users/admin/builder/spi-builder-workspace/Sources/AppServerSmokeCLI/AppServerSmokeCLI.swift (in target 'appserver-smoke' from project 'AppServerClient')
cd /Users/admin/builder/spi-builder-workspace/.swiftpm/xcode
/Users/admin/builder/spi-builder-workspace/Sources/AppServerSmokeCLI/AppServerSmokeCLI.swift:10:30: error: cannot find 'StdIOAppServerConnection' in scope
let connection = try StdIOAppServerConnection.connect()
^~~~~~~~~~~~~~~~~~~~~~~~
/Users/admin/builder/spi-builder-workspace/Sources/AppServerSmokeCLI/AppServerSmokeCLI.swift:25:20: error: cannot infer contextual base in reference to member 'init'
with: .init()
~^~~~
/Users/admin/builder/spi-builder-workspace/Sources/AppServerSmokeCLI/AppServerSmokeCLI.swift:33:20: error: cannot infer contextual base in reference to member 'none'
with: .none
~^~~~
/Users/admin/builder/spi-builder-workspace/Sources/AppServerSmokeCLI/AppServerSmokeCLI.swift:42:20: error: cannot infer contextual base in reference to member 'init'
with: .init(limit: 5)
~^~~~
/Users/admin/builder/spi-builder-workspace/Sources/AppServerSmokeCLI/AppServerSmokeCLI.swift:62:20: error: cannot infer contextual base in reference to member 'init'
with: .init(itemsView: .full, limit: 3, threadId: featuredThread.id)
~^~~~
/Users/admin/builder/spi-builder-workspace/Sources/AppServerSmokeCLI/AppServerSmokeCLI.swift:62:37: error: cannot infer contextual base in reference to member 'full'
with: .init(itemsView: .full, limit: 3, threadId: featuredThread.id)
~^~~~
SwiftEmitModule normal arm64_32 Emitting\ module\ for\ appserver_smoke (in target 'appserver-smoke' from project 'AppServerClient')
SwiftCompile normal arm64_32 /Users/admin/builder/spi-builder-workspace/Sources/AppServerSmokeCLI/AppServerSmokeCLI.swift (in target 'appserver-smoke' from project 'AppServerClient')
cd /Users/admin/builder/spi-builder-workspace/.swiftpm/xcode
SwiftDriverJobDiscovery normal arm64 Emitting module for appserver_smoke (in target 'appserver-smoke' from project 'AppServerClient')
SwiftDriver\ Compilation\ Requirements appserver-smoke normal arm64 com.apple.xcode.tools.swift.compiler (in target 'appserver-smoke' from project 'AppServerClient')
cd /Users/admin/builder/spi-builder-workspace/.swiftpm/xcode
builtin-Swift-Compilation-Requirements -- /Applications/Xcode-26.5.0.app/Contents/Developer/Toolchains/XcodeDefault.xctoolchain/usr/bin/swiftc -module-name appserver_smoke -Onone @/Users/admin/builder/spi-builder-workspace/.derivedData/Build/Intermediates.noindex/AppServerClient.build/Debug-watchos/appserver-smoke.build/Objects-normal/arm64/appserver-smoke.SwiftFileList -DSWIFT_PACKAGE -DDEBUG -DXcode -plugin-path /Applications/Xcode-26.5.0.app/Contents/Developer/Toolchains/XcodeDefault.xctoolchain/usr/lib/swift/host/plugins/testing -enable-experimental-feature DebugDescriptionMacro -sdk /Applications/Xcode-26.5.0.app/Contents/Developer/Platforms/WatchOS.platform/Developer/SDKs/WatchOS26.5.sdk -target arm64-apple-watchos11.0 -g -module-cache-path /Users/admin/builder/spi-builder-workspace/.derivedData/ModuleCache.noindex -Xfrontend -serialize-debugging-options -profile-coverage-mapping -profile-generate -enable-testing -index-store-path /Users/admin/builder/spi-builder-workspace/.derivedData/Index.noindex/DataStore -Xcc -D_LIBCPP_HARDENING_MODE\=_LIBCPP_HARDENING_MODE_DEBUG -swift-version 6 -I /Users/admin/builder/spi-builder-workspace/.derivedData/Build/Products/Debug-watchos -Isystem /Applications/Xcode-26.5.0.app/Contents/Developer/Platforms/WatchOS.platform/Developer/usr/lib -F /Users/admin/builder/spi-builder-workspace/.derivedData/Build/Products/Debug-watchos/PackageFrameworks -F /Users/admin/builder/spi-builder-workspace/.derivedData/Build/Products/Debug-watchos/PackageFrameworks -F /Users/admin/builder/spi-builder-workspace/.derivedData/Build/Products/Debug-watchos/PackageFrameworks -F /Users/admin/builder/spi-builder-workspace/.derivedData/Build/Products/Debug-watchos -F /Applications/Xcode-26.5.0.app/Contents/Developer/Platforms/WatchOS.platform/Developer/Library/Frameworks -F /Applications/Xcode-26.5.0.app/Contents/Developer/Platforms/WatchOS.platform/Developer/SDKs/WatchOS26.5.sdk/Developer/Library/Frameworks -parse-as-library -c -j10 -enable-batch-mode -incremental -Xcc -ivfsstatcache -Xcc /Users/admin/builder/spi-builder-workspace/.derivedData/SDKStatCaches.noindex/watchos26.5-23T570-688ef53f1462e2c8f657fdc38a81448f7931b973dfc65d9472806dbbc3af9379.sdkstatcache -output-file-map /Users/admin/builder/spi-builder-workspace/.derivedData/Build/Intermediates.noindex/AppServerClient.build/Debug-watchos/appserver-smoke.build/Objects-normal/arm64/appserver-smoke-OutputFileMap.json -use-frontend-parseable-output -save-temps -no-color-diagnostics -explicit-module-build -module-cache-path /Users/admin/builder/spi-builder-workspace/.derivedData/Build/Intermediates.noindex/SwiftExplicitPrecompiledModules -clang-scanner-module-cache-path /Users/admin/builder/spi-builder-workspace/.derivedData/ModuleCache.noindex -sdk-module-cache-path /Users/admin/builder/spi-builder-workspace/.derivedData/ModuleCache.noindex -serialize-diagnostics -emit-dependencies -emit-module -emit-module-path /Users/admin/builder/spi-builder-workspace/.derivedData/Build/Intermediates.noindex/AppServerClient.build/Debug-watchos/appserver-smoke.build/Objects-normal/arm64/appserver_smoke.swiftmodule -validate-clang-modules-once -clang-build-session-file /Users/admin/builder/spi-builder-workspace/.derivedData/ModuleCache.noindex/Session.modulevalidation -package-name spi_builder_workspace -emit-const-values -Xfrontend -const-gather-protocols-file -Xfrontend /Users/admin/builder/spi-builder-workspace/.derivedData/Build/Intermediates.noindex/AppServerClient.build/Debug-watchos/appserver-smoke.build/Objects-normal/arm64/appserver-smoke_const_extract_protocols.json -Xcc -I/Users/admin/builder/spi-builder-workspace/.derivedData/Build/Products/Debug-watchos/include -Xcc -I/Users/admin/builder/spi-builder-workspace/.derivedData/Build/Intermediates.noindex/AppServerClient.build/Debug-watchos/appserver-smoke.build/DerivedSources-normal/arm64 -Xcc -I/Users/admin/builder/spi-builder-workspace/.derivedData/Build/Intermediates.noindex/AppServerClient.build/Debug-watchos/appserver-smoke.build/DerivedSources/arm64 -Xcc -I/Users/admin/builder/spi-builder-workspace/.derivedData/Build/Intermediates.noindex/AppServerClient.build/Debug-watchos/appserver-smoke.build/DerivedSources -Xcc -DSWIFT_PACKAGE -Xcc -DDEBUG\=1 -working-directory /Users/admin/builder/spi-builder-workspace/.swiftpm/xcode -experimental-emit-module-separately -disable-cmo
Copy /Users/admin/builder/spi-builder-workspace/.derivedData/Build/Products/Debug-watchos/appserver_smoke.swiftmodule/arm64-apple-watchos.abi.json /Users/admin/builder/spi-builder-workspace/.derivedData/Build/Intermediates.noindex/AppServerClient.build/Debug-watchos/appserver-smoke.build/Objects-normal/arm64/appserver_smoke.abi.json (in target 'appserver-smoke' from project 'AppServerClient')
cd /Users/admin/builder/spi-builder-workspace
builtin-copy -exclude .DS_Store -exclude CVS -exclude .svn -exclude .git -exclude .hg -resolve-src-symlinks -rename /Users/admin/builder/spi-builder-workspace/.derivedData/Build/Intermediates.noindex/AppServerClient.build/Debug-watchos/appserver-smoke.build/Objects-normal/arm64/appserver_smoke.abi.json /Users/admin/builder/spi-builder-workspace/.derivedData/Build/Products/Debug-watchos/appserver_smoke.swiftmodule/arm64-apple-watchos.abi.json
Copy /Users/admin/builder/spi-builder-workspace/.derivedData/Build/Products/Debug-watchos/appserver_smoke.swiftmodule/arm64-apple-watchos.swiftdoc /Users/admin/builder/spi-builder-workspace/.derivedData/Build/Intermediates.noindex/AppServerClient.build/Debug-watchos/appserver-smoke.build/Objects-normal/arm64/appserver_smoke.swiftdoc (in target 'appserver-smoke' from project 'AppServerClient')
cd /Users/admin/builder/spi-builder-workspace
builtin-copy -exclude .DS_Store -exclude CVS -exclude .svn -exclude .git -exclude .hg -resolve-src-symlinks -rename /Users/admin/builder/spi-builder-workspace/.derivedData/Build/Intermediates.noindex/AppServerClient.build/Debug-watchos/appserver-smoke.build/Objects-normal/arm64/appserver_smoke.swiftdoc /Users/admin/builder/spi-builder-workspace/.derivedData/Build/Products/Debug-watchos/appserver_smoke.swiftmodule/arm64-apple-watchos.swiftdoc
Copy /Users/admin/builder/spi-builder-workspace/.derivedData/Build/Products/Debug-watchos/appserver_smoke.swiftmodule/arm64-apple-watchos.swiftmodule /Users/admin/builder/spi-builder-workspace/.derivedData/Build/Intermediates.noindex/AppServerClient.build/Debug-watchos/appserver-smoke.build/Objects-normal/arm64/appserver_smoke.swiftmodule (in target 'appserver-smoke' from project 'AppServerClient')
cd /Users/admin/builder/spi-builder-workspace
builtin-copy -exclude .DS_Store -exclude CVS -exclude .svn -exclude .git -exclude .hg -resolve-src-symlinks -rename /Users/admin/builder/spi-builder-workspace/.derivedData/Build/Intermediates.noindex/AppServerClient.build/Debug-watchos/appserver-smoke.build/Objects-normal/arm64/appserver_smoke.swiftmodule /Users/admin/builder/spi-builder-workspace/.derivedData/Build/Products/Debug-watchos/appserver_smoke.swiftmodule/arm64-apple-watchos.swiftmodule
Copy /Users/admin/builder/spi-builder-workspace/.derivedData/Build/Products/Debug-watchos/appserver_smoke.swiftmodule/Project/arm64-apple-watchos.swiftsourceinfo /Users/admin/builder/spi-builder-workspace/.derivedData/Build/Intermediates.noindex/AppServerClient.build/Debug-watchos/appserver-smoke.build/Objects-normal/arm64/appserver_smoke.swiftsourceinfo (in target 'appserver-smoke' from project 'AppServerClient')
cd /Users/admin/builder/spi-builder-workspace
builtin-copy -exclude .DS_Store -exclude CVS -exclude .svn -exclude .git -exclude .hg -resolve-src-symlinks -rename /Users/admin/builder/spi-builder-workspace/.derivedData/Build/Intermediates.noindex/AppServerClient.build/Debug-watchos/appserver-smoke.build/Objects-normal/arm64/appserver_smoke.swiftsourceinfo /Users/admin/builder/spi-builder-workspace/.derivedData/Build/Products/Debug-watchos/appserver_smoke.swiftmodule/Project/arm64-apple-watchos.swiftsourceinfo
SwiftDriverJobDiscovery normal arm64_32 Emitting module for appserver_smoke (in target 'appserver-smoke' from project 'AppServerClient')
SwiftDriver\ Compilation\ Requirements appserver-smoke normal arm64_32 com.apple.xcode.tools.swift.compiler (in target 'appserver-smoke' from project 'AppServerClient')
cd /Users/admin/builder/spi-builder-workspace/.swiftpm/xcode
builtin-Swift-Compilation-Requirements -- /Applications/Xcode-26.5.0.app/Contents/Developer/Toolchains/XcodeDefault.xctoolchain/usr/bin/swiftc -module-name appserver_smoke -Onone @/Users/admin/builder/spi-builder-workspace/.derivedData/Build/Intermediates.noindex/AppServerClient.build/Debug-watchos/appserver-smoke.build/Objects-normal/arm64_32/appserver-smoke.SwiftFileList -DSWIFT_PACKAGE -DDEBUG -DXcode -plugin-path /Applications/Xcode-26.5.0.app/Contents/Developer/Toolchains/XcodeDefault.xctoolchain/usr/lib/swift/host/plugins/testing -enable-experimental-feature DebugDescriptionMacro -sdk /Applications/Xcode-26.5.0.app/Contents/Developer/Platforms/WatchOS.platform/Developer/SDKs/WatchOS26.5.sdk -target arm64_32-apple-watchos11.0 -g -module-cache-path /Users/admin/builder/spi-builder-workspace/.derivedData/ModuleCache.noindex -Xfrontend -serialize-debugging-options -profile-coverage-mapping -profile-generate -enable-testing -index-store-path /Users/admin/builder/spi-builder-workspace/.derivedData/Index.noindex/DataStore -Xcc -D_LIBCPP_HARDENING_MODE\=_LIBCPP_HARDENING_MODE_DEBUG -swift-version 6 -I /Users/admin/builder/spi-builder-workspace/.derivedData/Build/Products/Debug-watchos -Isystem /Applications/Xcode-26.5.0.app/Contents/Developer/Platforms/WatchOS.platform/Developer/usr/lib -F /Users/admin/builder/spi-builder-workspace/.derivedData/Build/Products/Debug-watchos/PackageFrameworks -F /Users/admin/builder/spi-builder-workspace/.derivedData/Build/Products/Debug-watchos/PackageFrameworks -F /Users/admin/builder/spi-builder-workspace/.derivedData/Build/Products/Debug-watchos/PackageFrameworks -F /Users/admin/builder/spi-builder-workspace/.derivedData/Build/Products/Debug-watchos -F /Applications/Xcode-26.5.0.app/Contents/Developer/Platforms/WatchOS.platform/Developer/Library/Frameworks -F /Applications/Xcode-26.5.0.app/Contents/Developer/Platforms/WatchOS.platform/Developer/SDKs/WatchOS26.5.sdk/Developer/Library/Frameworks -parse-as-library -c -j10 -enable-batch-mode -incremental -Xcc -ivfsstatcache -Xcc /Users/admin/builder/spi-builder-workspace/.derivedData/SDKStatCaches.noindex/watchos26.5-23T570-688ef53f1462e2c8f657fdc38a81448f7931b973dfc65d9472806dbbc3af9379.sdkstatcache -output-file-map /Users/admin/builder/spi-builder-workspace/.derivedData/Build/Intermediates.noindex/AppServerClient.build/Debug-watchos/appserver-smoke.build/Objects-normal/arm64_32/appserver-smoke-OutputFileMap.json -use-frontend-parseable-output -save-temps -no-color-diagnostics -explicit-module-build -module-cache-path /Users/admin/builder/spi-builder-workspace/.derivedData/Build/Intermediates.noindex/SwiftExplicitPrecompiledModules -clang-scanner-module-cache-path /Users/admin/builder/spi-builder-workspace/.derivedData/ModuleCache.noindex -sdk-module-cache-path /Users/admin/builder/spi-builder-workspace/.derivedData/ModuleCache.noindex -serialize-diagnostics -emit-dependencies -emit-module -emit-module-path /Users/admin/builder/spi-builder-workspace/.derivedData/Build/Intermediates.noindex/AppServerClient.build/Debug-watchos/appserver-smoke.build/Objects-normal/arm64_32/appserver_smoke.swiftmodule -validate-clang-modules-once -clang-build-session-file /Users/admin/builder/spi-builder-workspace/.derivedData/ModuleCache.noindex/Session.modulevalidation -package-name spi_builder_workspace -emit-const-values -Xfrontend -const-gather-protocols-file -Xfrontend /Users/admin/builder/spi-builder-workspace/.derivedData/Build/Intermediates.noindex/AppServerClient.build/Debug-watchos/appserver-smoke.build/Objects-normal/arm64_32/appserver-smoke_const_extract_protocols.json -Xcc -I/Users/admin/builder/spi-builder-workspace/.derivedData/Build/Products/Debug-watchos/include -Xcc -I/Users/admin/builder/spi-builder-workspace/.derivedData/Build/Intermediates.noindex/AppServerClient.build/Debug-watchos/appserver-smoke.build/DerivedSources-normal/arm64_32 -Xcc -I/Users/admin/builder/spi-builder-workspace/.derivedData/Build/Intermediates.noindex/AppServerClient.build/Debug-watchos/appserver-smoke.build/DerivedSources/arm64_32 -Xcc -I/Users/admin/builder/spi-builder-workspace/.derivedData/Build/Intermediates.noindex/AppServerClient.build/Debug-watchos/appserver-smoke.build/DerivedSources -Xcc -DSWIFT_PACKAGE -Xcc -DDEBUG\=1 -working-directory /Users/admin/builder/spi-builder-workspace/.swiftpm/xcode -experimental-emit-module-separately -disable-cmo
Copy /Users/admin/builder/spi-builder-workspace/.derivedData/Build/Products/Debug-watchos/appserver_smoke.swiftmodule/arm64_32-apple-watchos.swiftdoc /Users/admin/builder/spi-builder-workspace/.derivedData/Build/Intermediates.noindex/AppServerClient.build/Debug-watchos/appserver-smoke.build/Objects-normal/arm64_32/appserver_smoke.swiftdoc (in target 'appserver-smoke' from project 'AppServerClient')
cd /Users/admin/builder/spi-builder-workspace
builtin-copy -exclude .DS_Store -exclude CVS -exclude .svn -exclude .git -exclude .hg -resolve-src-symlinks -rename /Users/admin/builder/spi-builder-workspace/.derivedData/Build/Intermediates.noindex/AppServerClient.build/Debug-watchos/appserver-smoke.build/Objects-normal/arm64_32/appserver_smoke.swiftdoc /Users/admin/builder/spi-builder-workspace/.derivedData/Build/Products/Debug-watchos/appserver_smoke.swiftmodule/arm64_32-apple-watchos.swiftdoc
Copy /Users/admin/builder/spi-builder-workspace/.derivedData/Build/Products/Debug-watchos/appserver_smoke.swiftmodule/arm64_32-apple-watchos.swiftmodule /Users/admin/builder/spi-builder-workspace/.derivedData/Build/Intermediates.noindex/AppServerClient.build/Debug-watchos/appserver-smoke.build/Objects-normal/arm64_32/appserver_smoke.swiftmodule (in target 'appserver-smoke' from project 'AppServerClient')
cd /Users/admin/builder/spi-builder-workspace
builtin-copy -exclude .DS_Store -exclude CVS -exclude .svn -exclude .git -exclude .hg -resolve-src-symlinks -rename /Users/admin/builder/spi-builder-workspace/.derivedData/Build/Intermediates.noindex/AppServerClient.build/Debug-watchos/appserver-smoke.build/Objects-normal/arm64_32/appserver_smoke.swiftmodule /Users/admin/builder/spi-builder-workspace/.derivedData/Build/Products/Debug-watchos/appserver_smoke.swiftmodule/arm64_32-apple-watchos.swiftmodule
Copy /Users/admin/builder/spi-builder-workspace/.derivedData/Build/Products/Debug-watchos/appserver_smoke.swiftmodule/arm64_32-apple-watchos.abi.json /Users/admin/builder/spi-builder-workspace/.derivedData/Build/Intermediates.noindex/AppServerClient.build/Debug-watchos/appserver-smoke.build/Objects-normal/arm64_32/appserver_smoke.abi.json (in target 'appserver-smoke' from project 'AppServerClient')
cd /Users/admin/builder/spi-builder-workspace
builtin-copy -exclude .DS_Store -exclude CVS -exclude .svn -exclude .git -exclude .hg -resolve-src-symlinks -rename /Users/admin/builder/spi-builder-workspace/.derivedData/Build/Intermediates.noindex/AppServerClient.build/Debug-watchos/appserver-smoke.build/Objects-normal/arm64_32/appserver_smoke.abi.json /Users/admin/builder/spi-builder-workspace/.derivedData/Build/Products/Debug-watchos/appserver_smoke.swiftmodule/arm64_32-apple-watchos.abi.json
Copy /Users/admin/builder/spi-builder-workspace/.derivedData/Build/Products/Debug-watchos/appserver_smoke.swiftmodule/Project/arm64_32-apple-watchos.swiftsourceinfo /Users/admin/builder/spi-builder-workspace/.derivedData/Build/Intermediates.noindex/AppServerClient.build/Debug-watchos/appserver-smoke.build/Objects-normal/arm64_32/appserver_smoke.swiftsourceinfo (in target 'appserver-smoke' from project 'AppServerClient')
cd /Users/admin/builder/spi-builder-workspace
builtin-copy -exclude .DS_Store -exclude CVS -exclude .svn -exclude .git -exclude .hg -resolve-src-symlinks -rename /Users/admin/builder/spi-builder-workspace/.derivedData/Build/Intermediates.noindex/AppServerClient.build/Debug-watchos/appserver-smoke.build/Objects-normal/arm64_32/appserver_smoke.swiftsourceinfo /Users/admin/builder/spi-builder-workspace/.derivedData/Build/Products/Debug-watchos/appserver_smoke.swiftmodule/Project/arm64_32-apple-watchos.swiftsourceinfo
2026-10-19 02:22:29.639 xcodebuild[1078:6164] [MT] IDERunDestination: Supported platforms for the buildables in the current scheme is empty.
** BUILD FAILED **
The following build commands failed:
SwiftCompile normal arm64 Compiling\ AppServerSmokeCLI.swift /Users/admin/builder/spi-builder-workspace/Sources/AppServerSmokeCLI/AppServerSmokeCLI.swift (in target 'appserver-smoke' from project 'AppServerClient')
SwiftCompile normal arm64 /Users/admin/builder/spi-builder-workspace/Sources/AppServerSmokeCLI/AppServerSmokeCLI.swift (in target 'appserver-smoke' from project 'AppServerClient')
SwiftCompile normal arm64_32 /Users/admin/builder/spi-builder-workspace/Sources/AppServerSmokeCLI/AppServerSmokeCLI.swift (in target 'appserver-smoke' from project 'AppServerClient')
Building workspace spi-builder-workspace with scheme AppServerClient-Package
(4 failures)
Command line invocation:
/Applications/Xcode-26.5.0.app/Contents/Developer/usr/bin/xcodebuild -IDEClonedSourcePackagesDirPathOverride=/Users/admin/builder/spi-builder-workspace/.dependencies -resolvePackageDependencies
Resolve Package Graph
Resolved source packages:
swift-openapi-runtime: https://github.com/apple/swift-openapi-runtime @ 1.13.1
OpenAPIKit: https://github.com/mattpolzin/OpenAPIKit @ 6.4.0
swift-http-types: https://github.com/apple/swift-http-types @ 1.8.0
swift-argument-parser: https://github.com/apple/swift-argument-parser @ 1.8.2
swift-numerics: https://github.com/apple/swift-numerics.git @ 1.1.1
swift-openapi-generator: https://github.com/apple/swift-openapi-generator @ 1.14.1
Yams: https://github.com/jpsim/Yams @ 6.2.2
swift-algorithms: https://github.com/apple/swift-algorithms @ 1.2.1
AppServerClient: /Users/admin/builder/spi-builder-workspace
resolved source packages: swift-openapi-runtime, OpenAPIKit, swift-http-types, swift-argument-parser, swift-numerics, swift-openapi-generator, Yams, swift-algorithms, AppServerClient
2026-10-19 02:23:22.149 xcodebuild[1908:10981] [MT] IDERunDestination: Supported platforms for the buildables in the current scheme is empty.
{
"dependencies" : [
{
"identity" : "swift-openapi-generator",
"requirement" : {
"range" : [
{
"lower_bound" : "1.12.2",
"upper_bound" : "2.0.0"
}
]
},
"type" : "sourceControl",
"url" : "https://github.com/apple/swift-openapi-generator"
},
{
"identity" : "swift-openapi-runtime",
"requirement" : {
"range" : [
{
"lower_bound" : "1.12.0",
"upper_bound" : "2.0.0"
}
]
},
"type" : "sourceControl",
"url" : "https://github.com/apple/swift-openapi-runtime"
}
],
"manifest_display_name" : "AppServerClient",
"name" : "AppServerClient",
"path" : "/Users/admin/builder/spi-builder-workspace",
"platforms" : [
{
"name" : "macos",
"version" : "10.15"
},
{
"name" : "ios",
"version" : "18.0"
}
],
"products" : [
{
"name" : "AppServerClient",
"targets" : [
"AppServerClient"
],
"type" : {
"library" : [
"automatic"
]
}
},
{
"name" : "appserver-smoke",
"targets" : [
"AppServerSmokeCLI"
],
"type" : {
"executable" : null
}
}
],
"targets" : [
{
"c99name" : "AppServerSmokeCLI",
"module_type" : "SwiftTarget",
"name" : "AppServerSmokeCLI",
"path" : "Sources/AppServerSmokeCLI",
"product_memberships" : [
"appserver-smoke"
],
"sources" : [
"AppServerSmokeCLI.swift"
],
"target_dependencies" : [
"AppServerClient"
],
"type" : "executable"
},
{
"c99name" : "AppServerClientTests",
"module_type" : "SwiftTarget",
"name" : "AppServerClientTests",
"path" : "Tests/AppServerClientTests",
"sources" : [
"AppServerClientTests.swift",
"ErrorInfoCompatibilityTests.swift",
"LegacyCompatibilityTests.swift"
],
"target_dependencies" : [
"AppServerClient"
],
"type" : "test"
},
{
"c99name" : "AppServerClient",
"module_type" : "SwiftTarget",
"name" : "AppServerClient",
"path" : "Sources/AppServerClient",
"product_dependencies" : [
"OpenAPIRuntime",
"OpenAPIGenerator"
],
"product_memberships" : [
"AppServerClient",
"appserver-smoke"
],
"sources" : [
"AppServerClient.swift",
"AppServerConnection/AppServerConnection.swift",
"AppServerConnection/StdIOAppServerConnection.swift",
"FileUpload/AppServerFileUpload.swift",
"FileUpload/AppServerTurnInputBuilder.swift",
"Models/DataModel.swift",
"Models/DataModelMapping.swift",
"Models/TypeOverrides/AnyOfValueError.swift",
"Models/TypeOverrides/CodexErrorInfo.swift",
"Models/TypeOverrides/ForcedChatgptWorkspaceIds.swift",
"Models/TypeOverrides/FunctionCallOutputBody.swift",
"Models/TypeOverrides/McpElicitationSchemas.swift",
"Models/TypeOverrides/MultiAgentMode.swift",
"Models/TypeOverrides/RequestId.swift",
"Models/TypeOverrides/ResourceContent.swift",
"Models/TypeOverrides/ThreadListCwdFilter.swift"
],
"type" : "library"
}
],
"tools_version" : "6.2"
}
{
"workspace" : {
"name" : "spi-builder-workspace",
"schemes" : [
"appserver-smoke",
"AppServerClient",
"AppServerClient-Package"
]
}
}
2026-10-19 02:23:25.908 xcodebuild[1960:11246] [MT] IDERunDestination: Supported platforms for the buildables in the current scheme is empty.
Running build ...
env DEVELOPER_DIR=/Applications/Xcode-26.5.0.app xcrun xcodebuild -IDEClonedSourcePackagesDirPathOverride=$PWD/.dependencies -skipMacroValidation -skipPackagePluginValidation -derivedDataPath $PWD/.derivedData build -scheme AppServerClient-Package -destination generic/platform=watchOS
Command line invocation:
/Applications/Xcode-26.5.0.app/Contents/Developer/usr/bin/xcodebuild -IDEClonedSourcePackagesDirPathOverride=/Users/admin/builder/spi-builder-workspace/.dependencies -skipMacroValidation -skipPackagePluginValidation -derivedDataPath /Users/admin/builder/spi-builder-workspace/.derivedData build -scheme AppServerClient-Package -destination generic/platform=watchOS
Resolve Package Graph
Resolved source packages:
OpenAPIKit: https://github.com/mattpolzin/OpenAPIKit @ 6.4.0
swift-argument-parser: https://github.com/apple/swift-argument-parser @ 1.8.2
swift-openapi-generator: https://github.com/apple/swift-openapi-generator @ 1.14.1
swift-openapi-runtime: https://github.com/apple/swift-openapi-runtime @ 1.13.1
AppServerClient: /Users/admin/builder/spi-builder-workspace
swift-numerics: https://github.com/apple/swift-numerics.git @ 1.1.1
swift-algorithms: https://github.com/apple/swift-algorithms @ 1.2.1
Yams: https://github.com/jpsim/Yams @ 6.2.2
swift-http-types: https://github.com/apple/swift-http-types @ 1.8.0
ComputePackagePrebuildTargetDependencyGraph
Prepare packages
Compile plug-in “OpenAPIGenerator” in package “swift-openapi-generator”
[debug]: Compiling plugin to executable at /Users/admin/builder/spi-builder-workspace/.derivedData/Build/Products/PluginExecutables/OpenAPIGenerator
[debug]: Using compiler /Applications/Xcode-26.5.0.app/Contents/Developer/Toolchains/XcodeDefault.xctoolchain/usr/bin/swiftc
[debug]: Plugin compilation output directory '/Users/admin/builder/spi-builder-workspace/.derivedData/Build/Products/PluginExecutables'
[debug]: Computed hash of plugin compilation inputs: cec35e6700b90594435218771be66412690d4ad5f86f92becae28980ab3faaa7
Apply build tool plug-in “OpenAPIGenerator” to target “AppServerClient” in package “spi-builder-workspace”
Process build tool plug-in results
package: <IDESwiftPackageCore.IDESwiftPackage:0x730338f00 path:'/Users/admin/builder/spi-builder-workspace'>
target: AppServerClient
prebuildCommandOutputPaths: []
buildCommands: [SwiftPM.SPMCustomBuildCommand(displayName: Optional("Running swift-openapi-generator"), executable: "/${BUILD_DIR}/${CONFIGURATION}/swift-openapi-generator", arguments: ["generate", "/Users/admin/builder/spi-builder-workspace/Sources/AppServerClient/openapi.json", "--config", "/Users/admin/builder/spi-builder-workspace/Sources/AppServerClient/openapi-generator-config.yaml", "--output-directory", "/Users/admin/builder/spi-builder-workspace/.derivedData/Build/Intermediates.noindex/BuildToolPluginIntermediates/spi-builder-workspace.output/AppServerClient/OpenAPIGenerator/GeneratedSources", "--plugin-source", "build"], environment: [:], workingDir: nil, inputPaths: [SwiftPM.SPMAbsolutePath(absolutePath: <AbsolutePath:"/Users/admin/builder/spi-builder-workspace/Sources/AppServerClient/openapi-generator-config.yaml">), SwiftPM.SPMAbsolutePath(absolutePath: <AbsolutePath:"/Users/admin/builder/spi-builder-workspace/Sources/AppServerClient/openapi.json">)], pluginOutputDir: SwiftPM.SPMAbsolutePath(absolutePath: <AbsolutePath:"/Users/admin/builder/spi-builder-workspace/.derivedData/Build/Intermediates.noindex/BuildToolPluginIntermediates/spi-builder-workspace.output/AppServerClient/OpenAPIGenerator">), outputPaths: ["/Users/admin/builder/spi-builder-workspace/.derivedData/Build/Intermediates.noindex/BuildToolPluginIntermediates/spi-builder-workspace.output/AppServerClient/OpenAPIGenerator/GeneratedSources/Types.swift", "/Users/admin/builder/spi-builder-workspace/.derivedData/Build/Intermediates.noindex/BuildToolPluginIntermediates/spi-builder-workspace.output/AppServerClient/OpenAPIGenerator/GeneratedSources/Types+Components.swift", "/Users/admin/builder/spi-builder-workspace/.derivedData/Build/Intermediates.noindex/BuildToolPluginIntermediates/spi-builder-workspace.output/AppServerClient/OpenAPIGenerator/GeneratedSources/Types+Operations.swift", "/Users/admin/builder/spi-builder-workspace/.derivedData/Build/Intermediates.noindex/BuildToolPluginIntermediates/spi-builder-workspace.output/AppServerClient/OpenAPIGenerator/GeneratedSources/Types+Components+Schemas.swift", "/Users/admin/builder/spi-builder-workspace/.derivedData/Build/Intermediates.noindex/BuildToolPluginIntermediates/spi-builder-workspace.output/AppServerClient/OpenAPIGenerator/GeneratedSources/Types+Components+Parameters.swift", "/Users/admin/builder/spi-builder-workspace/.derivedData/Build/Intermediates.noindex/BuildToolPluginIntermediates/spi-builder-workspace.output/AppServerClient/OpenAPIGenerator/GeneratedSources/Types+Components+RequestBodies.swift", "/Users/admin/builder/spi-builder-workspace/.derivedData/Build/Intermediates.noindex/BuildToolPluginIntermediates/spi-builder-workspace.output/AppServerClient/OpenAPIGenerator/GeneratedSources/Types+Components+Responses.swift", "/Users/admin/builder/spi-builder-workspace/.derivedData/Build/Intermediates.noindex/BuildToolPluginIntermediates/spi-builder-workspace.output/AppServerClient/OpenAPIGenerator/GeneratedSources/Types+Components+Headers.swift", "/Users/admin/builder/spi-builder-workspace/.derivedData/Build/Intermediates.noindex/BuildToolPluginIntermediates/spi-builder-workspace.output/AppServerClient/OpenAPIGenerator/GeneratedSources/Client.swift", "/Users/admin/builder/spi-builder-workspace/.derivedData/Build/Intermediates.noindex/BuildToolPluginIntermediates/spi-builder-workspace.output/AppServerClient/OpenAPIGenerator/GeneratedSources/Server.swift"], sandboxProfile: Optional(SwiftPM.SPMSandboxProfile(strictness: Basics.Sandbox.Strictness.writableTemporaryDirectory, writableDirectories: [<AbsolutePath:"/Users/admin/builder/spi-builder-workspace/.derivedData/Build/Intermediates.noindex/BuildToolPluginIntermediates/spi-builder-workspace.output/AppServerClient/OpenAPIGenerator">], readOnlyDirectories: [<AbsolutePath:"/Users/admin/builder/spi-builder-workspace">])))]
allDerivedOutputPaths: [SwiftPM.SPMAbsolutePath(absolutePath: <AbsolutePath:"/Users/admin/builder/spi-builder-workspace/.derivedData/Build/Intermediates.noindex/BuildToolPluginIntermediates/spi-builder-workspace.output/AppServerClient/OpenAPIGenerator/GeneratedSources/Types.swift">), SwiftPM.SPMAbsolutePath(absolutePath: <AbsolutePath:"/Users/admin/builder/spi-builder-workspace/.derivedData/Build/Intermediates.noindex/BuildToolPluginIntermediates/spi-builder-workspace.output/AppServerClient/OpenAPIGenerator/GeneratedSources/Types+Components.swift">), SwiftPM.SPMAbsolutePath(absolutePath: <AbsolutePath:"/Users/admin/builder/spi-builder-workspace/.derivedData/Build/Intermediates.noindex/BuildToolPluginIntermediates/spi-builder-workspace.output/AppServerClient/OpenAPIGenerator/GeneratedSources/Types+Operations.swift">), SwiftPM.SPMAbsolutePath(absolutePath: <AbsolutePath:"/Users/admin/builder/spi-builder-workspace/.derivedData/Build/Intermediates.noindex/BuildToolPluginIntermediates/spi-builder-workspace.output/AppServerClient/OpenAPIGenerator/GeneratedSources/Types+Components+Schemas.swift">), SwiftPM.SPMAbsolutePath(absolutePath: <AbsolutePath:"/Users/admin/builder/spi-builder-workspace/.derivedData/Build/Intermediates.noindex/BuildToolPluginIntermediates/spi-builder-workspace.output/AppServerClient/OpenAPIGenerator/GeneratedSources/Types+Components+Parameters.swift">), SwiftPM.SPMAbsolutePath(absolutePath: <AbsolutePath:"/Users/admin/builder/spi-builder-workspace/.derivedData/Build/Intermediates.noindex/BuildToolPluginIntermediates/spi-builder-workspace.output/AppServerClient/OpenAPIGenerator/GeneratedSources/Types+Components+RequestBodies.swift">), SwiftPM.SPMAbsolutePath(absolutePath: <AbsolutePath:"/Users/admin/builder/spi-builder-workspace/.derivedData/Build/Intermediates.noindex/BuildToolPluginIntermediates/spi-builder-workspace.output/AppServerClient/OpenAPIGenerator/GeneratedSources/Types+Components+Responses.swift">), SwiftPM.SPMAbsolutePath(absolutePath: <AbsolutePath:"/Users/admin/builder/spi-builder-workspace/.derivedData/Build/Intermediates.noindex/BuildToolPluginIntermediates/spi-builder-workspace.output/AppServerClient/OpenAPIGenerator/GeneratedSources/Types+Components+Headers.swift">), SwiftPM.SPMAbsolutePath(absolutePath: <AbsolutePath:"/Users/admin/builder/spi-builder-workspace/.derivedData/Build/Intermediates.noindex/BuildToolPluginIntermediates/spi-builder-workspace.output/AppServerClient/OpenAPIGenerator/GeneratedSources/Client.swift">), SwiftPM.SPMAbsolutePath(absolutePath: <AbsolutePath:"/Users/admin/builder/spi-builder-workspace/.derivedData/Build/Intermediates.noindex/BuildToolPluginIntermediates/spi-builder-workspace.output/AppServerClient/OpenAPIGenerator/GeneratedSources/Server.swift">)]
CreateBuildRequest
SendProjectDescription
CreateBuildOperation
ComputeTargetDependencyGraph
note: Building targets in dependency order
note: Target dependency graph (29 targets)
Target 'appserver-smoke' in project 'AppServerClient'
➜ Explicit dependency on target 'OpenAPIGenerator' in project 'swift-openapi-generator'
➜ Explicit dependency on target 'AppServerClient' in project 'AppServerClient'
➜ Explicit dependency on target 'OpenAPIRuntime' in project 'swift-openapi-runtime'
Target 'AppServerClient' in project 'AppServerClient'
➜ Explicit dependency on target 'AppServerClient' in project 'AppServerClient'
➜ Explicit dependency on target 'OpenAPIGenerator' in project 'swift-openapi-generator'
➜ Explicit dependency on target 'OpenAPIRuntime' in project 'swift-openapi-runtime'
Target 'AppServerClient' in project 'AppServerClient'
➜ Explicit dependency on target 'OpenAPIGenerator' in project 'swift-openapi-generator'
➜ Explicit dependency on target 'OpenAPIRuntime' in project 'swift-openapi-runtime'
Target 'OpenAPIRuntime' in project 'swift-openapi-runtime'
➜ Explicit dependency on target 'OpenAPIRuntime' in project 'swift-openapi-runtime'
➜ Explicit dependency on target 'HTTPTypes' in project 'swift-http-types'
Target 'OpenAPIRuntime' in project 'swift-openapi-runtime'
➜ Explicit dependency on target 'HTTPTypes' in project 'swift-http-types'
Target 'HTTPTypes' in project 'swift-http-types'
➜ Explicit dependency on target 'HTTPTypes' in project 'swift-http-types'
Target 'HTTPTypes' in project 'swift-http-types' (no dependencies)
Target 'OpenAPIGenerator' in project 'swift-openapi-generator'
➜ Explicit dependency on target 'OpenAPIGenerator' in project 'swift-openapi-generator'
Target 'OpenAPIGenerator' in project 'swift-openapi-generator'
➜ Explicit dependency on target '_OpenAPIGeneratorCore' in project 'swift-openapi-generator'
➜ Explicit dependency on target 'swift-openapi-generator' in project 'swift-openapi-generator'
➜ Explicit dependency on target 'OpenAPIKit' in project 'OpenAPIKit'
➜ Explicit dependency on target 'OpenAPIKit30' in project 'OpenAPIKit'
➜ Explicit dependency on target 'OpenAPIKitCompat' in project 'OpenAPIKit'
➜ Explicit dependency on target 'Algorithms' in project 'swift-algorithms'
➜ Explicit dependency on target 'Yams' in project 'Yams'
➜ Explicit dependency on target 'ArgumentParser' in project 'swift-argument-parser'
Target 'swift-openapi-generator' in project 'swift-openapi-generator'
➜ Explicit dependency on target '_OpenAPIGeneratorCore' in project 'swift-openapi-generator'
➜ Explicit dependency on target 'OpenAPIKit' in project 'OpenAPIKit'
➜ Explicit dependency on target 'OpenAPIKit30' in project 'OpenAPIKit'
➜ Explicit dependency on target 'OpenAPIKitCompat' in project 'OpenAPIKit'
➜ Explicit dependency on target 'Algorithms' in project 'swift-algorithms'
➜ Explicit dependency on target 'Yams' in project 'Yams'
➜ Explicit dependency on target 'ArgumentParser' in project 'swift-argument-parser'
Target 'ArgumentParser' in project 'swift-argument-parser'
➜ Explicit dependency on target 'ArgumentParser' in project 'swift-argument-parser'
➜ Explicit dependency on target 'ArgumentParserToolInfo' in project 'swift-argument-parser'
Target 'ArgumentParser' in project 'swift-argument-parser'
➜ Explicit dependency on target 'ArgumentParserToolInfo' in project 'swift-argument-parser'
Target 'ArgumentParserToolInfo' in project 'swift-argument-parser' (no dependencies)
Target '_OpenAPIGeneratorCore' in project 'swift-openapi-generator'
➜ Explicit dependency on target 'OpenAPIKit' in project 'OpenAPIKit'
➜ Explicit dependency on target 'OpenAPIKit30' in project 'OpenAPIKit'
➜ Explicit dependency on target 'OpenAPIKitCompat' in project 'OpenAPIKit'
➜ Explicit dependency on target 'Algorithms' in project 'swift-algorithms'
➜ Explicit dependency on target 'Yams' in project 'Yams'
Target 'Yams' in project 'Yams'
➜ Explicit dependency on target 'Yams' in project 'Yams'
➜ Explicit dependency on target 'CYaml' in project 'Yams'
Target 'Yams' in project 'Yams'
➜ Explicit dependency on target 'CYaml' in project 'Yams'
Target 'CYaml' in project 'Yams' (no dependencies)
Target 'Algorithms' in project 'swift-algorithms'
➜ Explicit dependency on target 'Algorithms' in project 'swift-algorithms'
➜ Explicit dependency on target 'RealModule' in project 'swift-numerics'
Target 'Algorithms' in project 'swift-algorithms'
➜ Explicit dependency on target 'RealModule' in project 'swift-numerics'
Target 'RealModule' in project 'swift-numerics'
➜ Explicit dependency on target 'RealModule' in project 'swift-numerics'
➜ Explicit dependency on target '_NumericsShims' in project 'swift-numerics'
Target 'RealModule' in project 'swift-numerics'
➜ Explicit dependency on target '_NumericsShims' in project 'swift-numerics'
Target '_NumericsShims' in project 'swift-numerics' (no dependencies)
Target 'OpenAPIKitCompat' in project 'OpenAPIKit'
➜ Explicit dependency on target 'OpenAPIKitCompat' in project 'OpenAPIKit'
➜ Explicit dependency on target 'OpenAPIKitCore' in project 'OpenAPIKit'
➜ Explicit dependency on target 'OpenAPIKit30' in project 'OpenAPIKit'
➜ Explicit dependency on target 'OpenAPIKit' in project 'OpenAPIKit'
Target 'OpenAPIKitCompat' in project 'OpenAPIKit'
➜ Explicit dependency on target 'OpenAPIKitCore' in project 'OpenAPIKit'
➜ Explicit dependency on target 'OpenAPIKit30' in project 'OpenAPIKit'
➜ Explicit dependency on target 'OpenAPIKit' in project 'OpenAPIKit'
Target 'OpenAPIKit30' in project 'OpenAPIKit'
➜ Explicit dependency on target 'OpenAPIKit30' in project 'OpenAPIKit'
➜ Explicit dependency on target 'OpenAPIKitCore' in project 'OpenAPIKit'
Target 'OpenAPIKit30' in project 'OpenAPIKit'
➜ Explicit dependency on target 'OpenAPIKitCore' in project 'OpenAPIKit'
Target 'OpenAPIKit' in project 'OpenAPIKit'
➜ Explicit dependency on target 'OpenAPIKit' in project 'OpenAPIKit'
➜ Explicit dependency on target 'OpenAPIKitCore' in project 'OpenAPIKit'
Target 'OpenAPIKit' in project 'OpenAPIKit'
➜ Explicit dependency on target 'OpenAPIKitCore' in project 'OpenAPIKit'
Target 'OpenAPIKitCore' in project 'OpenAPIKit' (no dependencies)
GatherProvisioningInputs
CreateBuildDescription
ClangStatCache /Applications/Xcode-26.5.0.app/Contents/Developer/Toolchains/XcodeDefault.xctoolchain/usr/bin/clang-stat-cache /Applications/Xcode-26.5.0.app/Contents/Developer/Platforms/WatchOS.platform/Developer/SDKs/WatchOS26.5.sdk /Users/admin/builder/spi-builder-workspace/.derivedData/SDKStatCaches.noindex/watchos26.5-23T570-688ef53f1462e2c8f657fdc38a81448f7931b973dfc65d9472806dbbc3af9379.sdkstatcache
cd /Users/admin/builder/spi-builder-workspace/.swiftpm/xcode
/Applications/Xcode-26.5.0.app/Contents/Developer/Toolchains/XcodeDefault.xctoolchain/usr/bin/clang-stat-cache /Applications/Xcode-26.5.0.app/Contents/Developer/Platforms/WatchOS.platform/Developer/SDKs/WatchOS26.5.sdk -o /Users/admin/builder/spi-builder-workspace/.derivedData/SDKStatCaches.noindex/watchos26.5-23T570-688ef53f1462e2c8f657fdc38a81448f7931b973dfc65d9472806dbbc3af9379.sdkstatcache
ClangStatCache /Applications/Xcode-26.5.0.app/Contents/Developer/Toolchains/XcodeDefault.xctoolchain/usr/bin/clang-stat-cache /Applications/Xcode-26.5.0.app/Contents/Developer/Platforms/MacOSX.platform/Developer/SDKs/MacOSX26.5.sdk /Users/admin/builder/spi-builder-workspace/.derivedData/SDKStatCaches.noindex/macosx26.5-25F70-688ef53f1462e2c8f657fdc38a81448fb3380a6d0eb485eff9a999e8f65be04d.sdkstatcache
cd /Users/admin/builder/spi-builder-workspace/.swiftpm/xcode
/Applications/Xcode-26.5.0.app/Contents/Developer/Toolchains/XcodeDefault.xctoolchain/usr/bin/clang-stat-cache /Applications/Xcode-26.5.0.app/Contents/Developer/Platforms/MacOSX.platform/Developer/SDKs/MacOSX26.5.sdk -o /Users/admin/builder/spi-builder-workspace/.derivedData/SDKStatCaches.noindex/macosx26.5-25F70-688ef53f1462e2c8f657fdc38a81448fb3380a6d0eb485eff9a999e8f65be04d.sdkstatcache
SwiftDriver appserver-smoke normal arm64_32 com.apple.xcode.tools.swift.compiler (in target 'appserver-smoke' from project 'AppServerClient')
cd /Users/admin/builder/spi-builder-workspace/.swiftpm/xcode
builtin-SwiftDriver -- /Applications/Xcode-26.5.0.app/Contents/Developer/Toolchains/XcodeDefault.xctoolchain/usr/bin/swiftc -module-name appserver_smoke -Onone @/Users/admin/builder/spi-builder-workspace/.derivedData/Build/Intermediates.noindex/AppServerClient.build/Debug-watchos/appserver-smoke.build/Objects-normal/arm64_32/appserver-smoke.SwiftFileList -DSWIFT_PACKAGE -DDEBUG -DXcode -plugin-path /Applications/Xcode-26.5.0.app/Contents/Developer/Toolchains/XcodeDefault.xctoolchain/usr/lib/swift/host/plugins/testing -enable-experimental-feature DebugDescriptionMacro -sdk /Applications/Xcode-26.5.0.app/Contents/Developer/Platforms/WatchOS.platform/Developer/SDKs/WatchOS26.5.sdk -target arm64_32-apple-watchos11.0 -g -module-cache-path /Users/admin/builder/spi-builder-workspace/.derivedData/ModuleCache.noindex -Xfrontend -serialize-debugging-options -profile-coverage-mapping -profile-generate -enable-testing -index-store-path /Users/admin/builder/spi-builder-workspace/.derivedData/Index.noindex/DataStore -Xcc -D_LIBCPP_HARDENING_MODE\=_LIBCPP_HARDENING_MODE_DEBUG -swift-version 6 -I /Users/admin/builder/spi-builder-workspace/.derivedData/Build/Products/Debug-watchos -Isystem /Applications/Xcode-26.5.0.app/Contents/Developer/Platforms/WatchOS.platform/Developer/usr/lib -F /Users/admin/builder/spi-builder-workspace/.derivedData/Build/Products/Debug-watchos/PackageFrameworks -F /Users/admin/builder/spi-builder-workspace/.derivedData/Build/Products/Debug-watchos/PackageFrameworks -F /Users/admin/builder/spi-builder-workspace/.derivedData/Build/Products/Debug-watchos/PackageFrameworks -F /Users/admin/builder/spi-builder-workspace/.derivedData/Build/Products/Debug-watchos -F /Applications/Xcode-26.5.0.app/Contents/Developer/Platforms/WatchOS.platform/Developer/Library/Frameworks -F /Applications/Xcode-26.5.0.app/Contents/Developer/Platforms/WatchOS.platform/Developer/SDKs/WatchOS26.5.sdk/Developer/Library/Frameworks -parse-as-library -c -j10 -enable-batch-mode -incremental -Xcc -ivfsstatcache -Xcc /Users/admin/builder/spi-builder-workspace/.derivedData/SDKStatCaches.noindex/watchos26.5-23T570-688ef53f1462e2c8f657fdc38a81448f7931b973dfc65d9472806dbbc3af9379.sdkstatcache -output-file-map /Users/admin/builder/spi-builder-workspace/.derivedData/Build/Intermediates.noindex/AppServerClient.build/Debug-watchos/appserver-smoke.build/Objects-normal/arm64_32/appserver-smoke-OutputFileMap.json -use-frontend-parseable-output -save-temps -no-color-diagnostics -explicit-module-build -module-cache-path /Users/admin/builder/spi-builder-workspace/.derivedData/Build/Intermediates.noindex/SwiftExplicitPrecompiledModules -clang-scanner-module-cache-path /Users/admin/builder/spi-builder-workspace/.derivedData/ModuleCache.noindex -sdk-module-cache-path /Users/admin/builder/spi-builder-workspace/.derivedData/ModuleCache.noindex -serialize-diagnostics -emit-dependencies -emit-module -emit-module-path /Users/admin/builder/spi-builder-workspace/.derivedData/Build/Intermediates.noindex/AppServerClient.build/Debug-watchos/appserver-smoke.build/Objects-normal/arm64_32/appserver_smoke.swiftmodule -validate-clang-modules-once -clang-build-session-file /Users/admin/builder/spi-builder-workspace/.derivedData/ModuleCache.noindex/Session.modulevalidation -package-name spi_builder_workspace -emit-const-values -Xfrontend -const-gather-protocols-file -Xfrontend /Users/admin/builder/spi-builder-workspace/.derivedData/Build/Intermediates.noindex/AppServerClient.build/Debug-watchos/appserver-smoke.build/Objects-normal/arm64_32/appserver-smoke_const_extract_protocols.json -Xcc -I/Users/admin/builder/spi-builder-workspace/.derivedData/Build/Products/Debug-watchos/include -Xcc -I/Users/admin/builder/spi-builder-workspace/.derivedData/Build/Intermediates.noindex/AppServerClient.build/Debug-watchos/appserver-smoke.build/DerivedSources-normal/arm64_32 -Xcc -I/Users/admin/builder/spi-builder-workspace/.derivedData/Build/Intermediates.noindex/AppServerClient.build/Debug-watchos/appserver-smoke.build/DerivedSources/arm64_32 -Xcc -I/Users/admin/builder/spi-builder-workspace/.derivedData/Build/Intermediates.noindex/AppServerClient.build/Debug-watchos/appserver-smoke.build/DerivedSources -Xcc -DSWIFT_PACKAGE -Xcc -DDEBUG\=1 -working-directory /Users/admin/builder/spi-builder-workspace/.swiftpm/xcode -experimental-emit-module-separately -disable-cmo
SwiftDriver AppServerClient normal arm64_32 com.apple.xcode.tools.swift.compiler (in target 'AppServerClient' from project 'AppServerClient')
cd /Users/admin/builder/spi-builder-workspace/.swiftpm/xcode
builtin-SwiftDriver -- /Applications/Xcode-26.5.0.app/Contents/Developer/Toolchains/XcodeDefault.xctoolchain/usr/bin/swiftc -module-name AppServerClient -Onone @/Users/admin/builder/spi-builder-workspace/.derivedData/Build/Intermediates.noindex/AppServerClient.build/Debug-watchos/AppServerClient.build/Objects-normal/arm64_32/AppServerClient.SwiftFileList -DSWIFT_PACKAGE -DDEBUG -DSWIFT_MODULE_RESOURCE_BUNDLE_UNAVAILABLE -DXcode -plugin-path /Applications/Xcode-26.5.0.app/Contents/Developer/Toolchains/XcodeDefault.xctoolchain/usr/lib/swift/host/plugins/testing -enable-experimental-feature DebugDescriptionMacro -sdk /Applications/Xcode-26.5.0.app/Contents/Developer/Platforms/WatchOS.platform/Developer/SDKs/WatchOS26.5.sdk -target arm64_32-apple-watchos11.0 -g -module-cache-path /Users/admin/builder/spi-builder-workspace/.derivedData/ModuleCache.noindex -Xfrontend -serialize-debugging-options -profile-coverage-mapping -profile-generate -enable-testing -index-store-path /Users/admin/builder/spi-builder-workspace/.derivedData/Index.noindex/DataStore -Xcc -D_LIBCPP_HARDENING_MODE\=_LIBCPP_HARDENING_MODE_DEBUG -swift-version 6 -I /Users/admin/builder/spi-builder-workspace/.derivedData/Build/Products/Debug-watchos -Isystem /Applications/Xcode-26.5.0.app/Contents/Developer/Platforms/WatchOS.platform/Developer/usr/lib -F /Users/admin/builder/spi-builder-workspace/.derivedData/Build/Products/Debug-watchos/PackageFrameworks -F /Users/admin/builder/spi-builder-workspace/.derivedData/Build/Products/Debug-watchos/PackageFrameworks -F /Users/admin/builder/spi-builder-workspace/.derivedData/Build/Products/Debug-watchos -F /Applications/Xcode-26.5.0.app/Contents/Developer/Platforms/WatchOS.platform/Developer/Library/Frameworks -F /Applications/Xcode-26.5.0.app/Contents/Developer/Platforms/WatchOS.platform/Developer/SDKs/WatchOS26.5.sdk/Developer/Library/Frameworks -c -j10 -enable-batch-mode -incremental -Xcc -ivfsstatcache -Xcc /Users/admin/builder/spi-builder-workspace/.derivedData/SDKStatCaches.noindex/watchos26.5-23T570-688ef53f1462e2c8f657fdc38a81448f7931b973dfc65d9472806dbbc3af9379.sdkstatcache -output-file-map /Users/admin/builder/spi-builder-workspace/.derivedData/Build/Intermediates.noindex/AppServerClient.build/Debug-watchos/AppServerClient.build/Objects-normal/arm64_32/AppServerClient-OutputFileMap.json -use-frontend-parseable-output -save-temps -no-color-diagnostics -explicit-module-build -module-cache-path /Users/admin/builder/spi-builder-workspace/.derivedData/Build/Intermediates.noindex/SwiftExplicitPrecompiledModules -clang-scanner-module-cache-path /Users/admin/builder/spi-builder-workspace/.derivedData/ModuleCache.noindex -sdk-module-cache-path /Users/admin/builder/spi-builder-workspace/.derivedData/ModuleCache.noindex -serialize-diagnostics -emit-dependencies -emit-module -emit-module-path /Users/admin/builder/spi-builder-workspace/.derivedData/Build/Intermediates.noindex/AppServerClient.build/Debug-watchos/AppServerClient.build/Objects-normal/arm64_32/AppServerClient.swiftmodule -validate-clang-modules-once -clang-build-session-file /Users/admin/builder/spi-builder-workspace/.derivedData/ModuleCache.noindex/Session.modulevalidation -package-name spi_builder_workspace -Xcc -I/Users/admin/builder/spi-builder-workspace/.derivedData/Build/Intermediates.noindex/AppServerClient.build/Debug-watchos/AppServerClient.build/swift-overrides.hmap -emit-const-values -Xfrontend -const-gather-protocols-file -Xfrontend /Users/admin/builder/spi-builder-workspace/.derivedData/Build/Intermediates.noindex/AppServerClient.build/Debug-watchos/AppServerClient.build/Objects-normal/arm64_32/AppServerClient_const_extract_protocols.json -Xcc -I/Users/admin/builder/spi-builder-workspace/.derivedData/Build/Products/Debug-watchos/include -Xcc -I/Users/admin/builder/spi-builder-workspace/.derivedData/Build/Intermediates.noindex/AppServerClient.build/Debug-watchos/AppServerClient.build/DerivedSources-normal/arm64_32 -Xcc -I/Users/admin/builder/spi-builder-workspace/.derivedData/Build/Intermediates.noindex/AppServerClient.build/Debug-watchos/AppServerClient.build/DerivedSources/arm64_32 -Xcc -I/Users/admin/builder/spi-builder-workspace/.derivedData/Build/Intermediates.noindex/AppServerClient.build/Debug-watchos/AppServerClient.build/DerivedSources -Xcc -DSWIFT_PACKAGE -Xcc -DDEBUG\=1 -emit-objc-header -emit-objc-header-path /Users/admin/builder/spi-builder-workspace/.derivedData/Build/Intermediates.noindex/AppServerClient.build/Debug-watchos/AppServerClient.build/Objects-normal/arm64_32/AppServerClient-Swift.h -working-directory /Users/admin/builder/spi-builder-workspace/.swiftpm/xcode -experimental-emit-module-separately -disable-cmo
SwiftDriver appserver-smoke normal arm64 com.apple.xcode.tools.swift.compiler (in target 'appserver-smoke' from project 'AppServerClient')
cd /Users/admin/builder/spi-builder-workspace/.swiftpm/xcode
builtin-SwiftDriver -- /Applications/Xcode-26.5.0.app/Contents/Developer/Toolchains/XcodeDefault.xctoolchain/usr/bin/swiftc -module-name appserver_smoke -Onone @/Users/admin/builder/spi-builder-workspace/.derivedData/Build/Intermediates.noindex/AppServerClient.build/Debug-watchos/appserver-smoke.build/Objects-normal/arm64/appserver-smoke.SwiftFileList -DSWIFT_PACKAGE -DDEBUG -DXcode -plugin-path /Applications/Xcode-26.5.0.app/Contents/Developer/Toolchains/XcodeDefault.xctoolchain/usr/lib/swift/host/plugins/testing -enable-experimental-feature DebugDescriptionMacro -sdk /Applications/Xcode-26.5.0.app/Contents/Developer/Platforms/WatchOS.platform/Developer/SDKs/WatchOS26.5.sdk -target arm64-apple-watchos11.0 -g -module-cache-path /Users/admin/builder/spi-builder-workspace/.derivedData/ModuleCache.noindex -Xfrontend -serialize-debugging-options -profile-coverage-mapping -profile-generate -enable-testing -index-store-path /Users/admin/builder/spi-builder-workspace/.derivedData/Index.noindex/DataStore -Xcc -D_LIBCPP_HARDENING_MODE\=_LIBCPP_HARDENING_MODE_DEBUG -swift-version 6 -I /Users/admin/builder/spi-builder-workspace/.derivedData/Build/Products/Debug-watchos -Isystem /Applications/Xcode-26.5.0.app/Contents/Developer/Platforms/WatchOS.platform/Developer/usr/lib -F /Users/admin/builder/spi-builder-workspace/.derivedData/Build/Products/Debug-watchos/PackageFrameworks -F /Users/admin/builder/spi-builder-workspace/.derivedData/Build/Products/Debug-watchos/PackageFrameworks -F /Users/admin/builder/spi-builder-workspace/.derivedData/Build/Products/Debug-watchos/PackageFrameworks -F /Users/admin/builder/spi-builder-workspace/.derivedData/Build/Products/Debug-watchos -F /Applications/Xcode-26.5.0.app/Contents/Developer/Platforms/WatchOS.platform/Developer/Library/Frameworks -F /Applications/Xcode-26.5.0.app/Contents/Developer/Platforms/WatchOS.platform/Developer/SDKs/WatchOS26.5.sdk/Developer/Library/Frameworks -parse-as-library -c -j10 -enable-batch-mode -incremental -Xcc -ivfsstatcache -Xcc /Users/admin/builder/spi-builder-workspace/.derivedData/SDKStatCaches.noindex/watchos26.5-23T570-688ef53f1462e2c8f657fdc38a81448f7931b973dfc65d9472806dbbc3af9379.sdkstatcache -output-file-map /Users/admin/builder/spi-builder-workspace/.derivedData/Build/Intermediates.noindex/AppServerClient.build/Debug-watchos/appserver-smoke.build/Objects-normal/arm64/appserver-smoke-OutputFileMap.json -use-frontend-parseable-output -save-temps -no-color-diagnostics -explicit-module-build -module-cache-path /Users/admin/builder/spi-builder-workspace/.derivedData/Build/Intermediates.noindex/SwiftExplicitPrecompiledModules -clang-scanner-module-cache-path /Users/admin/builder/spi-builder-workspace/.derivedData/ModuleCache.noindex -sdk-module-cache-path /Users/admin/builder/spi-builder-workspace/.derivedData/ModuleCache.noindex -serialize-diagnostics -emit-dependencies -emit-module -emit-module-path /Users/admin/builder/spi-builder-workspace/.derivedData/Build/Intermediates.noindex/AppServerClient.build/Debug-watchos/appserver-smoke.build/Objects-normal/arm64/appserver_smoke.swiftmodule -validate-clang-modules-once -clang-build-session-file /Users/admin/builder/spi-builder-workspace/.derivedData/ModuleCache.noindex/Session.modulevalidation -package-name spi_builder_workspace -emit-const-values -Xfrontend -const-gather-protocols-file -Xfrontend /Users/admin/builder/spi-builder-workspace/.derivedData/Build/Intermediates.noindex/AppServerClient.build/Debug-watchos/appserver-smoke.build/Objects-normal/arm64/appserver-smoke_const_extract_protocols.json -Xcc -I/Users/admin/builder/spi-builder-workspace/.derivedData/Build/Products/Debug-watchos/include -Xcc -I/Users/admin/builder/spi-builder-workspace/.derivedData/Build/Intermediates.noindex/AppServerClient.build/Debug-watchos/appserver-smoke.build/DerivedSources-normal/arm64 -Xcc -I/Users/admin/builder/spi-builder-workspace/.derivedData/Build/Intermediates.noindex/AppServerClient.build/Debug-watchos/appserver-smoke.build/DerivedSources/arm64 -Xcc -I/Users/admin/builder/spi-builder-workspace/.derivedData/Build/Intermediates.noindex/AppServerClient.build/Debug-watchos/appserver-smoke.build/DerivedSources -Xcc -DSWIFT_PACKAGE -Xcc -DDEBUG\=1 -working-directory /Users/admin/builder/spi-builder-workspace/.swiftpm/xcode -experimental-emit-module-separately -disable-cmo
SwiftDriver AppServerClient normal arm64 com.apple.xcode.tools.swift.compiler (in target 'AppServerClient' from project 'AppServerClient')
cd /Users/admin/builder/spi-builder-workspace/.swiftpm/xcode
builtin-SwiftDriver -- /Applications/Xcode-26.5.0.app/Contents/Developer/Toolchains/XcodeDefault.xctoolchain/usr/bin/swiftc -module-name AppServerClient -Onone @/Users/admin/builder/spi-builder-workspace/.derivedData/Build/Intermediates.noindex/AppServerClient.build/Debug-watchos/AppServerClient.build/Objects-normal/arm64/AppServerClient.SwiftFileList -DSWIFT_PACKAGE -DDEBUG -DSWIFT_MODULE_RESOURCE_BUNDLE_UNAVAILABLE -DXcode -plugin-path /Applications/Xcode-26.5.0.app/Contents/Developer/Toolchains/XcodeDefault.xctoolchain/usr/lib/swift/host/plugins/testing -enable-experimental-feature DebugDescriptionMacro -sdk /Applications/Xcode-26.5.0.app/Contents/Developer/Platforms/WatchOS.platform/Developer/SDKs/WatchOS26.5.sdk -target arm64-apple-watchos11.0 -g -module-cache-path /Users/admin/builder/spi-builder-workspace/.derivedData/ModuleCache.noindex -Xfrontend -serialize-debugging-options -profile-coverage-mapping -profile-generate -enable-testing -index-store-path /Users/admin/builder/spi-builder-workspace/.derivedData/Index.noindex/DataStore -Xcc -D_LIBCPP_HARDENING_MODE\=_LIBCPP_HARDENING_MODE_DEBUG -swift-version 6 -I /Users/admin/builder/spi-builder-workspace/.derivedData/Build/Products/Debug-watchos -Isystem /Applications/Xcode-26.5.0.app/Contents/Developer/Platforms/WatchOS.platform/Developer/usr/lib -F /Users/admin/builder/spi-builder-workspace/.derivedData/Build/Products/Debug-watchos/PackageFrameworks -F /Users/admin/builder/spi-builder-workspace/.derivedData/Build/Products/Debug-watchos/PackageFrameworks -F /Users/admin/builder/spi-builder-workspace/.derivedData/Build/Products/Debug-watchos -F /Applications/Xcode-26.5.0.app/Contents/Developer/Platforms/WatchOS.platform/Developer/Library/Frameworks -F /Applications/Xcode-26.5.0.app/Contents/Developer/Platforms/WatchOS.platform/Developer/SDKs/WatchOS26.5.sdk/Developer/Library/Frameworks -c -j10 -enable-batch-mode -incremental -Xcc -ivfsstatcache -Xcc /Users/admin/builder/spi-builder-workspace/.derivedData/SDKStatCaches.noindex/watchos26.5-23T570-688ef53f1462e2c8f657fdc38a81448f7931b973dfc65d9472806dbbc3af9379.sdkstatcache -output-file-map /Users/admin/builder/spi-builder-workspace/.derivedData/Build/Intermediates.noindex/AppServerClient.build/Debug-watchos/AppServerClient.build/Objects-normal/arm64/AppServerClient-OutputFileMap.json -use-frontend-parseable-output -save-temps -no-color-diagnostics -explicit-module-build -module-cache-path /Users/admin/builder/spi-builder-workspace/.derivedData/Build/Intermediates.noindex/SwiftExplicitPrecompiledModules -clang-scanner-module-cache-path /Users/admin/builder/spi-builder-workspace/.derivedData/ModuleCache.noindex -sdk-module-cache-path /Users/admin/builder/spi-builder-workspace/.derivedData/ModuleCache.noindex -serialize-diagnostics -emit-dependencies -emit-module -emit-module-path /Users/admin/builder/spi-builder-workspace/.derivedData/Build/Intermediates.noindex/AppServerClient.build/Debug-watchos/AppServerClient.build/Objects-normal/arm64/AppServerClient.swiftmodule -validate-clang-modules-once -clang-build-session-file /Users/admin/builder/spi-builder-workspace/.derivedData/ModuleCache.noindex/Session.modulevalidation -package-name spi_builder_workspace -Xcc -I/Users/admin/builder/spi-builder-workspace/.derivedData/Build/Intermediates.noindex/AppServerClient.build/Debug-watchos/AppServerClient.build/swift-overrides.hmap -emit-const-values -Xfrontend -const-gather-protocols-file -Xfrontend /Users/admin/builder/spi-builder-workspace/.derivedData/Build/Intermediates.noindex/AppServerClient.build/Debug-watchos/AppServerClient.build/Objects-normal/arm64/AppServerClient_const_extract_protocols.json -Xcc -I/Users/admin/builder/spi-builder-workspace/.derivedData/Build/Products/Debug-watchos/include -Xcc -I/Users/admin/builder/spi-builder-workspace/.derivedData/Build/Intermediates.noindex/AppServerClient.build/Debug-watchos/AppServerClient.build/DerivedSources-normal/arm64 -Xcc -I/Users/admin/builder/spi-builder-workspace/.derivedData/Build/Intermediates.noindex/AppServerClient.build/Debug-watchos/AppServerClient.build/DerivedSources/arm64 -Xcc -I/Users/admin/builder/spi-builder-workspace/.derivedData/Build/Intermediates.noindex/AppServerClient.build/Debug-watchos/AppServerClient.build/DerivedSources -Xcc -DSWIFT_PACKAGE -Xcc -DDEBUG\=1 -emit-objc-header -emit-objc-header-path /Users/admin/builder/spi-builder-workspace/.derivedData/Build/Intermediates.noindex/AppServerClient.build/Debug-watchos/AppServerClient.build/Objects-normal/arm64/AppServerClient-Swift.h -working-directory /Users/admin/builder/spi-builder-workspace/.swiftpm/xcode -experimental-emit-module-separately -disable-cmo
SwiftEmitModule normal arm64_32 Emitting\ module\ for\ appserver_smoke (in target 'appserver-smoke' from project 'AppServerClient')
SwiftCompile normal arm64_32 /Users/admin/builder/spi-builder-workspace/Sources/AppServerSmokeCLI/AppServerSmokeCLI.swift (in target 'appserver-smoke' from project 'AppServerClient')
cd /Users/admin/builder/spi-builder-workspace/.swiftpm/xcode
SwiftCompile normal arm64_32 Compiling\ AppServerSmokeCLI.swift /Users/admin/builder/spi-builder-workspace/Sources/AppServerSmokeCLI/AppServerSmokeCLI.swift (in target 'appserver-smoke' from project 'AppServerClient')
Failed frontend command:
/Applications/Xcode-26.5.0.app/Contents/Developer/Toolchains/XcodeDefault.xctoolchain/usr/bin/swift-frontend -frontend -c -primary-file /Users/admin/builder/spi-builder-workspace/Sources/AppServerSmokeCLI/AppServerSmokeCLI.swift -emit-dependencies-path /Users/admin/builder/spi-builder-workspace/.derivedData/Build/Intermediates.noindex/AppServerClient.build/Debug-watchos/appserver-smoke.build/Objects-normal/arm64_32/AppServerSmokeCLI.d -emit-const-values-path /Users/admin/builder/spi-builder-workspace/.derivedData/Build/Intermediates.noindex/AppServerClient.build/Debug-watchos/appserver-smoke.build/Objects-normal/arm64_32/AppServerSmokeCLI.swiftconstvalues -emit-reference-dependencies-path /Users/admin/builder/spi-builder-workspace/.derivedData/Build/Intermediates.noindex/AppServerClient.build/Debug-watchos/appserver-smoke.build/Objects-normal/arm64_32/AppServerSmokeCLI.swiftdeps -serialize-diagnostics-path /Users/admin/builder/spi-builder-workspace/.derivedData/Build/Intermediates.noindex/AppServerClient.build/Debug-watchos/appserver-smoke.build/Objects-normal/arm64_32/AppServerSmokeCLI.dia -target arm64_32-apple-watchos11.0 -load-resolved-plugin /Applications/Xcode-26.5.0.app/Contents/Developer/Platforms/WatchOS.platform/Developer/usr/lib/swift/host/plugins/libFoundationMacros.dylib\#/Applications/Xcode-26.5.0.app/Contents/Developer/Platforms/WatchOS.platform/Developer/usr/bin/swift-plugin-server\#FoundationMacros -load-resolved-plugin /Applications/Xcode-26.5.0.app/Contents/Developer/Platforms/WatchOS.platform/Developer/usr/lib/swift/host/plugins/libObservationMacros.dylib\#/Applications/Xcode-26.5.0.app/Contents/Developer/Platforms/WatchOS.platform/Developer/usr/bin/swift-plugin-server\#ObservationMacros -load-resolved-plugin /Applications/Xcode-26.5.0.app/Contents/Developer/Platforms/WatchOS.platform/Developer/usr/lib/swift/host/plugins/libSwiftMacros.dylib\#/Applications/Xcode-26.5.0.app/Contents/Developer/Platforms/WatchOS.platform/Developer/usr/bin/swift-plugin-server\#SwiftMacros -disable-implicit-swift-modules -Xcc -fno-implicit-modules -Xcc -fno-implicit-module-maps -explicit-swift-module-map-file /Users/admin/builder/spi-builder-workspace/.derivedData/Build/Intermediates.noindex/AppServerClient.build/Debug-watchos/appserver-smoke.build/Objects-normal/arm64_32/appserver_smoke-dependencies-1.json -debug-module-path /Users/admin/builder/spi-builder-workspace/.derivedData/Build/Intermediates.noindex/AppServerClient.build/Debug-watchos/appserver-smoke.build/Objects-normal/arm64_32/appserver_smoke.swiftmodule -enable-objc-interop -sdk /Applications/Xcode-26.5.0.app/Contents/Developer/Platforms/WatchOS.platform/Developer/SDKs/WatchOS26.5.sdk -I /Users/admin/builder/spi-builder-workspace/.derivedData/Build/Products/Debug-watchos -Isystem /Applications/Xcode-26.5.0.app/Contents/Developer/Platforms/WatchOS.platform/Developer/usr/lib -F /Users/admin/builder/spi-builder-workspace/.derivedData/Build/Products/Debug-watchos/PackageFrameworks -F /Users/admin/builder/spi-builder-workspace/.derivedData/Build/Products/Debug-watchos/PackageFrameworks -F /Users/admin/builder/spi-builder-workspace/.derivedData/Build/Products/Debug-watchos/PackageFrameworks -F /Users/admin/builder/spi-builder-workspace/.derivedData/Build/Products/Debug-watchos -F /Applications/Xcode-26.5.0.app/Contents/Developer/Platforms/WatchOS.platform/Developer/Library/Frameworks -F /Applications/Xcode-26.5.0.app/Contents/Developer/Platforms/WatchOS.platform/Developer/SDKs/WatchOS26.5.sdk/Developer/Library/Frameworks -no-color-diagnostics -Xcc -fno-color-diagnostics -enable-testing -g -debug-info-format\=dwarf -dwarf-version\=5 -module-cache-path /Users/admin/builder/spi-builder-workspace/.derivedData/Build/Intermediates.noindex/SwiftExplicitPrecompiledModules -profile-generate -profile-coverage-mapping -swift-version 6 -Onone -D SWIFT_PACKAGE -D DEBUG -D Xcode -serialize-debugging-options -const-gather-protocols-file /Users/admin/builder/spi-builder-workspace/.derivedData/Build/Intermediates.noindex/AppServerClient.build/Debug-watchos/appserver-smoke.build/Objects-normal/arm64_32/appserver-smoke_const_extract_protocols.json -enable-experimental-feature DebugDescriptionMacro -empty-abi-descriptor -validate-clang-modules-once -clang-build-session-file /Users/admin/builder/spi-builder-workspace/.derivedData/ModuleCache.noindex/Session.modulevalidation -Xcc -working-directory -Xcc /Users/admin/builder/spi-builder-workspace/.swiftpm/xcode -enable-anonymous-context-mangled-names -file-compilation-dir /Users/admin/builder/spi-builder-workspace/.swiftpm/xcode -Xcc -D_LIBCPP_HARDENING_MODE\=_LIBCPP_HARDENING_MODE_DEBUG -Xcc -ivfsstatcache -Xcc /Users/admin/builder/spi-builder-workspace/.derivedData/SDKStatCaches.noindex/watchos26.5-23T570-688ef53f1462e2c8f657fdc38a81448f7931b973dfc65d9472806dbbc3af9379.sdkstatcache -Xcc -I/Users/admin/builder/spi-builder-workspace/.derivedData/Build/Products/Debug-watchos/include -Xcc -I/Users/admin/builder/spi-builder-workspace/.derivedData/Build/Intermediates.noindex/AppServerClient.build/Debug-watchos/appserver-smoke.build/DerivedSources-normal/arm64_32 -Xcc -I/Users/admin/builder/spi-builder-workspace/.derivedData/Build/Intermediates.noindex/AppServerClient.build/Debug-watchos/appserver-smoke.build/DerivedSources/arm64_32 -Xcc -I/Users/admin/builder/spi-builder-workspace/.derivedData/Build/Intermediates.noindex/AppServerClient.build/Debug-watchos/appserver-smoke.build/DerivedSources -Xcc -DSWIFT_PACKAGE -Xcc -DDEBUG\=1 -no-auto-bridging-header-chaining -module-name appserver_smoke -package-name spi_builder_workspace -frontend-parseable-output -disable-clang-spi -clang-target arm64_32-apple-watchos26.5 -target-sdk-version 26.5 -target-sdk-name watchos26.5 -in-process-plugin-server-path /Applications/Xcode-26.5.0.app/Contents/Developer/Toolchains/XcodeDefault.xctoolchain/usr/lib/swift/host/libSwiftInProcPluginServer.dylib -parse-as-library -o /Users/admin/builder/spi-builder-workspace/.derivedData/Build/Intermediates.noindex/AppServerClient.build/Debug-watchos/appserver-smoke.build/Objects-normal/arm64_32/AppServerSmokeCLI.o -index-unit-output-path /AppServerClient.build/Debug-watchos/appserver-smoke.build/Objects-normal/arm64_32/AppServerSmokeCLI.o -index-store-path /Users/admin/builder/spi-builder-workspace/.derivedData/Index.noindex/DataStore -index-system-modules
SwiftCompile normal arm64_32 /Users/admin/builder/spi-builder-workspace/Sources/AppServerSmokeCLI/AppServerSmokeCLI.swift (in target 'appserver-smoke' from project 'AppServerClient')
cd /Users/admin/builder/spi-builder-workspace/.swiftpm/xcode
/Users/admin/builder/spi-builder-workspace/Sources/AppServerSmokeCLI/AppServerSmokeCLI.swift:10:30: error: cannot find 'StdIOAppServerConnection' in scope
let connection = try StdIOAppServerConnection.connect()
^~~~~~~~~~~~~~~~~~~~~~~~
/Users/admin/builder/spi-builder-workspace/Sources/AppServerSmokeCLI/AppServerSmokeCLI.swift:25:20: error: cannot infer contextual base in reference to member 'init'
with: .init()
~^~~~
/Users/admin/builder/spi-builder-workspace/Sources/AppServerSmokeCLI/AppServerSmokeCLI.swift:33:20: error: cannot infer contextual base in reference to member 'none'
with: .none
~^~~~
/Users/admin/builder/spi-builder-workspace/Sources/AppServerSmokeCLI/AppServerSmokeCLI.swift:42:20: error: cannot infer contextual base in reference to member 'init'
with: .init(limit: 5)
~^~~~
/Users/admin/builder/spi-builder-workspace/Sources/AppServerSmokeCLI/AppServerSmokeCLI.swift:62:20: error: cannot infer contextual base in reference to member 'init'
with: .init(itemsView: .full, limit: 3, threadId: featuredThread.id)
~^~~~
/Users/admin/builder/spi-builder-workspace/Sources/AppServerSmokeCLI/AppServerSmokeCLI.swift:62:37: error: cannot infer contextual base in reference to member 'full'
with: .init(itemsView: .full, limit: 3, threadId: featuredThread.id)
~^~~~
SwiftCompile normal arm64 Compiling\ AppServerSmokeCLI.swift /Users/admin/builder/spi-builder-workspace/Sources/AppServerSmokeCLI/AppServerSmokeCLI.swift (in target 'appserver-smoke' from project 'AppServerClient')
Failed frontend command:
/Applications/Xcode-26.5.0.app/Contents/Developer/Toolchains/XcodeDefault.xctoolchain/usr/bin/swift-frontend -frontend -c -primary-file /Users/admin/builder/spi-builder-workspace/Sources/AppServerSmokeCLI/AppServerSmokeCLI.swift -emit-dependencies-path /Users/admin/builder/spi-builder-workspace/.derivedData/Build/Intermediates.noindex/AppServerClient.build/Debug-watchos/appserver-smoke.build/Objects-normal/arm64/AppServerSmokeCLI.d -emit-const-values-path /Users/admin/builder/spi-builder-workspace/.derivedData/Build/Intermediates.noindex/AppServerClient.build/Debug-watchos/appserver-smoke.build/Objects-normal/arm64/AppServerSmokeCLI.swiftconstvalues -emit-reference-dependencies-path /Users/admin/builder/spi-builder-workspace/.derivedData/Build/Intermediates.noindex/AppServerClient.build/Debug-watchos/appserver-smoke.build/Objects-normal/arm64/AppServerSmokeCLI.swiftdeps -serialize-diagnostics-path /Users/admin/builder/spi-builder-workspace/.derivedData/Build/Intermediates.noindex/AppServerClient.build/Debug-watchos/appserver-smoke.build/Objects-normal/arm64/AppServerSmokeCLI.dia -target arm64-apple-watchos11.0 -load-resolved-plugin /Applications/Xcode-26.5.0.app/Contents/Developer/Platforms/WatchOS.platform/Developer/usr/lib/swift/host/plugins/libFoundationMacros.dylib\#/Applications/Xcode-26.5.0.app/Contents/Developer/Platforms/WatchOS.platform/Developer/usr/bin/swift-plugin-server\#FoundationMacros -load-resolved-plugin /Applications/Xcode-26.5.0.app/Contents/Developer/Platforms/WatchOS.platform/Developer/usr/lib/swift/host/plugins/libObservationMacros.dylib\#/Applications/Xcode-26.5.0.app/Contents/Developer/Platforms/WatchOS.platform/Developer/usr/bin/swift-plugin-server\#ObservationMacros -load-resolved-plugin /Applications/Xcode-26.5.0.app/Contents/Developer/Platforms/WatchOS.platform/Developer/usr/lib/swift/host/plugins/libSwiftMacros.dylib\#/Applications/Xcode-26.5.0.app/Contents/Developer/Platforms/WatchOS.platform/Developer/usr/bin/swift-plugin-server\#SwiftMacros -disable-implicit-swift-modules -Xcc -fno-implicit-modules -Xcc -fno-implicit-module-maps -explicit-swift-module-map-file /Users/admin/builder/spi-builder-workspace/.derivedData/Build/Intermediates.noindex/AppServerClient.build/Debug-watchos/appserver-smoke.build/Objects-normal/arm64/appserver_smoke-dependencies-2.json -debug-module-path /Users/admin/builder/spi-builder-workspace/.derivedData/Build/Intermediates.noindex/AppServerClient.build/Debug-watchos/appserver-smoke.build/Objects-normal/arm64/appserver_smoke.swiftmodule -Xllvm -aarch64-use-tbi -enable-objc-interop -stack-check -sdk /Applications/Xcode-26.5.0.app/Contents/Developer/Platforms/WatchOS.platform/Developer/SDKs/WatchOS26.5.sdk -I /Users/admin/builder/spi-builder-workspace/.derivedData/Build/Products/Debug-watchos -Isystem /Applications/Xcode-26.5.0.app/Contents/Developer/Platforms/WatchOS.platform/Developer/usr/lib -F /Users/admin/builder/spi-builder-workspace/.derivedData/Build/Products/Debug-watchos/PackageFrameworks -F /Users/admin/builder/spi-builder-workspace/.derivedData/Build/Products/Debug-watchos/PackageFrameworks -F /Users/admin/builder/spi-builder-workspace/.derivedData/Build/Products/Debug-watchos/PackageFrameworks -F /Users/admin/builder/spi-builder-workspace/.derivedData/Build/Products/Debug-watchos -F /Applications/Xcode-26.5.0.app/Contents/Developer/Platforms/WatchOS.platform/Developer/Library/Frameworks -F /Applications/Xcode-26.5.0.app/Contents/Developer/Platforms/WatchOS.platform/Developer/SDKs/WatchOS26.5.sdk/Developer/Library/Frameworks -no-color-diagnostics -Xcc -fno-color-diagnostics -enable-testing -g -debug-info-format\=dwarf -dwarf-version\=5 -module-cache-path /Users/admin/builder/spi-builder-workspace/.derivedData/Build/Intermediates.noindex/SwiftExplicitPrecompiledModules -profile-generate -profile-coverage-mapping -swift-version 6 -Onone -D SWIFT_PACKAGE -D DEBUG -D Xcode -serialize-debugging-options -const-gather-protocols-file /Users/admin/builder/spi-builder-workspace/.derivedData/Build/Intermediates.noindex/AppServerClient.build/Debug-watchos/appserver-smoke.build/Objects-normal/arm64/appserver-smoke_const_extract_protocols.json -enable-experimental-feature DebugDescriptionMacro -empty-abi-descriptor -validate-clang-modules-once -clang-build-session-file /Users/admin/builder/spi-builder-workspace/.derivedData/ModuleCache.noindex/Session.modulevalidation -Xcc -working-directory -Xcc /Users/admin/builder/spi-builder-workspace/.swiftpm/xcode -enable-anonymous-context-mangled-names -file-compilation-dir /Users/admin/builder/spi-builder-workspace/.swiftpm/xcode -Xcc -D_LIBCPP_HARDENING_MODE\=_LIBCPP_HARDENING_MODE_DEBUG -Xcc -ivfsstatcache -Xcc /Users/admin/builder/spi-builder-workspace/.derivedData/SDKStatCaches.noindex/watchos26.5-23T570-688ef53f1462e2c8f657fdc38a81448f7931b973dfc65d9472806dbbc3af9379.sdkstatcache -Xcc -I/Users/admin/builder/spi-builder-workspace/.derivedData/Build/Products/Debug-watchos/include -Xcc -I/Users/admin/builder/spi-builder-workspace/.derivedData/Build/Intermediates.noindex/AppServerClient.build/Debug-watchos/appserver-smoke.build/DerivedSources-normal/arm64 -Xcc -I/Users/admin/builder/spi-builder-workspace/.derivedData/Build/Intermediates.noindex/AppServerClient.build/Debug-watchos/appserver-smoke.build/DerivedSources/arm64 -Xcc -I/Users/admin/builder/spi-builder-workspace/.derivedData/Build/Intermediates.noindex/AppServerClient.build/Debug-watchos/appserver-smoke.build/DerivedSources -Xcc -DSWIFT_PACKAGE -Xcc -DDEBUG\=1 -no-auto-bridging-header-chaining -module-name appserver_smoke -package-name spi_builder_workspace -frontend-parseable-output -disable-clang-spi -clang-target arm64-apple-watchos26.5 -target-sdk-version 26.5 -target-sdk-name watchos26.5 -in-process-plugin-server-path /Applications/Xcode-26.5.0.app/Contents/Developer/Toolchains/XcodeDefault.xctoolchain/usr/lib/swift/host/libSwiftInProcPluginServer.dylib -parse-as-library -o /Users/admin/builder/spi-builder-workspace/.derivedData/Build/Intermediates.noindex/AppServerClient.build/Debug-watchos/appserver-smoke.build/Objects-normal/arm64/AppServerSmokeCLI.o -index-unit-output-path /AppServerClient.build/Debug-watchos/appserver-smoke.build/Objects-normal/arm64/AppServerSmokeCLI.o -index-store-path /Users/admin/builder/spi-builder-workspace/.derivedData/Index.noindex/DataStore -index-system-modules
SwiftCompile normal arm64 /Users/admin/builder/spi-builder-workspace/Sources/AppServerSmokeCLI/AppServerSmokeCLI.swift (in target 'appserver-smoke' from project 'AppServerClient')
cd /Users/admin/builder/spi-builder-workspace/.swiftpm/xcode
/Users/admin/builder/spi-builder-workspace/Sources/AppServerSmokeCLI/AppServerSmokeCLI.swift:10:30: error: cannot find 'StdIOAppServerConnection' in scope
let connection = try StdIOAppServerConnection.connect()
^~~~~~~~~~~~~~~~~~~~~~~~
/Users/admin/builder/spi-builder-workspace/Sources/AppServerSmokeCLI/AppServerSmokeCLI.swift:25:20: error: cannot infer contextual base in reference to member 'init'
with: .init()
~^~~~
/Users/admin/builder/spi-builder-workspace/Sources/AppServerSmokeCLI/AppServerSmokeCLI.swift:33:20: error: cannot infer contextual base in reference to member 'none'
with: .none
~^~~~
/Users/admin/builder/spi-builder-workspace/Sources/AppServerSmokeCLI/AppServerSmokeCLI.swift:42:20: error: cannot infer contextual base in reference to member 'init'
with: .init(limit: 5)
~^~~~
/Users/admin/builder/spi-builder-workspace/Sources/AppServerSmokeCLI/AppServerSmokeCLI.swift:62:20: error: cannot infer contextual base in reference to member 'init'
with: .init(itemsView: .full, limit: 3, threadId: featuredThread.id)
~^~~~
/Users/admin/builder/spi-builder-workspace/Sources/AppServerSmokeCLI/AppServerSmokeCLI.swift:62:37: error: cannot infer contextual base in reference to member 'full'
with: .init(itemsView: .full, limit: 3, threadId: featuredThread.id)
~^~~~
SwiftEmitModule normal arm64 Emitting\ module\ for\ appserver_smoke (in target 'appserver-smoke' from project 'AppServerClient')
SwiftCompile normal arm64 /Users/admin/builder/spi-builder-workspace/Sources/AppServerSmokeCLI/AppServerSmokeCLI.swift (in target 'appserver-smoke' from project 'AppServerClient')
cd /Users/admin/builder/spi-builder-workspace/.swiftpm/xcode
2026-10-19 02:23:29.207 xcodebuild[2005:11465] [MT] IDERunDestination: Supported platforms for the buildables in the current scheme is empty.
** BUILD FAILED **
The following build commands failed:
SwiftCompile normal arm64_32 Compiling\ AppServerSmokeCLI.swift /Users/admin/builder/spi-builder-workspace/Sources/AppServerSmokeCLI/AppServerSmokeCLI.swift (in target 'appserver-smoke' from project 'AppServerClient')
SwiftCompile normal arm64_32 /Users/admin/builder/spi-builder-workspace/Sources/AppServerSmokeCLI/AppServerSmokeCLI.swift (in target 'appserver-smoke' from project 'AppServerClient')
SwiftCompile normal arm64 Compiling\ AppServerSmokeCLI.swift /Users/admin/builder/spi-builder-workspace/Sources/AppServerSmokeCLI/AppServerSmokeCLI.swift (in target 'appserver-smoke' from project 'AppServerClient')
SwiftCompile normal arm64 /Users/admin/builder/spi-builder-workspace/Sources/AppServerSmokeCLI/AppServerSmokeCLI.swift (in target 'appserver-smoke' from project 'AppServerClient')
Building workspace spi-builder-workspace with scheme AppServerClient-Package
(5 failures)
BUILD FAILURE 6.3 watchOS