Build Information
Failed to build MapsIndoorsCore, reference 4.22.0 (dc111a), with Swift 6.1 for macOS (SPM) on 4 Oct 2026 12:18:53 UTC.
Build Command
env DEVELOPER_DIR=/Applications/Xcode-16.3.0.app xcrun swift build --arch arm64Build Log
========================================
RunAll
========================================
Builder version: 5.1.1
Interrupt handler set up.
========================================
Checkout
========================================
Clone URL: https://github.com/MapsPeople/mapsindoors-core-ios.git
Reference: 4.22.0
Initialized empty Git repository in /Users/admin/builder/spi-builder-workspace/.git/
From https://github.com/MapsPeople/mapsindoors-core-ios
* tag 4.22.0 -> FETCH_HEAD
HEAD is now at dc111ad Release version 4.22.0
Cloned https://github.com/MapsPeople/mapsindoors-core-ios.git
Revision (git rev-parse @):
dc111adbe8eabb496190b72c7908ea980458c4d4
SPI manifest file found: $PWD/.spi.yml
SUCCESS checkout https://github.com/MapsPeople/mapsindoors-core-ios.git at 4.22.0
========================================
Build
========================================
Selected platform: macosSpm
Swift version: 6.1
Building package at path: $PWD
https://github.com/MapsPeople/mapsindoors-core-ios.git
https://github.com/MapsPeople/mapsindoors-core-ios.git
{
"dependencies" : [
{
"identity" : "mapsindoors-ios",
"requirement" : {
"exact" : [
"4.22.0"
]
},
"type" : "sourceControl",
"url" : "https://github.com/MapsPeople/mapsindoors-ios.git"
}
],
"manifest_display_name" : "MapsIndoorsCore",
"name" : "MapsIndoorsCore",
"path" : "/Users/admin/builder/spi-builder-workspace",
"platforms" : [
{
"name" : "ios",
"version" : "16.0"
}
],
"products" : [
{
"name" : "MapsIndoorsCore",
"targets" : [
"MapsIndoorsCoreWrapper"
],
"type" : {
"library" : [
"automatic"
]
}
}
],
"targets" : [
{
"c99name" : "MapsIndoorsCoreWrapper",
"module_type" : "SwiftTarget",
"name" : "MapsIndoorsCoreWrapper",
"path" : "Sources/MapsIndoorsCoreWrapper",
"product_dependencies" : [
"MapsIndoors"
],
"product_memberships" : [
"MapsIndoorsCore"
],
"sources" : [
"MPEmpty.swift"
],
"target_dependencies" : [
"MapsIndoorsCore"
],
"type" : "library"
},
{
"c99name" : "MapsIndoorsCore",
"module_type" : "BinaryTarget",
"name" : "MapsIndoorsCore",
"path" : "remote/archive/MapsIndoorsCore.xcframework.zip",
"product_memberships" : [
"MapsIndoorsCore"
],
"sources" : [
],
"type" : "binary"
}
],
"tools_version" : "5.10"
}
Running build ...
env DEVELOPER_DIR=/Applications/Xcode-16.3.0.app xcrun swift build --arch arm64 -Xswiftc -Xfrontend -Xswiftc -stats-output-dir -Xswiftc -Xfrontend -Xswiftc .stats -Xswiftc -strict-concurrency=complete -Xswiftc -enable-upcoming-feature -Xswiftc StrictConcurrency -Xswiftc -enable-upcoming-feature -Xswiftc DisableOutwardActorInference -Xswiftc -enable-upcoming-feature -Xswiftc GlobalActorIsolatedTypesUsability -Xswiftc -enable-upcoming-feature -Xswiftc InferSendableFromCaptures
Building for debugging...
[0/2] Write sources
[1/2] Write swift-version-2F0A5646E1D333AE.txt
error: emit-module command failed with exit code 1 (use -v to see invocation)
[3/4] Emitting module MapsIndoorsCoreWrapper
/Users/admin/builder/spi-builder-workspace/Sources/MapsIndoorsCoreWrapper/MPEmpty.swift:9:8: error: no such module 'MapsIndoors'
7 |
8 | import Foundation
9 | import MapsIndoors
| `- error: no such module 'MapsIndoors'
10 |
[4/4] Compiling MapsIndoorsCoreWrapper MPEmpty.swift
/Users/admin/builder/spi-builder-workspace/Sources/MapsIndoorsCoreWrapper/MPEmpty.swift:9:8: error: no such module 'MapsIndoors'
7 |
8 | import Foundation
9 | import MapsIndoors
| `- error: no such module 'MapsIndoors'
10 |
Fetching https://github.com/MapsPeople/mapsindoors-ios.git
[1/425] Fetching mapsindoors-ios
Fetched https://github.com/MapsPeople/mapsindoors-ios.git from cache (0.74s)
Computing version for https://github.com/MapsPeople/mapsindoors-ios.git
Computed https://github.com/MapsPeople/mapsindoors-ios.git at 4.22.0 (1.25s)
Creating working copy for https://github.com/MapsPeople/mapsindoors-ios.git
Working copy of https://github.com/MapsPeople/mapsindoors-ios.git resolved at 4.22.0
Downloading binary artifact https://github.com/MapsPeople/MapsIndoors-SDK-iOS/releases/download/4.22.0/MapsIndoorsCore.xcframework.zip
Downloading binary artifact https://github.com/MapsPeople/MapsIndoors-SDK-iOS/releases/download/4.22.0/MapsIndoors.xcframework.zip
[16375/2791829] Downloading https://github.com/MapsPeople/MapsIndoors-SDK-iOS/releases/download/4.22.0/MapsIndoors.xcframework.zip
[3053973/9151398] Downloading https://github.com/MapsPeople/MapsIndoors-SDK-iOS/releases/download/4.22.0/MapsIndoors.xcframework.zip, https://github.com/MapsPeople/MapsIndoors-SDK-iOS/releases/download/4.22.0/MapsIndoorsCore.xcframework.zip
Downloaded https://github.com/MapsPeople/MapsIndoors-SDK-iOS/releases/download/4.22.0/MapsIndoors.xcframework.zip (0.64s)
Downloaded https://github.com/MapsPeople/MapsIndoors-SDK-iOS/releases/download/4.22.0/MapsIndoorsCore.xcframework.zip (0.84s)
Running build ...
env DEVELOPER_DIR=/Applications/Xcode-16.3.0.app xcrun swift build --arch arm64
[0/1] Planning build
Building for debugging...
[0/1] Write swift-version-2F0A5646E1D333AE.txt
error: emit-module command failed with exit code 1 (use -v to see invocation)
[2/3] Emitting module MapsIndoorsCoreWrapper
/Users/admin/builder/spi-builder-workspace/Sources/MapsIndoorsCoreWrapper/MPEmpty.swift:9:8: error: no such module 'MapsIndoors'
7 |
8 | import Foundation
9 | import MapsIndoors
| `- error: no such module 'MapsIndoors'
10 |
[3/3] Compiling MapsIndoorsCoreWrapper MPEmpty.swift
/Users/admin/builder/spi-builder-workspace/Sources/MapsIndoorsCoreWrapper/MPEmpty.swift:9:8: error: no such module 'MapsIndoors'
7 |
8 | import Foundation
9 | import MapsIndoors
| `- error: no such module 'MapsIndoors'
10 |
BUILD FAILURE 6.1 macosSpm