Build Information
Failed to build CircularProgress, reference main (576adc), with Swift 6.4 for macOS (Xcode) using Xcode 27.0 on 18 Sep 2026 20:25:59 UTC.
Build Command
env DEVELOPER_DIR=/Applications/Xcode-27.0.0-Release.Candidate.app xcrun xcodebuild -IDEClonedSourcePackagesDirPathOverride=$PWD/.dependencies -skipMacroValidation -skipPackagePluginValidation -derivedDataPath $PWD/.derivedData build -scheme CircularProgress-Package -destination platform=macOS,arch=arm64Build Log
========================================
RunAll
========================================
Builder version: 5.1.0
Interrupt handler set up.
========================================
Checkout
========================================
Clone URL: https://github.com/sindresorhus/CircularProgress.git
Reference: main
Initialized empty Git repository in /Users/admin/builder/spi-builder-workspace/.git/
From https://github.com/sindresorhus/CircularProgress
* branch main -> FETCH_HEAD
* [new branch] main -> origin/main
HEAD is now at 576adc4 Tweaks
Cloned https://github.com/sindresorhus/CircularProgress.git
Revision (git rev-parse @):
576adc48fee51b27ac51f0271297f9f69571e9e6
SUCCESS checkout https://github.com/sindresorhus/CircularProgress.git at main
========================================
Build
========================================
Selected platform: macosXcodebuild
Swift version: 6.4
Building package at path: $PWD
https://github.com/sindresorhus/CircularProgress.git
Command line invocation:
/Applications/Xcode-27.0.0-Release.Candidate.app/Contents/Developer/usr/bin/xcodebuild -IDEClonedSourcePackagesDirPathOverride=/Users/admin/builder/spi-builder-workspace/.dependencies -resolvePackageDependencies
resolved source packages:
{
"dependencies" : [
],
"manifest_display_name" : "CircularProgress",
"name" : "CircularProgress",
"path" : "/Users/admin/builder/spi-builder-workspace",
"platforms" : [
{
"name" : "macos",
"version" : "10.15"
}
],
"products" : [
{
"name" : "CircularProgress",
"targets" : [
"CircularProgress"
],
"type" : {
"library" : [
"automatic"
]
}
}
],
"targets" : [
{
"c99name" : "CircularProgress",
"module_type" : "SwiftTarget",
"name" : "CircularProgress",
"path" : "Sources/CircularProgress",
"product_memberships" : [
"CircularProgress"
],
"sources" : [
"CheckmarkView.swift",
"CircularProgress.swift",
"Utilities.swift",
"Vendored/CustomButton+Utilities.swift",
"Vendored/CustomButton.swift"
],
"type" : "library"
}
],
"tools_version" : "5.9"
}
{
"project" : {
"configurations" : [
"Debug",
"Release"
],
"name" : "CircularProgress",
"schemes" : [
"CircularProgress-Package",
"CircularProgressExample",
"CircularProgressPackageDescription"
],
"targets" : [
"CircularProgress",
"CircularProgressPackageDescription",
"CircularProgressExample"
]
}
}
Running build ...
env DEVELOPER_DIR=/Applications/Xcode-27.0.0-Release.Candidate.app xcrun xcodebuild -IDEClonedSourcePackagesDirPathOverride=$PWD/.dependencies -skipMacroValidation -skipPackagePluginValidation -derivedDataPath $PWD/.derivedData build -scheme CircularProgress-Package -destination platform=macOS,arch=arm64
Command line invocation:
/Applications/Xcode-27.0.0-Release.Candidate.app/Contents/Developer/usr/bin/xcodebuild -IDEClonedSourcePackagesDirPathOverride=/Users/admin/builder/spi-builder-workspace/.dependencies -skipMacroValidation -skipPackagePluginValidation -derivedDataPath /Users/admin/builder/spi-builder-workspace/.derivedData build -scheme CircularProgress-Package -destination platform=macOS,arch=arm64
ComputePackagePrebuildTargetDependencyGraph
Prepare packages
CreateBuildRequest
SendProjectDescription
CreateBuildOperation
ComputeTargetDependencyGraph
note: Building targets in dependency order
note: Target dependency graph (1 target)
Target 'CircularProgress' in project 'CircularProgress' (no dependencies)
GatherProvisioningInputs
CreateBuildDescription
ExecuteExternalTool /Applications/Xcode-27.0.0-Release.Candidate.app/Contents/Developer/Toolchains/XcodeDefault.xctoolchain/usr/bin/clang -v -E -dM -isysroot /Applications/Xcode-27.0.0-Release.Candidate.app/Contents/Developer/Platforms/MacOSX.platform/Developer/SDKs/MacOSX27.0.sdk -x c -c /dev/null
ExecuteExternalTool /Applications/Xcode-27.0.0-Release.Candidate.app/Contents/Developer/Toolchains/XcodeDefault.xctoolchain/usr/bin/swiftc --version
ExecuteExternalTool /Applications/Xcode-27.0.0-Release.Candidate.app/Contents/Developer/Toolchains/XcodeDefault.xctoolchain/usr/bin/ld -version_details
Build description signature: 695d306d977f46d298520fd8a09d4ef3
Build description path: /Users/admin/builder/spi-builder-workspace/.derivedData/Build/Intermediates.noindex/XCBuildData/695d306d977f46d298520fd8a09d4ef3.xcbuilddata
/Users/admin/builder/spi-builder-workspace/CircularProgress.xcodeproj: error: The macOS deployment target 'MACOSX_DEPLOYMENT_TARGET' is set to 10.15, but the range of supported deployment target versions is 12.0 to 27.0.x. (in target 'CircularProgress' from project 'CircularProgress')
note: Run script build phase 'SwiftLint' will be run during every build because the option to run the script phase "Based on dependency analysis" is unchecked. (in target 'CircularProgress' from project 'CircularProgress')
** BUILD FAILED **
The following build commands failed:
Building project CircularProgress with scheme CircularProgress-Package
(1 failure)
Command line invocation:
/Applications/Xcode-27.0.0-Release.Candidate.app/Contents/Developer/usr/bin/xcodebuild -IDEClonedSourcePackagesDirPathOverride=/Users/admin/builder/spi-builder-workspace/.dependencies -resolvePackageDependencies
resolved source packages:
{
"dependencies" : [
],
"manifest_display_name" : "CircularProgress",
"name" : "CircularProgress",
"path" : "/Users/admin/builder/spi-builder-workspace",
"platforms" : [
{
"name" : "macos",
"version" : "10.15"
}
],
"products" : [
{
"name" : "CircularProgress",
"targets" : [
"CircularProgress"
],
"type" : {
"library" : [
"automatic"
]
}
}
],
"targets" : [
{
"c99name" : "CircularProgress",
"module_type" : "SwiftTarget",
"name" : "CircularProgress",
"path" : "Sources/CircularProgress",
"product_memberships" : [
"CircularProgress"
],
"sources" : [
"CheckmarkView.swift",
"CircularProgress.swift",
"Utilities.swift",
"Vendored/CustomButton+Utilities.swift",
"Vendored/CustomButton.swift"
],
"type" : "library"
}
],
"tools_version" : "5.9"
}
{
"project" : {
"configurations" : [
"Debug",
"Release"
],
"name" : "CircularProgress",
"schemes" : [
"CircularProgress-Package",
"CircularProgressExample",
"CircularProgressPackageDescription"
],
"targets" : [
"CircularProgress",
"CircularProgressPackageDescription",
"CircularProgressExample"
]
}
}
Running build ...
env DEVELOPER_DIR=/Applications/Xcode-27.0.0-Release.Candidate.app xcrun xcodebuild -IDEClonedSourcePackagesDirPathOverride=$PWD/.dependencies -skipMacroValidation -skipPackagePluginValidation -derivedDataPath $PWD/.derivedData build -scheme CircularProgress-Package -destination platform=macOS,arch=arm64
Command line invocation:
/Applications/Xcode-27.0.0-Release.Candidate.app/Contents/Developer/usr/bin/xcodebuild -IDEClonedSourcePackagesDirPathOverride=/Users/admin/builder/spi-builder-workspace/.dependencies -skipMacroValidation -skipPackagePluginValidation -derivedDataPath /Users/admin/builder/spi-builder-workspace/.derivedData build -scheme CircularProgress-Package -destination platform=macOS,arch=arm64
ComputePackagePrebuildTargetDependencyGraph
Prepare packages
CreateBuildRequest
SendProjectDescription
CreateBuildOperation
ComputeTargetDependencyGraph
note: Building targets in dependency order
note: Target dependency graph (1 target)
Target 'CircularProgress' in project 'CircularProgress' (no dependencies)
GatherProvisioningInputs
CreateBuildDescription
/Users/admin/builder/spi-builder-workspace/CircularProgress.xcodeproj: error: The macOS deployment target 'MACOSX_DEPLOYMENT_TARGET' is set to 10.15, but the range of supported deployment target versions is 12.0 to 27.0.x. (in target 'CircularProgress' from project 'CircularProgress')
note: Run script build phase 'SwiftLint' will be run during every build because the option to run the script phase "Based on dependency analysis" is unchecked. (in target 'CircularProgress' from project 'CircularProgress')
** BUILD FAILED **
The following build commands failed:
Building project CircularProgress with scheme CircularProgress-Package
(1 failure)
BUILD FAILURE 6.4 macosXcodebuild