The Swift Package Index logo.Swift Package Index

Build Information

Failed to build FixedPointDecimal, reference 2.3.0 (e377f4), with Swift 6.1 for macOS (Xcode) using Xcode 16.3 on 28 Sep 2026 11:18:06 UTC.

Build Command

No build command. This typically means the build failed at an early stage where we determine the build command.

Build Log

========================================
RunAll
========================================
Builder version: 5.1.0
Interrupt handler set up.
========================================
Checkout
========================================
Clone URL: https://github.com/ordo-one/FixedPoint.git
Reference: 2.3.0
Initialized empty Git repository in /Users/admin/builder/spi-builder-workspace/.git/
From https://github.com/ordo-one/FixedPoint
 * tag               2.3.0      -> FETCH_HEAD
HEAD is now at e377f42 feat(minor): Make fractionalDigitCount public (#8)
Cloned https://github.com/ordo-one/FixedPoint.git
Revision (git rev-parse @):
e377f42f1d075270dbcde5cbcd2b6335e0f34449
SPI manifest file found: $PWD/.spi.yml
SUCCESS checkout https://github.com/ordo-one/FixedPoint.git at 2.3.0
========================================
Build
========================================
Selected platform:         macosXcodebuild
Swift version:             6.1
Building package at path:  $PWD
https://github.com/ordo-one/FixedPoint.git
https://github.com/ordo-one/FixedPoint.git
error: 'spi-builder-workspace': package 'spi-builder-workspace' is using Swift tools version 6.2.0 but the installed version is 6.1.0
error: fatalError
Command line invocation:
    /Applications/Xcode-16.3.0.app/Contents/Developer/usr/bin/xcodebuild -IDEClonedSourcePackagesDirPathOverride=/Users/admin/builder/spi-builder-workspace/.dependencies -resolvePackageDependencies
Resolve Package Graph
package 'spi-builder-workspace' is using Swift tools version 6.2.0 but the installed version is 6.1.0
Resolved source packages:
  spi-builder-workspace: (null)
2026-09-28 04:18:05.744 xcodebuild[503:2886] Writing error result bundle to /var/folders/5k/5yc19ymj0jqd5v0zvgfqz0xw0000gn/T/ResultBundle_2026-28-09_04-18-0005.xcresult
xcodebuild: error: Could not resolve package dependencies:
  package 'spi-builder-workspace' is using Swift tools version 6.2.0 but the installed version is 6.1.0
Command line invocation:
    /Applications/Xcode-16.3.0.app/Contents/Developer/usr/bin/xcodebuild -IDEClonedSourcePackagesDirPathOverride=/Users/admin/builder/spi-builder-workspace/.dependencies -resolvePackageDependencies
Resolve Package Graph
package 'spi-builder-workspace' is using Swift tools version 6.2.0 but the installed version is 6.1.0
Resolved source packages:
  spi-builder-workspace: (null)
2026-09-28 04:18:06.435 xcodebuild[512:2976] Writing error result bundle to /var/folders/5k/5yc19ymj0jqd5v0zvgfqz0xw0000gn/T/ResultBundle_2026-28-09_04-18-0006.xcresult
xcodebuild: error: Could not resolve package dependencies:
  package 'spi-builder-workspace' is using Swift tools version 6.2.0 but the installed version is 6.1.0
BUILD FAILURE 6.1 macosXcodebuild