The Swift Package Index logo.Swift Package Index

Build Information

Failed to build RxBluetoothKit, reference master (2a95bc), with Swift 6.4 for watchOS using Xcode 27.0 on 17 Sep 2026 10:59:54 UTC.

Build Command

env DEVELOPER_DIR=/Applications/Xcode-27.0.0-Release.Candidate.app xcrun xcodebuild -IDEClonedSourcePackagesDirPathOverride=$PWD/.dependencies -skipMacroValidation -skipPackagePluginValidation -derivedDataPath $PWD/.derivedData build -scheme RxBluetoothKit -destination generic/platform=watchOS

Build Log

SwiftCompile normal arm64 /Users/admin/builder/spi-builder-workspace/.dependencies/checkouts/RxSwift/Sources/RxSwift/CurrentThreadScheduler.swift (in target 'RxSwift' from project 'RxSwift')
    cd /Users/admin/builder/spi-builder-workspace/.swiftpm/xcode
    builtin-SwiftPerFileCompile CurrentThreadScheduler.swift
SwiftCompile normal arm64 /Users/admin/builder/spi-builder-workspace/.dependencies/checkouts/RxSwift/Sources/RxSwift/Date+Dispatch.swift (in target 'RxSwift' from project 'RxSwift')
    cd /Users/admin/builder/spi-builder-workspace/.swiftpm/xcode
    builtin-SwiftPerFileCompile Date+Dispatch.swift
SwiftCompile normal arm64 /Users/admin/builder/spi-builder-workspace/.dependencies/checkouts/RxSwift/Sources/RxSwift/Debounce.swift (in target 'RxSwift' from project 'RxSwift')
    cd /Users/admin/builder/spi-builder-workspace/.swiftpm/xcode
    builtin-SwiftPerFileCompile Debounce.swift
SwiftCompile normal arm64 /Users/admin/builder/spi-builder-workspace/.dependencies/checkouts/RxSwift/Sources/RxSwift/Debug.swift (in target 'RxSwift' from project 'RxSwift')
    cd /Users/admin/builder/spi-builder-workspace/.swiftpm/xcode
    builtin-SwiftPerFileCompile Debug.swift
SwiftCompile normal arm64 /Users/admin/builder/spi-builder-workspace/.dependencies/checkouts/RxSwift/Sources/RxSwift/DefaultIfEmpty.swift (in target 'RxSwift' from project 'RxSwift')
    cd /Users/admin/builder/spi-builder-workspace/.swiftpm/xcode
    builtin-SwiftPerFileCompile DefaultIfEmpty.swift
SwiftCompile normal arm64 /Users/admin/builder/spi-builder-workspace/.dependencies/checkouts/RxSwift/Sources/RxSwift/Deferred.swift (in target 'RxSwift' from project 'RxSwift')
    cd /Users/admin/builder/spi-builder-workspace/.swiftpm/xcode
    builtin-SwiftPerFileCompile Deferred.swift
SwiftCompile normal arm64 /Users/admin/builder/spi-builder-workspace/.dependencies/checkouts/RxSwift/Sources/RxSwift/Delay.swift (in target 'RxSwift' from project 'RxSwift')
    cd /Users/admin/builder/spi-builder-workspace/.swiftpm/xcode
    builtin-SwiftPerFileCompile Delay.swift
SwiftCompile normal arm64 /Users/admin/builder/spi-builder-workspace/.dependencies/checkouts/RxSwift/Sources/RxSwift/DelaySubscription.swift (in target 'RxSwift' from project 'RxSwift')
    cd /Users/admin/builder/spi-builder-workspace/.swiftpm/xcode
    builtin-SwiftPerFileCompile DelaySubscription.swift
SwiftCompile normal arm64 /Users/admin/builder/spi-builder-workspace/.dependencies/checkouts/RxSwift/Sources/RxSwift/Dematerialize.swift (in target 'RxSwift' from project 'RxSwift')
    cd /Users/admin/builder/spi-builder-workspace/.swiftpm/xcode
    builtin-SwiftPerFileCompile Dematerialize.swift
SwiftCompile normal arm64 /Users/admin/builder/spi-builder-workspace/.dependencies/checkouts/RxSwift/Sources/RxSwift/Deprecated.swift (in target 'RxSwift' from project 'RxSwift')
    cd /Users/admin/builder/spi-builder-workspace/.swiftpm/xcode
    builtin-SwiftPerFileCompile Deprecated.swift
SwiftCompile normal arm64 /Users/admin/builder/spi-builder-workspace/.dependencies/checkouts/RxSwift/Sources/RxSwift/DispatchQueue+Extensions.swift (in target 'RxSwift' from project 'RxSwift')
    cd /Users/admin/builder/spi-builder-workspace/.swiftpm/xcode
    builtin-SwiftPerFileCompile DispatchQueue+Extensions.swift
SwiftCompile normal arm64 /Users/admin/builder/spi-builder-workspace/.dependencies/checkouts/RxSwift/Sources/RxSwift/DispatchQueueConfiguration.swift (in target 'RxSwift' from project 'RxSwift')
    cd /Users/admin/builder/spi-builder-workspace/.swiftpm/xcode
    builtin-SwiftPerFileCompile DispatchQueueConfiguration.swift
SwiftCompile normal arm64 /Users/admin/builder/spi-builder-workspace/.dependencies/checkouts/RxSwift/Sources/RxSwift/Disposable.swift (in target 'RxSwift' from project 'RxSwift')
    cd /Users/admin/builder/spi-builder-workspace/.swiftpm/xcode
    builtin-SwiftPerFileCompile Disposable.swift
SwiftCompile normal arm64 /Users/admin/builder/spi-builder-workspace/.dependencies/checkouts/RxSwift/Sources/RxSwift/Disposables.swift (in target 'RxSwift' from project 'RxSwift')
    cd /Users/admin/builder/spi-builder-workspace/.swiftpm/xcode
    builtin-SwiftPerFileCompile Disposables.swift
SwiftCompile normal arm64 /Users/admin/builder/spi-builder-workspace/.dependencies/checkouts/RxSwift/Sources/RxSwift/DisposeBag.swift (in target 'RxSwift' from project 'RxSwift')
    cd /Users/admin/builder/spi-builder-workspace/.swiftpm/xcode
    builtin-SwiftPerFileCompile DisposeBag.swift
SwiftCompile normal arm64 Compiling\ NopDisposable.swift,\ Observable.swift,\ ObservableConvertibleType.swift,\ ObservableType+Extensions.swift,\ ObservableType+PrimitiveSequence.swift,\ ObservableType.swift,\ ObserveOn.swift,\ ObserverBase.swift,\ ObserverType.swift,\ OperationQueueScheduler.swift,\ Optional.swift,\ Platform.Darwin.swift,\ Platform.Linux.swift,\ PrimitiveSequence+Zip+arity.swift,\ PrimitiveSequence.swift /Users/admin/builder/spi-builder-workspace/.dependencies/checkouts/RxSwift/Sources/RxSwift/NopDisposable.swift /Users/admin/builder/spi-builder-workspace/.dependencies/checkouts/RxSwift/Sources/RxSwift/Observable.swift /Users/admin/builder/spi-builder-workspace/.dependencies/checkouts/RxSwift/Sources/RxSwift/ObservableConvertibleType.swift /Users/admin/builder/spi-builder-workspace/.dependencies/checkouts/RxSwift/Sources/RxSwift/ObservableType+Extensions.swift /Users/admin/builder/spi-builder-workspace/.dependencies/checkouts/RxSwift/Sources/RxSwift/ObservableType+PrimitiveSequence.swift /Users/admin/builder/spi-builder-workspace/.dependencies/checkouts/RxSwift/Sources/RxSwift/ObservableType.swift /Users/admin/builder/spi-builder-workspace/.dependencies/checkouts/RxSwift/Sources/RxSwift/ObserveOn.swift /Users/admin/builder/spi-builder-workspace/.dependencies/checkouts/RxSwift/Sources/RxSwift/ObserverBase.swift /Users/admin/builder/spi-builder-workspace/.dependencies/checkouts/RxSwift/Sources/RxSwift/ObserverType.swift /Users/admin/builder/spi-builder-workspace/.dependencies/checkouts/RxSwift/Sources/RxSwift/OperationQueueScheduler.swift /Users/admin/builder/spi-builder-workspace/.dependencies/checkouts/RxSwift/Sources/RxSwift/Optional.swift /Users/admin/builder/spi-builder-workspace/.dependencies/checkouts/RxSwift/Sources/RxSwift/Platform.Darwin.swift /Users/admin/builder/spi-builder-workspace/.dependencies/checkouts/RxSwift/Sources/RxSwift/Platform.Linux.swift /Users/admin/builder/spi-builder-workspace/.dependencies/checkouts/RxSwift/Sources/RxSwift/PrimitiveSequence+Zip+arity.swift /Users/admin/builder/spi-builder-workspace/.dependencies/checkouts/RxSwift/Sources/RxSwift/PrimitiveSequence.swift (in target 'RxSwift' from project 'RxSwift')
SwiftCompile normal arm64 /Users/admin/builder/spi-builder-workspace/.dependencies/checkouts/RxSwift/Sources/RxSwift/NopDisposable.swift (in target 'RxSwift' from project 'RxSwift')
    cd /Users/admin/builder/spi-builder-workspace/.swiftpm/xcode
    builtin-SwiftPerFileCompile NopDisposable.swift
SwiftCompile normal arm64 /Users/admin/builder/spi-builder-workspace/.dependencies/checkouts/RxSwift/Sources/RxSwift/Observable.swift (in target 'RxSwift' from project 'RxSwift')
    cd /Users/admin/builder/spi-builder-workspace/.swiftpm/xcode
    builtin-SwiftPerFileCompile Observable.swift
SwiftCompile normal arm64 /Users/admin/builder/spi-builder-workspace/.dependencies/checkouts/RxSwift/Sources/RxSwift/ObservableConvertibleType.swift (in target 'RxSwift' from project 'RxSwift')
    cd /Users/admin/builder/spi-builder-workspace/.swiftpm/xcode
    builtin-SwiftPerFileCompile ObservableConvertibleType.swift
SwiftCompile normal arm64 /Users/admin/builder/spi-builder-workspace/.dependencies/checkouts/RxSwift/Sources/RxSwift/ObservableType+Extensions.swift (in target 'RxSwift' from project 'RxSwift')
    cd /Users/admin/builder/spi-builder-workspace/.swiftpm/xcode
    builtin-SwiftPerFileCompile ObservableType+Extensions.swift
SwiftCompile normal arm64 /Users/admin/builder/spi-builder-workspace/.dependencies/checkouts/RxSwift/Sources/RxSwift/ObservableType+PrimitiveSequence.swift (in target 'RxSwift' from project 'RxSwift')
    cd /Users/admin/builder/spi-builder-workspace/.swiftpm/xcode
    builtin-SwiftPerFileCompile ObservableType+PrimitiveSequence.swift
SwiftCompile normal arm64 /Users/admin/builder/spi-builder-workspace/.dependencies/checkouts/RxSwift/Sources/RxSwift/ObservableType.swift (in target 'RxSwift' from project 'RxSwift')
    cd /Users/admin/builder/spi-builder-workspace/.swiftpm/xcode
    builtin-SwiftPerFileCompile ObservableType.swift
SwiftCompile normal arm64 /Users/admin/builder/spi-builder-workspace/.dependencies/checkouts/RxSwift/Sources/RxSwift/ObserveOn.swift (in target 'RxSwift' from project 'RxSwift')
    cd /Users/admin/builder/spi-builder-workspace/.swiftpm/xcode
    builtin-SwiftPerFileCompile ObserveOn.swift
SwiftCompile normal arm64 /Users/admin/builder/spi-builder-workspace/.dependencies/checkouts/RxSwift/Sources/RxSwift/ObserverBase.swift (in target 'RxSwift' from project 'RxSwift')
    cd /Users/admin/builder/spi-builder-workspace/.swiftpm/xcode
    builtin-SwiftPerFileCompile ObserverBase.swift
SwiftCompile normal arm64 /Users/admin/builder/spi-builder-workspace/.dependencies/checkouts/RxSwift/Sources/RxSwift/ObserverType.swift (in target 'RxSwift' from project 'RxSwift')
    cd /Users/admin/builder/spi-builder-workspace/.swiftpm/xcode
    builtin-SwiftPerFileCompile ObserverType.swift
SwiftCompile normal arm64 /Users/admin/builder/spi-builder-workspace/.dependencies/checkouts/RxSwift/Sources/RxSwift/OperationQueueScheduler.swift (in target 'RxSwift' from project 'RxSwift')
    cd /Users/admin/builder/spi-builder-workspace/.swiftpm/xcode
    builtin-SwiftPerFileCompile OperationQueueScheduler.swift
SwiftCompile normal arm64 /Users/admin/builder/spi-builder-workspace/.dependencies/checkouts/RxSwift/Sources/RxSwift/Optional.swift (in target 'RxSwift' from project 'RxSwift')
    cd /Users/admin/builder/spi-builder-workspace/.swiftpm/xcode
    builtin-SwiftPerFileCompile Optional.swift
SwiftCompile normal arm64 /Users/admin/builder/spi-builder-workspace/.dependencies/checkouts/RxSwift/Sources/RxSwift/Platform.Darwin.swift (in target 'RxSwift' from project 'RxSwift')
    cd /Users/admin/builder/spi-builder-workspace/.swiftpm/xcode
    builtin-SwiftPerFileCompile Platform.Darwin.swift
SwiftCompile normal arm64 /Users/admin/builder/spi-builder-workspace/.dependencies/checkouts/RxSwift/Sources/RxSwift/Platform.Linux.swift (in target 'RxSwift' from project 'RxSwift')
    cd /Users/admin/builder/spi-builder-workspace/.swiftpm/xcode
    builtin-SwiftPerFileCompile Platform.Linux.swift
SwiftCompile normal arm64 /Users/admin/builder/spi-builder-workspace/.dependencies/checkouts/RxSwift/Sources/RxSwift/PrimitiveSequence+Zip+arity.swift (in target 'RxSwift' from project 'RxSwift')
    cd /Users/admin/builder/spi-builder-workspace/.swiftpm/xcode
    builtin-SwiftPerFileCompile PrimitiveSequence+Zip+arity.swift
SwiftCompile normal arm64 /Users/admin/builder/spi-builder-workspace/.dependencies/checkouts/RxSwift/Sources/RxSwift/PrimitiveSequence.swift (in target 'RxSwift' from project 'RxSwift')
    cd /Users/admin/builder/spi-builder-workspace/.swiftpm/xcode
    builtin-SwiftPerFileCompile PrimitiveSequence.swift
SwiftDriverJobDiscovery normal arm64_32 Compiling NopDisposable.swift, Observable.swift, ObservableConvertibleType.swift, ObservableType+Extensions.swift, ObservableType+PrimitiveSequence.swift, ObservableType.swift, ObserveOn.swift, ObserverBase.swift, ObserverType.swift, OperationQueueScheduler.swift, Optional.swift, Platform.Darwin.swift, Platform.Linux.swift, PrimitiveSequence+Zip+arity.swift, PrimitiveSequence.swift (in target 'RxSwift' from project 'RxSwift')
SwiftCompile normal arm64 Compiling\ HistoricalSchedulerTimeConverter.swift,\ ImmediateSchedulerType.swift,\ InfiniteSequence.swift,\ InvocableScheduledItem.swift,\ InvocableType.swift,\ Just.swift,\ Lock.swift,\ LockOwnerType.swift,\ MainScheduler.swift,\ Map.swift,\ Materialize.swift,\ Maybe.swift,\ Merge.swift,\ Multicast.swift,\ Never.swift /Users/admin/builder/spi-builder-workspace/.dependencies/checkouts/RxSwift/Sources/RxSwift/HistoricalSchedulerTimeConverter.swift /Users/admin/builder/spi-builder-workspace/.dependencies/checkouts/RxSwift/Sources/RxSwift/ImmediateSchedulerType.swift /Users/admin/builder/spi-builder-workspace/.dependencies/checkouts/RxSwift/Sources/RxSwift/InfiniteSequence.swift /Users/admin/builder/spi-builder-workspace/.dependencies/checkouts/RxSwift/Sources/RxSwift/InvocableScheduledItem.swift /Users/admin/builder/spi-builder-workspace/.dependencies/checkouts/RxSwift/Sources/RxSwift/InvocableType.swift /Users/admin/builder/spi-builder-workspace/.dependencies/checkouts/RxSwift/Sources/RxSwift/Just.swift /Users/admin/builder/spi-builder-workspace/.dependencies/checkouts/RxSwift/Sources/RxSwift/Lock.swift /Users/admin/builder/spi-builder-workspace/.dependencies/checkouts/RxSwift/Sources/RxSwift/LockOwnerType.swift /Users/admin/builder/spi-builder-workspace/.dependencies/checkouts/RxSwift/Sources/RxSwift/MainScheduler.swift /Users/admin/builder/spi-builder-workspace/.dependencies/checkouts/RxSwift/Sources/RxSwift/Map.swift /Users/admin/builder/spi-builder-workspace/.dependencies/checkouts/RxSwift/Sources/RxSwift/Materialize.swift /Users/admin/builder/spi-builder-workspace/.dependencies/checkouts/RxSwift/Sources/RxSwift/Maybe.swift /Users/admin/builder/spi-builder-workspace/.dependencies/checkouts/RxSwift/Sources/RxSwift/Merge.swift /Users/admin/builder/spi-builder-workspace/.dependencies/checkouts/RxSwift/Sources/RxSwift/Multicast.swift /Users/admin/builder/spi-builder-workspace/.dependencies/checkouts/RxSwift/Sources/RxSwift/Never.swift (in target 'RxSwift' from project 'RxSwift')
SwiftCompile normal arm64 /Users/admin/builder/spi-builder-workspace/.dependencies/checkouts/RxSwift/Sources/RxSwift/HistoricalSchedulerTimeConverter.swift (in target 'RxSwift' from project 'RxSwift')
    cd /Users/admin/builder/spi-builder-workspace/.swiftpm/xcode
    builtin-SwiftPerFileCompile HistoricalSchedulerTimeConverter.swift
SwiftCompile normal arm64 /Users/admin/builder/spi-builder-workspace/.dependencies/checkouts/RxSwift/Sources/RxSwift/ImmediateSchedulerType.swift (in target 'RxSwift' from project 'RxSwift')
    cd /Users/admin/builder/spi-builder-workspace/.swiftpm/xcode
    builtin-SwiftPerFileCompile ImmediateSchedulerType.swift
SwiftCompile normal arm64 /Users/admin/builder/spi-builder-workspace/.dependencies/checkouts/RxSwift/Sources/RxSwift/InfiniteSequence.swift (in target 'RxSwift' from project 'RxSwift')
    cd /Users/admin/builder/spi-builder-workspace/.swiftpm/xcode
    builtin-SwiftPerFileCompile InfiniteSequence.swift
SwiftCompile normal arm64 /Users/admin/builder/spi-builder-workspace/.dependencies/checkouts/RxSwift/Sources/RxSwift/InvocableScheduledItem.swift (in target 'RxSwift' from project 'RxSwift')
    cd /Users/admin/builder/spi-builder-workspace/.swiftpm/xcode
    builtin-SwiftPerFileCompile InvocableScheduledItem.swift
SwiftCompile normal arm64 /Users/admin/builder/spi-builder-workspace/.dependencies/checkouts/RxSwift/Sources/RxSwift/InvocableType.swift (in target 'RxSwift' from project 'RxSwift')
    cd /Users/admin/builder/spi-builder-workspace/.swiftpm/xcode
    builtin-SwiftPerFileCompile InvocableType.swift
SwiftCompile normal arm64 /Users/admin/builder/spi-builder-workspace/.dependencies/checkouts/RxSwift/Sources/RxSwift/Just.swift (in target 'RxSwift' from project 'RxSwift')
    cd /Users/admin/builder/spi-builder-workspace/.swiftpm/xcode
    builtin-SwiftPerFileCompile Just.swift
SwiftCompile normal arm64 /Users/admin/builder/spi-builder-workspace/.dependencies/checkouts/RxSwift/Sources/RxSwift/Lock.swift (in target 'RxSwift' from project 'RxSwift')
    cd /Users/admin/builder/spi-builder-workspace/.swiftpm/xcode
    builtin-SwiftPerFileCompile Lock.swift
SwiftCompile normal arm64 /Users/admin/builder/spi-builder-workspace/.dependencies/checkouts/RxSwift/Sources/RxSwift/LockOwnerType.swift (in target 'RxSwift' from project 'RxSwift')
    cd /Users/admin/builder/spi-builder-workspace/.swiftpm/xcode
    builtin-SwiftPerFileCompile LockOwnerType.swift
SwiftCompile normal arm64 /Users/admin/builder/spi-builder-workspace/.dependencies/checkouts/RxSwift/Sources/RxSwift/MainScheduler.swift (in target 'RxSwift' from project 'RxSwift')
    cd /Users/admin/builder/spi-builder-workspace/.swiftpm/xcode
    builtin-SwiftPerFileCompile MainScheduler.swift
SwiftCompile normal arm64 /Users/admin/builder/spi-builder-workspace/.dependencies/checkouts/RxSwift/Sources/RxSwift/Map.swift (in target 'RxSwift' from project 'RxSwift')
    cd /Users/admin/builder/spi-builder-workspace/.swiftpm/xcode
    builtin-SwiftPerFileCompile Map.swift
SwiftCompile normal arm64 /Users/admin/builder/spi-builder-workspace/.dependencies/checkouts/RxSwift/Sources/RxSwift/Materialize.swift (in target 'RxSwift' from project 'RxSwift')
    cd /Users/admin/builder/spi-builder-workspace/.swiftpm/xcode
    builtin-SwiftPerFileCompile Materialize.swift
SwiftCompile normal arm64 /Users/admin/builder/spi-builder-workspace/.dependencies/checkouts/RxSwift/Sources/RxSwift/Maybe.swift (in target 'RxSwift' from project 'RxSwift')
    cd /Users/admin/builder/spi-builder-workspace/.swiftpm/xcode
    builtin-SwiftPerFileCompile Maybe.swift
SwiftCompile normal arm64 /Users/admin/builder/spi-builder-workspace/.dependencies/checkouts/RxSwift/Sources/RxSwift/Merge.swift (in target 'RxSwift' from project 'RxSwift')
    cd /Users/admin/builder/spi-builder-workspace/.swiftpm/xcode
    builtin-SwiftPerFileCompile Merge.swift
SwiftCompile normal arm64 /Users/admin/builder/spi-builder-workspace/.dependencies/checkouts/RxSwift/Sources/RxSwift/Multicast.swift (in target 'RxSwift' from project 'RxSwift')
    cd /Users/admin/builder/spi-builder-workspace/.swiftpm/xcode
    builtin-SwiftPerFileCompile Multicast.swift
SwiftCompile normal arm64 /Users/admin/builder/spi-builder-workspace/.dependencies/checkouts/RxSwift/Sources/RxSwift/Never.swift (in target 'RxSwift' from project 'RxSwift')
    cd /Users/admin/builder/spi-builder-workspace/.swiftpm/xcode
    builtin-SwiftPerFileCompile Never.swift
SwiftDriverJobDiscovery normal arm64_32 Compiling PriorityQueue.swift, Producer.swift, PublishSubject.swift, Queue.swift, Range.swift, Reactive.swift, RecursiveLock.swift, RecursiveScheduler.swift, Reduce.swift, RefCountDisposable.swift, Repeat.swift, ReplaySubject.swift, RetryWhen.swift, Rx.swift, RxMutableBox.swift (in target 'RxSwift' from project 'RxSwift')
SwiftCompile normal arm64 Compiling\ PriorityQueue.swift,\ Producer.swift,\ PublishSubject.swift,\ Queue.swift,\ Range.swift,\ Reactive.swift,\ RecursiveLock.swift,\ RecursiveScheduler.swift,\ Reduce.swift,\ RefCountDisposable.swift,\ Repeat.swift,\ ReplaySubject.swift,\ RetryWhen.swift,\ Rx.swift,\ RxMutableBox.swift /Users/admin/builder/spi-builder-workspace/.dependencies/checkouts/RxSwift/Sources/RxSwift/PriorityQueue.swift /Users/admin/builder/spi-builder-workspace/.dependencies/checkouts/RxSwift/Sources/RxSwift/Producer.swift /Users/admin/builder/spi-builder-workspace/.dependencies/checkouts/RxSwift/Sources/RxSwift/PublishSubject.swift /Users/admin/builder/spi-builder-workspace/.dependencies/checkouts/RxSwift/Sources/RxSwift/Queue.swift /Users/admin/builder/spi-builder-workspace/.dependencies/checkouts/RxSwift/Sources/RxSwift/Range.swift /Users/admin/builder/spi-builder-workspace/.dependencies/checkouts/RxSwift/Sources/RxSwift/Reactive.swift /Users/admin/builder/spi-builder-workspace/.dependencies/checkouts/RxSwift/Sources/RxSwift/RecursiveLock.swift /Users/admin/builder/spi-builder-workspace/.dependencies/checkouts/RxSwift/Sources/RxSwift/RecursiveScheduler.swift /Users/admin/builder/spi-builder-workspace/.dependencies/checkouts/RxSwift/Sources/RxSwift/Reduce.swift /Users/admin/builder/spi-builder-workspace/.dependencies/checkouts/RxSwift/Sources/RxSwift/RefCountDisposable.swift /Users/admin/builder/spi-builder-workspace/.dependencies/checkouts/RxSwift/Sources/RxSwift/Repeat.swift /Users/admin/builder/spi-builder-workspace/.dependencies/checkouts/RxSwift/Sources/RxSwift/ReplaySubject.swift /Users/admin/builder/spi-builder-workspace/.dependencies/checkouts/RxSwift/Sources/RxSwift/RetryWhen.swift /Users/admin/builder/spi-builder-workspace/.dependencies/checkouts/RxSwift/Sources/RxSwift/Rx.swift /Users/admin/builder/spi-builder-workspace/.dependencies/checkouts/RxSwift/Sources/RxSwift/RxMutableBox.swift (in target 'RxSwift' from project 'RxSwift')
SwiftCompile normal arm64 /Users/admin/builder/spi-builder-workspace/.dependencies/checkouts/RxSwift/Sources/RxSwift/PriorityQueue.swift (in target 'RxSwift' from project 'RxSwift')
    cd /Users/admin/builder/spi-builder-workspace/.swiftpm/xcode
    builtin-SwiftPerFileCompile PriorityQueue.swift
SwiftCompile normal arm64 /Users/admin/builder/spi-builder-workspace/.dependencies/checkouts/RxSwift/Sources/RxSwift/Producer.swift (in target 'RxSwift' from project 'RxSwift')
    cd /Users/admin/builder/spi-builder-workspace/.swiftpm/xcode
    builtin-SwiftPerFileCompile Producer.swift
SwiftCompile normal arm64 /Users/admin/builder/spi-builder-workspace/.dependencies/checkouts/RxSwift/Sources/RxSwift/PublishSubject.swift (in target 'RxSwift' from project 'RxSwift')
    cd /Users/admin/builder/spi-builder-workspace/.swiftpm/xcode
    builtin-SwiftPerFileCompile PublishSubject.swift
SwiftCompile normal arm64 /Users/admin/builder/spi-builder-workspace/.dependencies/checkouts/RxSwift/Sources/RxSwift/Queue.swift (in target 'RxSwift' from project 'RxSwift')
    cd /Users/admin/builder/spi-builder-workspace/.swiftpm/xcode
    builtin-SwiftPerFileCompile Queue.swift
SwiftCompile normal arm64 /Users/admin/builder/spi-builder-workspace/.dependencies/checkouts/RxSwift/Sources/RxSwift/Range.swift (in target 'RxSwift' from project 'RxSwift')
    cd /Users/admin/builder/spi-builder-workspace/.swiftpm/xcode
    builtin-SwiftPerFileCompile Range.swift
SwiftCompile normal arm64 /Users/admin/builder/spi-builder-workspace/.dependencies/checkouts/RxSwift/Sources/RxSwift/Reactive.swift (in target 'RxSwift' from project 'RxSwift')
    cd /Users/admin/builder/spi-builder-workspace/.swiftpm/xcode
    builtin-SwiftPerFileCompile Reactive.swift
SwiftCompile normal arm64 /Users/admin/builder/spi-builder-workspace/.dependencies/checkouts/RxSwift/Sources/RxSwift/RecursiveLock.swift (in target 'RxSwift' from project 'RxSwift')
    cd /Users/admin/builder/spi-builder-workspace/.swiftpm/xcode
    builtin-SwiftPerFileCompile RecursiveLock.swift
SwiftCompile normal arm64 /Users/admin/builder/spi-builder-workspace/.dependencies/checkouts/RxSwift/Sources/RxSwift/RecursiveScheduler.swift (in target 'RxSwift' from project 'RxSwift')
    cd /Users/admin/builder/spi-builder-workspace/.swiftpm/xcode
    builtin-SwiftPerFileCompile RecursiveScheduler.swift
SwiftCompile normal arm64 /Users/admin/builder/spi-builder-workspace/.dependencies/checkouts/RxSwift/Sources/RxSwift/Reduce.swift (in target 'RxSwift' from project 'RxSwift')
    cd /Users/admin/builder/spi-builder-workspace/.swiftpm/xcode
    builtin-SwiftPerFileCompile Reduce.swift
SwiftCompile normal arm64 /Users/admin/builder/spi-builder-workspace/.dependencies/checkouts/RxSwift/Sources/RxSwift/RefCountDisposable.swift (in target 'RxSwift' from project 'RxSwift')
    cd /Users/admin/builder/spi-builder-workspace/.swiftpm/xcode
    builtin-SwiftPerFileCompile RefCountDisposable.swift
SwiftCompile normal arm64 /Users/admin/builder/spi-builder-workspace/.dependencies/checkouts/RxSwift/Sources/RxSwift/Repeat.swift (in target 'RxSwift' from project 'RxSwift')
    cd /Users/admin/builder/spi-builder-workspace/.swiftpm/xcode
    builtin-SwiftPerFileCompile Repeat.swift
SwiftCompile normal arm64 /Users/admin/builder/spi-builder-workspace/.dependencies/checkouts/RxSwift/Sources/RxSwift/ReplaySubject.swift (in target 'RxSwift' from project 'RxSwift')
    cd /Users/admin/builder/spi-builder-workspace/.swiftpm/xcode
    builtin-SwiftPerFileCompile ReplaySubject.swift
SwiftCompile normal arm64 /Users/admin/builder/spi-builder-workspace/.dependencies/checkouts/RxSwift/Sources/RxSwift/RetryWhen.swift (in target 'RxSwift' from project 'RxSwift')
    cd /Users/admin/builder/spi-builder-workspace/.swiftpm/xcode
    builtin-SwiftPerFileCompile RetryWhen.swift
SwiftCompile normal arm64 /Users/admin/builder/spi-builder-workspace/.dependencies/checkouts/RxSwift/Sources/RxSwift/Rx.swift (in target 'RxSwift' from project 'RxSwift')
    cd /Users/admin/builder/spi-builder-workspace/.swiftpm/xcode
    builtin-SwiftPerFileCompile Rx.swift
SwiftCompile normal arm64 /Users/admin/builder/spi-builder-workspace/.dependencies/checkouts/RxSwift/Sources/RxSwift/RxMutableBox.swift (in target 'RxSwift' from project 'RxSwift')
    cd /Users/admin/builder/spi-builder-workspace/.swiftpm/xcode
    builtin-SwiftPerFileCompile RxMutableBox.swift
SwiftDriverJobDiscovery normal arm64_32 Compiling HistoricalSchedulerTimeConverter.swift, ImmediateSchedulerType.swift, InfiniteSequence.swift, InvocableScheduledItem.swift, InvocableType.swift, Just.swift, Lock.swift, LockOwnerType.swift, MainScheduler.swift, Map.swift, Materialize.swift, Maybe.swift, Merge.swift, Multicast.swift, Never.swift (in target 'RxSwift' from project 'RxSwift')
SwiftDriverJobDiscovery normal arm64_32 Compiling CurrentThreadScheduler.swift, Date+Dispatch.swift, Debounce.swift, Debug.swift, DefaultIfEmpty.swift, Deferred.swift, Delay.swift, DelaySubscription.swift, Dematerialize.swift, Deprecated.swift, DispatchQueue+Extensions.swift, DispatchQueueConfiguration.swift, Disposable.swift, Disposables.swift, DisposeBag.swift (in target 'RxSwift' from project 'RxSwift')
SwiftCompile normal arm64_32 Compiling\ Buffer.swift,\ Cancelable.swift,\ Catch.swift,\ CombineLatest+Collection.swift,\ CombineLatest+arity.swift,\ CombineLatest.swift,\ CompactMap.swift,\ Completable+AndThen.swift,\ Completable.swift,\ CompositeDisposable.swift,\ Concat.swift,\ ConcurrentDispatchQueueScheduler.swift,\ ConcurrentMainScheduler.swift,\ ConnectableObservableType.swift,\ Create.swift /Users/admin/builder/spi-builder-workspace/.dependencies/checkouts/RxSwift/Sources/RxSwift/Buffer.swift /Users/admin/builder/spi-builder-workspace/.dependencies/checkouts/RxSwift/Sources/RxSwift/Cancelable.swift /Users/admin/builder/spi-builder-workspace/.dependencies/checkouts/RxSwift/Sources/RxSwift/Catch.swift /Users/admin/builder/spi-builder-workspace/.dependencies/checkouts/RxSwift/Sources/RxSwift/CombineLatest+Collection.swift /Users/admin/builder/spi-builder-workspace/.dependencies/checkouts/RxSwift/Sources/RxSwift/CombineLatest+arity.swift /Users/admin/builder/spi-builder-workspace/.dependencies/checkouts/RxSwift/Sources/RxSwift/CombineLatest.swift /Users/admin/builder/spi-builder-workspace/.dependencies/checkouts/RxSwift/Sources/RxSwift/CompactMap.swift /Users/admin/builder/spi-builder-workspace/.dependencies/checkouts/RxSwift/Sources/RxSwift/Completable+AndThen.swift /Users/admin/builder/spi-builder-workspace/.dependencies/checkouts/RxSwift/Sources/RxSwift/Completable.swift /Users/admin/builder/spi-builder-workspace/.dependencies/checkouts/RxSwift/Sources/RxSwift/CompositeDisposable.swift /Users/admin/builder/spi-builder-workspace/.dependencies/checkouts/RxSwift/Sources/RxSwift/Concat.swift /Users/admin/builder/spi-builder-workspace/.dependencies/checkouts/RxSwift/Sources/RxSwift/ConcurrentDispatchQueueScheduler.swift /Users/admin/builder/spi-builder-workspace/.dependencies/checkouts/RxSwift/Sources/RxSwift/ConcurrentMainScheduler.swift /Users/admin/builder/spi-builder-workspace/.dependencies/checkouts/RxSwift/Sources/RxSwift/ConnectableObservableType.swift /Users/admin/builder/spi-builder-workspace/.dependencies/checkouts/RxSwift/Sources/RxSwift/Create.swift (in target 'RxSwift' from project 'RxSwift')
SwiftCompile normal arm64_32 /Users/admin/builder/spi-builder-workspace/.dependencies/checkouts/RxSwift/Sources/RxSwift/Buffer.swift (in target 'RxSwift' from project 'RxSwift')
    cd /Users/admin/builder/spi-builder-workspace/.swiftpm/xcode
    builtin-SwiftPerFileCompile Buffer.swift
SwiftCompile normal arm64_32 /Users/admin/builder/spi-builder-workspace/.dependencies/checkouts/RxSwift/Sources/RxSwift/Cancelable.swift (in target 'RxSwift' from project 'RxSwift')
    cd /Users/admin/builder/spi-builder-workspace/.swiftpm/xcode
    builtin-SwiftPerFileCompile Cancelable.swift
SwiftCompile normal arm64_32 /Users/admin/builder/spi-builder-workspace/.dependencies/checkouts/RxSwift/Sources/RxSwift/Catch.swift (in target 'RxSwift' from project 'RxSwift')
    cd /Users/admin/builder/spi-builder-workspace/.swiftpm/xcode
    builtin-SwiftPerFileCompile Catch.swift
SwiftCompile normal arm64_32 /Users/admin/builder/spi-builder-workspace/.dependencies/checkouts/RxSwift/Sources/RxSwift/CombineLatest+Collection.swift (in target 'RxSwift' from project 'RxSwift')
    cd /Users/admin/builder/spi-builder-workspace/.swiftpm/xcode
    builtin-SwiftPerFileCompile CombineLatest+Collection.swift
SwiftCompile normal arm64_32 /Users/admin/builder/spi-builder-workspace/.dependencies/checkouts/RxSwift/Sources/RxSwift/CombineLatest+arity.swift (in target 'RxSwift' from project 'RxSwift')
    cd /Users/admin/builder/spi-builder-workspace/.swiftpm/xcode
    builtin-SwiftPerFileCompile CombineLatest+arity.swift
SwiftCompile normal arm64_32 /Users/admin/builder/spi-builder-workspace/.dependencies/checkouts/RxSwift/Sources/RxSwift/CombineLatest.swift (in target 'RxSwift' from project 'RxSwift')
    cd /Users/admin/builder/spi-builder-workspace/.swiftpm/xcode
    builtin-SwiftPerFileCompile CombineLatest.swift
SwiftCompile normal arm64_32 /Users/admin/builder/spi-builder-workspace/.dependencies/checkouts/RxSwift/Sources/RxSwift/CompactMap.swift (in target 'RxSwift' from project 'RxSwift')
    cd /Users/admin/builder/spi-builder-workspace/.swiftpm/xcode
    builtin-SwiftPerFileCompile CompactMap.swift
SwiftCompile normal arm64_32 /Users/admin/builder/spi-builder-workspace/.dependencies/checkouts/RxSwift/Sources/RxSwift/Completable+AndThen.swift (in target 'RxSwift' from project 'RxSwift')
    cd /Users/admin/builder/spi-builder-workspace/.swiftpm/xcode
    builtin-SwiftPerFileCompile Completable+AndThen.swift
SwiftCompile normal arm64_32 /Users/admin/builder/spi-builder-workspace/.dependencies/checkouts/RxSwift/Sources/RxSwift/Completable.swift (in target 'RxSwift' from project 'RxSwift')
    cd /Users/admin/builder/spi-builder-workspace/.swiftpm/xcode
    builtin-SwiftPerFileCompile Completable.swift
SwiftCompile normal arm64_32 /Users/admin/builder/spi-builder-workspace/.dependencies/checkouts/RxSwift/Sources/RxSwift/CompositeDisposable.swift (in target 'RxSwift' from project 'RxSwift')
    cd /Users/admin/builder/spi-builder-workspace/.swiftpm/xcode
    builtin-SwiftPerFileCompile CompositeDisposable.swift
SwiftCompile normal arm64_32 /Users/admin/builder/spi-builder-workspace/.dependencies/checkouts/RxSwift/Sources/RxSwift/Concat.swift (in target 'RxSwift' from project 'RxSwift')
    cd /Users/admin/builder/spi-builder-workspace/.swiftpm/xcode
    builtin-SwiftPerFileCompile Concat.swift
SwiftCompile normal arm64_32 /Users/admin/builder/spi-builder-workspace/.dependencies/checkouts/RxSwift/Sources/RxSwift/ConcurrentDispatchQueueScheduler.swift (in target 'RxSwift' from project 'RxSwift')
    cd /Users/admin/builder/spi-builder-workspace/.swiftpm/xcode
    builtin-SwiftPerFileCompile ConcurrentDispatchQueueScheduler.swift
SwiftCompile normal arm64_32 /Users/admin/builder/spi-builder-workspace/.dependencies/checkouts/RxSwift/Sources/RxSwift/ConcurrentMainScheduler.swift (in target 'RxSwift' from project 'RxSwift')
    cd /Users/admin/builder/spi-builder-workspace/.swiftpm/xcode
    builtin-SwiftPerFileCompile ConcurrentMainScheduler.swift
SwiftCompile normal arm64_32 /Users/admin/builder/spi-builder-workspace/.dependencies/checkouts/RxSwift/Sources/RxSwift/ConnectableObservableType.swift (in target 'RxSwift' from project 'RxSwift')
    cd /Users/admin/builder/spi-builder-workspace/.swiftpm/xcode
    builtin-SwiftPerFileCompile ConnectableObservableType.swift
SwiftCompile normal arm64_32 /Users/admin/builder/spi-builder-workspace/.dependencies/checkouts/RxSwift/Sources/RxSwift/Create.swift (in target 'RxSwift' from project 'RxSwift')
    cd /Users/admin/builder/spi-builder-workspace/.swiftpm/xcode
    builtin-SwiftPerFileCompile Create.swift
SwiftDriverJobDiscovery normal arm64_32 Compiling Sample.swift, Scan.swift, ScheduledDisposable.swift, ScheduledItem.swift, ScheduledItemType.swift, SchedulerServices+Emulation.swift, SchedulerType.swift, Sequence.swift, SerialDispatchQueueScheduler.swift, SerialDisposable.swift, ShareReplayScope.swift, Single.swift, SingleAssignmentDisposable.swift, SingleAsync.swift, Sink.swift (in target 'RxSwift' from project 'RxSwift')
SwiftDriverJobDiscovery normal arm64 Emitting module for RxSwift (in target 'RxSwift' from project 'RxSwift')
SwiftDriver\ Compilation\ Requirements RxSwift normal arm64 com.apple.xcode.tools.swift.compiler (in target 'RxSwift' from project 'RxSwift')
    cd /Users/admin/builder/spi-builder-workspace/.swiftpm/xcode
    builtin-Swift-Compilation-Requirements -- /Applications/Xcode-27.0.0-Release.Candidate.app/Contents/Developer/Toolchains/XcodeDefault.xctoolchain/usr/bin/swiftc -parse-as-library -module-name RxSwift -Onone @/Users/admin/builder/spi-builder-workspace/.derivedData/Build/Intermediates.noindex/RxSwift.build/Debug-watchos/RxSwift-t.build/Objects-normal/arm64/RxSwift.SwiftFileList -DSWIFT_PACKAGE -DDEBUG -DSWIFT_MODULE_RESOURCE_BUNDLE_UNAVAILABLE -DXcode -plugin-path /Applications/Xcode-27.0.0-Release.Candidate.app/Contents/Developer/Toolchains/XcodeDefault.xctoolchain/usr/lib/swift/host/plugins/testing -enable-experimental-feature DebugDescriptionMacro -sdk /Applications/Xcode-27.0.0-Release.Candidate.app/Contents/Developer/Platforms/WatchOS.platform/Developer/SDKs/WatchOS27.0.sdk -target arm64-apple-watchos9.0 -g -module-cache-path /Users/admin/builder/spi-builder-workspace/.derivedData/ModuleCache.noindex -Xfrontend -serialize-debugging-options -enable-testing -suppress-warnings -index-store-path /Users/admin/builder/spi-builder-workspace/.derivedData/Index.noindex/DataStore -Xcc -D_LIBCPP_HARDENING_MODE\=_LIBCPP_HARDENING_MODE_DEBUG -swift-version 5 -I /Users/admin/builder/spi-builder-workspace/.derivedData/Build/Products/Debug-watchos -Isystem /Applications/Xcode-27.0.0-Release.Candidate.app/Contents/Developer/Platforms/WatchOS.platform/Developer/usr/lib -F /Users/admin/builder/spi-builder-workspace/.derivedData/Build/Products/Debug-watchos -F /Applications/Xcode-27.0.0-Release.Candidate.app/Contents/Developer/Platforms/WatchOS.platform/Developer/Library/Frameworks -F /Applications/Xcode-27.0.0-Release.Candidate.app/Contents/Developer/Platforms/WatchOS.platform/Developer/SDKs/WatchOS27.0.sdk/Developer/Library/Frameworks -c -j10 -enable-batch-mode -incremental -Xcc -ivfsstatcache -Xcc /Users/admin/builder/spi-builder-workspace/.derivedData/SDKStatCaches.noindex/watchos27.0-24R360-e829b21a6f8c9b70876ba0858053c04477534ef55a1706bf4c1112bbb242f0a2.sdkstatcache -output-file-map /Users/admin/builder/spi-builder-workspace/.derivedData/Build/Intermediates.noindex/RxSwift.build/Debug-watchos/RxSwift-t.build/Objects-normal/arm64/RxSwift-OutputFileMap.json -save-temps -no-color-diagnostics -explicit-module-build -module-cache-path /Users/admin/builder/spi-builder-workspace/.derivedData/Build/Intermediates.noindex/SwiftExplicitPrecompiledModules -clang-scanner-module-cache-path /Users/admin/builder/spi-builder-workspace/.derivedData/ModuleCache.noindex -sdk-module-cache-path /Users/admin/builder/spi-builder-workspace/.derivedData/SDKExplicitPrecompiledModules -emit-dependencies -emit-module -emit-module-path /Users/admin/builder/spi-builder-workspace/.derivedData/Build/Intermediates.noindex/RxSwift.build/Debug-watchos/RxSwift-t.build/Objects-normal/arm64/RxSwift.swiftmodule -serialize-diagnostics -dependency-scan-serialize-diagnostics-path /Users/admin/builder/spi-builder-workspace/.derivedData/Build/Intermediates.noindex/RxSwift.build/Debug-watchos/RxSwift-t.build/Objects-normal/arm64/RxSwift-dependency-scan.dia -validate-clang-modules-once -clang-build-session-file /Users/admin/builder/spi-builder-workspace/.derivedData/ModuleCache.noindex/Session.modulevalidation -Xcc -fmodules-prune-interval\=86400 -Xcc -fmodules-prune-after\=345600 -emit-const-values -const-gather-protocols-list /Users/admin/builder/spi-builder-workspace/.derivedData/Build/Intermediates.noindex/RxSwift.build/Debug-watchos/RxSwift-t.build/Objects-normal/arm64/RxSwift_const_extract_protocols.json -Xcc -I/Users/admin/builder/spi-builder-workspace/.derivedData/Build/Products/Debug-watchos/include -Xcc -I/Users/admin/builder/spi-builder-workspace/.derivedData/Build/Intermediates.noindex/RxSwift.build/Debug-watchos/RxSwift-t.build/DerivedSources-normal/arm64 -Xcc -I/Users/admin/builder/spi-builder-workspace/.derivedData/Build/Intermediates.noindex/RxSwift.build/Debug-watchos/RxSwift-t.build/DerivedSources/arm64 -Xcc -I/Users/admin/builder/spi-builder-workspace/.derivedData/Build/Intermediates.noindex/RxSwift.build/Debug-watchos/RxSwift-t.build/DerivedSources -Xcc -DSWIFT_PACKAGE -Xcc -DDEBUG\=1 -emit-objc-header -emit-objc-header-path /Users/admin/builder/spi-builder-workspace/.derivedData/Build/Intermediates.noindex/RxSwift.build/Debug-watchos/RxSwift-t.build/Objects-normal/arm64/RxSwift-Swift.h -working-directory /Users/admin/builder/spi-builder-workspace/.swiftpm/xcode -experimental-emit-module-separately -disable-cmo
SwiftDriverJobDiscovery normal arm64_32 Compiling TakeLast.swift, TakeUntil.swift, TakeWhile.swift, Throttle.swift, Timeout.swift, Timer.swift, ToArray.swift, Using.swift, VirtualTimeConverterType.swift, VirtualTimeScheduler.swift, Window.swift, WithLatestFrom.swift, Zip+Collection.swift, Zip+arity.swift, Zip.swift (in target 'RxSwift' from project 'RxSwift')
Copy /Users/admin/builder/spi-builder-workspace/.derivedData/Build/Products/Debug-watchos/RxSwift.swiftmodule/arm64_32-apple-watchos.swiftmodule /Users/admin/builder/spi-builder-workspace/.derivedData/Build/Intermediates.noindex/RxSwift.build/Debug-watchos/RxSwift-t.build/Objects-normal/arm64_32/RxSwift.swiftmodule (in target 'RxSwift' from project 'RxSwift')
    cd /Users/admin/builder/spi-builder-workspace/.dependencies/checkouts/RxSwift
    builtin-copy -exclude .DS_Store -exclude CVS -exclude .svn -exclude .git -exclude .hg -resolve-src-symlinks -rename /Users/admin/builder/spi-builder-workspace/.derivedData/Build/Intermediates.noindex/RxSwift.build/Debug-watchos/RxSwift-t.build/Objects-normal/arm64_32/RxSwift.swiftmodule /Users/admin/builder/spi-builder-workspace/.derivedData/Build/Products/Debug-watchos/RxSwift.swiftmodule/arm64_32-apple-watchos.swiftmodule
Copy /Users/admin/builder/spi-builder-workspace/.derivedData/Build/Products/Debug-watchos/RxSwift.swiftmodule/arm64_32-apple-watchos.swiftdoc /Users/admin/builder/spi-builder-workspace/.derivedData/Build/Intermediates.noindex/RxSwift.build/Debug-watchos/RxSwift-t.build/Objects-normal/arm64_32/RxSwift.swiftdoc (in target 'RxSwift' from project 'RxSwift')
    cd /Users/admin/builder/spi-builder-workspace/.dependencies/checkouts/RxSwift
    builtin-copy -exclude .DS_Store -exclude CVS -exclude .svn -exclude .git -exclude .hg -resolve-src-symlinks -rename /Users/admin/builder/spi-builder-workspace/.derivedData/Build/Intermediates.noindex/RxSwift.build/Debug-watchos/RxSwift-t.build/Objects-normal/arm64_32/RxSwift.swiftdoc /Users/admin/builder/spi-builder-workspace/.derivedData/Build/Products/Debug-watchos/RxSwift.swiftmodule/arm64_32-apple-watchos.swiftdoc
Copy /Users/admin/builder/spi-builder-workspace/.derivedData/Build/Products/Debug-watchos/RxSwift.swiftmodule/arm64_32-apple-watchos.abi.json /Users/admin/builder/spi-builder-workspace/.derivedData/Build/Intermediates.noindex/RxSwift.build/Debug-watchos/RxSwift-t.build/Objects-normal/arm64_32/RxSwift.abi.json (in target 'RxSwift' from project 'RxSwift')
    cd /Users/admin/builder/spi-builder-workspace/.dependencies/checkouts/RxSwift
    builtin-copy -exclude .DS_Store -exclude CVS -exclude .svn -exclude .git -exclude .hg -resolve-src-symlinks -rename /Users/admin/builder/spi-builder-workspace/.derivedData/Build/Intermediates.noindex/RxSwift.build/Debug-watchos/RxSwift-t.build/Objects-normal/arm64_32/RxSwift.abi.json /Users/admin/builder/spi-builder-workspace/.derivedData/Build/Products/Debug-watchos/RxSwift.swiftmodule/arm64_32-apple-watchos.abi.json
Copy /Users/admin/builder/spi-builder-workspace/.derivedData/Build/Products/Debug-watchos/RxSwift.swiftmodule/Project/arm64_32-apple-watchos.swiftsourceinfo /Users/admin/builder/spi-builder-workspace/.derivedData/Build/Intermediates.noindex/RxSwift.build/Debug-watchos/RxSwift-t.build/Objects-normal/arm64_32/RxSwift.swiftsourceinfo (in target 'RxSwift' from project 'RxSwift')
    cd /Users/admin/builder/spi-builder-workspace/.dependencies/checkouts/RxSwift
    builtin-copy -exclude .DS_Store -exclude CVS -exclude .svn -exclude .git -exclude .hg -resolve-src-symlinks -rename /Users/admin/builder/spi-builder-workspace/.derivedData/Build/Intermediates.noindex/RxSwift.build/Debug-watchos/RxSwift-t.build/Objects-normal/arm64_32/RxSwift.swiftsourceinfo /Users/admin/builder/spi-builder-workspace/.derivedData/Build/Products/Debug-watchos/RxSwift.swiftmodule/Project/arm64_32-apple-watchos.swiftsourceinfo
SwiftCompile normal arm64 Compiling\ DisposeBase.swift,\ DistinctUntilChanged.swift,\ Do.swift,\ ElementAt.swift,\ Empty.swift,\ Enumerated.swift,\ Error.swift,\ Errors.swift,\ Event.swift,\ Filter.swift,\ First.swift,\ Generate.swift,\ GroupBy.swift,\ GroupedObservable.swift,\ HistoricalScheduler.swift /Users/admin/builder/spi-builder-workspace/.dependencies/checkouts/RxSwift/Sources/RxSwift/DisposeBase.swift /Users/admin/builder/spi-builder-workspace/.dependencies/checkouts/RxSwift/Sources/RxSwift/DistinctUntilChanged.swift /Users/admin/builder/spi-builder-workspace/.dependencies/checkouts/RxSwift/Sources/RxSwift/Do.swift /Users/admin/builder/spi-builder-workspace/.dependencies/checkouts/RxSwift/Sources/RxSwift/ElementAt.swift /Users/admin/builder/spi-builder-workspace/.dependencies/checkouts/RxSwift/Sources/RxSwift/Empty.swift /Users/admin/builder/spi-builder-workspace/.dependencies/checkouts/RxSwift/Sources/RxSwift/Enumerated.swift /Users/admin/builder/spi-builder-workspace/.dependencies/checkouts/RxSwift/Sources/RxSwift/Error.swift /Users/admin/builder/spi-builder-workspace/.dependencies/checkouts/RxSwift/Sources/RxSwift/Errors.swift /Users/admin/builder/spi-builder-workspace/.dependencies/checkouts/RxSwift/Sources/RxSwift/Event.swift /Users/admin/builder/spi-builder-workspace/.dependencies/checkouts/RxSwift/Sources/RxSwift/Filter.swift /Users/admin/builder/spi-builder-workspace/.dependencies/checkouts/RxSwift/Sources/RxSwift/First.swift /Users/admin/builder/spi-builder-workspace/.dependencies/checkouts/RxSwift/Sources/RxSwift/Generate.swift /Users/admin/builder/spi-builder-workspace/.dependencies/checkouts/RxSwift/Sources/RxSwift/GroupBy.swift /Users/admin/builder/spi-builder-workspace/.dependencies/checkouts/RxSwift/Sources/RxSwift/GroupedObservable.swift /Users/admin/builder/spi-builder-workspace/.dependencies/checkouts/RxSwift/Sources/RxSwift/HistoricalScheduler.swift (in target 'RxSwift' from project 'RxSwift')
SwiftCompile normal arm64 /Users/admin/builder/spi-builder-workspace/.dependencies/checkouts/RxSwift/Sources/RxSwift/DisposeBase.swift (in target 'RxSwift' from project 'RxSwift')
    cd /Users/admin/builder/spi-builder-workspace/.swiftpm/xcode
    builtin-SwiftPerFileCompile DisposeBase.swift
SwiftCompile normal arm64 /Users/admin/builder/spi-builder-workspace/.dependencies/checkouts/RxSwift/Sources/RxSwift/DistinctUntilChanged.swift (in target 'RxSwift' from project 'RxSwift')
    cd /Users/admin/builder/spi-builder-workspace/.swiftpm/xcode
    builtin-SwiftPerFileCompile DistinctUntilChanged.swift
SwiftCompile normal arm64 /Users/admin/builder/spi-builder-workspace/.dependencies/checkouts/RxSwift/Sources/RxSwift/Do.swift (in target 'RxSwift' from project 'RxSwift')
    cd /Users/admin/builder/spi-builder-workspace/.swiftpm/xcode
    builtin-SwiftPerFileCompile Do.swift
SwiftCompile normal arm64 /Users/admin/builder/spi-builder-workspace/.dependencies/checkouts/RxSwift/Sources/RxSwift/ElementAt.swift (in target 'RxSwift' from project 'RxSwift')
    cd /Users/admin/builder/spi-builder-workspace/.swiftpm/xcode
    builtin-SwiftPerFileCompile ElementAt.swift
SwiftCompile normal arm64 /Users/admin/builder/spi-builder-workspace/.dependencies/checkouts/RxSwift/Sources/RxSwift/Empty.swift (in target 'RxSwift' from project 'RxSwift')
    cd /Users/admin/builder/spi-builder-workspace/.swiftpm/xcode
    builtin-SwiftPerFileCompile Empty.swift
SwiftCompile normal arm64 /Users/admin/builder/spi-builder-workspace/.dependencies/checkouts/RxSwift/Sources/RxSwift/Enumerated.swift (in target 'RxSwift' from project 'RxSwift')
    cd /Users/admin/builder/spi-builder-workspace/.swiftpm/xcode
    builtin-SwiftPerFileCompile Enumerated.swift
SwiftCompile normal arm64 /Users/admin/builder/spi-builder-workspace/.dependencies/checkouts/RxSwift/Sources/RxSwift/Error.swift (in target 'RxSwift' from project 'RxSwift')
    cd /Users/admin/builder/spi-builder-workspace/.swiftpm/xcode
    builtin-SwiftPerFileCompile Error.swift
SwiftCompile normal arm64 /Users/admin/builder/spi-builder-workspace/.dependencies/checkouts/RxSwift/Sources/RxSwift/Errors.swift (in target 'RxSwift' from project 'RxSwift')
    cd /Users/admin/builder/spi-builder-workspace/.swiftpm/xcode
    builtin-SwiftPerFileCompile Errors.swift
SwiftCompile normal arm64 /Users/admin/builder/spi-builder-workspace/.dependencies/checkouts/RxSwift/Sources/RxSwift/Event.swift (in target 'RxSwift' from project 'RxSwift')
    cd /Users/admin/builder/spi-builder-workspace/.swiftpm/xcode
    builtin-SwiftPerFileCompile Event.swift
SwiftCompile normal arm64 /Users/admin/builder/spi-builder-workspace/.dependencies/checkouts/RxSwift/Sources/RxSwift/Filter.swift (in target 'RxSwift' from project 'RxSwift')
    cd /Users/admin/builder/spi-builder-workspace/.swiftpm/xcode
    builtin-SwiftPerFileCompile Filter.swift
SwiftCompile normal arm64 /Users/admin/builder/spi-builder-workspace/.dependencies/checkouts/RxSwift/Sources/RxSwift/First.swift (in target 'RxSwift' from project 'RxSwift')
    cd /Users/admin/builder/spi-builder-workspace/.swiftpm/xcode
    builtin-SwiftPerFileCompile First.swift
SwiftCompile normal arm64 /Users/admin/builder/spi-builder-workspace/.dependencies/checkouts/RxSwift/Sources/RxSwift/Generate.swift (in target 'RxSwift' from project 'RxSwift')
    cd /Users/admin/builder/spi-builder-workspace/.swiftpm/xcode
    builtin-SwiftPerFileCompile Generate.swift
SwiftCompile normal arm64 /Users/admin/builder/spi-builder-workspace/.dependencies/checkouts/RxSwift/Sources/RxSwift/GroupBy.swift (in target 'RxSwift' from project 'RxSwift')
    cd /Users/admin/builder/spi-builder-workspace/.swiftpm/xcode
    builtin-SwiftPerFileCompile GroupBy.swift
SwiftCompile normal arm64 /Users/admin/builder/spi-builder-workspace/.dependencies/checkouts/RxSwift/Sources/RxSwift/GroupedObservable.swift (in target 'RxSwift' from project 'RxSwift')
    cd /Users/admin/builder/spi-builder-workspace/.swiftpm/xcode
    builtin-SwiftPerFileCompile GroupedObservable.swift
SwiftCompile normal arm64 /Users/admin/builder/spi-builder-workspace/.dependencies/checkouts/RxSwift/Sources/RxSwift/HistoricalScheduler.swift (in target 'RxSwift' from project 'RxSwift')
    cd /Users/admin/builder/spi-builder-workspace/.swiftpm/xcode
    builtin-SwiftPerFileCompile HistoricalScheduler.swift
SwiftMergeGeneratedHeaders /Users/admin/builder/spi-builder-workspace/.derivedData/Build/Intermediates.noindex/GeneratedModuleMaps-watchos/RxSwift-Swift.h /Users/admin/builder/spi-builder-workspace/.derivedData/Build/Intermediates.noindex/RxSwift.build/Debug-watchos/RxSwift-t.build/Objects-normal/arm64/RxSwift-Swift.h /Users/admin/builder/spi-builder-workspace/.derivedData/Build/Intermediates.noindex/RxSwift.build/Debug-watchos/RxSwift-t.build/Objects-normal/arm64_32/RxSwift-Swift.h (in target 'RxSwift' from project 'RxSwift')
    cd /Users/admin/builder/spi-builder-workspace/.dependencies/checkouts/RxSwift
    builtin-swiftHeaderTool -arch arm64 /Users/admin/builder/spi-builder-workspace/.derivedData/Build/Intermediates.noindex/RxSwift.build/Debug-watchos/RxSwift-t.build/Objects-normal/arm64/RxSwift-Swift.h -arch arm64_32 /Users/admin/builder/spi-builder-workspace/.derivedData/Build/Intermediates.noindex/RxSwift.build/Debug-watchos/RxSwift-t.build/Objects-normal/arm64_32/RxSwift-Swift.h -o /Users/admin/builder/spi-builder-workspace/.derivedData/Build/Intermediates.noindex/GeneratedModuleMaps-watchos/RxSwift-Swift.h
SwiftDriverJobDiscovery normal arm64_32 Compiling Buffer.swift, Cancelable.swift, Catch.swift, CombineLatest+Collection.swift, CombineLatest+arity.swift, CombineLatest.swift, CompactMap.swift, Completable+AndThen.swift, Completable.swift, CompositeDisposable.swift, Concat.swift, ConcurrentDispatchQueueScheduler.swift, ConcurrentMainScheduler.swift, ConnectableObservableType.swift, Create.swift (in target 'RxSwift' from project 'RxSwift')
Copy /Users/admin/builder/spi-builder-workspace/.derivedData/Build/Products/Debug-watchos/RxSwift.swiftmodule/arm64-apple-watchos.swiftmodule /Users/admin/builder/spi-builder-workspace/.derivedData/Build/Intermediates.noindex/RxSwift.build/Debug-watchos/RxSwift-t.build/Objects-normal/arm64/RxSwift.swiftmodule (in target 'RxSwift' from project 'RxSwift')
    cd /Users/admin/builder/spi-builder-workspace/.dependencies/checkouts/RxSwift
    builtin-copy -exclude .DS_Store -exclude CVS -exclude .svn -exclude .git -exclude .hg -resolve-src-symlinks -rename /Users/admin/builder/spi-builder-workspace/.derivedData/Build/Intermediates.noindex/RxSwift.build/Debug-watchos/RxSwift-t.build/Objects-normal/arm64/RxSwift.swiftmodule /Users/admin/builder/spi-builder-workspace/.derivedData/Build/Products/Debug-watchos/RxSwift.swiftmodule/arm64-apple-watchos.swiftmodule
Copy /Users/admin/builder/spi-builder-workspace/.derivedData/Build/Products/Debug-watchos/RxSwift.swiftmodule/arm64-apple-watchos.swiftdoc /Users/admin/builder/spi-builder-workspace/.derivedData/Build/Intermediates.noindex/RxSwift.build/Debug-watchos/RxSwift-t.build/Objects-normal/arm64/RxSwift.swiftdoc (in target 'RxSwift' from project 'RxSwift')
    cd /Users/admin/builder/spi-builder-workspace/.dependencies/checkouts/RxSwift
    builtin-copy -exclude .DS_Store -exclude CVS -exclude .svn -exclude .git -exclude .hg -resolve-src-symlinks -rename /Users/admin/builder/spi-builder-workspace/.derivedData/Build/Intermediates.noindex/RxSwift.build/Debug-watchos/RxSwift-t.build/Objects-normal/arm64/RxSwift.swiftdoc /Users/admin/builder/spi-builder-workspace/.derivedData/Build/Products/Debug-watchos/RxSwift.swiftmodule/arm64-apple-watchos.swiftdoc
Copy /Users/admin/builder/spi-builder-workspace/.derivedData/Build/Products/Debug-watchos/RxSwift.swiftmodule/arm64-apple-watchos.abi.json /Users/admin/builder/spi-builder-workspace/.derivedData/Build/Intermediates.noindex/RxSwift.build/Debug-watchos/RxSwift-t.build/Objects-normal/arm64/RxSwift.abi.json (in target 'RxSwift' from project 'RxSwift')
    cd /Users/admin/builder/spi-builder-workspace/.dependencies/checkouts/RxSwift
    builtin-copy -exclude .DS_Store -exclude CVS -exclude .svn -exclude .git -exclude .hg -resolve-src-symlinks -rename /Users/admin/builder/spi-builder-workspace/.derivedData/Build/Intermediates.noindex/RxSwift.build/Debug-watchos/RxSwift-t.build/Objects-normal/arm64/RxSwift.abi.json /Users/admin/builder/spi-builder-workspace/.derivedData/Build/Products/Debug-watchos/RxSwift.swiftmodule/arm64-apple-watchos.abi.json
Copy /Users/admin/builder/spi-builder-workspace/.derivedData/Build/Products/Debug-watchos/RxSwift.swiftmodule/Project/arm64-apple-watchos.swiftsourceinfo /Users/admin/builder/spi-builder-workspace/.derivedData/Build/Intermediates.noindex/RxSwift.build/Debug-watchos/RxSwift-t.build/Objects-normal/arm64/RxSwift.swiftsourceinfo (in target 'RxSwift' from project 'RxSwift')
    cd /Users/admin/builder/spi-builder-workspace/.dependencies/checkouts/RxSwift
    builtin-copy -exclude .DS_Store -exclude CVS -exclude .svn -exclude .git -exclude .hg -resolve-src-symlinks -rename /Users/admin/builder/spi-builder-workspace/.derivedData/Build/Intermediates.noindex/RxSwift.build/Debug-watchos/RxSwift-t.build/Objects-normal/arm64/RxSwift.swiftsourceinfo /Users/admin/builder/spi-builder-workspace/.derivedData/Build/Products/Debug-watchos/RxSwift.swiftmodule/Project/arm64-apple-watchos.swiftsourceinfo
SwiftDriver\ Compilation RxSwift normal arm64_32 com.apple.xcode.tools.swift.compiler (in target 'RxSwift' from project 'RxSwift')
    cd /Users/admin/builder/spi-builder-workspace/.swiftpm/xcode
    builtin-Swift-Compilation -- /Applications/Xcode-27.0.0-Release.Candidate.app/Contents/Developer/Toolchains/XcodeDefault.xctoolchain/usr/bin/swiftc -parse-as-library -module-name RxSwift -Onone @/Users/admin/builder/spi-builder-workspace/.derivedData/Build/Intermediates.noindex/RxSwift.build/Debug-watchos/RxSwift-t.build/Objects-normal/arm64_32/RxSwift.SwiftFileList -DSWIFT_PACKAGE -DDEBUG -DSWIFT_MODULE_RESOURCE_BUNDLE_UNAVAILABLE -DXcode -plugin-path /Applications/Xcode-27.0.0-Release.Candidate.app/Contents/Developer/Toolchains/XcodeDefault.xctoolchain/usr/lib/swift/host/plugins/testing -enable-experimental-feature DebugDescriptionMacro -sdk /Applications/Xcode-27.0.0-Release.Candidate.app/Contents/Developer/Platforms/WatchOS.platform/Developer/SDKs/WatchOS27.0.sdk -target arm64_32-apple-watchos9.0 -g -module-cache-path /Users/admin/builder/spi-builder-workspace/.derivedData/ModuleCache.noindex -Xfrontend -serialize-debugging-options -enable-testing -suppress-warnings -index-store-path /Users/admin/builder/spi-builder-workspace/.derivedData/Index.noindex/DataStore -Xcc -D_LIBCPP_HARDENING_MODE\=_LIBCPP_HARDENING_MODE_DEBUG -swift-version 5 -I /Users/admin/builder/spi-builder-workspace/.derivedData/Build/Products/Debug-watchos -Isystem /Applications/Xcode-27.0.0-Release.Candidate.app/Contents/Developer/Platforms/WatchOS.platform/Developer/usr/lib -F /Users/admin/builder/spi-builder-workspace/.derivedData/Build/Products/Debug-watchos -F /Applications/Xcode-27.0.0-Release.Candidate.app/Contents/Developer/Platforms/WatchOS.platform/Developer/Library/Frameworks -F /Applications/Xcode-27.0.0-Release.Candidate.app/Contents/Developer/Platforms/WatchOS.platform/Developer/SDKs/WatchOS27.0.sdk/Developer/Library/Frameworks -c -j10 -enable-batch-mode -incremental -Xcc -ivfsstatcache -Xcc /Users/admin/builder/spi-builder-workspace/.derivedData/SDKStatCaches.noindex/watchos27.0-24R360-e829b21a6f8c9b70876ba0858053c04477534ef55a1706bf4c1112bbb242f0a2.sdkstatcache -output-file-map /Users/admin/builder/spi-builder-workspace/.derivedData/Build/Intermediates.noindex/RxSwift.build/Debug-watchos/RxSwift-t.build/Objects-normal/arm64_32/RxSwift-OutputFileMap.json -save-temps -no-color-diagnostics -explicit-module-build -module-cache-path /Users/admin/builder/spi-builder-workspace/.derivedData/Build/Intermediates.noindex/SwiftExplicitPrecompiledModules -clang-scanner-module-cache-path /Users/admin/builder/spi-builder-workspace/.derivedData/ModuleCache.noindex -sdk-module-cache-path /Users/admin/builder/spi-builder-workspace/.derivedData/SDKExplicitPrecompiledModules -emit-dependencies -emit-module -emit-module-path /Users/admin/builder/spi-builder-workspace/.derivedData/Build/Intermediates.noindex/RxSwift.build/Debug-watchos/RxSwift-t.build/Objects-normal/arm64_32/RxSwift.swiftmodule -serialize-diagnostics -dependency-scan-serialize-diagnostics-path /Users/admin/builder/spi-builder-workspace/.derivedData/Build/Intermediates.noindex/RxSwift.build/Debug-watchos/RxSwift-t.build/Objects-normal/arm64_32/RxSwift-dependency-scan.dia -validate-clang-modules-once -clang-build-session-file /Users/admin/builder/spi-builder-workspace/.derivedData/ModuleCache.noindex/Session.modulevalidation -Xcc -fmodules-prune-interval\=86400 -Xcc -fmodules-prune-after\=345600 -emit-const-values -const-gather-protocols-list /Users/admin/builder/spi-builder-workspace/.derivedData/Build/Intermediates.noindex/RxSwift.build/Debug-watchos/RxSwift-t.build/Objects-normal/arm64_32/RxSwift_const_extract_protocols.json -Xcc -I/Users/admin/builder/spi-builder-workspace/.derivedData/Build/Products/Debug-watchos/include -Xcc -I/Users/admin/builder/spi-builder-workspace/.derivedData/Build/Intermediates.noindex/RxSwift.build/Debug-watchos/RxSwift-t.build/DerivedSources-normal/arm64_32 -Xcc -I/Users/admin/builder/spi-builder-workspace/.derivedData/Build/Intermediates.noindex/RxSwift.build/Debug-watchos/RxSwift-t.build/DerivedSources/arm64_32 -Xcc -I/Users/admin/builder/spi-builder-workspace/.derivedData/Build/Intermediates.noindex/RxSwift.build/Debug-watchos/RxSwift-t.build/DerivedSources -Xcc -DSWIFT_PACKAGE -Xcc -DDEBUG\=1 -emit-objc-header -emit-objc-header-path /Users/admin/builder/spi-builder-workspace/.derivedData/Build/Intermediates.noindex/RxSwift.build/Debug-watchos/RxSwift-t.build/Objects-normal/arm64_32/RxSwift-Swift.h -working-directory /Users/admin/builder/spi-builder-workspace/.swiftpm/xcode -experimental-emit-module-separately -disable-cmo
SwiftCompile normal arm64 Compiling\ Sample.swift,\ Scan.swift,\ ScheduledDisposable.swift,\ ScheduledItem.swift,\ ScheduledItemType.swift,\ SchedulerServices+Emulation.swift,\ SchedulerType.swift,\ Sequence.swift,\ SerialDispatchQueueScheduler.swift,\ SerialDisposable.swift,\ ShareReplayScope.swift,\ Single.swift,\ SingleAssignmentDisposable.swift,\ SingleAsync.swift,\ Sink.swift /Users/admin/builder/spi-builder-workspace/.dependencies/checkouts/RxSwift/Sources/RxSwift/Sample.swift /Users/admin/builder/spi-builder-workspace/.dependencies/checkouts/RxSwift/Sources/RxSwift/Scan.swift /Users/admin/builder/spi-builder-workspace/.dependencies/checkouts/RxSwift/Sources/RxSwift/ScheduledDisposable.swift /Users/admin/builder/spi-builder-workspace/.dependencies/checkouts/RxSwift/Sources/RxSwift/ScheduledItem.swift /Users/admin/builder/spi-builder-workspace/.dependencies/checkouts/RxSwift/Sources/RxSwift/ScheduledItemType.swift /Users/admin/builder/spi-builder-workspace/.dependencies/checkouts/RxSwift/Sources/RxSwift/SchedulerServices+Emulation.swift /Users/admin/builder/spi-builder-workspace/.dependencies/checkouts/RxSwift/Sources/RxSwift/SchedulerType.swift /Users/admin/builder/spi-builder-workspace/.dependencies/checkouts/RxSwift/Sources/RxSwift/Sequence.swift /Users/admin/builder/spi-builder-workspace/.dependencies/checkouts/RxSwift/Sources/RxSwift/SerialDispatchQueueScheduler.swift /Users/admin/builder/spi-builder-workspace/.dependencies/checkouts/RxSwift/Sources/RxSwift/SerialDisposable.swift /Users/admin/builder/spi-builder-workspace/.dependencies/checkouts/RxSwift/Sources/RxSwift/ShareReplayScope.swift /Users/admin/builder/spi-builder-workspace/.dependencies/checkouts/RxSwift/Sources/RxSwift/Single.swift /Users/admin/builder/spi-builder-workspace/.dependencies/checkouts/RxSwift/Sources/RxSwift/SingleAssignmentDisposable.swift /Users/admin/builder/spi-builder-workspace/.dependencies/checkouts/RxSwift/Sources/RxSwift/SingleAsync.swift /Users/admin/builder/spi-builder-workspace/.dependencies/checkouts/RxSwift/Sources/RxSwift/Sink.swift (in target 'RxSwift' from project 'RxSwift')
SwiftCompile normal arm64 /Users/admin/builder/spi-builder-workspace/.dependencies/checkouts/RxSwift/Sources/RxSwift/Sample.swift (in target 'RxSwift' from project 'RxSwift')
    cd /Users/admin/builder/spi-builder-workspace/.swiftpm/xcode
    builtin-SwiftPerFileCompile Sample.swift
SwiftCompile normal arm64 /Users/admin/builder/spi-builder-workspace/.dependencies/checkouts/RxSwift/Sources/RxSwift/Scan.swift (in target 'RxSwift' from project 'RxSwift')
    cd /Users/admin/builder/spi-builder-workspace/.swiftpm/xcode
    builtin-SwiftPerFileCompile Scan.swift
SwiftCompile normal arm64 /Users/admin/builder/spi-builder-workspace/.dependencies/checkouts/RxSwift/Sources/RxSwift/ScheduledDisposable.swift (in target 'RxSwift' from project 'RxSwift')
    cd /Users/admin/builder/spi-builder-workspace/.swiftpm/xcode
    builtin-SwiftPerFileCompile ScheduledDisposable.swift
SwiftCompile normal arm64 /Users/admin/builder/spi-builder-workspace/.dependencies/checkouts/RxSwift/Sources/RxSwift/ScheduledItem.swift (in target 'RxSwift' from project 'RxSwift')
    cd /Users/admin/builder/spi-builder-workspace/.swiftpm/xcode
    builtin-SwiftPerFileCompile ScheduledItem.swift
SwiftCompile normal arm64 /Users/admin/builder/spi-builder-workspace/.dependencies/checkouts/RxSwift/Sources/RxSwift/ScheduledItemType.swift (in target 'RxSwift' from project 'RxSwift')
    cd /Users/admin/builder/spi-builder-workspace/.swiftpm/xcode
    builtin-SwiftPerFileCompile ScheduledItemType.swift
SwiftCompile normal arm64 /Users/admin/builder/spi-builder-workspace/.dependencies/checkouts/RxSwift/Sources/RxSwift/SchedulerServices+Emulation.swift (in target 'RxSwift' from project 'RxSwift')
    cd /Users/admin/builder/spi-builder-workspace/.swiftpm/xcode
    builtin-SwiftPerFileCompile SchedulerServices+Emulation.swift
SwiftCompile normal arm64 /Users/admin/builder/spi-builder-workspace/.dependencies/checkouts/RxSwift/Sources/RxSwift/SchedulerType.swift (in target 'RxSwift' from project 'RxSwift')
    cd /Users/admin/builder/spi-builder-workspace/.swiftpm/xcode
    builtin-SwiftPerFileCompile SchedulerType.swift
SwiftCompile normal arm64 /Users/admin/builder/spi-builder-workspace/.dependencies/checkouts/RxSwift/Sources/RxSwift/Sequence.swift (in target 'RxSwift' from project 'RxSwift')
    cd /Users/admin/builder/spi-builder-workspace/.swiftpm/xcode
    builtin-SwiftPerFileCompile Sequence.swift
SwiftCompile normal arm64 /Users/admin/builder/spi-builder-workspace/.dependencies/checkouts/RxSwift/Sources/RxSwift/SerialDispatchQueueScheduler.swift (in target 'RxSwift' from project 'RxSwift')
    cd /Users/admin/builder/spi-builder-workspace/.swiftpm/xcode
    builtin-SwiftPerFileCompile SerialDispatchQueueScheduler.swift
SwiftCompile normal arm64 /Users/admin/builder/spi-builder-workspace/.dependencies/checkouts/RxSwift/Sources/RxSwift/SerialDisposable.swift (in target 'RxSwift' from project 'RxSwift')
    cd /Users/admin/builder/spi-builder-workspace/.swiftpm/xcode
    builtin-SwiftPerFileCompile SerialDisposable.swift
SwiftCompile normal arm64 /Users/admin/builder/spi-builder-workspace/.dependencies/checkouts/RxSwift/Sources/RxSwift/ShareReplayScope.swift (in target 'RxSwift' from project 'RxSwift')
    cd /Users/admin/builder/spi-builder-workspace/.swiftpm/xcode
    builtin-SwiftPerFileCompile ShareReplayScope.swift
SwiftCompile normal arm64 /Users/admin/builder/spi-builder-workspace/.dependencies/checkouts/RxSwift/Sources/RxSwift/Single.swift (in target 'RxSwift' from project 'RxSwift')
    cd /Users/admin/builder/spi-builder-workspace/.swiftpm/xcode
    builtin-SwiftPerFileCompile Single.swift
SwiftCompile normal arm64 /Users/admin/builder/spi-builder-workspace/.dependencies/checkouts/RxSwift/Sources/RxSwift/SingleAssignmentDisposable.swift (in target 'RxSwift' from project 'RxSwift')
    cd /Users/admin/builder/spi-builder-workspace/.swiftpm/xcode
    builtin-SwiftPerFileCompile SingleAssignmentDisposable.swift
SwiftCompile normal arm64 /Users/admin/builder/spi-builder-workspace/.dependencies/checkouts/RxSwift/Sources/RxSwift/SingleAsync.swift (in target 'RxSwift' from project 'RxSwift')
    cd /Users/admin/builder/spi-builder-workspace/.swiftpm/xcode
    builtin-SwiftPerFileCompile SingleAsync.swift
SwiftCompile normal arm64 /Users/admin/builder/spi-builder-workspace/.dependencies/checkouts/RxSwift/Sources/RxSwift/Sink.swift (in target 'RxSwift' from project 'RxSwift')
    cd /Users/admin/builder/spi-builder-workspace/.swiftpm/xcode
    builtin-SwiftPerFileCompile Sink.swift
SwiftDriverJobDiscovery normal arm64 Compiling DisposeBase.swift, DistinctUntilChanged.swift, Do.swift, ElementAt.swift, Empty.swift, Enumerated.swift, Error.swift, Errors.swift, Event.swift, Filter.swift, First.swift, Generate.swift, GroupBy.swift, GroupedObservable.swift, HistoricalScheduler.swift (in target 'RxSwift' from project 'RxSwift')
SwiftDriverJobDiscovery normal arm64 Compiling AddRef.swift, Amb.swift, AnonymousDisposable.swift, AnonymousObserver.swift, AnyObserver.swift, AsMaybe.swift, AsSingle.swift, AsyncLock.swift, AsyncSubject.swift, AtomicInt.swift, Bag+Rx.swift, Bag.swift, BehaviorSubject.swift, BinaryDisposable.swift, BooleanDisposable.swift (in target 'RxSwift' from project 'RxSwift')
Ld /Users/admin/builder/spi-builder-workspace/.derivedData/Build/Intermediates.noindex/RxSwift.build/Debug-watchos/RxSwift-t.build/Objects-normal/arm64_32/Binary/RxSwift.o normal arm64_32 (in target 'RxSwift' from project 'RxSwift')
    cd /Users/admin/builder/spi-builder-workspace/.dependencies/checkouts/RxSwift
    /Applications/Xcode-27.0.0-Release.Candidate.app/Contents/Developer/Toolchains/XcodeDefault.xctoolchain/usr/bin/clang -Xlinker -reproducible -target arm64_32-apple-watchos9.0 -r -isysroot /Applications/Xcode-27.0.0-Release.Candidate.app/Contents/Developer/Platforms/WatchOS.platform/Developer/SDKs/WatchOS27.0.sdk -O0 -w -Xlinker -no_warn_duplicate_libraries -F/Users/admin/builder/spi-builder-workspace/.derivedData/Build/Intermediates.noindex/EagerLinkingTBDs/Debug-watchos -F/Users/admin/builder/spi-builder-workspace/.derivedData/Build/Products/Debug-watchos -iframework /Applications/Xcode-27.0.0-Release.Candidate.app/Contents/Developer/Platforms/WatchOS.platform/Developer/Library/Frameworks -iframework /Applications/Xcode-27.0.0-Release.Candidate.app/Contents/Developer/Platforms/WatchOS.platform/Developer/SDKs/WatchOS27.0.sdk/Developer/Library/Frameworks -filelist /Users/admin/builder/spi-builder-workspace/.derivedData/Build/Intermediates.noindex/RxSwift.build/Debug-watchos/RxSwift-t.build/Objects-normal/arm64_32/RxSwift.LinkFileList -nostdlib -Xlinker -object_path_lto -Xlinker /Users/admin/builder/spi-builder-workspace/.derivedData/Build/Intermediates.noindex/RxSwift.build/Debug-watchos/RxSwift-t.build/Objects-normal/arm64_32/RxSwift_lto.o -Xlinker -no_deduplicate -Xlinker -dependency_info -Xlinker /Users/admin/builder/spi-builder-workspace/.derivedData/Build/Intermediates.noindex/RxSwift.build/Debug-watchos/RxSwift-t.build/Objects-normal/arm64_32/RxSwift_dependency_info.dat -fobjc-link-runtime -L/Applications/Xcode-27.0.0-Release.Candidate.app/Contents/Developer/Toolchains/XcodeDefault.xctoolchain/usr/lib/swift/watchos -L/usr/lib/swift -Xlinker -add_ast_path -Xlinker /Users/admin/builder/spi-builder-workspace/.derivedData/Build/Intermediates.noindex/RxSwift.build/Debug-watchos/RxSwift-t.build/Objects-normal/arm64_32/RxSwift.swiftmodule -o /Users/admin/builder/spi-builder-workspace/.derivedData/Build/Intermediates.noindex/RxSwift.build/Debug-watchos/RxSwift-t.build/Objects-normal/arm64_32/Binary/RxSwift.o
SwiftDriverJobDiscovery normal arm64 Compiling NopDisposable.swift, Observable.swift, ObservableConvertibleType.swift, ObservableType+Extensions.swift, ObservableType+PrimitiveSequence.swift, ObservableType.swift, ObserveOn.swift, ObserverBase.swift, ObserverType.swift, OperationQueueScheduler.swift, Optional.swift, Platform.Darwin.swift, Platform.Linux.swift, PrimitiveSequence+Zip+arity.swift, PrimitiveSequence.swift (in target 'RxSwift' from project 'RxSwift')
SwiftDriverJobDiscovery normal arm64 Compiling PriorityQueue.swift, Producer.swift, PublishSubject.swift, Queue.swift, Range.swift, Reactive.swift, RecursiveLock.swift, RecursiveScheduler.swift, Reduce.swift, RefCountDisposable.swift, Repeat.swift, ReplaySubject.swift, RetryWhen.swift, Rx.swift, RxMutableBox.swift (in target 'RxSwift' from project 'RxSwift')
SwiftDriverJobDiscovery normal arm64 Compiling Skip.swift, SkipUntil.swift, SkipWhile.swift, StartWith.swift, SubjectType.swift, SubscribeOn.swift, SubscriptionDisposable.swift, SwiftSupport.swift, Switch.swift, SwitchIfEmpty.swift, SynchronizedDisposeType.swift, SynchronizedOnType.swift, SynchronizedUnsubscribeType.swift, TailRecursiveSink.swift, Take.swift (in target 'RxSwift' from project 'RxSwift')
SwiftDriverJobDiscovery normal arm64 Compiling HistoricalSchedulerTimeConverter.swift, ImmediateSchedulerType.swift, InfiniteSequence.swift, InvocableScheduledItem.swift, InvocableType.swift, Just.swift, Lock.swift, LockOwnerType.swift, MainScheduler.swift, Map.swift, Materialize.swift, Maybe.swift, Merge.swift, Multicast.swift, Never.swift (in target 'RxSwift' from project 'RxSwift')
SwiftDriverJobDiscovery normal arm64 Compiling CurrentThreadScheduler.swift, Date+Dispatch.swift, Debounce.swift, Debug.swift, DefaultIfEmpty.swift, Deferred.swift, Delay.swift, DelaySubscription.swift, Dematerialize.swift, Deprecated.swift, DispatchQueue+Extensions.swift, DispatchQueueConfiguration.swift, Disposable.swift, Disposables.swift, DisposeBag.swift (in target 'RxSwift' from project 'RxSwift')
SwiftDriverJobDiscovery normal arm64 Compiling Buffer.swift, Cancelable.swift, Catch.swift, CombineLatest+Collection.swift, CombineLatest+arity.swift, CombineLatest.swift, CompactMap.swift, Completable+AndThen.swift, Completable.swift, CompositeDisposable.swift, Concat.swift, ConcurrentDispatchQueueScheduler.swift, ConcurrentMainScheduler.swift, ConnectableObservableType.swift, Create.swift (in target 'RxSwift' from project 'RxSwift')
SwiftDriver RxBluetoothKit normal arm64 com.apple.xcode.tools.swift.compiler (in target 'RxBluetoothKit' from project 'RxBluetoothKit')
    cd /Users/admin/builder/spi-builder-workspace/.swiftpm/xcode
    builtin-SwiftDriver -- /Applications/Xcode-27.0.0-Release.Candidate.app/Contents/Developer/Toolchains/XcodeDefault.xctoolchain/usr/bin/swiftc -parse-as-library -module-name RxBluetoothKit -Onone @/Users/admin/builder/spi-builder-workspace/.derivedData/Build/Intermediates.noindex/RxBluetoothKit.build/Debug-watchos/RxBluetoothKit-t.build/Objects-normal/arm64/RxBluetoothKit.SwiftFileList -DSWIFT_PACKAGE -DDEBUG -DSWIFT_MODULE_RESOURCE_BUNDLE_UNAVAILABLE -DXcode -plugin-path /Applications/Xcode-27.0.0-Release.Candidate.app/Contents/Developer/Toolchains/XcodeDefault.xctoolchain/usr/lib/swift/host/plugins/testing -enable-experimental-feature DebugDescriptionMacro -sdk /Applications/Xcode-27.0.0-Release.Candidate.app/Contents/Developer/Platforms/WatchOS.platform/Developer/SDKs/WatchOS27.0.sdk -target arm64-apple-watchos9.0 -g -module-cache-path /Users/admin/builder/spi-builder-workspace/.derivedData/ModuleCache.noindex -Xfrontend -serialize-debugging-options -enable-testing -index-store-path /Users/admin/builder/spi-builder-workspace/.derivedData/Index.noindex/DataStore -Xcc -D_LIBCPP_HARDENING_MODE\=_LIBCPP_HARDENING_MODE_DEBUG -swift-version 5 -I /Users/admin/builder/spi-builder-workspace/.derivedData/Build/Products/Debug-watchos -Isystem /Applications/Xcode-27.0.0-Release.Candidate.app/Contents/Developer/Platforms/WatchOS.platform/Developer/usr/lib -F /Users/admin/builder/spi-builder-workspace/.derivedData/Build/Products/Debug-watchos/PackageFrameworks -F /Users/admin/builder/spi-builder-workspace/.derivedData/Build/Products/Debug-watchos -F /Applications/Xcode-27.0.0-Release.Candidate.app/Contents/Developer/Platforms/WatchOS.platform/Developer/Library/Frameworks -F /Applications/Xcode-27.0.0-Release.Candidate.app/Contents/Developer/Platforms/WatchOS.platform/Developer/SDKs/WatchOS27.0.sdk/Developer/Library/Frameworks -c -j10 -enable-batch-mode -incremental -Xcc -ivfsstatcache -Xcc /Users/admin/builder/spi-builder-workspace/.derivedData/SDKStatCaches.noindex/watchos27.0-24R360-e829b21a6f8c9b70876ba0858053c04477534ef55a1706bf4c1112bbb242f0a2.sdkstatcache -output-file-map /Users/admin/builder/spi-builder-workspace/.derivedData/Build/Intermediates.noindex/RxBluetoothKit.build/Debug-watchos/RxBluetoothKit-t.build/Objects-normal/arm64/RxBluetoothKit-OutputFileMap.json -save-temps -no-color-diagnostics -explicit-module-build -module-cache-path /Users/admin/builder/spi-builder-workspace/.derivedData/Build/Intermediates.noindex/SwiftExplicitPrecompiledModules -clang-scanner-module-cache-path /Users/admin/builder/spi-builder-workspace/.derivedData/ModuleCache.noindex -sdk-module-cache-path /Users/admin/builder/spi-builder-workspace/.derivedData/SDKExplicitPrecompiledModules -emit-dependencies -emit-module -emit-module-path /Users/admin/builder/spi-builder-workspace/.derivedData/Build/Intermediates.noindex/RxBluetoothKit.build/Debug-watchos/RxBluetoothKit-t.build/Objects-normal/arm64/RxBluetoothKit.swiftmodule -serialize-diagnostics -dependency-scan-serialize-diagnostics-path /Users/admin/builder/spi-builder-workspace/.derivedData/Build/Intermediates.noindex/RxBluetoothKit.build/Debug-watchos/RxBluetoothKit-t.build/Objects-normal/arm64/RxBluetoothKit-dependency-scan.dia -validate-clang-modules-once -clang-build-session-file /Users/admin/builder/spi-builder-workspace/.derivedData/ModuleCache.noindex/Session.modulevalidation -Xcc -fmodules-prune-interval\=86400 -Xcc -fmodules-prune-after\=345600 -emit-const-values -const-gather-protocols-list /Users/admin/builder/spi-builder-workspace/.derivedData/Build/Intermediates.noindex/RxBluetoothKit.build/Debug-watchos/RxBluetoothKit-t.build/Objects-normal/arm64/RxBluetoothKit_const_extract_protocols.json -Xcc -I/Users/admin/builder/spi-builder-workspace/.derivedData/Build/Products/Debug-watchos/include -Xcc -I/Users/admin/builder/spi-builder-workspace/.derivedData/Build/Intermediates.noindex/RxBluetoothKit.build/Debug-watchos/RxBluetoothKit-t.build/DerivedSources-normal/arm64 -Xcc -I/Users/admin/builder/spi-builder-workspace/.derivedData/Build/Intermediates.noindex/RxBluetoothKit.build/Debug-watchos/RxBluetoothKit-t.build/DerivedSources/arm64 -Xcc -I/Users/admin/builder/spi-builder-workspace/.derivedData/Build/Intermediates.noindex/RxBluetoothKit.build/Debug-watchos/RxBluetoothKit-t.build/DerivedSources -Xcc -DSWIFT_PACKAGE -Xcc -DDEBUG\=1 -emit-objc-header -emit-objc-header-path /Users/admin/builder/spi-builder-workspace/.derivedData/Build/Intermediates.noindex/RxBluetoothKit.build/Debug-watchos/RxBluetoothKit-t.build/Objects-normal/arm64/RxBluetoothKit-Swift.h -working-directory /Users/admin/builder/spi-builder-workspace/.swiftpm/xcode -experimental-emit-module-separately -disable-cmo
SwiftDriver RxBluetoothKit normal arm64_32 com.apple.xcode.tools.swift.compiler (in target 'RxBluetoothKit' from project 'RxBluetoothKit')
    cd /Users/admin/builder/spi-builder-workspace/.swiftpm/xcode
    builtin-SwiftDriver -- /Applications/Xcode-27.0.0-Release.Candidate.app/Contents/Developer/Toolchains/XcodeDefault.xctoolchain/usr/bin/swiftc -parse-as-library -module-name RxBluetoothKit -Onone @/Users/admin/builder/spi-builder-workspace/.derivedData/Build/Intermediates.noindex/RxBluetoothKit.build/Debug-watchos/RxBluetoothKit-t.build/Objects-normal/arm64_32/RxBluetoothKit.SwiftFileList -DSWIFT_PACKAGE -DDEBUG -DSWIFT_MODULE_RESOURCE_BUNDLE_UNAVAILABLE -DXcode -plugin-path /Applications/Xcode-27.0.0-Release.Candidate.app/Contents/Developer/Toolchains/XcodeDefault.xctoolchain/usr/lib/swift/host/plugins/testing -enable-experimental-feature DebugDescriptionMacro -sdk /Applications/Xcode-27.0.0-Release.Candidate.app/Contents/Developer/Platforms/WatchOS.platform/Developer/SDKs/WatchOS27.0.sdk -target arm64_32-apple-watchos9.0 -g -module-cache-path /Users/admin/builder/spi-builder-workspace/.derivedData/ModuleCache.noindex -Xfrontend -serialize-debugging-options -enable-testing -index-store-path /Users/admin/builder/spi-builder-workspace/.derivedData/Index.noindex/DataStore -Xcc -D_LIBCPP_HARDENING_MODE\=_LIBCPP_HARDENING_MODE_DEBUG -swift-version 5 -I /Users/admin/builder/spi-builder-workspace/.derivedData/Build/Products/Debug-watchos -Isystem /Applications/Xcode-27.0.0-Release.Candidate.app/Contents/Developer/Platforms/WatchOS.platform/Developer/usr/lib -F /Users/admin/builder/spi-builder-workspace/.derivedData/Build/Products/Debug-watchos/PackageFrameworks -F /Users/admin/builder/spi-builder-workspace/.derivedData/Build/Products/Debug-watchos -F /Applications/Xcode-27.0.0-Release.Candidate.app/Contents/Developer/Platforms/WatchOS.platform/Developer/Library/Frameworks -F /Applications/Xcode-27.0.0-Release.Candidate.app/Contents/Developer/Platforms/WatchOS.platform/Developer/SDKs/WatchOS27.0.sdk/Developer/Library/Frameworks -c -j10 -enable-batch-mode -incremental -Xcc -ivfsstatcache -Xcc /Users/admin/builder/spi-builder-workspace/.derivedData/SDKStatCaches.noindex/watchos27.0-24R360-e829b21a6f8c9b70876ba0858053c04477534ef55a1706bf4c1112bbb242f0a2.sdkstatcache -output-file-map /Users/admin/builder/spi-builder-workspace/.derivedData/Build/Intermediates.noindex/RxBluetoothKit.build/Debug-watchos/RxBluetoothKit-t.build/Objects-normal/arm64_32/RxBluetoothKit-OutputFileMap.json -save-temps -no-color-diagnostics -explicit-module-build -module-cache-path /Users/admin/builder/spi-builder-workspace/.derivedData/Build/Intermediates.noindex/SwiftExplicitPrecompiledModules -clang-scanner-module-cache-path /Users/admin/builder/spi-builder-workspace/.derivedData/ModuleCache.noindex -sdk-module-cache-path /Users/admin/builder/spi-builder-workspace/.derivedData/SDKExplicitPrecompiledModules -emit-dependencies -emit-module -emit-module-path /Users/admin/builder/spi-builder-workspace/.derivedData/Build/Intermediates.noindex/RxBluetoothKit.build/Debug-watchos/RxBluetoothKit-t.build/Objects-normal/arm64_32/RxBluetoothKit.swiftmodule -serialize-diagnostics -dependency-scan-serialize-diagnostics-path /Users/admin/builder/spi-builder-workspace/.derivedData/Build/Intermediates.noindex/RxBluetoothKit.build/Debug-watchos/RxBluetoothKit-t.build/Objects-normal/arm64_32/RxBluetoothKit-dependency-scan.dia -validate-clang-modules-once -clang-build-session-file /Users/admin/builder/spi-builder-workspace/.derivedData/ModuleCache.noindex/Session.modulevalidation -Xcc -fmodules-prune-interval\=86400 -Xcc -fmodules-prune-after\=345600 -emit-const-values -const-gather-protocols-list /Users/admin/builder/spi-builder-workspace/.derivedData/Build/Intermediates.noindex/RxBluetoothKit.build/Debug-watchos/RxBluetoothKit-t.build/Objects-normal/arm64_32/RxBluetoothKit_const_extract_protocols.json -Xcc -I/Users/admin/builder/spi-builder-workspace/.derivedData/Build/Products/Debug-watchos/include -Xcc -I/Users/admin/builder/spi-builder-workspace/.derivedData/Build/Intermediates.noindex/RxBluetoothKit.build/Debug-watchos/RxBluetoothKit-t.build/DerivedSources-normal/arm64_32 -Xcc -I/Users/admin/builder/spi-builder-workspace/.derivedData/Build/Intermediates.noindex/RxBluetoothKit.build/Debug-watchos/RxBluetoothKit-t.build/DerivedSources/arm64_32 -Xcc -I/Users/admin/builder/spi-builder-workspace/.derivedData/Build/Intermediates.noindex/RxBluetoothKit.build/Debug-watchos/RxBluetoothKit-t.build/DerivedSources -Xcc -DSWIFT_PACKAGE -Xcc -DDEBUG\=1 -emit-objc-header -emit-objc-header-path /Users/admin/builder/spi-builder-workspace/.derivedData/Build/Intermediates.noindex/RxBluetoothKit.build/Debug-watchos/RxBluetoothKit-t.build/Objects-normal/arm64_32/RxBluetoothKit-Swift.h -working-directory /Users/admin/builder/spi-builder-workspace/.swiftpm/xcode -experimental-emit-module-separately -disable-cmo
SwiftDriverJobDiscovery normal arm64 Compiling TakeLast.swift, TakeUntil.swift, TakeWhile.swift, Throttle.swift, Timeout.swift, Timer.swift, ToArray.swift, Using.swift, VirtualTimeConverterType.swift, VirtualTimeScheduler.swift, Window.swift, WithLatestFrom.swift, Zip+Collection.swift, Zip+arity.swift, Zip.swift (in target 'RxSwift' from project 'RxSwift')
SwiftExplicitDependencyGeneratePcm arm64_32 /Users/admin/builder/spi-builder-workspace/.derivedData/SDKExplicitPrecompiledModules/CoreBluetooth-73SEOPSF5MVOHFBWYJZMOKDD7.pcm
SwiftExplicitDependencyGeneratePcm arm64 /Users/admin/builder/spi-builder-workspace/.derivedData/SDKExplicitPrecompiledModules/CoreBluetooth-34FGKKVDZ0TTFGN4IH4I2Q1RY.pcm
SwiftCompile normal arm64_32 Compiling\ RxBluetoothKitLogger.swift,\ ScannedPeripheral.swift,\ Service.swift /Users/admin/builder/spi-builder-workspace/Source/RxBluetoothKitLogger.swift /Users/admin/builder/spi-builder-workspace/Source/ScannedPeripheral.swift /Users/admin/builder/spi-builder-workspace/Source/Service.swift (in target 'RxBluetoothKit' from project 'RxBluetoothKit')
SwiftCompile normal arm64_32 /Users/admin/builder/spi-builder-workspace/Source/RxBluetoothKitLogger.swift (in target 'RxBluetoothKit' from project 'RxBluetoothKit')
    cd /Users/admin/builder/spi-builder-workspace/.swiftpm/xcode
    builtin-SwiftPerFileCompile RxBluetoothKitLogger.swift
SwiftCompile normal arm64_32 /Users/admin/builder/spi-builder-workspace/Source/ScannedPeripheral.swift (in target 'RxBluetoothKit' from project 'RxBluetoothKit')
    cd /Users/admin/builder/spi-builder-workspace/.swiftpm/xcode
    builtin-SwiftPerFileCompile ScannedPeripheral.swift
SwiftCompile normal arm64_32 /Users/admin/builder/spi-builder-workspace/Source/Service.swift (in target 'RxBluetoothKit' from project 'RxBluetoothKit')
    cd /Users/admin/builder/spi-builder-workspace/.swiftpm/xcode
    builtin-SwiftPerFileCompile Service.swift
SwiftCompile normal arm64_32 Compiling\ StartAdvertisingResult.swift,\ UUIDIdentifiable.swift,\ Unimplemented.swift /Users/admin/builder/spi-builder-workspace/Source/StartAdvertisingResult.swift /Users/admin/builder/spi-builder-workspace/Source/UUIDIdentifiable.swift /Users/admin/builder/spi-builder-workspace/Source/Unimplemented.swift (in target 'RxBluetoothKit' from project 'RxBluetoothKit')
SwiftCompile normal arm64_32 /Users/admin/builder/spi-builder-workspace/Source/StartAdvertisingResult.swift (in target 'RxBluetoothKit' from project 'RxBluetoothKit')
    cd /Users/admin/builder/spi-builder-workspace/.swiftpm/xcode
    builtin-SwiftPerFileCompile StartAdvertisingResult.swift
SwiftCompile normal arm64_32 /Users/admin/builder/spi-builder-workspace/Source/UUIDIdentifiable.swift (in target 'RxBluetoothKit' from project 'RxBluetoothKit')
    cd /Users/admin/builder/spi-builder-workspace/.swiftpm/xcode
    builtin-SwiftPerFileCompile UUIDIdentifiable.swift
SwiftCompile normal arm64_32 /Users/admin/builder/spi-builder-workspace/Source/Unimplemented.swift (in target 'RxBluetoothKit' from project 'RxBluetoothKit')
    cd /Users/admin/builder/spi-builder-workspace/.swiftpm/xcode
    builtin-SwiftPerFileCompile Unimplemented.swift
SwiftCompile normal arm64_32 Compiling\ PeripheralManagerRestoredState.swift,\ PeripheralProvider.swift,\ RestoredState.swift /Users/admin/builder/spi-builder-workspace/Source/PeripheralManagerRestoredState.swift /Users/admin/builder/spi-builder-workspace/Source/PeripheralProvider.swift /Users/admin/builder/spi-builder-workspace/Source/RestoredState.swift (in target 'RxBluetoothKit' from project 'RxBluetoothKit')
SwiftCompile normal arm64_32 /Users/admin/builder/spi-builder-workspace/Source/PeripheralManagerRestoredState.swift (in target 'RxBluetoothKit' from project 'RxBluetoothKit')
    cd /Users/admin/builder/spi-builder-workspace/.swiftpm/xcode
    builtin-SwiftPerFileCompile PeripheralManagerRestoredState.swift
SwiftCompile normal arm64_32 /Users/admin/builder/spi-builder-workspace/Source/PeripheralProvider.swift (in target 'RxBluetoothKit' from project 'RxBluetoothKit')
    cd /Users/admin/builder/spi-builder-workspace/.swiftpm/xcode
    builtin-SwiftPerFileCompile PeripheralProvider.swift
SwiftCompile normal arm64_32 /Users/admin/builder/spi-builder-workspace/Source/RestoredState.swift (in target 'RxBluetoothKit' from project 'RxBluetoothKit')
    cd /Users/admin/builder/spi-builder-workspace/.swiftpm/xcode
    builtin-SwiftPerFileCompile RestoredState.swift
SwiftCompile normal arm64_32 Compiling\ Peripheral.swift,\ PeripheralManager+RestoredState.swift,\ PeripheralManager.swift /Users/admin/builder/spi-builder-workspace/Source/Peripheral.swift /Users/admin/builder/spi-builder-workspace/Source/PeripheralManager+RestoredState.swift /Users/admin/builder/spi-builder-workspace/Source/PeripheralManager.swift (in target 'RxBluetoothKit' from project 'RxBluetoothKit')
SwiftCompile normal arm64_32 /Users/admin/builder/spi-builder-workspace/Source/Peripheral.swift (in target 'RxBluetoothKit' from project 'RxBluetoothKit')
    cd /Users/admin/builder/spi-builder-workspace/.swiftpm/xcode
    builtin-SwiftPerFileCompile Peripheral.swift
SwiftCompile normal arm64_32 /Users/admin/builder/spi-builder-workspace/Source/PeripheralManager+RestoredState.swift (in target 'RxBluetoothKit' from project 'RxBluetoothKit')
    cd /Users/admin/builder/spi-builder-workspace/.swiftpm/xcode
    builtin-SwiftPerFileCompile PeripheralManager+RestoredState.swift
SwiftCompile normal arm64_32 /Users/admin/builder/spi-builder-workspace/Source/PeripheralManager.swift (in target 'RxBluetoothKit' from project 'RxBluetoothKit')
    cd /Users/admin/builder/spi-builder-workspace/.swiftpm/xcode
    builtin-SwiftPerFileCompile PeripheralManager.swift
/Users/admin/builder/spi-builder-workspace/Source/PeripheralManager.swift:68:37: warning: 'CBPeripheralManagerAuthorizationStatus' was deprecated in watchOS 6.0: Use CBManagerAuthorization instead [#DeprecatedDeclaration]
 66 |     /// Returns the app’s authorization status for sharing data while in the background state.
 67 |     /// Wrapper of `CBPeripheralManager.authorizationStatus()` method.
 68 |     static var authorizationStatus: CBPeripheralManagerAuthorizationStatus {
    |                                     `- warning: 'CBPeripheralManagerAuthorizationStatus' was deprecated in watchOS 6.0: Use CBManagerAuthorization instead [#DeprecatedDeclaration]
 69 |         return CBPeripheralManager.authorizationStatus()
 70 |     }
SwiftCompile normal arm64_32 Compiling\ CBPeripheralDelegateWrapper.swift,\ CBPeripheralManagerDelegateWrapper.swift,\ CentralManager+RestoredState.swift,\ CentralManager.swift /Users/admin/builder/spi-builder-workspace/Source/CBPeripheralDelegateWrapper.swift /Users/admin/builder/spi-builder-workspace/Source/CBPeripheralManagerDelegateWrapper.swift /Users/admin/builder/spi-builder-workspace/Source/CentralManager+RestoredState.swift /Users/admin/builder/spi-builder-workspace/Source/CentralManager.swift (in target 'RxBluetoothKit' from project 'RxBluetoothKit')
SwiftCompile normal arm64_32 /Users/admin/builder/spi-builder-workspace/Source/CBPeripheralDelegateWrapper.swift (in target 'RxBluetoothKit' from project 'RxBluetoothKit')
    cd /Users/admin/builder/spi-builder-workspace/.swiftpm/xcode
    builtin-SwiftPerFileCompile CBPeripheralDelegateWrapper.swift
SwiftCompile normal arm64_32 /Users/admin/builder/spi-builder-workspace/Source/CBPeripheralManagerDelegateWrapper.swift (in target 'RxBluetoothKit' from project 'RxBluetoothKit')
    cd /Users/admin/builder/spi-builder-workspace/.swiftpm/xcode
    builtin-SwiftPerFileCompile CBPeripheralManagerDelegateWrapper.swift
SwiftCompile normal arm64_32 /Users/admin/builder/spi-builder-workspace/Source/CentralManager+RestoredState.swift (in target 'RxBluetoothKit' from project 'RxBluetoothKit')
    cd /Users/admin/builder/spi-builder-workspace/.swiftpm/xcode
    builtin-SwiftPerFileCompile CentralManager+RestoredState.swift
SwiftCompile normal arm64_32 /Users/admin/builder/spi-builder-workspace/Source/CentralManager.swift (in target 'RxBluetoothKit' from project 'RxBluetoothKit')
    cd /Users/admin/builder/spi-builder-workspace/.swiftpm/xcode
    builtin-SwiftPerFileCompile CentralManager.swift
SwiftCompile normal arm64_32 Compiling\ ManagerType.swift,\ Observable+Absorb.swift,\ Peripheral+Convenience.swift /Users/admin/builder/spi-builder-workspace/Source/ManagerType.swift /Users/admin/builder/spi-builder-workspace/Source/Observable+Absorb.swift /Users/admin/builder/spi-builder-workspace/Source/Peripheral+Convenience.swift (in target 'RxBluetoothKit' from project 'RxBluetoothKit')
/Users/admin/builder/spi-builder-workspace/Source/ManagerType.swift:5:30: warning: using 'class' keyword to define a class-constrained protocol is deprecated; use 'AnyObject' instead [#deprecation]
 3 | import CoreBluetooth
 4 |
 5 | public protocol ManagerType: class {
   |                              `- warning: using 'class' keyword to define a class-constrained protocol is deprecated; use 'AnyObject' instead [#deprecation]
 6 |     associatedtype Manager
 7 |
SwiftCompile normal arm64_32 /Users/admin/builder/spi-builder-workspace/Source/ManagerType.swift (in target 'RxBluetoothKit' from project 'RxBluetoothKit')
    cd /Users/admin/builder/spi-builder-workspace/.swiftpm/xcode
    builtin-SwiftPerFileCompile ManagerType.swift
SwiftCompile normal arm64_32 /Users/admin/builder/spi-builder-workspace/Source/Observable+Absorb.swift (in target 'RxBluetoothKit' from project 'RxBluetoothKit')
    cd /Users/admin/builder/spi-builder-workspace/.swiftpm/xcode
    builtin-SwiftPerFileCompile Observable+Absorb.swift
SwiftCompile normal arm64_32 /Users/admin/builder/spi-builder-workspace/Source/Peripheral+Convenience.swift (in target 'RxBluetoothKit' from project 'RxBluetoothKit')
    cd /Users/admin/builder/spi-builder-workspace/.swiftpm/xcode
    builtin-SwiftPerFileCompile Peripheral+Convenience.swift
SwiftCompile normal arm64_32 Compiling\ AdvertisementData.swift,\ Array+Utils.swift,\ BluetoothError.swift,\ BluetoothState.swift /Users/admin/builder/spi-builder-workspace/Source/AdvertisementData.swift /Users/admin/builder/spi-builder-workspace/Source/Array+Utils.swift /Users/admin/builder/spi-builder-workspace/Source/BluetoothError.swift /Users/admin/builder/spi-builder-workspace/Source/BluetoothState.swift (in target 'RxBluetoothKit' from project 'RxBluetoothKit')
SwiftCompile normal arm64_32 /Users/admin/builder/spi-builder-workspace/Source/AdvertisementData.swift (in target 'RxBluetoothKit' from project 'RxBluetoothKit')
    cd /Users/admin/builder/spi-builder-workspace/.swiftpm/xcode
    builtin-SwiftPerFileCompile AdvertisementData.swift
SwiftCompile normal arm64_32 /Users/admin/builder/spi-builder-workspace/Source/Array+Utils.swift (in target 'RxBluetoothKit' from project 'RxBluetoothKit')
    cd /Users/admin/builder/spi-builder-workspace/.swiftpm/xcode
    builtin-SwiftPerFileCompile Array+Utils.swift
SwiftCompile normal arm64_32 /Users/admin/builder/spi-builder-workspace/Source/BluetoothError.swift (in target 'RxBluetoothKit' from project 'RxBluetoothKit')
    cd /Users/admin/builder/spi-builder-workspace/.swiftpm/xcode
    builtin-SwiftPerFileCompile BluetoothError.swift
SwiftCompile normal arm64_32 /Users/admin/builder/spi-builder-workspace/Source/BluetoothState.swift (in target 'RxBluetoothKit' from project 'RxBluetoothKit')
    cd /Users/admin/builder/spi-builder-workspace/.swiftpm/xcode
    builtin-SwiftPerFileCompile BluetoothState.swift
SwiftCompile normal arm64_32 Compiling\ Boxes.swift,\ CBCentral+Uuid.swift,\ CBCentralManagerDelegateWrapper.swift,\ CBPeripheral+Uuid.swift /Users/admin/builder/spi-builder-workspace/Source/Boxes.swift /Users/admin/builder/spi-builder-workspace/Source/CBCentral+Uuid.swift /Users/admin/builder/spi-builder-workspace/Source/CBCentralManagerDelegateWrapper.swift /Users/admin/builder/spi-builder-workspace/Source/CBPeripheral+Uuid.swift (in target 'RxBluetoothKit' from project 'RxBluetoothKit')
SwiftCompile normal arm64_32 /Users/admin/builder/spi-builder-workspace/Source/Boxes.swift (in target 'RxBluetoothKit' from project 'RxBluetoothKit')
    cd /Users/admin/builder/spi-builder-workspace/.swiftpm/xcode
    builtin-SwiftPerFileCompile Boxes.swift
SwiftCompile normal arm64_32 /Users/admin/builder/spi-builder-workspace/Source/CBCentral+Uuid.swift (in target 'RxBluetoothKit' from project 'RxBluetoothKit')
    cd /Users/admin/builder/spi-builder-workspace/.swiftpm/xcode
    builtin-SwiftPerFileCompile CBCentral+Uuid.swift
SwiftCompile normal arm64_32 /Users/admin/builder/spi-builder-workspace/Source/CBCentralManagerDelegateWrapper.swift (in target 'RxBluetoothKit' from project 'RxBluetoothKit')
    cd /Users/admin/builder/spi-builder-workspace/.swiftpm/xcode
    builtin-SwiftPerFileCompile CBCentralManagerDelegateWrapper.swift
SwiftCompile normal arm64_32 /Users/admin/builder/spi-builder-workspace/Source/CBPeripheral+Uuid.swift (in target 'RxBluetoothKit' from project 'RxBluetoothKit')
    cd /Users/admin/builder/spi-builder-workspace/.swiftpm/xcode
    builtin-SwiftPerFileCompile CBPeripheral+Uuid.swift
SwiftEmitModule normal arm64_32 Emitting\ module\ for\ RxBluetoothKit (in target 'RxBluetoothKit' from project 'RxBluetoothKit')
/Users/admin/builder/spi-builder-workspace/Source/ManagerType.swift:5:30: warning: using 'class' keyword to define a class-constrained protocol is deprecated; use 'AnyObject' instead [#deprecation]
 3 | import CoreBluetooth
 4 |
 5 | public protocol ManagerType: class {
   |                              `- warning: using 'class' keyword to define a class-constrained protocol is deprecated; use 'AnyObject' instead [#deprecation]
 6 |     associatedtype Manager
 7 |
/Users/admin/builder/spi-builder-workspace/Source/PeripheralManager.swift:68:37: warning: 'CBPeripheralManagerAuthorizationStatus' was deprecated in watchOS 6.0: Use CBManagerAuthorization instead [#DeprecatedDeclaration]
 66 |     /// Returns the app’s authorization status for sharing data while in the background state.
 67 |     /// Wrapper of `CBPeripheralManager.authorizationStatus()` method.
 68 |     static var authorizationStatus: CBPeripheralManagerAuthorizationStatus {
    |                                     `- warning: 'CBPeripheralManagerAuthorizationStatus' was deprecated in watchOS 6.0: Use CBManagerAuthorization instead [#DeprecatedDeclaration]
 69 |         return CBPeripheralManager.authorizationStatus()
 70 |     }
[#DeprecatedDeclaration]: <https://docs.swift.org/compiler/documentation/diagnostics/deprecated-declaration>
SwiftCompile normal arm64_32 (in target 'RxBluetoothKit' from project 'RxBluetoothKit')
    cd /Users/admin/builder/spi-builder-workspace/.swiftpm/xcode

SwiftEmitModule normal arm64 Emitting\ module\ for\ RxBluetoothKit (in target 'RxBluetoothKit' from project 'RxBluetoothKit')
/Users/admin/builder/spi-builder-workspace/Source/ManagerType.swift:5:30: warning: using 'class' keyword to define a class-constrained protocol is deprecated; use 'AnyObject' instead [#deprecation]
 3 | import CoreBluetooth
 4 |
 5 | public protocol ManagerType: class {
   |                              `- warning: using 'class' keyword to define a class-constrained protocol is deprecated; use 'AnyObject' instead [#deprecation]
 6 |     associatedtype Manager
 7 |
/Users/admin/builder/spi-builder-workspace/Source/PeripheralManager.swift:68:37: warning: 'CBPeripheralManagerAuthorizationStatus' was deprecated in watchOS 6.0: Use CBManagerAuthorization instead [#DeprecatedDeclaration]
 66 |     /// Returns the app’s authorization status for sharing data while in the background state.
 67 |     /// Wrapper of `CBPeripheralManager.authorizationStatus()` method.
 68 |     static var authorizationStatus: CBPeripheralManagerAuthorizationStatus {
    |                                     `- warning: 'CBPeripheralManagerAuthorizationStatus' was deprecated in watchOS 6.0: Use CBManagerAuthorization instead [#DeprecatedDeclaration]
 69 |         return CBPeripheralManager.authorizationStatus()
 70 |     }
[#DeprecatedDeclaration]: <https://docs.swift.org/compiler/documentation/diagnostics/deprecated-declaration>
SwiftCompile normal arm64 (in target 'RxBluetoothKit' from project 'RxBluetoothKit')
    cd /Users/admin/builder/spi-builder-workspace/.swiftpm/xcode

SwiftDriverJobDiscovery normal arm64 Compiling Sample.swift, Scan.swift, ScheduledDisposable.swift, ScheduledItem.swift, ScheduledItemType.swift, SchedulerServices+Emulation.swift, SchedulerType.swift, Sequence.swift, SerialDispatchQueueScheduler.swift, SerialDisposable.swift, ShareReplayScope.swift, Single.swift, SingleAssignmentDisposable.swift, SingleAsync.swift, Sink.swift (in target 'RxSwift' from project 'RxSwift')
SwiftDriver\ Compilation RxSwift normal arm64 com.apple.xcode.tools.swift.compiler (in target 'RxSwift' from project 'RxSwift')
    cd /Users/admin/builder/spi-builder-workspace/.swiftpm/xcode
    builtin-Swift-Compilation -- /Applications/Xcode-27.0.0-Release.Candidate.app/Contents/Developer/Toolchains/XcodeDefault.xctoolchain/usr/bin/swiftc -parse-as-library -module-name RxSwift -Onone @/Users/admin/builder/spi-builder-workspace/.derivedData/Build/Intermediates.noindex/RxSwift.build/Debug-watchos/RxSwift-t.build/Objects-normal/arm64/RxSwift.SwiftFileList -DSWIFT_PACKAGE -DDEBUG -DSWIFT_MODULE_RESOURCE_BUNDLE_UNAVAILABLE -DXcode -plugin-path /Applications/Xcode-27.0.0-Release.Candidate.app/Contents/Developer/Toolchains/XcodeDefault.xctoolchain/usr/lib/swift/host/plugins/testing -enable-experimental-feature DebugDescriptionMacro -sdk /Applications/Xcode-27.0.0-Release.Candidate.app/Contents/Developer/Platforms/WatchOS.platform/Developer/SDKs/WatchOS27.0.sdk -target arm64-apple-watchos9.0 -g -module-cache-path /Users/admin/builder/spi-builder-workspace/.derivedData/ModuleCache.noindex -Xfrontend -serialize-debugging-options -enable-testing -suppress-warnings -index-store-path /Users/admin/builder/spi-builder-workspace/.derivedData/Index.noindex/DataStore -Xcc -D_LIBCPP_HARDENING_MODE\=_LIBCPP_HARDENING_MODE_DEBUG -swift-version 5 -I /Users/admin/builder/spi-builder-workspace/.derivedData/Build/Products/Debug-watchos -Isystem /Applications/Xcode-27.0.0-Release.Candidate.app/Contents/Developer/Platforms/WatchOS.platform/Developer/usr/lib -F /Users/admin/builder/spi-builder-workspace/.derivedData/Build/Products/Debug-watchos -F /Applications/Xcode-27.0.0-Release.Candidate.app/Contents/Developer/Platforms/WatchOS.platform/Developer/Library/Frameworks -F /Applications/Xcode-27.0.0-Release.Candidate.app/Contents/Developer/Platforms/WatchOS.platform/Developer/SDKs/WatchOS27.0.sdk/Developer/Library/Frameworks -c -j10 -enable-batch-mode -incremental -Xcc -ivfsstatcache -Xcc /Users/admin/builder/spi-builder-workspace/.derivedData/SDKStatCaches.noindex/watchos27.0-24R360-e829b21a6f8c9b70876ba0858053c04477534ef55a1706bf4c1112bbb242f0a2.sdkstatcache -output-file-map /Users/admin/builder/spi-builder-workspace/.derivedData/Build/Intermediates.noindex/RxSwift.build/Debug-watchos/RxSwift-t.build/Objects-normal/arm64/RxSwift-OutputFileMap.json -save-temps -no-color-diagnostics -explicit-module-build -module-cache-path /Users/admin/builder/spi-builder-workspace/.derivedData/Build/Intermediates.noindex/SwiftExplicitPrecompiledModules -clang-scanner-module-cache-path /Users/admin/builder/spi-builder-workspace/.derivedData/ModuleCache.noindex -sdk-module-cache-path /Users/admin/builder/spi-builder-workspace/.derivedData/SDKExplicitPrecompiledModules -emit-dependencies -emit-module -emit-module-path /Users/admin/builder/spi-builder-workspace/.derivedData/Build/Intermediates.noindex/RxSwift.build/Debug-watchos/RxSwift-t.build/Objects-normal/arm64/RxSwift.swiftmodule -serialize-diagnostics -dependency-scan-serialize-diagnostics-path /Users/admin/builder/spi-builder-workspace/.derivedData/Build/Intermediates.noindex/RxSwift.build/Debug-watchos/RxSwift-t.build/Objects-normal/arm64/RxSwift-dependency-scan.dia -validate-clang-modules-once -clang-build-session-file /Users/admin/builder/spi-builder-workspace/.derivedData/ModuleCache.noindex/Session.modulevalidation -Xcc -fmodules-prune-interval\=86400 -Xcc -fmodules-prune-after\=345600 -emit-const-values -const-gather-protocols-list /Users/admin/builder/spi-builder-workspace/.derivedData/Build/Intermediates.noindex/RxSwift.build/Debug-watchos/RxSwift-t.build/Objects-normal/arm64/RxSwift_const_extract_protocols.json -Xcc -I/Users/admin/builder/spi-builder-workspace/.derivedData/Build/Products/Debug-watchos/include -Xcc -I/Users/admin/builder/spi-builder-workspace/.derivedData/Build/Intermediates.noindex/RxSwift.build/Debug-watchos/RxSwift-t.build/DerivedSources-normal/arm64 -Xcc -I/Users/admin/builder/spi-builder-workspace/.derivedData/Build/Intermediates.noindex/RxSwift.build/Debug-watchos/RxSwift-t.build/DerivedSources/arm64 -Xcc -I/Users/admin/builder/spi-builder-workspace/.derivedData/Build/Intermediates.noindex/RxSwift.build/Debug-watchos/RxSwift-t.build/DerivedSources -Xcc -DSWIFT_PACKAGE -Xcc -DDEBUG\=1 -emit-objc-header -emit-objc-header-path /Users/admin/builder/spi-builder-workspace/.derivedData/Build/Intermediates.noindex/RxSwift.build/Debug-watchos/RxSwift-t.build/Objects-normal/arm64/RxSwift-Swift.h -working-directory /Users/admin/builder/spi-builder-workspace/.swiftpm/xcode -experimental-emit-module-separately -disable-cmo
SwiftDriverJobDiscovery normal arm64_32 Compiling StartAdvertisingResult.swift, UUIDIdentifiable.swift, Unimplemented.swift (in target 'RxBluetoothKit' from project 'RxBluetoothKit')
SwiftCompile normal arm64 Compiling\ StartAdvertisingResult.swift,\ UUIDIdentifiable.swift,\ Unimplemented.swift /Users/admin/builder/spi-builder-workspace/Source/StartAdvertisingResult.swift /Users/admin/builder/spi-builder-workspace/Source/UUIDIdentifiable.swift /Users/admin/builder/spi-builder-workspace/Source/Unimplemented.swift (in target 'RxBluetoothKit' from project 'RxBluetoothKit')
SwiftCompile normal arm64 /Users/admin/builder/spi-builder-workspace/Source/StartAdvertisingResult.swift (in target 'RxBluetoothKit' from project 'RxBluetoothKit')
    cd /Users/admin/builder/spi-builder-workspace/.swiftpm/xcode
    builtin-SwiftPerFileCompile StartAdvertisingResult.swift
SwiftCompile normal arm64 /Users/admin/builder/spi-builder-workspace/Source/UUIDIdentifiable.swift (in target 'RxBluetoothKit' from project 'RxBluetoothKit')
    cd /Users/admin/builder/spi-builder-workspace/.swiftpm/xcode
    builtin-SwiftPerFileCompile UUIDIdentifiable.swift
SwiftCompile normal arm64 /Users/admin/builder/spi-builder-workspace/Source/Unimplemented.swift (in target 'RxBluetoothKit' from project 'RxBluetoothKit')
    cd /Users/admin/builder/spi-builder-workspace/.swiftpm/xcode
    builtin-SwiftPerFileCompile Unimplemented.swift
Ld /Users/admin/builder/spi-builder-workspace/.derivedData/Build/Intermediates.noindex/RxSwift.build/Debug-watchos/RxSwift-t.build/Objects-normal/arm64/Binary/RxSwift.o normal arm64 (in target 'RxSwift' from project 'RxSwift')
    cd /Users/admin/builder/spi-builder-workspace/.dependencies/checkouts/RxSwift
    /Applications/Xcode-27.0.0-Release.Candidate.app/Contents/Developer/Toolchains/XcodeDefault.xctoolchain/usr/bin/clang -Xlinker -reproducible -target arm64-apple-watchos9.0 -r -isysroot /Applications/Xcode-27.0.0-Release.Candidate.app/Contents/Developer/Platforms/WatchOS.platform/Developer/SDKs/WatchOS27.0.sdk -O0 -w -Xlinker -no_warn_duplicate_libraries -F/Users/admin/builder/spi-builder-workspace/.derivedData/Build/Intermediates.noindex/EagerLinkingTBDs/Debug-watchos -F/Users/admin/builder/spi-builder-workspace/.derivedData/Build/Products/Debug-watchos -iframework /Applications/Xcode-27.0.0-Release.Candidate.app/Contents/Developer/Platforms/WatchOS.platform/Developer/Library/Frameworks -iframework /Applications/Xcode-27.0.0-Release.Candidate.app/Contents/Developer/Platforms/WatchOS.platform/Developer/SDKs/WatchOS27.0.sdk/Developer/Library/Frameworks -filelist /Users/admin/builder/spi-builder-workspace/.derivedData/Build/Intermediates.noindex/RxSwift.build/Debug-watchos/RxSwift-t.build/Objects-normal/arm64/RxSwift.LinkFileList -nostdlib -Xlinker -object_path_lto -Xlinker /Users/admin/builder/spi-builder-workspace/.derivedData/Build/Intermediates.noindex/RxSwift.build/Debug-watchos/RxSwift-t.build/Objects-normal/arm64/RxSwift_lto.o -Xlinker -no_deduplicate -Xlinker -dependency_info -Xlinker /Users/admin/builder/spi-builder-workspace/.derivedData/Build/Intermediates.noindex/RxSwift.build/Debug-watchos/RxSwift-t.build/Objects-normal/arm64/RxSwift_dependency_info.dat -fobjc-link-runtime -L/Applications/Xcode-27.0.0-Release.Candidate.app/Contents/Developer/Toolchains/XcodeDefault.xctoolchain/usr/lib/swift/watchos -L/usr/lib/swift -Xlinker -add_ast_path -Xlinker /Users/admin/builder/spi-builder-workspace/.derivedData/Build/Intermediates.noindex/RxSwift.build/Debug-watchos/RxSwift-t.build/Objects-normal/arm64/RxSwift.swiftmodule -o /Users/admin/builder/spi-builder-workspace/.derivedData/Build/Intermediates.noindex/RxSwift.build/Debug-watchos/RxSwift-t.build/Objects-normal/arm64/Binary/RxSwift.o
SwiftDriverJobDiscovery normal arm64_32 Compiling PeripheralManagerRestoredState.swift, PeripheralProvider.swift, RestoredState.swift (in target 'RxBluetoothKit' from project 'RxBluetoothKit')
SwiftCompile normal arm64 Compiling\ ManagerType.swift,\ Observable+Absorb.swift,\ Peripheral+Convenience.swift /Users/admin/builder/spi-builder-workspace/Source/ManagerType.swift /Users/admin/builder/spi-builder-workspace/Source/Observable+Absorb.swift /Users/admin/builder/spi-builder-workspace/Source/Peripheral+Convenience.swift (in target 'RxBluetoothKit' from project 'RxBluetoothKit')
SwiftCompile normal arm64 /Users/admin/builder/spi-builder-workspace/Source/ManagerType.swift (in target 'RxBluetoothKit' from project 'RxBluetoothKit')
    cd /Users/admin/builder/spi-builder-workspace/.swiftpm/xcode
    builtin-SwiftPerFileCompile ManagerType.swift
SwiftCompile normal arm64 /Users/admin/builder/spi-builder-workspace/Source/Observable+Absorb.swift (in target 'RxBluetoothKit' from project 'RxBluetoothKit')
    cd /Users/admin/builder/spi-builder-workspace/.swiftpm/xcode
    builtin-SwiftPerFileCompile Observable+Absorb.swift
SwiftCompile normal arm64 /Users/admin/builder/spi-builder-workspace/Source/Peripheral+Convenience.swift (in target 'RxBluetoothKit' from project 'RxBluetoothKit')
    cd /Users/admin/builder/spi-builder-workspace/.swiftpm/xcode
    builtin-SwiftPerFileCompile Peripheral+Convenience.swift
SwiftDriverJobDiscovery normal arm64_32 Compiling RxBluetoothKitLogger.swift, ScannedPeripheral.swift, Service.swift (in target 'RxBluetoothKit' from project 'RxBluetoothKit')
SwiftCompile normal arm64 Compiling\ Descriptor.swift,\ DeviceIdentifiers.swift,\ Logger.swift,\ Logging.swift /Users/admin/builder/spi-builder-workspace/Source/Descriptor.swift /Users/admin/builder/spi-builder-workspace/Source/DeviceIdentifiers.swift /Users/admin/builder/spi-builder-workspace/Source/Logger.swift /Users/admin/builder/spi-builder-workspace/Source/Logging.swift (in target 'RxBluetoothKit' from project 'RxBluetoothKit')
/Users/admin/builder/spi-builder-workspace/Source/Descriptor.swift:32:90: error: value of optional type 'CBService?' must be unwrapped to a value of type 'CBService'
 30 |
 31 |     convenience init(descriptor: CBDescriptor, peripheral: Peripheral) {
 32 |         let service = Service(peripheral: peripheral, service: descriptor.characteristic.service)
    |                                                                                          |- error: value of optional type 'CBService?' must be unwrapped to a value of type 'CBService'
    |                                                                                          |- note: coalesce using '??' to provide a default when the optional value contains 'nil'
    |                                                                                          `- note: force-unwrap using '!' to abort execution if the optional value contains 'nil'
 33 |         let characteristic = Characteristic(characteristic: descriptor.characteristic, service: service)
 34 |         self.init(descriptor: descriptor, characteristic: characteristic)
/Users/admin/builder/spi-builder-workspace/Source/Descriptor.swift:32:75: error: value of optional type 'CBCharacteristic?' must be unwrapped to refer to member 'service' of wrapped base type 'CBCharacteristic'
 30 |
 31 |     convenience init(descriptor: CBDescriptor, peripheral: Peripheral) {
 32 |         let service = Service(peripheral: peripheral, service: descriptor.characteristic.service)
    |                                                                           |- error: value of optional type 'CBCharacteristic?' must be unwrapped to refer to member 'service' of wrapped base type 'CBCharacteristic'
    |                                                                           `- note: chain the optional using '?' to access member 'service' only for non-'nil' base values
 33 |         let characteristic = Characteristic(characteristic: descriptor.characteristic, service: service)
 34 |         self.init(descriptor: descriptor, characteristic: characteristic)
/Users/admin/builder/spi-builder-workspace/Source/Descriptor.swift:33:72: error: value of optional type 'CBCharacteristic?' must be unwrapped to a value of type 'CBCharacteristic'
 31 |     convenience init(descriptor: CBDescriptor, peripheral: Peripheral) {
 32 |         let service = Service(peripheral: peripheral, service: descriptor.characteristic.service)
 33 |         let characteristic = Characteristic(characteristic: descriptor.characteristic, service: service)
    |                                                                        |- error: value of optional type 'CBCharacteristic?' must be unwrapped to a value of type 'CBCharacteristic'
    |                                                                        |- note: coalesce using '??' to provide a default when the optional value contains 'nil'
    |                                                                        `- note: force-unwrap using '!' to abort execution if the optional value contains 'nil'
 34 |         self.init(descriptor: descriptor, characteristic: characteristic)
 35 |     }
Failed frontend command:
/Applications/Xcode-27.0.0-Release.Candidate.app/Contents/Developer/Toolchains/XcodeDefault.xctoolchain/usr/bin/swift-frontend -frontend -c /Users/admin/builder/spi-builder-workspace/Source/AdvertisementData.swift /Users/admin/builder/spi-builder-workspace/Source/Array+Utils.swift /Users/admin/builder/spi-builder-workspace/Source/BluetoothError.swift /Users/admin/builder/spi-builder-workspace/Source/BluetoothState.swift /Users/admin/builder/spi-builder-workspace/Source/Boxes.swift /Users/admin/builder/spi-builder-workspace/Source/CBCentral+Uuid.swift /Users/admin/builder/spi-builder-workspace/Source/CBCentralManagerDelegateWrapper.swift /Users/admin/builder/spi-builder-workspace/Source/CBPeripheral+Uuid.swift /Users/admin/builder/spi-builder-workspace/Source/CBPeripheralDelegateWrapper.swift /Users/admin/builder/spi-builder-workspace/Source/CBPeripheralManagerDelegateWrapper.swift /Users/admin/builder/spi-builder-workspace/Source/CentralManager+RestoredState.swift /Users/admin/builder/spi-builder-workspace/Source/CentralManager.swift /Users/admin/builder/spi-builder-workspace/Source/CentralManagerRestoredState.swift /Users/admin/builder/spi-builder-workspace/Source/Characteristic.swift /Users/admin/builder/spi-builder-workspace/Source/CharacteristicNotificationManager.swift /Users/admin/builder/spi-builder-workspace/Source/Connector.swift -primary-file /Users/admin/builder/spi-builder-workspace/Source/Descriptor.swift -primary-file /Users/admin/builder/spi-builder-workspace/Source/DeviceIdentifiers.swift -primary-file /Users/admin/builder/spi-builder-workspace/Source/Logger.swift -primary-file /Users/admin/builder/spi-builder-workspace/Source/Logging.swift /Users/admin/builder/spi-builder-workspace/Source/ManagerType.swift /Users/admin/builder/spi-builder-workspace/Source/Observable+Absorb.swift /Users/admin/builder/spi-builder-workspace/Source/Peripheral+Convenience.swift /Users/admin/builder/spi-builder-workspace/Source/Peripheral.swift /Users/admin/builder/spi-builder-workspace/Source/PeripheralManager+RestoredState.swift /Users/admin/builder/spi-builder-workspace/Source/PeripheralManager.swift /Users/admin/builder/spi-builder-workspace/Source/PeripheralManagerRestoredState.swift /Users/admin/builder/spi-builder-workspace/Source/PeripheralProvider.swift /Users/admin/builder/spi-builder-workspace/Source/RestoredState.swift /Users/admin/builder/spi-builder-workspace/Source/RxBluetoothKitLogger.swift /Users/admin/builder/spi-builder-workspace/Source/ScannedPeripheral.swift /Users/admin/builder/spi-builder-workspace/Source/Service.swift /Users/admin/builder/spi-builder-workspace/Source/StartAdvertisingResult.swift /Users/admin/builder/spi-builder-workspace/Source/UUIDIdentifiable.swift /Users/admin/builder/spi-builder-workspace/Source/Unimplemented.swift -supplementary-output-file-map /Users/admin/builder/spi-builder-workspace/.derivedData/Build/Intermediates.noindex/RxBluetoothKit.build/Debug-watchos/RxBluetoothKit-t.build/Objects-normal/arm64/supplementaryOutputs-31 -target arm64-apple-watchos9.0 -disable-cross-import-overlay-search -load-resolved-plugin /Applications/Xcode-27.0.0-Release.Candidate.app/Contents/Developer/Platforms/WatchOS.platform/Developer/usr/lib/swift/host/plugins/libFoundationMacros.dylib\#/Applications/Xcode-27.0.0-Release.Candidate.app/Contents/Developer/Platforms/WatchOS.platform/Developer/usr/bin/swift-plugin-server\#FoundationMacros -load-resolved-plugin /Applications/Xcode-27.0.0-Release.Candidate.app/Contents/Developer/Platforms/WatchOS.platform/Developer/usr/lib/swift/host/plugins/libObservationMacros.dylib\#/Applications/Xcode-27.0.0-Release.Candidate.app/Contents/Developer/Platforms/WatchOS.platform/Developer/usr/bin/swift-plugin-server\#ObservationMacros -load-resolved-plugin /Applications/Xcode-27.0.0-Release.Candidate.app/Contents/Developer/Platforms/WatchOS.platform/Developer/usr/lib/swift/host/plugins/libSwiftMacros.dylib\#/Applications/Xcode-27.0.0-Release.Candidate.app/Contents/Developer/Platforms/WatchOS.platform/Developer/usr/bin/swift-plugin-server\#SwiftMacros -disable-implicit-swift-modules -Xcc -fno-implicit-modules -Xcc -fno-implicit-module-maps -explicit-swift-module-map-file /Users/admin/builder/spi-builder-workspace/.derivedData/Build/Intermediates.noindex/RxBluetoothKit.build/Debug-watchos/RxBluetoothKit-t.build/Objects-normal/arm64/RxBluetoothKit-dependencies-1.json -Xllvm -aarch64-use-tbi -enable-objc-interop -stack-check -sdk /Applications/Xcode-27.0.0-Release.Candidate.app/Contents/Developer/Platforms/WatchOS.platform/Developer/SDKs/WatchOS27.0.sdk -I /Users/admin/builder/spi-builder-workspace/.derivedData/Build/Products/Debug-watchos -Isystem /Applications/Xcode-27.0.0-Release.Candidate.app/Contents/Developer/Platforms/WatchOS.platform/Developer/usr/lib -F /Users/admin/builder/spi-builder-workspace/.derivedData/Build/Products/Debug-watchos/PackageFrameworks -F /Users/admin/builder/spi-builder-workspace/.derivedData/Build/Products/Debug-watchos -F /Applications/Xcode-27.0.0-Release.Candidate.app/Contents/Developer/Platforms/WatchOS.platform/Developer/Library/Frameworks -F /Applications/Xcode-27.0.0-Release.Candidate.app/Contents/Developer/Platforms/WatchOS.platform/Developer/SDKs/WatchOS27.0.sdk/Developer/Library/Frameworks -module-cache-path /Users/admin/builder/spi-builder-workspace/.derivedData/Build/Intermediates.noindex/SwiftExplicitPrecompiledModules -no-color-diagnostics -Xcc -fno-color-diagnostics -enable-testing -g -debug-info-format\=dwarf -dwarf-version\=4 -swift-version 5 -Onone -D SWIFT_PACKAGE -D DEBUG -D SWIFT_MODULE_RESOURCE_BUNDLE_UNAVAILABLE -D Xcode -serialize-debugging-options -enable-experimental-feature DebugDescriptionMacro -empty-abi-descriptor -validate-clang-modules-once -clang-build-session-file /Users/admin/builder/spi-builder-workspace/.derivedData/ModuleCache.noindex/Session.modulevalidation -Xcc -working-directory -Xcc /Users/admin/builder/spi-builder-workspace/.swiftpm/xcode -enable-anonymous-context-mangled-names -file-compilation-dir /Users/admin/builder/spi-builder-workspace/.swiftpm/xcode -Xcc -D_LIBCPP_HARDENING_MODE\=_LIBCPP_HARDENING_MODE_DEBUG -Xcc -ivfsstatcache -Xcc /Users/admin/builder/spi-builder-workspace/.derivedData/SDKStatCaches.noindex/watchos27.0-24R360-e829b21a6f8c9b70876ba0858053c04477534ef55a1706bf4c1112bbb242f0a2.sdkstatcache -Xcc -fmodules-prune-interval\=86400 -Xcc -fmodules-prune-after\=345600 -Xcc -I/Users/admin/builder/spi-builder-workspace/.derivedData/Build/Products/Debug-watchos/include -Xcc -I/Users/admin/builder/spi-builder-workspace/.derivedData/Build/Intermediates.noindex/RxBluetoothKit.build/Debug-watchos/RxBluetoothKit-t.build/DerivedSources-normal/arm64 -Xcc -I/Users/admin/builder/spi-builder-workspace/.derivedData/Build/Intermediates.noindex/RxBluetoothKit.build/Debug-watchos/RxBluetoothKit-t.build/DerivedSources/arm64 -Xcc -I/Users/admin/builder/spi-builder-workspace/.derivedData/Build/Intermediates.noindex/RxBluetoothKit.build/Debug-watchos/RxBluetoothKit-t.build/DerivedSources -Xcc -DSWIFT_PACKAGE -Xcc -DDEBUG\=1 -no-auto-bridging-header-chaining -module-name RxBluetoothKit -const-gather-protocols-file /Users/admin/builder/spi-builder-workspace/.derivedData/Build/Intermediates.noindex/RxBluetoothKit.build/Debug-watchos/RxBluetoothKit-t.build/Objects-normal/arm64/RxBluetoothKit_const_extract_protocols.json -disable-clang-spi -clang-target arm64-apple-watchos27.0 -target-sdk-version 27.0 -target-sdk-name watchos27.0 -in-process-plugin-server-path /Applications/Xcode-27.0.0-Release.Candidate.app/Contents/Developer/Toolchains/XcodeDefault.xctoolchain/usr/lib/swift/host/libSwiftInProcPluginServer.dylib -parse-as-library -o /Users/admin/builder/spi-builder-workspace/.derivedData/Build/Intermediates.noindex/RxBluetoothKit.build/Debug-watchos/RxBluetoothKit-t.build/Objects-normal/arm64/Descriptor.o -o /Users/admin/builder/spi-builder-workspace/.derivedData/Build/Intermediates.noindex/RxBluetoothKit.build/Debug-watchos/RxBluetoothKit-t.build/Objects-normal/arm64/DeviceIdentifiers.o -o /Users/admin/builder/spi-builder-workspace/.derivedData/Build/Intermediates.noindex/RxBluetoothKit.build/Debug-watchos/RxBluetoothKit-t.build/Objects-normal/arm64/Logger.o -o /Users/admin/builder/spi-builder-workspace/.derivedData/Build/Intermediates.noindex/RxBluetoothKit.build/Debug-watchos/RxBluetoothKit-t.build/Objects-normal/arm64/Logging.o -debug-module-path /Users/admin/builder/spi-builder-workspace/.derivedData/Build/Intermediates.noindex/RxBluetoothKit.build/Debug-watchos/RxBluetoothKit-t.build/Objects-normal/arm64/RxBluetoothKit.swiftmodule -index-unit-output-path /RxBluetoothKit.build/Debug-watchos/RxBluetoothKit-t.build/Objects-normal/arm64/Descriptor.o -index-unit-output-path /RxBluetoothKit.build/Debug-watchos/RxBluetoothKit-t.build/Objects-normal/arm64/DeviceIdentifiers.o -index-unit-output-path /RxBluetoothKit.build/Debug-watchos/RxBluetoothKit-t.build/Objects-normal/arm64/Logger.o -index-unit-output-path /RxBluetoothKit.build/Debug-watchos/RxBluetoothKit-t.build/Objects-normal/arm64/Logging.o -index-store-path /Users/admin/builder/spi-builder-workspace/.derivedData/Index.noindex/DataStore -index-system-modules
SwiftCompile normal arm64 /Users/admin/builder/spi-builder-workspace/Source/Descriptor.swift (in target 'RxBluetoothKit' from project 'RxBluetoothKit')
    cd /Users/admin/builder/spi-builder-workspace/.swiftpm/xcode
    builtin-SwiftPerFileCompile Descriptor.swift
SwiftCompile normal arm64 /Users/admin/builder/spi-builder-workspace/Source/DeviceIdentifiers.swift (in target 'RxBluetoothKit' from project 'RxBluetoothKit')
    cd /Users/admin/builder/spi-builder-workspace/.swiftpm/xcode
    builtin-SwiftPerFileCompile DeviceIdentifiers.swift
SwiftCompile normal arm64 /Users/admin/builder/spi-builder-workspace/Source/Logger.swift (in target 'RxBluetoothKit' from project 'RxBluetoothKit')
    cd /Users/admin/builder/spi-builder-workspace/.swiftpm/xcode
    builtin-SwiftPerFileCompile Logger.swift
SwiftCompile normal arm64 /Users/admin/builder/spi-builder-workspace/Source/Logging.swift (in target 'RxBluetoothKit' from project 'RxBluetoothKit')
    cd /Users/admin/builder/spi-builder-workspace/.swiftpm/xcode
    builtin-SwiftPerFileCompile Logging.swift
SwiftDriverJobDiscovery normal arm64_32 Emitting module for RxBluetoothKit (in target 'RxBluetoothKit' from project 'RxBluetoothKit')
SwiftDriver\ Compilation\ Requirements RxBluetoothKit normal arm64_32 com.apple.xcode.tools.swift.compiler (in target 'RxBluetoothKit' from project 'RxBluetoothKit')
    cd /Users/admin/builder/spi-builder-workspace/.swiftpm/xcode
    builtin-Swift-Compilation-Requirements -- /Applications/Xcode-27.0.0-Release.Candidate.app/Contents/Developer/Toolchains/XcodeDefault.xctoolchain/usr/bin/swiftc -parse-as-library -module-name RxBluetoothKit -Onone @/Users/admin/builder/spi-builder-workspace/.derivedData/Build/Intermediates.noindex/RxBluetoothKit.build/Debug-watchos/RxBluetoothKit-t.build/Objects-normal/arm64_32/RxBluetoothKit.SwiftFileList -DSWIFT_PACKAGE -DDEBUG -DSWIFT_MODULE_RESOURCE_BUNDLE_UNAVAILABLE -DXcode -plugin-path /Applications/Xcode-27.0.0-Release.Candidate.app/Contents/Developer/Toolchains/XcodeDefault.xctoolchain/usr/lib/swift/host/plugins/testing -enable-experimental-feature DebugDescriptionMacro -sdk /Applications/Xcode-27.0.0-Release.Candidate.app/Contents/Developer/Platforms/WatchOS.platform/Developer/SDKs/WatchOS27.0.sdk -target arm64_32-apple-watchos9.0 -g -module-cache-path /Users/admin/builder/spi-builder-workspace/.derivedData/ModuleCache.noindex -Xfrontend -serialize-debugging-options -enable-testing -index-store-path /Users/admin/builder/spi-builder-workspace/.derivedData/Index.noindex/DataStore -Xcc -D_LIBCPP_HARDENING_MODE\=_LIBCPP_HARDENING_MODE_DEBUG -swift-version 5 -I /Users/admin/builder/spi-builder-workspace/.derivedData/Build/Products/Debug-watchos -Isystem /Applications/Xcode-27.0.0-Release.Candidate.app/Contents/Developer/Platforms/WatchOS.platform/Developer/usr/lib -F /Users/admin/builder/spi-builder-workspace/.derivedData/Build/Products/Debug-watchos/PackageFrameworks -F /Users/admin/builder/spi-builder-workspace/.derivedData/Build/Products/Debug-watchos -F /Applications/Xcode-27.0.0-Release.Candidate.app/Contents/Developer/Platforms/WatchOS.platform/Developer/Library/Frameworks -F /Applications/Xcode-27.0.0-Release.Candidate.app/Contents/Developer/Platforms/WatchOS.platform/Developer/SDKs/WatchOS27.0.sdk/Developer/Library/Frameworks -c -j10 -enable-batch-mode -incremental -Xcc -ivfsstatcache -Xcc /Users/admin/builder/spi-builder-workspace/.derivedData/SDKStatCaches.noindex/watchos27.0-24R360-e829b21a6f8c9b70876ba0858053c04477534ef55a1706bf4c1112bbb242f0a2.sdkstatcache -output-file-map /Users/admin/builder/spi-builder-workspace/.derivedData/Build/Intermediates.noindex/RxBluetoothKit.build/Debug-watchos/RxBluetoothKit-t.build/Objects-normal/arm64_32/RxBluetoothKit-OutputFileMap.json -save-temps -no-color-diagnostics -explicit-module-build -module-cache-path /Users/admin/builder/spi-builder-workspace/.derivedData/Build/Intermediates.noindex/SwiftExplicitPrecompiledModules -clang-scanner-module-cache-path /Users/admin/builder/spi-builder-workspace/.derivedData/ModuleCache.noindex -sdk-module-cache-path /Users/admin/builder/spi-builder-workspace/.derivedData/SDKExplicitPrecompiledModules -emit-dependencies -emit-module -emit-module-path /Users/admin/builder/spi-builder-workspace/.derivedData/Build/Intermediates.noindex/RxBluetoothKit.build/Debug-watchos/RxBluetoothKit-t.build/Objects-normal/arm64_32/RxBluetoothKit.swiftmodule -serialize-diagnostics -dependency-scan-serialize-diagnostics-path /Users/admin/builder/spi-builder-workspace/.derivedData/Build/Intermediates.noindex/RxBluetoothKit.build/Debug-watchos/RxBluetoothKit-t.build/Objects-normal/arm64_32/RxBluetoothKit-dependency-scan.dia -validate-clang-modules-once -clang-build-session-file /Users/admin/builder/spi-builder-workspace/.derivedData/ModuleCache.noindex/Session.modulevalidation -Xcc -fmodules-prune-interval\=86400 -Xcc -fmodules-prune-after\=345600 -emit-const-values -const-gather-protocols-list /Users/admin/builder/spi-builder-workspace/.derivedData/Build/Intermediates.noindex/RxBluetoothKit.build/Debug-watchos/RxBluetoothKit-t.build/Objects-normal/arm64_32/RxBluetoothKit_const_extract_protocols.json -Xcc -I/Users/admin/builder/spi-builder-workspace/.derivedData/Build/Products/Debug-watchos/include -Xcc -I/Users/admin/builder/spi-builder-workspace/.derivedData/Build/Intermediates.noindex/RxBluetoothKit.build/Debug-watchos/RxBluetoothKit-t.build/DerivedSources-normal/arm64_32 -Xcc -I/Users/admin/builder/spi-builder-workspace/.derivedData/Build/Intermediates.noindex/RxBluetoothKit.build/Debug-watchos/RxBluetoothKit-t.build/DerivedSources/arm64_32 -Xcc -I/Users/admin/builder/spi-builder-workspace/.derivedData/Build/Intermediates.noindex/RxBluetoothKit.build/Debug-watchos/RxBluetoothKit-t.build/DerivedSources -Xcc -DSWIFT_PACKAGE -Xcc -DDEBUG\=1 -emit-objc-header -emit-objc-header-path /Users/admin/builder/spi-builder-workspace/.derivedData/Build/Intermediates.noindex/RxBluetoothKit.build/Debug-watchos/RxBluetoothKit-t.build/Objects-normal/arm64_32/RxBluetoothKit-Swift.h -working-directory /Users/admin/builder/spi-builder-workspace/.swiftpm/xcode -experimental-emit-module-separately -disable-cmo
CreateUniversalBinary /Users/admin/builder/spi-builder-workspace/.derivedData/Build/Products/Debug-watchos/RxSwift.o normal arm64\ arm64_32 (in target 'RxSwift' from project 'RxSwift')
    cd /Users/admin/builder/spi-builder-workspace/.dependencies/checkouts/RxSwift
    /Applications/Xcode-27.0.0-Release.Candidate.app/Contents/Developer/Toolchains/XcodeDefault.xctoolchain/usr/bin/lipo -create /Users/admin/builder/spi-builder-workspace/.derivedData/Build/Intermediates.noindex/RxSwift.build/Debug-watchos/RxSwift-t.build/Objects-normal/arm64/Binary/RxSwift.o /Users/admin/builder/spi-builder-workspace/.derivedData/Build/Intermediates.noindex/RxSwift.build/Debug-watchos/RxSwift-t.build/Objects-normal/arm64_32/Binary/RxSwift.o -output /Users/admin/builder/spi-builder-workspace/.derivedData/Build/Products/Debug-watchos/RxSwift.o
SwiftDriverJobDiscovery normal arm64_32 Compiling Boxes.swift, CBCentral+Uuid.swift, CBCentralManagerDelegateWrapper.swift, CBPeripheral+Uuid.swift (in target 'RxBluetoothKit' from project 'RxBluetoothKit')
SwiftCompile normal arm64 Compiling\ RxBluetoothKitLogger.swift,\ ScannedPeripheral.swift,\ Service.swift /Users/admin/builder/spi-builder-workspace/Source/RxBluetoothKitLogger.swift /Users/admin/builder/spi-builder-workspace/Source/ScannedPeripheral.swift /Users/admin/builder/spi-builder-workspace/Source/Service.swift (in target 'RxBluetoothKit' from project 'RxBluetoothKit')
SwiftCompile normal arm64 /Users/admin/builder/spi-builder-workspace/Source/RxBluetoothKitLogger.swift (in target 'RxBluetoothKit' from project 'RxBluetoothKit')
    cd /Users/admin/builder/spi-builder-workspace/.swiftpm/xcode
    builtin-SwiftPerFileCompile RxBluetoothKitLogger.swift
SwiftCompile normal arm64 /Users/admin/builder/spi-builder-workspace/Source/ScannedPeripheral.swift (in target 'RxBluetoothKit' from project 'RxBluetoothKit')
    cd /Users/admin/builder/spi-builder-workspace/.swiftpm/xcode
    builtin-SwiftPerFileCompile ScannedPeripheral.swift
SwiftCompile normal arm64 /Users/admin/builder/spi-builder-workspace/Source/Service.swift (in target 'RxBluetoothKit' from project 'RxBluetoothKit')
    cd /Users/admin/builder/spi-builder-workspace/.swiftpm/xcode
    builtin-SwiftPerFileCompile Service.swift
Copy /Users/admin/builder/spi-builder-workspace/.derivedData/Build/Products/Debug-watchos/RxBluetoothKit.swiftmodule/arm64_32-apple-watchos.swiftmodule /Users/admin/builder/spi-builder-workspace/.derivedData/Build/Intermediates.noindex/RxBluetoothKit.build/Debug-watchos/RxBluetoothKit-t.build/Objects-normal/arm64_32/RxBluetoothKit.swiftmodule (in target 'RxBluetoothKit' from project 'RxBluetoothKit')
    cd /Users/admin/builder/spi-builder-workspace
    builtin-copy -exclude .DS_Store -exclude CVS -exclude .svn -exclude .git -exclude .hg -resolve-src-symlinks -rename /Users/admin/builder/spi-builder-workspace/.derivedData/Build/Intermediates.noindex/RxBluetoothKit.build/Debug-watchos/RxBluetoothKit-t.build/Objects-normal/arm64_32/RxBluetoothKit.swiftmodule /Users/admin/builder/spi-builder-workspace/.derivedData/Build/Products/Debug-watchos/RxBluetoothKit.swiftmodule/arm64_32-apple-watchos.swiftmodule
SwiftDriverJobDiscovery normal arm64_32 Compiling AdvertisementData.swift, Array+Utils.swift, BluetoothError.swift, BluetoothState.swift (in target 'RxBluetoothKit' from project 'RxBluetoothKit')
Copy /Users/admin/builder/spi-builder-workspace/.derivedData/Build/Products/Debug-watchos/RxBluetoothKit.swiftmodule/arm64_32-apple-watchos.swiftdoc /Users/admin/builder/spi-builder-workspace/.derivedData/Build/Intermediates.noindex/RxBluetoothKit.build/Debug-watchos/RxBluetoothKit-t.build/Objects-normal/arm64_32/RxBluetoothKit.swiftdoc (in target 'RxBluetoothKit' from project 'RxBluetoothKit')
    cd /Users/admin/builder/spi-builder-workspace
    builtin-copy -exclude .DS_Store -exclude CVS -exclude .svn -exclude .git -exclude .hg -resolve-src-symlinks -rename /Users/admin/builder/spi-builder-workspace/.derivedData/Build/Intermediates.noindex/RxBluetoothKit.build/Debug-watchos/RxBluetoothKit-t.build/Objects-normal/arm64_32/RxBluetoothKit.swiftdoc /Users/admin/builder/spi-builder-workspace/.derivedData/Build/Products/Debug-watchos/RxBluetoothKit.swiftmodule/arm64_32-apple-watchos.swiftdoc
Copy /Users/admin/builder/spi-builder-workspace/.derivedData/Build/Products/Debug-watchos/RxBluetoothKit.swiftmodule/arm64_32-apple-watchos.abi.json /Users/admin/builder/spi-builder-workspace/.derivedData/Build/Intermediates.noindex/RxBluetoothKit.build/Debug-watchos/RxBluetoothKit-t.build/Objects-normal/arm64_32/RxBluetoothKit.abi.json (in target 'RxBluetoothKit' from project 'RxBluetoothKit')
    cd /Users/admin/builder/spi-builder-workspace
    builtin-copy -exclude .DS_Store -exclude CVS -exclude .svn -exclude .git -exclude .hg -resolve-src-symlinks -rename /Users/admin/builder/spi-builder-workspace/.derivedData/Build/Intermediates.noindex/RxBluetoothKit.build/Debug-watchos/RxBluetoothKit-t.build/Objects-normal/arm64_32/RxBluetoothKit.abi.json /Users/admin/builder/spi-builder-workspace/.derivedData/Build/Products/Debug-watchos/RxBluetoothKit.swiftmodule/arm64_32-apple-watchos.abi.json
Copy /Users/admin/builder/spi-builder-workspace/.derivedData/Build/Products/Debug-watchos/RxBluetoothKit.swiftmodule/Project/arm64_32-apple-watchos.swiftsourceinfo /Users/admin/builder/spi-builder-workspace/.derivedData/Build/Intermediates.noindex/RxBluetoothKit.build/Debug-watchos/RxBluetoothKit-t.build/Objects-normal/arm64_32/RxBluetoothKit.swiftsourceinfo (in target 'RxBluetoothKit' from project 'RxBluetoothKit')
    cd /Users/admin/builder/spi-builder-workspace
    builtin-copy -exclude .DS_Store -exclude CVS -exclude .svn -exclude .git -exclude .hg -resolve-src-symlinks -rename /Users/admin/builder/spi-builder-workspace/.derivedData/Build/Intermediates.noindex/RxBluetoothKit.build/Debug-watchos/RxBluetoothKit-t.build/Objects-normal/arm64_32/RxBluetoothKit.swiftsourceinfo /Users/admin/builder/spi-builder-workspace/.derivedData/Build/Products/Debug-watchos/RxBluetoothKit.swiftmodule/Project/arm64_32-apple-watchos.swiftsourceinfo
SwiftCompile normal arm64 Compiling\ Peripheral.swift,\ PeripheralManager+RestoredState.swift,\ PeripheralManager.swift /Users/admin/builder/spi-builder-workspace/Source/Peripheral.swift /Users/admin/builder/spi-builder-workspace/Source/PeripheralManager+RestoredState.swift /Users/admin/builder/spi-builder-workspace/Source/PeripheralManager.swift (in target 'RxBluetoothKit' from project 'RxBluetoothKit')
SwiftCompile normal arm64 /Users/admin/builder/spi-builder-workspace/Source/Peripheral.swift (in target 'RxBluetoothKit' from project 'RxBluetoothKit')
    cd /Users/admin/builder/spi-builder-workspace/.swiftpm/xcode
    builtin-SwiftPerFileCompile Peripheral.swift
SwiftCompile normal arm64 /Users/admin/builder/spi-builder-workspace/Source/PeripheralManager+RestoredState.swift (in target 'RxBluetoothKit' from project 'RxBluetoothKit')
    cd /Users/admin/builder/spi-builder-workspace/.swiftpm/xcode
    builtin-SwiftPerFileCompile PeripheralManager+RestoredState.swift
SwiftCompile normal arm64 /Users/admin/builder/spi-builder-workspace/Source/PeripheralManager.swift (in target 'RxBluetoothKit' from project 'RxBluetoothKit')
    cd /Users/admin/builder/spi-builder-workspace/.swiftpm/xcode
    builtin-SwiftPerFileCompile PeripheralManager.swift
SwiftDriverJobDiscovery normal arm64_32 Compiling ManagerType.swift, Observable+Absorb.swift, Peripheral+Convenience.swift (in target 'RxBluetoothKit' from project 'RxBluetoothKit')
SwiftCompile normal arm64 Compiling\ AdvertisementData.swift,\ Array+Utils.swift,\ BluetoothError.swift,\ BluetoothState.swift /Users/admin/builder/spi-builder-workspace/Source/AdvertisementData.swift /Users/admin/builder/spi-builder-workspace/Source/Array+Utils.swift /Users/admin/builder/spi-builder-workspace/Source/BluetoothError.swift /Users/admin/builder/spi-builder-workspace/Source/BluetoothState.swift (in target 'RxBluetoothKit' from project 'RxBluetoothKit')
SwiftCompile normal arm64 /Users/admin/builder/spi-builder-workspace/Source/AdvertisementData.swift (in target 'RxBluetoothKit' from project 'RxBluetoothKit')
    cd /Users/admin/builder/spi-builder-workspace/.swiftpm/xcode
    builtin-SwiftPerFileCompile AdvertisementData.swift
SwiftCompile normal arm64 /Users/admin/builder/spi-builder-workspace/Source/Array+Utils.swift (in target 'RxBluetoothKit' from project 'RxBluetoothKit')
    cd /Users/admin/builder/spi-builder-workspace/.swiftpm/xcode
    builtin-SwiftPerFileCompile Array+Utils.swift
SwiftCompile normal arm64 /Users/admin/builder/spi-builder-workspace/Source/BluetoothError.swift (in target 'RxBluetoothKit' from project 'RxBluetoothKit')
    cd /Users/admin/builder/spi-builder-workspace/.swiftpm/xcode
    builtin-SwiftPerFileCompile BluetoothError.swift
SwiftCompile normal arm64 /Users/admin/builder/spi-builder-workspace/Source/BluetoothState.swift (in target 'RxBluetoothKit' from project 'RxBluetoothKit')
    cd /Users/admin/builder/spi-builder-workspace/.swiftpm/xcode
    builtin-SwiftPerFileCompile BluetoothState.swift
SwiftCompile normal arm64 Compiling\ PeripheralManagerRestoredState.swift,\ PeripheralProvider.swift,\ RestoredState.swift /Users/admin/builder/spi-builder-workspace/Source/PeripheralManagerRestoredState.swift /Users/admin/builder/spi-builder-workspace/Source/PeripheralProvider.swift /Users/admin/builder/spi-builder-workspace/Source/RestoredState.swift (in target 'RxBluetoothKit' from project 'RxBluetoothKit')
SwiftCompile normal arm64 /Users/admin/builder/spi-builder-workspace/Source/PeripheralManagerRestoredState.swift (in target 'RxBluetoothKit' from project 'RxBluetoothKit')
    cd /Users/admin/builder/spi-builder-workspace/.swiftpm/xcode
    builtin-SwiftPerFileCompile PeripheralManagerRestoredState.swift
SwiftCompile normal arm64 /Users/admin/builder/spi-builder-workspace/Source/PeripheralProvider.swift (in target 'RxBluetoothKit' from project 'RxBluetoothKit')
    cd /Users/admin/builder/spi-builder-workspace/.swiftpm/xcode
    builtin-SwiftPerFileCompile PeripheralProvider.swift
SwiftCompile normal arm64 /Users/admin/builder/spi-builder-workspace/Source/RestoredState.swift (in target 'RxBluetoothKit' from project 'RxBluetoothKit')
    cd /Users/admin/builder/spi-builder-workspace/.swiftpm/xcode
    builtin-SwiftPerFileCompile RestoredState.swift
SwiftDriverJobDiscovery normal arm64 Emitting module for RxBluetoothKit (in target 'RxBluetoothKit' from project 'RxBluetoothKit')
SwiftCompile normal arm64_32 Compiling\ Descriptor.swift,\ DeviceIdentifiers.swift,\ Logger.swift,\ Logging.swift /Users/admin/builder/spi-builder-workspace/Source/Descriptor.swift /Users/admin/builder/spi-builder-workspace/Source/DeviceIdentifiers.swift /Users/admin/builder/spi-builder-workspace/Source/Logger.swift /Users/admin/builder/spi-builder-workspace/Source/Logging.swift (in target 'RxBluetoothKit' from project 'RxBluetoothKit')
/Users/admin/builder/spi-builder-workspace/Source/Descriptor.swift:32:90: error: value of optional type 'CBService?' must be unwrapped to a value of type 'CBService'
 30 |
 31 |     convenience init(descriptor: CBDescriptor, peripheral: Peripheral) {
 32 |         let service = Service(peripheral: peripheral, service: descriptor.characteristic.service)
    |                                                                                          |- error: value of optional type 'CBService?' must be unwrapped to a value of type 'CBService'
    |                                                                                          |- note: coalesce using '??' to provide a default when the optional value contains 'nil'
    |                                                                                          `- note: force-unwrap using '!' to abort execution if the optional value contains 'nil'
 33 |         let characteristic = Characteristic(characteristic: descriptor.characteristic, service: service)
 34 |         self.init(descriptor: descriptor, characteristic: characteristic)
/Users/admin/builder/spi-builder-workspace/Source/Descriptor.swift:32:75: error: value of optional type 'CBCharacteristic?' must be unwrapped to refer to member 'service' of wrapped base type 'CBCharacteristic'
 30 |
 31 |     convenience init(descriptor: CBDescriptor, peripheral: Peripheral) {
 32 |         let service = Service(peripheral: peripheral, service: descriptor.characteristic.service)
    |                                                                           |- error: value of optional type 'CBCharacteristic?' must be unwrapped to refer to member 'service' of wrapped base type 'CBCharacteristic'
    |                                                                           `- note: chain the optional using '?' to access member 'service' only for non-'nil' base values
 33 |         let characteristic = Characteristic(characteristic: descriptor.characteristic, service: service)
 34 |         self.init(descriptor: descriptor, characteristic: characteristic)
SwiftCompile normal arm64_32 /Users/admin/builder/spi-builder-workspace/Source/Descriptor.swift (in target 'RxBluetoothKit' from project 'RxBluetoothKit')
    cd /Users/admin/builder/spi-builder-workspace/.swiftpm/xcode
    builtin-SwiftPerFileCompile Descriptor.swift
SwiftCompile normal arm64_32 /Users/admin/builder/spi-builder-workspace/Source/DeviceIdentifiers.swift (in target 'RxBluetoothKit' from project 'RxBluetoothKit')
    cd /Users/admin/builder/spi-builder-workspace/.swiftpm/xcode
    builtin-SwiftPerFileCompile DeviceIdentifiers.swift
SwiftCompile normal arm64_32 /Users/admin/builder/spi-builder-workspace/Source/Logger.swift (in target 'RxBluetoothKit' from project 'RxBluetoothKit')
    cd /Users/admin/builder/spi-builder-workspace/.swiftpm/xcode
    builtin-SwiftPerFileCompile Logger.swift
SwiftCompile normal arm64_32 /Users/admin/builder/spi-builder-workspace/Source/Logging.swift (in target 'RxBluetoothKit' from project 'RxBluetoothKit')
    cd /Users/admin/builder/spi-builder-workspace/.swiftpm/xcode
    builtin-SwiftPerFileCompile Logging.swift
SwiftDriver\ Compilation\ Requirements RxBluetoothKit normal arm64 com.apple.xcode.tools.swift.compiler (in target 'RxBluetoothKit' from project 'RxBluetoothKit')
    cd /Users/admin/builder/spi-builder-workspace/.swiftpm/xcode
    builtin-Swift-Compilation-Requirements -- /Applications/Xcode-27.0.0-Release.Candidate.app/Contents/Developer/Toolchains/XcodeDefault.xctoolchain/usr/bin/swiftc -parse-as-library -module-name RxBluetoothKit -Onone @/Users/admin/builder/spi-builder-workspace/.derivedData/Build/Intermediates.noindex/RxBluetoothKit.build/Debug-watchos/RxBluetoothKit-t.build/Objects-normal/arm64/RxBluetoothKit.SwiftFileList -DSWIFT_PACKAGE -DDEBUG -DSWIFT_MODULE_RESOURCE_BUNDLE_UNAVAILABLE -DXcode -plugin-path /Applications/Xcode-27.0.0-Release.Candidate.app/Contents/Developer/Toolchains/XcodeDefault.xctoolchain/usr/lib/swift/host/plugins/testing -enable-experimental-feature DebugDescriptionMacro -sdk /Applications/Xcode-27.0.0-Release.Candidate.app/Contents/Developer/Platforms/WatchOS.platform/Developer/SDKs/WatchOS27.0.sdk -target arm64-apple-watchos9.0 -g -module-cache-path /Users/admin/builder/spi-builder-workspace/.derivedData/ModuleCache.noindex -Xfrontend -serialize-debugging-options -enable-testing -index-store-path /Users/admin/builder/spi-builder-workspace/.derivedData/Index.noindex/DataStore -Xcc -D_LIBCPP_HARDENING_MODE\=_LIBCPP_HARDENING_MODE_DEBUG -swift-version 5 -I /Users/admin/builder/spi-builder-workspace/.derivedData/Build/Products/Debug-watchos -Isystem /Applications/Xcode-27.0.0-Release.Candidate.app/Contents/Developer/Platforms/WatchOS.platform/Developer/usr/lib -F /Users/admin/builder/spi-builder-workspace/.derivedData/Build/Products/Debug-watchos/PackageFrameworks -F /Users/admin/builder/spi-builder-workspace/.derivedData/Build/Products/Debug-watchos -F /Applications/Xcode-27.0.0-Release.Candidate.app/Contents/Developer/Platforms/WatchOS.platform/Developer/Library/Frameworks -F /Applications/Xcode-27.0.0-Release.Candidate.app/Contents/Developer/Platforms/WatchOS.platform/Developer/SDKs/WatchOS27.0.sdk/Developer/Library/Frameworks -c -j10 -enable-batch-mode -incremental -Xcc -ivfsstatcache -Xcc /Users/admin/builder/spi-builder-workspace/.derivedData/SDKStatCaches.noindex/watchos27.0-24R360-e829b21a6f8c9b70876ba0858053c04477534ef55a1706bf4c1112bbb242f0a2.sdkstatcache -output-file-map /Users/admin/builder/spi-builder-workspace/.derivedData/Build/Intermediates.noindex/RxBluetoothKit.build/Debug-watchos/RxBluetoothKit-t.build/Objects-normal/arm64/RxBluetoothKit-OutputFileMap.json -save-temps -no-color-diagnostics -explicit-module-build -module-cache-path /Users/admin/builder/spi-builder-workspace/.derivedData/Build/Intermediates.noindex/SwiftExplicitPrecompiledModules -clang-scanner-module-cache-path /Users/admin/builder/spi-builder-workspace/.derivedData/ModuleCache.noindex -sdk-module-cache-path /Users/admin/builder/spi-builder-workspace/.derivedData/SDKExplicitPrecompiledModules -emit-dependencies -emit-module -emit-module-path /Users/admin/builder/spi-builder-workspace/.derivedData/Build/Intermediates.noindex/RxBluetoothKit.build/Debug-watchos/RxBluetoothKit-t.build/Objects-normal/arm64/RxBluetoothKit.swiftmodule -serialize-diagnostics -dependency-scan-serialize-diagnostics-path /Users/admin/builder/spi-builder-workspace/.derivedData/Build/Intermediates.noindex/RxBluetoothKit.build/Debug-watchos/RxBluetoothKit-t.build/Objects-normal/arm64/RxBluetoothKit-dependency-scan.dia -validate-clang-modules-once -clang-build-session-file /Users/admin/builder/spi-builder-workspace/.derivedData/ModuleCache.noindex/Session.modulevalidation -Xcc -fmodules-prune-interval\=86400 -Xcc -fmodules-prune-after\=345600 -emit-const-values -const-gather-protocols-list /Users/admin/builder/spi-builder-workspace/.derivedData/Build/Intermediates.noindex/RxBluetoothKit.build/Debug-watchos/RxBluetoothKit-t.build/Objects-normal/arm64/RxBluetoothKit_const_extract_protocols.json -Xcc -I/Users/admin/builder/spi-builder-workspace/.derivedData/Build/Products/Debug-watchos/include -Xcc -I/Users/admin/builder/spi-builder-workspace/.derivedData/Build/Intermediates.noindex/RxBluetoothKit.build/Debug-watchos/RxBluetoothKit-t.build/DerivedSources-normal/arm64 -Xcc -I/Users/admin/builder/spi-builder-workspace/.derivedData/Build/Intermediates.noindex/RxBluetoothKit.build/Debug-watchos/RxBluetoothKit-t.build/DerivedSources/arm64 -Xcc -I/Users/admin/builder/spi-builder-workspace/.derivedData/Build/Intermediates.noindex/RxBluetoothKit.build/Debug-watchos/RxBluetoothKit-t.build/DerivedSources -Xcc -DSWIFT_PACKAGE -Xcc -DDEBUG\=1 -emit-objc-header -emit-objc-header-path /Users/admin/builder/spi-builder-workspace/.derivedData/Build/Intermediates.noindex/RxBluetoothKit.build/Debug-watchos/RxBluetoothKit-t.build/Objects-normal/arm64/RxBluetoothKit-Swift.h -working-directory /Users/admin/builder/spi-builder-workspace/.swiftpm/xcode -experimental-emit-module-separately -disable-cmo
SwiftDriverJobDiscovery normal arm64 Compiling StartAdvertisingResult.swift, UUIDIdentifiable.swift, Unimplemented.swift (in target 'RxBluetoothKit' from project 'RxBluetoothKit')
SwiftCompile normal arm64 Compiling\ CBPeripheralDelegateWrapper.swift,\ CBPeripheralManagerDelegateWrapper.swift,\ CentralManager+RestoredState.swift,\ CentralManager.swift /Users/admin/builder/spi-builder-workspace/Source/CBPeripheralDelegateWrapper.swift /Users/admin/builder/spi-builder-workspace/Source/CBPeripheralManagerDelegateWrapper.swift /Users/admin/builder/spi-builder-workspace/Source/CentralManager+RestoredState.swift /Users/admin/builder/spi-builder-workspace/Source/CentralManager.swift (in target 'RxBluetoothKit' from project 'RxBluetoothKit')
SwiftCompile normal arm64 /Users/admin/builder/spi-builder-workspace/Source/CBPeripheralDelegateWrapper.swift (in target 'RxBluetoothKit' from project 'RxBluetoothKit')
    cd /Users/admin/builder/spi-builder-workspace/.swiftpm/xcode
    builtin-SwiftPerFileCompile CBPeripheralDelegateWrapper.swift
SwiftCompile normal arm64 /Users/admin/builder/spi-builder-workspace/Source/CBPeripheralManagerDelegateWrapper.swift (in target 'RxBluetoothKit' from project 'RxBluetoothKit')
    cd /Users/admin/builder/spi-builder-workspace/.swiftpm/xcode
    builtin-SwiftPerFileCompile CBPeripheralManagerDelegateWrapper.swift
SwiftCompile normal arm64 /Users/admin/builder/spi-builder-workspace/Source/CentralManager+RestoredState.swift (in target 'RxBluetoothKit' from project 'RxBluetoothKit')
    cd /Users/admin/builder/spi-builder-workspace/.swiftpm/xcode
    builtin-SwiftPerFileCompile CentralManager+RestoredState.swift
SwiftCompile normal arm64 /Users/admin/builder/spi-builder-workspace/Source/CentralManager.swift (in target 'RxBluetoothKit' from project 'RxBluetoothKit')
    cd /Users/admin/builder/spi-builder-workspace/.swiftpm/xcode
    builtin-SwiftPerFileCompile CentralManager.swift
SwiftMergeGeneratedHeaders /Users/admin/builder/spi-builder-workspace/.derivedData/Build/Intermediates.noindex/GeneratedModuleMaps-watchos/RxBluetoothKit-Swift.h /Users/admin/builder/spi-builder-workspace/.derivedData/Build/Intermediates.noindex/RxBluetoothKit.build/Debug-watchos/RxBluetoothKit-t.build/Objects-normal/arm64/RxBluetoothKit-Swift.h /Users/admin/builder/spi-builder-workspace/.derivedData/Build/Intermediates.noindex/RxBluetoothKit.build/Debug-watchos/RxBluetoothKit-t.build/Objects-normal/arm64_32/RxBluetoothKit-Swift.h (in target 'RxBluetoothKit' from project 'RxBluetoothKit')
    cd /Users/admin/builder/spi-builder-workspace
    builtin-swiftHeaderTool -arch arm64 /Users/admin/builder/spi-builder-workspace/.derivedData/Build/Intermediates.noindex/RxBluetoothKit.build/Debug-watchos/RxBluetoothKit-t.build/Objects-normal/arm64/RxBluetoothKit-Swift.h -arch arm64_32 /Users/admin/builder/spi-builder-workspace/.derivedData/Build/Intermediates.noindex/RxBluetoothKit.build/Debug-watchos/RxBluetoothKit-t.build/Objects-normal/arm64_32/RxBluetoothKit-Swift.h -o /Users/admin/builder/spi-builder-workspace/.derivedData/Build/Intermediates.noindex/GeneratedModuleMaps-watchos/RxBluetoothKit-Swift.h
PruneExplicitPrecompiledModules /Users/admin/builder/spi-builder-workspace/.derivedData/Build/Intermediates.noindex/SwiftExplicitPrecompiledModules
PruneExplicitPrecompiledModules /Users/admin/builder/spi-builder-workspace/.derivedData/SDKExplicitPrecompiledModules
PruneExplicitPrecompiledModules /Users/admin/builder/spi-builder-workspace/.derivedData/Build/Intermediates.noindex/ExplicitPrecompiledModules
2026-09-17 06:59:41.103 xcodebuild[695:4482] [MT] IDERunDestination: Supported platforms for the buildables in the current scheme is empty.
** BUILD FAILED **
The following build commands failed:
	SwiftCompile normal arm64 Compiling\ Descriptor.swift,\ DeviceIdentifiers.swift,\ Logger.swift,\ Logging.swift /Users/admin/builder/spi-builder-workspace/Source/Descriptor.swift /Users/admin/builder/spi-builder-workspace/Source/DeviceIdentifiers.swift /Users/admin/builder/spi-builder-workspace/Source/Logger.swift /Users/admin/builder/spi-builder-workspace/Source/Logging.swift (in target 'RxBluetoothKit' from project 'RxBluetoothKit')
	SwiftCompile normal arm64 /Users/admin/builder/spi-builder-workspace/Source/Descriptor.swift (in target 'RxBluetoothKit' from project 'RxBluetoothKit')
	Building workspace RxBluetoothKit with scheme RxBluetoothKit
(3 failures)
Command line invocation:
    /Applications/Xcode-27.0.0-Release.Candidate.app/Contents/Developer/usr/bin/xcodebuild -IDEClonedSourcePackagesDirPathOverride=/Users/admin/builder/spi-builder-workspace/.dependencies -resolvePackageDependencies
Resolve Package Graph
Invalid Exclude '/Users/admin/builder/spi-builder-workspace/Example': File not found.
Resolved source packages:
  RxBluetoothKit: /Users/admin/builder/spi-builder-workspace
  RxSwift: https://github.com/ReactiveX/RxSwift.git @ 5.1.3
resolved source packages: RxBluetoothKit, RxSwift
2026-09-17 06:59:50.580 xcodebuild[818:5381] [MT] IDERunDestination: Supported platforms for the buildables in the current scheme is empty.
{
  "dependencies" : [
    {
      "identity" : "rxswift",
      "requirement" : {
        "range" : [
          {
            "lower_bound" : "5.1.1",
            "upper_bound" : "6.0.0"
          }
        ]
      },
      "type" : "sourceControl",
      "url" : "https://github.com/ReactiveX/RxSwift.git"
    }
  ],
  "manifest_display_name" : "RxBluetoothKit",
  "name" : "RxBluetoothKit",
  "path" : "/Users/admin/builder/spi-builder-workspace",
  "platforms" : [
    {
      "name" : "macos",
      "version" : "10.13"
    },
    {
      "name" : "ios",
      "version" : "9.0"
    },
    {
      "name" : "tvos",
      "version" : "11.0"
    },
    {
      "name" : "watchos",
      "version" : "4.0"
    }
  ],
  "products" : [
    {
      "name" : "RxBluetoothKit",
      "targets" : [
        "RxBluetoothKit"
      ],
      "type" : {
        "library" : [
          "automatic"
        ]
      }
    }
  ],
  "targets" : [
    {
      "c99name" : "RxBluetoothKit",
      "module_type" : "SwiftTarget",
      "name" : "RxBluetoothKit",
      "path" : ".",
      "product_dependencies" : [
        "RxSwift"
      ],
      "product_memberships" : [
        "RxBluetoothKit"
      ],
      "sources" : [
        "Source/AdvertisementData.swift",
        "Source/Array+Utils.swift",
        "Source/BluetoothError.swift",
        "Source/BluetoothState.swift",
        "Source/Boxes.swift",
        "Source/CBCentral+Uuid.swift",
        "Source/CBCentralManagerDelegateWrapper.swift",
        "Source/CBPeripheral+Uuid.swift",
        "Source/CBPeripheralDelegateWrapper.swift",
        "Source/CBPeripheralManagerDelegateWrapper.swift",
        "Source/CentralManager+RestoredState.swift",
        "Source/CentralManager.swift",
        "Source/CentralManagerRestoredState.swift",
        "Source/Characteristic.swift",
        "Source/CharacteristicNotificationManager.swift",
        "Source/Connector.swift",
        "Source/Descriptor.swift",
        "Source/DeviceIdentifiers.swift",
        "Source/Logger.swift",
        "Source/Logging.swift",
        "Source/ManagerType.swift",
        "Source/Observable+Absorb.swift",
        "Source/Peripheral+Convenience.swift",
        "Source/Peripheral.swift",
        "Source/PeripheralManager+RestoredState.swift",
        "Source/PeripheralManager.swift",
        "Source/PeripheralManagerRestoredState.swift",
        "Source/PeripheralProvider.swift",
        "Source/RestoredState.swift",
        "Source/RxBluetoothKitLogger.swift",
        "Source/ScannedPeripheral.swift",
        "Source/Service.swift",
        "Source/StartAdvertisingResult.swift",
        "Source/UUIDIdentifiable.swift",
        "Source/Unimplemented.swift"
      ],
      "type" : "library"
    }
  ],
  "tools_version" : "5.0"
}
warning: 'spi-builder-workspace': Invalid Exclude '/Users/admin/builder/spi-builder-workspace/Example': File not found.
{
  "workspace" : {
    "name" : "RxBluetoothKit",
    "schemes" : [
      "RxBluetoothKit"
    ]
  }
}
2026-09-17 06:59:52.013 xcodebuild[826:5446] [MT] IDERunDestination: Supported platforms for the buildables in the current scheme is empty.
Running build ...
env DEVELOPER_DIR=/Applications/Xcode-27.0.0-Release.Candidate.app xcrun xcodebuild -IDEClonedSourcePackagesDirPathOverride=$PWD/.dependencies -skipMacroValidation -skipPackagePluginValidation -derivedDataPath $PWD/.derivedData build -scheme RxBluetoothKit -destination generic/platform=watchOS
Command line invocation:
    /Applications/Xcode-27.0.0-Release.Candidate.app/Contents/Developer/usr/bin/xcodebuild -IDEClonedSourcePackagesDirPathOverride=/Users/admin/builder/spi-builder-workspace/.dependencies -skipMacroValidation -skipPackagePluginValidation -derivedDataPath /Users/admin/builder/spi-builder-workspace/.derivedData build -scheme RxBluetoothKit -destination generic/platform=watchOS
Resolve Package Graph
Invalid Exclude '/Users/admin/builder/spi-builder-workspace/Example': File not found.
Resolved source packages:
  RxBluetoothKit: /Users/admin/builder/spi-builder-workspace
  RxSwift: https://github.com/ReactiveX/RxSwift.git @ 5.1.3
ComputePackagePrebuildTargetDependencyGraph
Prepare packages
CreateBuildRequest
SendProjectDescription
CreateBuildOperation
ComputeTargetDependencyGraph
note: Building targets in dependency order
note: Target dependency graph (4 targets)
    Target 'RxBluetoothKit-product' in project 'RxBluetoothKit'
        ➜ Explicit dependency on target 'RxBluetoothKit' in project 'RxBluetoothKit'
        ➜ Explicit dependency on target 'RxSwift-product' in project 'RxSwift'
    Target 'RxBluetoothKit' in project 'RxBluetoothKit'
        ➜ Explicit dependency on target 'RxSwift-product' in project 'RxSwift'
    Target 'RxSwift-product' in project 'RxSwift'
        ➜ Explicit dependency on target 'RxSwift' in project 'RxSwift'
    Target 'RxSwift' in project 'RxSwift' (no dependencies)
GatherProvisioningInputs
CreateBuildDescription
ClangStatCache /Applications/Xcode-27.0.0-Release.Candidate.app/Contents/Developer/Toolchains/XcodeDefault.xctoolchain/usr/bin/clang-stat-cache /Applications/Xcode-27.0.0-Release.Candidate.app/Contents/Developer/Platforms/WatchOS.platform/Developer/SDKs/WatchOS27.0.sdk /Users/admin/builder/spi-builder-workspace/.derivedData/SDKStatCaches.noindex/watchos27.0-24R360-e829b21a6f8c9b70876ba0858053c04477534ef55a1706bf4c1112bbb242f0a2.sdkstatcache
    cd /Users/admin/builder/spi-builder-workspace/.swiftpm/xcode
    /Applications/Xcode-27.0.0-Release.Candidate.app/Contents/Developer/Toolchains/XcodeDefault.xctoolchain/usr/bin/clang-stat-cache /Applications/Xcode-27.0.0-Release.Candidate.app/Contents/Developer/Platforms/WatchOS.platform/Developer/SDKs/WatchOS27.0.sdk -o /Users/admin/builder/spi-builder-workspace/.derivedData/SDKStatCaches.noindex/watchos27.0-24R360-e829b21a6f8c9b70876ba0858053c04477534ef55a1706bf4c1112bbb242f0a2.sdkstatcache
Copy /Users/admin/builder/spi-builder-workspace/.derivedData/Build/Products/Debug-watchos/RxBluetoothKit.swiftmodule/arm64-apple-watchos.swiftmodule /Users/admin/builder/spi-builder-workspace/.derivedData/Build/Intermediates.noindex/RxBluetoothKit.build/Debug-watchos/RxBluetoothKit-t.build/Objects-normal/arm64/RxBluetoothKit.swiftmodule (in target 'RxBluetoothKit' from project 'RxBluetoothKit')
    cd /Users/admin/builder/spi-builder-workspace
    builtin-copy -exclude .DS_Store -exclude CVS -exclude .svn -exclude .git -exclude .hg -resolve-src-symlinks -rename /Users/admin/builder/spi-builder-workspace/.derivedData/Build/Intermediates.noindex/RxBluetoothKit.build/Debug-watchos/RxBluetoothKit-t.build/Objects-normal/arm64/RxBluetoothKit.swiftmodule /Users/admin/builder/spi-builder-workspace/.derivedData/Build/Products/Debug-watchos/RxBluetoothKit.swiftmodule/arm64-apple-watchos.swiftmodule
SwiftMergeGeneratedHeaders /Users/admin/builder/spi-builder-workspace/.derivedData/Build/Intermediates.noindex/GeneratedModuleMaps-watchos/RxBluetoothKit-Swift.h /Users/admin/builder/spi-builder-workspace/.derivedData/Build/Intermediates.noindex/RxBluetoothKit.build/Debug-watchos/RxBluetoothKit-t.build/Objects-normal/arm64/RxBluetoothKit-Swift.h /Users/admin/builder/spi-builder-workspace/.derivedData/Build/Intermediates.noindex/RxBluetoothKit.build/Debug-watchos/RxBluetoothKit-t.build/Objects-normal/arm64_32/RxBluetoothKit-Swift.h (in target 'RxBluetoothKit' from project 'RxBluetoothKit')
    cd /Users/admin/builder/spi-builder-workspace
    builtin-swiftHeaderTool -arch arm64 /Users/admin/builder/spi-builder-workspace/.derivedData/Build/Intermediates.noindex/RxBluetoothKit.build/Debug-watchos/RxBluetoothKit-t.build/Objects-normal/arm64/RxBluetoothKit-Swift.h -arch arm64_32 /Users/admin/builder/spi-builder-workspace/.derivedData/Build/Intermediates.noindex/RxBluetoothKit.build/Debug-watchos/RxBluetoothKit-t.build/Objects-normal/arm64_32/RxBluetoothKit-Swift.h -o /Users/admin/builder/spi-builder-workspace/.derivedData/Build/Intermediates.noindex/GeneratedModuleMaps-watchos/RxBluetoothKit-Swift.h
Copy /Users/admin/builder/spi-builder-workspace/.derivedData/Build/Products/Debug-watchos/RxBluetoothKit.swiftmodule/arm64-apple-watchos.swiftdoc /Users/admin/builder/spi-builder-workspace/.derivedData/Build/Intermediates.noindex/RxBluetoothKit.build/Debug-watchos/RxBluetoothKit-t.build/Objects-normal/arm64/RxBluetoothKit.swiftdoc (in target 'RxBluetoothKit' from project 'RxBluetoothKit')
    cd /Users/admin/builder/spi-builder-workspace
    builtin-copy -exclude .DS_Store -exclude CVS -exclude .svn -exclude .git -exclude .hg -resolve-src-symlinks -rename /Users/admin/builder/spi-builder-workspace/.derivedData/Build/Intermediates.noindex/RxBluetoothKit.build/Debug-watchos/RxBluetoothKit-t.build/Objects-normal/arm64/RxBluetoothKit.swiftdoc /Users/admin/builder/spi-builder-workspace/.derivedData/Build/Products/Debug-watchos/RxBluetoothKit.swiftmodule/arm64-apple-watchos.swiftdoc
Copy /Users/admin/builder/spi-builder-workspace/.derivedData/Build/Products/Debug-watchos/RxBluetoothKit.swiftmodule/arm64-apple-watchos.abi.json /Users/admin/builder/spi-builder-workspace/.derivedData/Build/Intermediates.noindex/RxBluetoothKit.build/Debug-watchos/RxBluetoothKit-t.build/Objects-normal/arm64/RxBluetoothKit.abi.json (in target 'RxBluetoothKit' from project 'RxBluetoothKit')
    cd /Users/admin/builder/spi-builder-workspace
    builtin-copy -exclude .DS_Store -exclude CVS -exclude .svn -exclude .git -exclude .hg -resolve-src-symlinks -rename /Users/admin/builder/spi-builder-workspace/.derivedData/Build/Intermediates.noindex/RxBluetoothKit.build/Debug-watchos/RxBluetoothKit-t.build/Objects-normal/arm64/RxBluetoothKit.abi.json /Users/admin/builder/spi-builder-workspace/.derivedData/Build/Products/Debug-watchos/RxBluetoothKit.swiftmodule/arm64-apple-watchos.abi.json
SwiftDriver RxBluetoothKit normal arm64 com.apple.xcode.tools.swift.compiler (in target 'RxBluetoothKit' from project 'RxBluetoothKit')
    cd /Users/admin/builder/spi-builder-workspace/.swiftpm/xcode
    builtin-SwiftDriver -- /Applications/Xcode-27.0.0-Release.Candidate.app/Contents/Developer/Toolchains/XcodeDefault.xctoolchain/usr/bin/swiftc -parse-as-library -module-name RxBluetoothKit -Onone @/Users/admin/builder/spi-builder-workspace/.derivedData/Build/Intermediates.noindex/RxBluetoothKit.build/Debug-watchos/RxBluetoothKit-t.build/Objects-normal/arm64/RxBluetoothKit.SwiftFileList -DSWIFT_PACKAGE -DDEBUG -DSWIFT_MODULE_RESOURCE_BUNDLE_UNAVAILABLE -DXcode -plugin-path /Applications/Xcode-27.0.0-Release.Candidate.app/Contents/Developer/Toolchains/XcodeDefault.xctoolchain/usr/lib/swift/host/plugins/testing -enable-experimental-feature DebugDescriptionMacro -sdk /Applications/Xcode-27.0.0-Release.Candidate.app/Contents/Developer/Platforms/WatchOS.platform/Developer/SDKs/WatchOS27.0.sdk -target arm64-apple-watchos9.0 -g -module-cache-path /Users/admin/builder/spi-builder-workspace/.derivedData/ModuleCache.noindex -Xfrontend -serialize-debugging-options -enable-testing -index-store-path /Users/admin/builder/spi-builder-workspace/.derivedData/Index.noindex/DataStore -Xcc -D_LIBCPP_HARDENING_MODE\=_LIBCPP_HARDENING_MODE_DEBUG -swift-version 5 -I /Users/admin/builder/spi-builder-workspace/.derivedData/Build/Products/Debug-watchos -Isystem /Applications/Xcode-27.0.0-Release.Candidate.app/Contents/Developer/Platforms/WatchOS.platform/Developer/usr/lib -F /Users/admin/builder/spi-builder-workspace/.derivedData/Build/Products/Debug-watchos/PackageFrameworks -F /Users/admin/builder/spi-builder-workspace/.derivedData/Build/Products/Debug-watchos -F /Applications/Xcode-27.0.0-Release.Candidate.app/Contents/Developer/Platforms/WatchOS.platform/Developer/Library/Frameworks -F /Applications/Xcode-27.0.0-Release.Candidate.app/Contents/Developer/Platforms/WatchOS.platform/Developer/SDKs/WatchOS27.0.sdk/Developer/Library/Frameworks -c -j10 -enable-batch-mode -incremental -Xcc -ivfsstatcache -Xcc /Users/admin/builder/spi-builder-workspace/.derivedData/SDKStatCaches.noindex/watchos27.0-24R360-e829b21a6f8c9b70876ba0858053c04477534ef55a1706bf4c1112bbb242f0a2.sdkstatcache -output-file-map /Users/admin/builder/spi-builder-workspace/.derivedData/Build/Intermediates.noindex/RxBluetoothKit.build/Debug-watchos/RxBluetoothKit-t.build/Objects-normal/arm64/RxBluetoothKit-OutputFileMap.json -save-temps -no-color-diagnostics -explicit-module-build -module-cache-path /Users/admin/builder/spi-builder-workspace/.derivedData/Build/Intermediates.noindex/SwiftExplicitPrecompiledModules -clang-scanner-module-cache-path /Users/admin/builder/spi-builder-workspace/.derivedData/ModuleCache.noindex -sdk-module-cache-path /Users/admin/builder/spi-builder-workspace/.derivedData/SDKExplicitPrecompiledModules -emit-dependencies -emit-module -emit-module-path /Users/admin/builder/spi-builder-workspace/.derivedData/Build/Intermediates.noindex/RxBluetoothKit.build/Debug-watchos/RxBluetoothKit-t.build/Objects-normal/arm64/RxBluetoothKit.swiftmodule -serialize-diagnostics -dependency-scan-serialize-diagnostics-path /Users/admin/builder/spi-builder-workspace/.derivedData/Build/Intermediates.noindex/RxBluetoothKit.build/Debug-watchos/RxBluetoothKit-t.build/Objects-normal/arm64/RxBluetoothKit-dependency-scan.dia -validate-clang-modules-once -clang-build-session-file /Users/admin/builder/spi-builder-workspace/.derivedData/ModuleCache.noindex/Session.modulevalidation -Xcc -fmodules-prune-interval\=86400 -Xcc -fmodules-prune-after\=345600 -emit-const-values -const-gather-protocols-list /Users/admin/builder/spi-builder-workspace/.derivedData/Build/Intermediates.noindex/RxBluetoothKit.build/Debug-watchos/RxBluetoothKit-t.build/Objects-normal/arm64/RxBluetoothKit_const_extract_protocols.json -Xcc -I/Users/admin/builder/spi-builder-workspace/.derivedData/Build/Products/Debug-watchos/include -Xcc -I/Users/admin/builder/spi-builder-workspace/.derivedData/Build/Intermediates.noindex/RxBluetoothKit.build/Debug-watchos/RxBluetoothKit-t.build/DerivedSources-normal/arm64 -Xcc -I/Users/admin/builder/spi-builder-workspace/.derivedData/Build/Intermediates.noindex/RxBluetoothKit.build/Debug-watchos/RxBluetoothKit-t.build/DerivedSources/arm64 -Xcc -I/Users/admin/builder/spi-builder-workspace/.derivedData/Build/Intermediates.noindex/RxBluetoothKit.build/Debug-watchos/RxBluetoothKit-t.build/DerivedSources -Xcc -DSWIFT_PACKAGE -Xcc -DDEBUG\=1 -emit-objc-header -emit-objc-header-path /Users/admin/builder/spi-builder-workspace/.derivedData/Build/Intermediates.noindex/RxBluetoothKit.build/Debug-watchos/RxBluetoothKit-t.build/Objects-normal/arm64/RxBluetoothKit-Swift.h -working-directory /Users/admin/builder/spi-builder-workspace/.swiftpm/xcode -experimental-emit-module-separately -disable-cmo
SwiftDriver RxBluetoothKit normal arm64_32 com.apple.xcode.tools.swift.compiler (in target 'RxBluetoothKit' from project 'RxBluetoothKit')
    cd /Users/admin/builder/spi-builder-workspace/.swiftpm/xcode
    builtin-SwiftDriver -- /Applications/Xcode-27.0.0-Release.Candidate.app/Contents/Developer/Toolchains/XcodeDefault.xctoolchain/usr/bin/swiftc -parse-as-library -module-name RxBluetoothKit -Onone @/Users/admin/builder/spi-builder-workspace/.derivedData/Build/Intermediates.noindex/RxBluetoothKit.build/Debug-watchos/RxBluetoothKit-t.build/Objects-normal/arm64_32/RxBluetoothKit.SwiftFileList -DSWIFT_PACKAGE -DDEBUG -DSWIFT_MODULE_RESOURCE_BUNDLE_UNAVAILABLE -DXcode -plugin-path /Applications/Xcode-27.0.0-Release.Candidate.app/Contents/Developer/Toolchains/XcodeDefault.xctoolchain/usr/lib/swift/host/plugins/testing -enable-experimental-feature DebugDescriptionMacro -sdk /Applications/Xcode-27.0.0-Release.Candidate.app/Contents/Developer/Platforms/WatchOS.platform/Developer/SDKs/WatchOS27.0.sdk -target arm64_32-apple-watchos9.0 -g -module-cache-path /Users/admin/builder/spi-builder-workspace/.derivedData/ModuleCache.noindex -Xfrontend -serialize-debugging-options -enable-testing -index-store-path /Users/admin/builder/spi-builder-workspace/.derivedData/Index.noindex/DataStore -Xcc -D_LIBCPP_HARDENING_MODE\=_LIBCPP_HARDENING_MODE_DEBUG -swift-version 5 -I /Users/admin/builder/spi-builder-workspace/.derivedData/Build/Products/Debug-watchos -Isystem /Applications/Xcode-27.0.0-Release.Candidate.app/Contents/Developer/Platforms/WatchOS.platform/Developer/usr/lib -F /Users/admin/builder/spi-builder-workspace/.derivedData/Build/Products/Debug-watchos/PackageFrameworks -F /Users/admin/builder/spi-builder-workspace/.derivedData/Build/Products/Debug-watchos -F /Applications/Xcode-27.0.0-Release.Candidate.app/Contents/Developer/Platforms/WatchOS.platform/Developer/Library/Frameworks -F /Applications/Xcode-27.0.0-Release.Candidate.app/Contents/Developer/Platforms/WatchOS.platform/Developer/SDKs/WatchOS27.0.sdk/Developer/Library/Frameworks -c -j10 -enable-batch-mode -incremental -Xcc -ivfsstatcache -Xcc /Users/admin/builder/spi-builder-workspace/.derivedData/SDKStatCaches.noindex/watchos27.0-24R360-e829b21a6f8c9b70876ba0858053c04477534ef55a1706bf4c1112bbb242f0a2.sdkstatcache -output-file-map /Users/admin/builder/spi-builder-workspace/.derivedData/Build/Intermediates.noindex/RxBluetoothKit.build/Debug-watchos/RxBluetoothKit-t.build/Objects-normal/arm64_32/RxBluetoothKit-OutputFileMap.json -save-temps -no-color-diagnostics -explicit-module-build -module-cache-path /Users/admin/builder/spi-builder-workspace/.derivedData/Build/Intermediates.noindex/SwiftExplicitPrecompiledModules -clang-scanner-module-cache-path /Users/admin/builder/spi-builder-workspace/.derivedData/ModuleCache.noindex -sdk-module-cache-path /Users/admin/builder/spi-builder-workspace/.derivedData/SDKExplicitPrecompiledModules -emit-dependencies -emit-module -emit-module-path /Users/admin/builder/spi-builder-workspace/.derivedData/Build/Intermediates.noindex/RxBluetoothKit.build/Debug-watchos/RxBluetoothKit-t.build/Objects-normal/arm64_32/RxBluetoothKit.swiftmodule -serialize-diagnostics -dependency-scan-serialize-diagnostics-path /Users/admin/builder/spi-builder-workspace/.derivedData/Build/Intermediates.noindex/RxBluetoothKit.build/Debug-watchos/RxBluetoothKit-t.build/Objects-normal/arm64_32/RxBluetoothKit-dependency-scan.dia -validate-clang-modules-once -clang-build-session-file /Users/admin/builder/spi-builder-workspace/.derivedData/ModuleCache.noindex/Session.modulevalidation -Xcc -fmodules-prune-interval\=86400 -Xcc -fmodules-prune-after\=345600 -emit-const-values -const-gather-protocols-list /Users/admin/builder/spi-builder-workspace/.derivedData/Build/Intermediates.noindex/RxBluetoothKit.build/Debug-watchos/RxBluetoothKit-t.build/Objects-normal/arm64_32/RxBluetoothKit_const_extract_protocols.json -Xcc -I/Users/admin/builder/spi-builder-workspace/.derivedData/Build/Products/Debug-watchos/include -Xcc -I/Users/admin/builder/spi-builder-workspace/.derivedData/Build/Intermediates.noindex/RxBluetoothKit.build/Debug-watchos/RxBluetoothKit-t.build/DerivedSources-normal/arm64_32 -Xcc -I/Users/admin/builder/spi-builder-workspace/.derivedData/Build/Intermediates.noindex/RxBluetoothKit.build/Debug-watchos/RxBluetoothKit-t.build/DerivedSources/arm64_32 -Xcc -I/Users/admin/builder/spi-builder-workspace/.derivedData/Build/Intermediates.noindex/RxBluetoothKit.build/Debug-watchos/RxBluetoothKit-t.build/DerivedSources -Xcc -DSWIFT_PACKAGE -Xcc -DDEBUG\=1 -emit-objc-header -emit-objc-header-path /Users/admin/builder/spi-builder-workspace/.derivedData/Build/Intermediates.noindex/RxBluetoothKit.build/Debug-watchos/RxBluetoothKit-t.build/Objects-normal/arm64_32/RxBluetoothKit-Swift.h -working-directory /Users/admin/builder/spi-builder-workspace/.swiftpm/xcode -experimental-emit-module-separately -disable-cmo
Copy /Users/admin/builder/spi-builder-workspace/.derivedData/Build/Products/Debug-watchos/RxBluetoothKit.swiftmodule/Project/arm64-apple-watchos.swiftsourceinfo /Users/admin/builder/spi-builder-workspace/.derivedData/Build/Intermediates.noindex/RxBluetoothKit.build/Debug-watchos/RxBluetoothKit-t.build/Objects-normal/arm64/RxBluetoothKit.swiftsourceinfo (in target 'RxBluetoothKit' from project 'RxBluetoothKit')
    cd /Users/admin/builder/spi-builder-workspace
    builtin-copy -exclude .DS_Store -exclude CVS -exclude .svn -exclude .git -exclude .hg -resolve-src-symlinks -rename /Users/admin/builder/spi-builder-workspace/.derivedData/Build/Intermediates.noindex/RxBluetoothKit.build/Debug-watchos/RxBluetoothKit-t.build/Objects-normal/arm64/RxBluetoothKit.swiftsourceinfo /Users/admin/builder/spi-builder-workspace/.derivedData/Build/Products/Debug-watchos/RxBluetoothKit.swiftmodule/Project/arm64-apple-watchos.swiftsourceinfo
ExtractAppIntentsMetadata (in target 'RxSwift' from project 'RxSwift')
    cd /Users/admin/builder/spi-builder-workspace/.dependencies/checkouts/RxSwift
    /Applications/Xcode-27.0.0-Release.Candidate.app/Contents/Developer/Toolchains/XcodeDefault.xctoolchain/usr/bin/appintentsmetadataprocessor --toolchain-dir /var/run/com.apple.security.cryptexd/mnt/com.apple.MobileAsset.MetalToolchain-v27.1.266.1.PFS4fJ/Metal.xctoolchain --module-name RxSwift --sdk-root /Applications/Xcode-27.0.0-Release.Candidate.app/Contents/Developer/Platforms/WatchOS.platform/Developer/SDKs/WatchOS27.0.sdk --xcode-version 27A266a --platform-family watchOS --deployment-target 9.0 --bundle-identifier rxswift.RxSwift --output /Users/admin/builder/spi-builder-workspace/.derivedData/Build/Products/Debug-watchos/RxSwift.appintents --target-triple arm64-apple-watchos9.0 --target-triple arm64_32-apple-watchos9.0 --binary-file /Users/admin/builder/spi-builder-workspace/.derivedData/Build/Products/Debug-watchos/RxSwift.o --dependency-file /Users/admin/builder/spi-builder-workspace/.derivedData/Build/Intermediates.noindex/RxSwift.build/Debug-watchos/RxSwift-t.build/Objects-normal/arm64/RxSwift_dependency_info.dat --dependency-file /Users/admin/builder/spi-builder-workspace/.derivedData/Build/Intermediates.noindex/RxSwift.build/Debug-watchos/RxSwift-t.build/Objects-normal/arm64_32/RxSwift_dependency_info.dat --stringsdata-file /Users/admin/builder/spi-builder-workspace/.derivedData/Build/Intermediates.noindex/RxSwift.build/Debug-watchos/RxSwift-t.build/Objects-normal/arm64/ExtractedAppShortcutsMetadata.stringsdata --stringsdata-file /Users/admin/builder/spi-builder-workspace/.derivedData/Build/Intermediates.noindex/RxSwift.build/Debug-watchos/RxSwift-t.build/Objects-normal/arm64_32/ExtractedAppShortcutsMetadata.stringsdata --source-file-list /Users/admin/builder/spi-builder-workspace/.derivedData/Build/Intermediates.noindex/RxSwift.build/Debug-watchos/RxSwift-t.build/Objects-normal/arm64/RxSwift.SwiftFileList --source-file-list /Users/admin/builder/spi-builder-workspace/.derivedData/Build/Intermediates.noindex/RxSwift.build/Debug-watchos/RxSwift-t.build/Objects-normal/arm64_32/RxSwift.SwiftFileList --metadata-file-list /Users/admin/builder/spi-builder-workspace/.derivedData/Build/Intermediates.noindex/RxSwift.build/Debug-watchos/RxSwift-t.build/RxSwift.DependencyMetadataFileList --static-metadata-file-list /Users/admin/builder/spi-builder-workspace/.derivedData/Build/Intermediates.noindex/RxSwift.build/Debug-watchos/RxSwift-t.build/RxSwift.DependencyStaticMetadataFileList --swift-const-vals-list /Users/admin/builder/spi-builder-workspace/.derivedData/Build/Intermediates.noindex/RxSwift.build/Debug-watchos/RxSwift-t.build/Objects-normal/arm64/RxSwift.SwiftConstValuesFileList --swift-const-vals-list /Users/admin/builder/spi-builder-workspace/.derivedData/Build/Intermediates.noindex/RxSwift.build/Debug-watchos/RxSwift-t.build/Objects-normal/arm64_32/RxSwift.SwiftConstValuesFileList --force --compile-time-extraction --deployment-aware-processing --no-app-shortcuts-localization
2026-09-17 06:59:54.065 appintentsmetadataprocessor[830:5516] Starting appintentsmetadataprocessor export
2026-09-17 06:59:54.208 appintentsmetadataprocessor[830:5516] Extracted no relevant App Intents symbols, skipping writing output
SwiftCompile normal arm64 Compiling\ CBPeripheralDelegateWrapper.swift,\ CBPeripheralManagerDelegateWrapper.swift,\ CentralManager+RestoredState.swift /Users/admin/builder/spi-builder-workspace/Source/CBPeripheralDelegateWrapper.swift /Users/admin/builder/spi-builder-workspace/Source/CBPeripheralManagerDelegateWrapper.swift /Users/admin/builder/spi-builder-workspace/Source/CentralManager+RestoredState.swift (in target 'RxBluetoothKit' from project 'RxBluetoothKit')
SwiftCompile normal arm64 /Users/admin/builder/spi-builder-workspace/Source/CBPeripheralDelegateWrapper.swift (in target 'RxBluetoothKit' from project 'RxBluetoothKit')
    cd /Users/admin/builder/spi-builder-workspace/.swiftpm/xcode
    builtin-SwiftPerFileCompile CBPeripheralDelegateWrapper.swift
SwiftCompile normal arm64 /Users/admin/builder/spi-builder-workspace/Source/CBPeripheralManagerDelegateWrapper.swift (in target 'RxBluetoothKit' from project 'RxBluetoothKit')
    cd /Users/admin/builder/spi-builder-workspace/.swiftpm/xcode
    builtin-SwiftPerFileCompile CBPeripheralManagerDelegateWrapper.swift
SwiftCompile normal arm64 /Users/admin/builder/spi-builder-workspace/Source/CentralManager+RestoredState.swift (in target 'RxBluetoothKit' from project 'RxBluetoothKit')
    cd /Users/admin/builder/spi-builder-workspace/.swiftpm/xcode
    builtin-SwiftPerFileCompile CentralManager+RestoredState.swift
SwiftCompile normal arm64 Compiling\ CharacteristicNotificationManager.swift,\ Connector.swift,\ Descriptor.swift /Users/admin/builder/spi-builder-workspace/Source/CharacteristicNotificationManager.swift /Users/admin/builder/spi-builder-workspace/Source/Connector.swift /Users/admin/builder/spi-builder-workspace/Source/Descriptor.swift (in target 'RxBluetoothKit' from project 'RxBluetoothKit')
SwiftCompile normal arm64 /Users/admin/builder/spi-builder-workspace/Source/CharacteristicNotificationManager.swift (in target 'RxBluetoothKit' from project 'RxBluetoothKit')
    cd /Users/admin/builder/spi-builder-workspace/.swiftpm/xcode
    builtin-SwiftPerFileCompile CharacteristicNotificationManager.swift
SwiftCompile normal arm64 /Users/admin/builder/spi-builder-workspace/Source/Connector.swift (in target 'RxBluetoothKit' from project 'RxBluetoothKit')
    cd /Users/admin/builder/spi-builder-workspace/.swiftpm/xcode
    builtin-SwiftPerFileCompile Connector.swift
SwiftCompile normal arm64 /Users/admin/builder/spi-builder-workspace/Source/Descriptor.swift (in target 'RxBluetoothKit' from project 'RxBluetoothKit')
    cd /Users/admin/builder/spi-builder-workspace/.swiftpm/xcode
    builtin-SwiftPerFileCompile Descriptor.swift
SwiftCompile normal arm64 Compiling\ Boxes.swift,\ CBCentral+Uuid.swift,\ CBCentralManagerDelegateWrapper.swift,\ CBPeripheral+Uuid.swift /Users/admin/builder/spi-builder-workspace/Source/Boxes.swift /Users/admin/builder/spi-builder-workspace/Source/CBCentral+Uuid.swift /Users/admin/builder/spi-builder-workspace/Source/CBCentralManagerDelegateWrapper.swift /Users/admin/builder/spi-builder-workspace/Source/CBPeripheral+Uuid.swift (in target 'RxBluetoothKit' from project 'RxBluetoothKit')
SwiftCompile normal arm64 /Users/admin/builder/spi-builder-workspace/Source/Boxes.swift (in target 'RxBluetoothKit' from project 'RxBluetoothKit')
    cd /Users/admin/builder/spi-builder-workspace/.swiftpm/xcode
    builtin-SwiftPerFileCompile Boxes.swift
SwiftCompile normal arm64 /Users/admin/builder/spi-builder-workspace/Source/CBCentral+Uuid.swift (in target 'RxBluetoothKit' from project 'RxBluetoothKit')
    cd /Users/admin/builder/spi-builder-workspace/.swiftpm/xcode
    builtin-SwiftPerFileCompile CBCentral+Uuid.swift
SwiftCompile normal arm64 /Users/admin/builder/spi-builder-workspace/Source/CBCentralManagerDelegateWrapper.swift (in target 'RxBluetoothKit' from project 'RxBluetoothKit')
    cd /Users/admin/builder/spi-builder-workspace/.swiftpm/xcode
    builtin-SwiftPerFileCompile CBCentralManagerDelegateWrapper.swift
SwiftCompile normal arm64 /Users/admin/builder/spi-builder-workspace/Source/CBPeripheral+Uuid.swift (in target 'RxBluetoothKit' from project 'RxBluetoothKit')
    cd /Users/admin/builder/spi-builder-workspace/.swiftpm/xcode
    builtin-SwiftPerFileCompile CBPeripheral+Uuid.swift
SwiftCompile normal arm64 Compiling\ AdvertisementData.swift,\ Array+Utils.swift,\ BluetoothError.swift,\ BluetoothState.swift /Users/admin/builder/spi-builder-workspace/Source/AdvertisementData.swift /Users/admin/builder/spi-builder-workspace/Source/Array+Utils.swift /Users/admin/builder/spi-builder-workspace/Source/BluetoothError.swift /Users/admin/builder/spi-builder-workspace/Source/BluetoothState.swift (in target 'RxBluetoothKit' from project 'RxBluetoothKit')
SwiftCompile normal arm64 /Users/admin/builder/spi-builder-workspace/Source/AdvertisementData.swift (in target 'RxBluetoothKit' from project 'RxBluetoothKit')
    cd /Users/admin/builder/spi-builder-workspace/.swiftpm/xcode
    builtin-SwiftPerFileCompile AdvertisementData.swift
SwiftCompile normal arm64 /Users/admin/builder/spi-builder-workspace/Source/Array+Utils.swift (in target 'RxBluetoothKit' from project 'RxBluetoothKit')
    cd /Users/admin/builder/spi-builder-workspace/.swiftpm/xcode
    builtin-SwiftPerFileCompile Array+Utils.swift
SwiftCompile normal arm64 /Users/admin/builder/spi-builder-workspace/Source/BluetoothError.swift (in target 'RxBluetoothKit' from project 'RxBluetoothKit')
    cd /Users/admin/builder/spi-builder-workspace/.swiftpm/xcode
    builtin-SwiftPerFileCompile BluetoothError.swift
SwiftCompile normal arm64 /Users/admin/builder/spi-builder-workspace/Source/BluetoothState.swift (in target 'RxBluetoothKit' from project 'RxBluetoothKit')
    cd /Users/admin/builder/spi-builder-workspace/.swiftpm/xcode
    builtin-SwiftPerFileCompile BluetoothState.swift
SwiftCompile normal arm64 Compiling\ Peripheral.swift,\ PeripheralManager+RestoredState.swift,\ PeripheralManager.swift /Users/admin/builder/spi-builder-workspace/Source/Peripheral.swift /Users/admin/builder/spi-builder-workspace/Source/PeripheralManager+RestoredState.swift /Users/admin/builder/spi-builder-workspace/Source/PeripheralManager.swift (in target 'RxBluetoothKit' from project 'RxBluetoothKit')
SwiftCompile normal arm64 /Users/admin/builder/spi-builder-workspace/Source/Peripheral.swift (in target 'RxBluetoothKit' from project 'RxBluetoothKit')
    cd /Users/admin/builder/spi-builder-workspace/.swiftpm/xcode
    builtin-SwiftPerFileCompile Peripheral.swift
SwiftCompile normal arm64 /Users/admin/builder/spi-builder-workspace/Source/PeripheralManager+RestoredState.swift (in target 'RxBluetoothKit' from project 'RxBluetoothKit')
    cd /Users/admin/builder/spi-builder-workspace/.swiftpm/xcode
    builtin-SwiftPerFileCompile PeripheralManager+RestoredState.swift
SwiftCompile normal arm64 /Users/admin/builder/spi-builder-workspace/Source/PeripheralManager.swift (in target 'RxBluetoothKit' from project 'RxBluetoothKit')
    cd /Users/admin/builder/spi-builder-workspace/.swiftpm/xcode
    builtin-SwiftPerFileCompile PeripheralManager.swift
SwiftCompile normal arm64 Compiling\ RxBluetoothKitLogger.swift,\ ScannedPeripheral.swift,\ Service.swift /Users/admin/builder/spi-builder-workspace/Source/RxBluetoothKitLogger.swift /Users/admin/builder/spi-builder-workspace/Source/ScannedPeripheral.swift /Users/admin/builder/spi-builder-workspace/Source/Service.swift (in target 'RxBluetoothKit' from project 'RxBluetoothKit')
SwiftCompile normal arm64 /Users/admin/builder/spi-builder-workspace/Source/RxBluetoothKitLogger.swift (in target 'RxBluetoothKit' from project 'RxBluetoothKit')
    cd /Users/admin/builder/spi-builder-workspace/.swiftpm/xcode
    builtin-SwiftPerFileCompile RxBluetoothKitLogger.swift
SwiftCompile normal arm64 /Users/admin/builder/spi-builder-workspace/Source/ScannedPeripheral.swift (in target 'RxBluetoothKit' from project 'RxBluetoothKit')
    cd /Users/admin/builder/spi-builder-workspace/.swiftpm/xcode
    builtin-SwiftPerFileCompile ScannedPeripheral.swift
SwiftCompile normal arm64 /Users/admin/builder/spi-builder-workspace/Source/Service.swift (in target 'RxBluetoothKit' from project 'RxBluetoothKit')
    cd /Users/admin/builder/spi-builder-workspace/.swiftpm/xcode
    builtin-SwiftPerFileCompile Service.swift
SwiftEmitModule normal arm64 Emitting\ module\ for\ RxBluetoothKit (in target 'RxBluetoothKit' from project 'RxBluetoothKit')
SwiftCompile normal arm64 (in target 'RxBluetoothKit' from project 'RxBluetoothKit')
    cd /Users/admin/builder/spi-builder-workspace/.swiftpm/xcode

SwiftCompile normal arm64_32 Compiling\ CharacteristicNotificationManager.swift,\ Connector.swift /Users/admin/builder/spi-builder-workspace/Source/CharacteristicNotificationManager.swift /Users/admin/builder/spi-builder-workspace/Source/Connector.swift (in target 'RxBluetoothKit' from project 'RxBluetoothKit')
SwiftCompile normal arm64_32 /Users/admin/builder/spi-builder-workspace/Source/CharacteristicNotificationManager.swift (in target 'RxBluetoothKit' from project 'RxBluetoothKit')
    cd /Users/admin/builder/spi-builder-workspace/.swiftpm/xcode
    builtin-SwiftPerFileCompile CharacteristicNotificationManager.swift
SwiftCompile normal arm64_32 /Users/admin/builder/spi-builder-workspace/Source/Connector.swift (in target 'RxBluetoothKit' from project 'RxBluetoothKit')
    cd /Users/admin/builder/spi-builder-workspace/.swiftpm/xcode
    builtin-SwiftPerFileCompile Connector.swift
SwiftCompile normal arm64_32 Compiling\ CBPeripheralDelegateWrapper.swift,\ CBPeripheralManagerDelegateWrapper.swift /Users/admin/builder/spi-builder-workspace/Source/CBPeripheralDelegateWrapper.swift /Users/admin/builder/spi-builder-workspace/Source/CBPeripheralManagerDelegateWrapper.swift (in target 'RxBluetoothKit' from project 'RxBluetoothKit')
SwiftCompile normal arm64_32 /Users/admin/builder/spi-builder-workspace/Source/CBPeripheralDelegateWrapper.swift (in target 'RxBluetoothKit' from project 'RxBluetoothKit')
    cd /Users/admin/builder/spi-builder-workspace/.swiftpm/xcode
    builtin-SwiftPerFileCompile CBPeripheralDelegateWrapper.swift
SwiftCompile normal arm64_32 /Users/admin/builder/spi-builder-workspace/Source/CBPeripheralManagerDelegateWrapper.swift (in target 'RxBluetoothKit' from project 'RxBluetoothKit')
    cd /Users/admin/builder/spi-builder-workspace/.swiftpm/xcode
    builtin-SwiftPerFileCompile CBPeripheralManagerDelegateWrapper.swift
SwiftCompile normal arm64_32 Compiling\ CentralManagerRestoredState.swift,\ Characteristic.swift /Users/admin/builder/spi-builder-workspace/Source/CentralManagerRestoredState.swift /Users/admin/builder/spi-builder-workspace/Source/Characteristic.swift (in target 'RxBluetoothKit' from project 'RxBluetoothKit')
/Users/admin/builder/spi-builder-workspace/Source/CentralManagerRestoredState.swift:63:95: error: value of optional type 'CBPeripheral?' must be unwrapped to a value of type 'CBPeripheral'
61 |         #endif
62 |
63 |         return cbServices.map { Service(peripheral: centralManager.retrievePeripheral(for: $0.peripheral),
   |                                                                                               |- error: value of optional type 'CBPeripheral?' must be unwrapped to a value of type 'CBPeripheral'
   |                                                                                               |- note: coalesce using '??' to provide a default when the optional value contains 'nil'
   |                                                                                               `- note: force-unwrap using '!' to abort execution if the optional value contains 'nil'
64 |                                         service: $0) }
65 |     }
/Users/admin/builder/spi-builder-workspace/Source/Characteristic.swift:44:79: error: value of optional type 'CBService?' must be unwrapped to a value of type 'CBService'
 42 |
 43 |     convenience init(characteristic: CBCharacteristic, peripheral: Peripheral) {
 44 |         let service = Service(peripheral: peripheral, service: characteristic.service)
    |                                                                               |- error: value of optional type 'CBService?' must be unwrapped to a value of type 'CBService'
    |                                                                               |- note: coalesce using '??' to provide a default when the optional value contains 'nil'
    |                                                                               `- note: force-unwrap using '!' to abort execution if the optional value contains 'nil'
 45 |         self.init(characteristic: characteristic, service: service)
 46 |     }
Failed frontend command:
/Applications/Xcode-27.0.0-Release.Candidate.app/Contents/Developer/Toolchains/XcodeDefault.xctoolchain/usr/bin/swift-frontend -frontend -c /Users/admin/builder/spi-builder-workspace/Source/AdvertisementData.swift /Users/admin/builder/spi-builder-workspace/Source/Array+Utils.swift /Users/admin/builder/spi-builder-workspace/Source/BluetoothError.swift /Users/admin/builder/spi-builder-workspace/Source/BluetoothState.swift /Users/admin/builder/spi-builder-workspace/Source/Boxes.swift /Users/admin/builder/spi-builder-workspace/Source/CBCentral+Uuid.swift /Users/admin/builder/spi-builder-workspace/Source/CBCentralManagerDelegateWrapper.swift /Users/admin/builder/spi-builder-workspace/Source/CBPeripheral+Uuid.swift /Users/admin/builder/spi-builder-workspace/Source/CBPeripheralDelegateWrapper.swift /Users/admin/builder/spi-builder-workspace/Source/CBPeripheralManagerDelegateWrapper.swift /Users/admin/builder/spi-builder-workspace/Source/CentralManager+RestoredState.swift /Users/admin/builder/spi-builder-workspace/Source/CentralManager.swift -primary-file /Users/admin/builder/spi-builder-workspace/Source/CentralManagerRestoredState.swift -primary-file /Users/admin/builder/spi-builder-workspace/Source/Characteristic.swift /Users/admin/builder/spi-builder-workspace/Source/CharacteristicNotificationManager.swift /Users/admin/builder/spi-builder-workspace/Source/Connector.swift /Users/admin/builder/spi-builder-workspace/Source/Descriptor.swift /Users/admin/builder/spi-builder-workspace/Source/DeviceIdentifiers.swift /Users/admin/builder/spi-builder-workspace/Source/Logger.swift /Users/admin/builder/spi-builder-workspace/Source/Logging.swift /Users/admin/builder/spi-builder-workspace/Source/ManagerType.swift /Users/admin/builder/spi-builder-workspace/Source/Observable+Absorb.swift /Users/admin/builder/spi-builder-workspace/Source/Peripheral+Convenience.swift /Users/admin/builder/spi-builder-workspace/Source/Peripheral.swift /Users/admin/builder/spi-builder-workspace/Source/PeripheralManager+RestoredState.swift /Users/admin/builder/spi-builder-workspace/Source/PeripheralManager.swift /Users/admin/builder/spi-builder-workspace/Source/PeripheralManagerRestoredState.swift /Users/admin/builder/spi-builder-workspace/Source/PeripheralProvider.swift /Users/admin/builder/spi-builder-workspace/Source/RestoredState.swift /Users/admin/builder/spi-builder-workspace/Source/RxBluetoothKitLogger.swift /Users/admin/builder/spi-builder-workspace/Source/ScannedPeripheral.swift /Users/admin/builder/spi-builder-workspace/Source/Service.swift /Users/admin/builder/spi-builder-workspace/Source/StartAdvertisingResult.swift /Users/admin/builder/spi-builder-workspace/Source/UUIDIdentifiable.swift /Users/admin/builder/spi-builder-workspace/Source/Unimplemented.swift -emit-dependencies-path /Users/admin/builder/spi-builder-workspace/.derivedData/Build/Intermediates.noindex/RxBluetoothKit.build/Debug-watchos/RxBluetoothKit-t.build/Objects-normal/arm64_32/CentralManagerRestoredState.d -emit-const-values-path /Users/admin/builder/spi-builder-workspace/.derivedData/Build/Intermediates.noindex/RxBluetoothKit.build/Debug-watchos/RxBluetoothKit-t.build/Objects-normal/arm64_32/CentralManagerRestoredState.swiftconstvalues -emit-reference-dependencies-path /Users/admin/builder/spi-builder-workspace/.derivedData/Build/Intermediates.noindex/RxBluetoothKit.build/Debug-watchos/RxBluetoothKit-t.build/Objects-normal/arm64_32/CentralManagerRestoredState.swiftdeps -serialize-diagnostics-path /Users/admin/builder/spi-builder-workspace/.derivedData/Build/Intermediates.noindex/RxBluetoothKit.build/Debug-watchos/RxBluetoothKit-t.build/Objects-normal/arm64_32/CentralManagerRestoredState.dia -emit-dependencies-path /Users/admin/builder/spi-builder-workspace/.derivedData/Build/Intermediates.noindex/RxBluetoothKit.build/Debug-watchos/RxBluetoothKit-t.build/Objects-normal/arm64_32/Characteristic.d -emit-const-values-path /Users/admin/builder/spi-builder-workspace/.derivedData/Build/Intermediates.noindex/RxBluetoothKit.build/Debug-watchos/RxBluetoothKit-t.build/Objects-normal/arm64_32/Characteristic.swiftconstvalues -emit-reference-dependencies-path /Users/admin/builder/spi-builder-workspace/.derivedData/Build/Intermediates.noindex/RxBluetoothKit.build/Debug-watchos/RxBluetoothKit-t.build/Objects-normal/arm64_32/Characteristic.swiftdeps -serialize-diagnostics-path /Users/admin/builder/spi-builder-workspace/.derivedData/Build/Intermediates.noindex/RxBluetoothKit.build/Debug-watchos/RxBluetoothKit-t.build/Objects-normal/arm64_32/Characteristic.dia -target arm64_32-apple-watchos9.0 -disable-cross-import-overlay-search -load-resolved-plugin /Applications/Xcode-27.0.0-Release.Candidate.app/Contents/Developer/Platforms/WatchOS.platform/Developer/usr/lib/swift/host/plugins/libFoundationMacros.dylib\#/Applications/Xcode-27.0.0-Release.Candidate.app/Contents/Developer/Platforms/WatchOS.platform/Developer/usr/bin/swift-plugin-server\#FoundationMacros -load-resolved-plugin /Applications/Xcode-27.0.0-Release.Candidate.app/Contents/Developer/Platforms/WatchOS.platform/Developer/usr/lib/swift/host/plugins/libObservationMacros.dylib\#/Applications/Xcode-27.0.0-Release.Candidate.app/Contents/Developer/Platforms/WatchOS.platform/Developer/usr/bin/swift-plugin-server\#ObservationMacros -load-resolved-plugin /Applications/Xcode-27.0.0-Release.Candidate.app/Contents/Developer/Platforms/WatchOS.platform/Developer/usr/lib/swift/host/plugins/libSwiftMacros.dylib\#/Applications/Xcode-27.0.0-Release.Candidate.app/Contents/Developer/Platforms/WatchOS.platform/Developer/usr/bin/swift-plugin-server\#SwiftMacros -disable-implicit-swift-modules -Xcc -fno-implicit-modules -Xcc -fno-implicit-module-maps -explicit-swift-module-map-file /Users/admin/builder/spi-builder-workspace/.derivedData/Build/Intermediates.noindex/RxBluetoothKit.build/Debug-watchos/RxBluetoothKit-t.build/Objects-normal/arm64_32/RxBluetoothKit-dependencies-2.json -enable-objc-interop -sdk /Applications/Xcode-27.0.0-Release.Candidate.app/Contents/Developer/Platforms/WatchOS.platform/Developer/SDKs/WatchOS27.0.sdk -I /Users/admin/builder/spi-builder-workspace/.derivedData/Build/Products/Debug-watchos -Isystem /Applications/Xcode-27.0.0-Release.Candidate.app/Contents/Developer/Platforms/WatchOS.platform/Developer/usr/lib -F /Users/admin/builder/spi-builder-workspace/.derivedData/Build/Products/Debug-watchos/PackageFrameworks -F /Users/admin/builder/spi-builder-workspace/.derivedData/Build/Products/Debug-watchos -F /Applications/Xcode-27.0.0-Release.Candidate.app/Contents/Developer/Platforms/WatchOS.platform/Developer/Library/Frameworks -F /Applications/Xcode-27.0.0-Release.Candidate.app/Contents/Developer/Platforms/WatchOS.platform/Developer/SDKs/WatchOS27.0.sdk/Developer/Library/Frameworks -module-cache-path /Users/admin/builder/spi-builder-workspace/.derivedData/Build/Intermediates.noindex/SwiftExplicitPrecompiledModules -no-color-diagnostics -Xcc -fno-color-diagnostics -enable-testing -g -debug-info-format\=dwarf -dwarf-version\=4 -swift-version 5 -Onone -D SWIFT_PACKAGE -D DEBUG -D SWIFT_MODULE_RESOURCE_BUNDLE_UNAVAILABLE -D Xcode -serialize-debugging-options -enable-experimental-feature DebugDescriptionMacro -empty-abi-descriptor -validate-clang-modules-once -clang-build-session-file /Users/admin/builder/spi-builder-workspace/.derivedData/ModuleCache.noindex/Session.modulevalidation -Xcc -working-directory -Xcc /Users/admin/builder/spi-builder-workspace/.swiftpm/xcode -enable-anonymous-context-mangled-names -file-compilation-dir /Users/admin/builder/spi-builder-workspace/.swiftpm/xcode -Xcc -D_LIBCPP_HARDENING_MODE\=_LIBCPP_HARDENING_MODE_DEBUG -Xcc -ivfsstatcache -Xcc /Users/admin/builder/spi-builder-workspace/.derivedData/SDKStatCaches.noindex/watchos27.0-24R360-e829b21a6f8c9b70876ba0858053c04477534ef55a1706bf4c1112bbb242f0a2.sdkstatcache -Xcc -fmodules-prune-interval\=86400 -Xcc -fmodules-prune-after\=345600 -Xcc -I/Users/admin/builder/spi-builder-workspace/.derivedData/Build/Products/Debug-watchos/include -Xcc -I/Users/admin/builder/spi-builder-workspace/.derivedData/Build/Intermediates.noindex/RxBluetoothKit.build/Debug-watchos/RxBluetoothKit-t.build/DerivedSources-normal/arm64_32 -Xcc -I/Users/admin/builder/spi-builder-workspace/.derivedData/Build/Intermediates.noindex/RxBluetoothKit.build/Debug-watchos/RxBluetoothKit-t.build/DerivedSources/arm64_32 -Xcc -I/Users/admin/builder/spi-builder-workspace/.derivedData/Build/Intermediates.noindex/RxBluetoothKit.build/Debug-watchos/RxBluetoothKit-t.build/DerivedSources -Xcc -DSWIFT_PACKAGE -Xcc -DDEBUG\=1 -no-auto-bridging-header-chaining -module-name RxBluetoothKit -const-gather-protocols-file /Users/admin/builder/spi-builder-workspace/.derivedData/Build/Intermediates.noindex/RxBluetoothKit.build/Debug-watchos/RxBluetoothKit-t.build/Objects-normal/arm64_32/RxBluetoothKit_const_extract_protocols.json -disable-clang-spi -clang-target arm64_32-apple-watchos27.0 -target-sdk-version 27.0 -target-sdk-name watchos27.0 -in-process-plugin-server-path /Applications/Xcode-27.0.0-Release.Candidate.app/Contents/Developer/Toolchains/XcodeDefault.xctoolchain/usr/lib/swift/host/libSwiftInProcPluginServer.dylib -parse-as-library -o /Users/admin/builder/spi-builder-workspace/.derivedData/Build/Intermediates.noindex/RxBluetoothKit.build/Debug-watchos/RxBluetoothKit-t.build/Objects-normal/arm64_32/CentralManagerRestoredState.o -o /Users/admin/builder/spi-builder-workspace/.derivedData/Build/Intermediates.noindex/RxBluetoothKit.build/Debug-watchos/RxBluetoothKit-t.build/Objects-normal/arm64_32/Characteristic.o -debug-module-path /Users/admin/builder/spi-builder-workspace/.derivedData/Build/Intermediates.noindex/RxBluetoothKit.build/Debug-watchos/RxBluetoothKit-t.build/Objects-normal/arm64_32/RxBluetoothKit.swiftmodule -index-unit-output-path /RxBluetoothKit.build/Debug-watchos/RxBluetoothKit-t.build/Objects-normal/arm64_32/CentralManagerRestoredState.o -index-unit-output-path /RxBluetoothKit.build/Debug-watchos/RxBluetoothKit-t.build/Objects-normal/arm64_32/Characteristic.o -index-store-path /Users/admin/builder/spi-builder-workspace/.derivedData/Index.noindex/DataStore -index-system-modules
SwiftCompile normal arm64_32 /Users/admin/builder/spi-builder-workspace/Source/CentralManagerRestoredState.swift (in target 'RxBluetoothKit' from project 'RxBluetoothKit')
    cd /Users/admin/builder/spi-builder-workspace/.swiftpm/xcode
    builtin-SwiftPerFileCompile CentralManagerRestoredState.swift
SwiftCompile normal arm64_32 /Users/admin/builder/spi-builder-workspace/Source/Characteristic.swift (in target 'RxBluetoothKit' from project 'RxBluetoothKit')
    cd /Users/admin/builder/spi-builder-workspace/.swiftpm/xcode
    builtin-SwiftPerFileCompile Characteristic.swift
SwiftEmitModule normal arm64_32 Emitting\ module\ for\ RxBluetoothKit (in target 'RxBluetoothKit' from project 'RxBluetoothKit')
SwiftCompile normal arm64_32 (in target 'RxBluetoothKit' from project 'RxBluetoothKit')
    cd /Users/admin/builder/spi-builder-workspace/.swiftpm/xcode

PruneExplicitPrecompiledModules /Users/admin/builder/spi-builder-workspace/.derivedData/Build/Intermediates.noindex/ExplicitPrecompiledModules
PruneExplicitPrecompiledModules /Users/admin/builder/spi-builder-workspace/.derivedData/SDKExplicitPrecompiledModules
PruneExplicitPrecompiledModules /Users/admin/builder/spi-builder-workspace/.derivedData/Build/Intermediates.noindex/SwiftExplicitPrecompiledModules
2026-09-17 06:59:53.159 xcodebuild[827:5472] [MT] IDERunDestination: Supported platforms for the buildables in the current scheme is empty.
** BUILD FAILED **
The following build commands failed:
	SwiftCompile normal arm64_32 Compiling\ CentralManagerRestoredState.swift,\ Characteristic.swift /Users/admin/builder/spi-builder-workspace/Source/CentralManagerRestoredState.swift /Users/admin/builder/spi-builder-workspace/Source/Characteristic.swift (in target 'RxBluetoothKit' from project 'RxBluetoothKit')
	SwiftCompile normal arm64_32 /Users/admin/builder/spi-builder-workspace/Source/CentralManagerRestoredState.swift (in target 'RxBluetoothKit' from project 'RxBluetoothKit')
	SwiftCompile normal arm64_32 /Users/admin/builder/spi-builder-workspace/Source/Characteristic.swift (in target 'RxBluetoothKit' from project 'RxBluetoothKit')
	Building workspace RxBluetoothKit with scheme RxBluetoothKit
(4 failures)
BUILD FAILURE 6.4 watchOS