The Swift Package Index logo.Swift Package Index

Build Information

Failed to build SwiftLevelDB, reference 7.1.1 (175332), with Swift 6.4 for tvOS using Xcode 27.0 on 19 Sep 2026 13:08:49 UTC.

Build Command

No build command. This typically means the build failed at an early stage where we determine the build command.

Build Log

========================================
RunAll
========================================
Builder version: 5.1.0
Interrupt handler set up.
========================================
Checkout
========================================
Clone URL: https://github.com/amraboelela/swiftleveldb.git
Reference: 7.1.1
Initialized empty Git repository in /Users/admin/builder/spi-builder-workspace/.git/
From https://github.com/amraboelela/swiftleveldb
 * tag               7.1.1      -> FETCH_HEAD
HEAD is now at 1753321 var hashtags: [String] {
Cloned https://github.com/amraboelela/swiftleveldb.git
Revision (git rev-parse @):
1753321dd84b6e72907144bb5e139a6363f8c7e6
SUCCESS checkout https://github.com/amraboelela/swiftleveldb.git at 7.1.1
========================================
Build
========================================
Selected platform:         tvOS
Swift version:             6.4
Building package at path:  $PWD
https://github.com/amraboelela/swiftleveldb.git
Command line invocation:
    /Applications/Xcode-27.0.0-Release.Candidate.app/Contents/Developer/usr/bin/xcodebuild -IDEClonedSourcePackagesDirPathOverride=/Users/admin/builder/spi-builder-workspace/.dependencies -resolvePackageDependencies
2026-09-19 09:08:48.162 xcodebuild[524:2992] Writing error result bundle to /var/folders/xq/y_g06wb113726d38xsyx71_h0000gn/T/ResultBundle_2026-19-09_09-08-0048.xcresult
xcodebuild: error: The directory /Users/admin/builder/spi-builder-workspace contains 2 projects, including multiple projects with the current extension (.xcodeproj). Specify the project to use with the -project option.
Command line invocation:
    /Applications/Xcode-27.0.0-Release.Candidate.app/Contents/Developer/usr/bin/xcodebuild -IDEClonedSourcePackagesDirPathOverride=/Users/admin/builder/spi-builder-workspace/.dependencies -resolvePackageDependencies
2026-09-19 09:08:49.160 xcodebuild[534:3060] Writing error result bundle to /var/folders/xq/y_g06wb113726d38xsyx71_h0000gn/T/ResultBundle_2026-19-09_09-08-0049.xcresult
xcodebuild: error: The directory /Users/admin/builder/spi-builder-workspace contains 2 projects, including multiple projects with the current extension (.xcodeproj). Specify the project to use with the -project option.
BUILD FAILURE 6.4 tvOS