The Swift Package Index logo.Swift Package Index

Build Information

Failed to build Changelly, reference master (cf12ab), with Swift 6.4 for Android on 16 Sep 2026 08:55:37 UTC.

Build Command

bash -c docker run --pull=always --rm -v "checkouts-54344845-0":/host -w "$PWD" -e JAVA_HOME="/root/.sdkman/candidates/java/current" -e SPI_BUILD="1" -e SPI_PROCESSING="1" registry.gitlab.com/saguaro1/spi-images:android-6.4-latest swift build --swift-sdk aarch64-unknown-linux-android28 2>&1

Build Log

========================================
RunAll
========================================
Builder version: 5.1.0
Interrupt handler set up.
========================================
Checkout
========================================
Clone URL: https://github.com/coinpaprika/changelly-api-swift-client.git
Reference: master
Initialized empty Git repository in /host/spi-builder-workspace/.git/
hint: Using 'master' as the name for the initial branch. This default branch name
hint: is subject to change. To configure the initial branch name to use in all
hint: of your new repositories, which will suppress this warning, call:
hint:
hint: 	git config --global init.defaultBranch <name>
hint:
hint: Names commonly chosen instead of 'master' are 'main', 'trunk' and
hint: 'development'. The just-created branch can be renamed via this command:
hint:
hint: 	git branch -m <name>
From https://github.com/coinpaprika/changelly-api-swift-client
 * branch            master     -> FETCH_HEAD
 * [new branch]      master     -> origin/master
HEAD is now at cf12ab4 [SPM] Add Coinpaprika prefix to Networking and NetworkingMocks modules
Cloned https://github.com/coinpaprika/changelly-api-swift-client.git
Revision (git rev-parse @):
cf12ab46bdc74579cd25838bbd5764f102a2ae05
SUCCESS checkout https://github.com/coinpaprika/changelly-api-swift-client.git at master
========================================
Build
========================================
Selected platform:         android
Swift version:             6.4
Building package at path:  $PWD
https://github.com/coinpaprika/changelly-api-swift-client.git
Running build ...
bash -c docker run --pull=always --rm -v "checkouts-54344845-0":/host -w "$PWD" -e JAVA_HOME="/root/.sdkman/candidates/java/current" -e SPI_BUILD="1" -e SPI_PROCESSING="1" registry.gitlab.com/saguaro1/spi-images:android-6.4-latest swift build --swift-sdk aarch64-unknown-linux-android28 2>&1
android-6.4-latest: Pulling from saguaro1/spi-images
Digest: sha256:abadcff584c273feba50641b454858d377ba30b35ea7287a94f45ebd8afd0ea0
Status: Image is up to date for registry.gitlab.com/saguaro1/spi-images:android-6.4-latest
Fetching https://github.com/coinpaprika/coinpaprika-api-swift-client.git
[1/3140] Fetching coinpaprika-api-swift-client
Fetched https://github.com/coinpaprika/coinpaprika-api-swift-client.git (0.63s)
Computing version for https://github.com/coinpaprika/coinpaprika-api-swift-client.git
Computed https://github.com/coinpaprika/coinpaprika-api-swift-client.git at 2.4.0 (0.83s)
Creating working copy for https://github.com/coinpaprika/coinpaprika-api-swift-client.git
Working copy of https://github.com/coinpaprika/coinpaprika-api-swift-client.git resolved at 2.4.0
Building for debugging...
[Pre-planning 1 / 96]
[31 / 46] CoinpaprikaNetworking
error: SwiftCompile normal aarch64 failed with a nonzero exit code. Command line:     cd /host

/host/spi-builder-workspace/.build/checkouts/coinpaprika-api-swift-client/Sources/Networking/NetworkSession.swift:11:33: error: cannot find type 'URLRequest' in scope
 9 |
10 | public protocol NetworkSession {
11 |     func loadData(with request: URLRequest,
   |                                 `- error: cannot find type 'URLRequest' in scope
12 |                   completionHandler: @escaping (Data?, URLResponse?, Error?) -> Void)
13 | }
/host/spi-builder-workspace/.build/checkouts/coinpaprika-api-swift-client/Sources/Networking/NetworkSession.swift:12:56: error: 'URLResponse' is unavailable: This type has moved to the FoundationNetworking module. Import that module to use it.
10 | public protocol NetworkSession {
11 |     func loadData(with request: URLRequest,
12 |                   completionHandler: @escaping (Data?, URLResponse?, Error?) -> Void)
   |                                                        `- error: 'URLResponse' is unavailable: This type has moved to the FoundationNetworking module. Import that module to use it.
13 | }
14 |
Foundation.URLResponse:2:18: note: 'URLResponse' has been explicitly marked unavailable here
1 | @available(*, unavailable, message: "This type has moved to the FoundationNetworking module. Import that module to use it.")
2 | public typealias URLResponse = AnyObject
  |                  `- note: 'URLResponse' has been explicitly marked unavailable here
/host/spi-builder-workspace/.build/checkouts/coinpaprika-api-swift-client/Sources/Networking/NetworkSession.swift:15:1: error: non-nominal type 'URLSession' (aka 'AnyObject') cannot be extended [#]8;;https://docs.swift.org/compiler/documentation/diagnostics/nominal-types\NominalTypes]8;;\]
13 | }
14 |
15 | extension URLSession: NetworkSession {
   | `- error: non-nominal type 'URLSession' (aka 'AnyObject') cannot be extended [#]8;;https://docs.swift.org/compiler/documentation/diagnostics/nominal-types\NominalTypes]8;;\]
16 |     public func loadData(with request: URLRequest, completionHandler: @escaping (Data?, URLResponse?, Error?) -> Void) {
17 |         let task = dataTask(with: request) { (data, response, error) in
/host/spi-builder-workspace/.build/checkouts/coinpaprika-api-swift-client/Sources/Networking/Request.swift:13:62: error: cannot find type 'URLRequest' in scope
 11 | public protocol Requestable {
 12 |     associatedtype Model: Decodable
 13 |     func perform(responseQueue: DispatchQueue?, cachePolicy: URLRequest.CachePolicy?, session: NetworkSession, _ callback: @escaping (Result<Model, Error>) -> Void)
    |                                                              `- error: cannot find type 'URLRequest' in scope
 14 | }
 15 |
/host/spi-builder-workspace/.build/checkouts/coinpaprika-api-swift-client/Sources/Networking/Request.swift:51:37: error: cannot find type 'URLRequest' in scope
 49 |         case bearer(token: String)
 50 |         case custom(headers: [String: String])
 51 |         case dynamic(signer: (inout URLRequest) -> Void)
    |                                     `- error: cannot find type 'URLRequest' in scope
 52 |     }
 53 |
/host/spi-builder-workspace/.build/checkouts/coinpaprika-api-swift-client/Sources/Networking/Request.swift:56:49: error: 'HTTPURLResponse' is unavailable: This type has moved to the FoundationNetworking module. Import that module to use it.
 54 |     private let authorisation: AuthorisationMethod
 55 |
 56 |     public typealias ErrorParser = (_ response: HTTPURLResponse, _ data: Data) -> Error?
    |                                                 `- error: 'HTTPURLResponse' is unavailable: This type has moved to the FoundationNetworking module. Import that module to use it.
 57 |     private let errorParser: ErrorParser
 58 |
Foundation.HTTPURLResponse:2:18: note: 'HTTPURLResponse' has been explicitly marked unavailable here
1 | @available(*, unavailable, message: "This type has moved to the FoundationNetworking module. Import that module to use it.")
2 | public typealias HTTPURLResponse = AnyObject
  |                  `- note: 'HTTPURLResponse' has been explicitly marked unavailable here
/host/spi-builder-workspace/.build/checkouts/coinpaprika-api-swift-client/Sources/Networking/Request.swift:83:75: error: cannot find type 'URLRequest' in scope
 81 |     ///   - cachePolicy: cache policy that should be used in this request
 82 |     ///   - callback: Completion handler triggered on request success & failure
 83 |     public func perform(responseQueue: DispatchQueue? = nil, cachePolicy: URLRequest.CachePolicy? = nil, session: NetworkSession = URLSession.shared, _ callback: @escaping (Result<Model, Error>) -> Void) {
    |                                                                           `- error: cannot find type 'URLRequest' in scope
 84 |         let onQueue = { (_ block: @escaping () -> Void) -> Void in
 85 |             (responseQueue ?? DispatchQueue.main).async(execute: block)
/host/spi-builder-workspace/.build/checkouts/coinpaprika-api-swift-client/Sources/Networking/Request.swift:83:143: error: type 'URLSession' (aka 'AnyObject') has no member 'shared'
 81 |     ///   - cachePolicy: cache policy that should be used in this request
 82 |     ///   - callback: Completion handler triggered on request success & failure
 83 |     public func perform(responseQueue: DispatchQueue? = nil, cachePolicy: URLRequest.CachePolicy? = nil, session: NetworkSession = URLSession.shared, _ callback: @escaping (Result<Model, Error>) -> Void) {
    |                                                                                                                                               `- error: type 'URLSession' (aka 'AnyObject') has no member 'shared'
 84 |         let onQueue = { (_ block: @escaping () -> Void) -> Void in
 85 |             (responseQueue ?? DispatchQueue.main).async(execute: block)
/host/spi-builder-workspace/.build/checkouts/coinpaprika-api-swift-client/Sources/Networking/Request.swift:138:85: error: cannot find type 'URLRequest' in scope
136 |     }
137 |
138 |     private func buildRequest(cachePolicy: URLRequest.CachePolicy? = nil) throws -> URLRequest {
    |                                                                                     `- error: cannot find type 'URLRequest' in scope
139 |         var request = URLRequest(url: url)
140 |         request.httpMethod = method.rawValue.uppercased()
/host/spi-builder-workspace/.build/checkouts/coinpaprika-api-swift-client/Sources/Networking/Request.swift:138:44: error: cannot find type 'URLRequest' in scope
136 |     }
137 |
138 |     private func buildRequest(cachePolicy: URLRequest.CachePolicy? = nil) throws -> URLRequest {
    |                                            `- error: cannot find type 'URLRequest' in scope
139 |         var request = URLRequest(url: url)
140 |         request.httpMethod = method.rawValue.uppercased()
/host/spi-builder-workspace/.build/checkouts/coinpaprika-api-swift-client/Sources/Networking/Request.swift:204:59: error: 'URLResponse' is unavailable: This type has moved to the FoundationNetworking module. Import that module to use it.
202 |     }
203 |
204 |     private func findFailureReason(data: Data?, response: URLResponse?) -> Error {
    |                                                           `- error: 'URLResponse' is unavailable: This type has moved to the FoundationNetworking module. Import that module to use it.
205 |         guard let response = response as? HTTPURLResponse else {
206 |             return ResponseError.emptyResponse(url: nil)
Foundation.URLResponse:2:18: note: 'URLResponse' has been explicitly marked unavailable here
1 | @available(*, unavailable, message: "This type has moved to the FoundationNetworking module. Import that module to use it.")
2 | public typealias URLResponse = AnyObject
  |                  `- note: 'URLResponse' has been explicitly marked unavailable here
[#NominalTypes]: <https://docs.swift.org/compiler/documentation/diagnostics/nominal-types>
Failed frontend command:
/root/.local/share/swiftly/toolchains/6.4.x-snapshot-2026-09-04/usr/bin/swift-frontend -frontend -emit-module -experimental-skip-non-inlinable-function-bodies-without-types /host/spi-builder-workspace/.build/checkouts/coinpaprika-api-swift-client/Sources/Networking/CodableModel.swift /host/spi-builder-workspace/.build/checkouts/coinpaprika-api-swift-client/Sources/Networking/Errors.swift /host/spi-builder-workspace/.build/checkouts/coinpaprika-api-swift-client/Sources/Networking/NetworkSession.swift /host/spi-builder-workspace/.build/checkouts/coinpaprika-api-swift-client/Sources/Networking/Request.swift /host/spi-builder-workspace/.build/checkouts/coinpaprika-api-swift-client/Sources/Networking/Result.swift -target aarch64-unknown-linux-android28 -Xllvm -aarch64-use-tbi -disable-objc-interop -sdk /android-ndk/android-ndk-r27d/toolchains/llvm/prebuilt/linux-x86_64/sysroot -sysroot /android-ndk/android-ndk-r27d/toolchains/llvm/prebuilt/linux-x86_64/sysroot -I /host/spi-builder-workspace/.build/out/Products/Debug-android-aarch64 -module-cache-path /host/spi-builder-workspace/.build/out/ModuleCache.noindex -color-diagnostics -Xcc -fcolor-diagnostics -enable-testing -g -debug-info-format\=dwarf -dwarf-version\=4 -suppress-warnings -swift-version 5 -Onone -D SWIFT_PACKAGE -D DEBUG -D SWIFT_MODULE_RESOURCE_BUNDLE_UNAVAILABLE -D Xcode -serialize-debugging-options -enable-experimental-feature DebugDescriptionMacro -empty-abi-descriptor -external-plugin-path /root/.local/share/swiftly/toolchains/6.4.x-snapshot-2026-09-04/usr/lib/swift/host/plugins/testing\#/root/.local/share/swiftly/toolchains/6.4.x-snapshot-2026-09-04/usr/bin/swift-plugin-server -validate-clang-modules-once -clang-build-session-file /host/spi-builder-workspace/.build/out/ModuleCache.noindex/Session.modulevalidation -Xcc -working-directory -Xcc /host -resource-dir /root/.swiftpm/swift-sdks/swift-6.4.x-DEVELOPMENT-SNAPSHOT-2026-09-04-a_android.artifactbundle/swift-android/swift-resources/usr/lib/swift-aarch64 -enable-anonymous-context-mangled-names -file-compilation-dir /host -Xcc -resource-dir -Xcc /android-ndk/android-ndk-r27d/toolchains/llvm/prebuilt/linux-x86_64/lib/clang/18 -Xcc -fno-omit-frame-pointer -Xcc -D_LIBCPP_HARDENING_MODE\=_LIBCPP_HARDENING_MODE_DEBUG -Xcc -fmodules-prune-interval\=86400 -Xcc -fmodules-prune-after\=345600 -Xcc -I/host/spi-builder-workspace/.build/out/Products/Debug-android-aarch64/include -Xcc -I/host/spi-builder-workspace/.build/out/Intermediates.noindex/Coinpaprika.build/Debug-android-aarch64/CoinpaprikaNetworking-t.build/DerivedSources-normal/aarch64 -Xcc -I/host/spi-builder-workspace/.build/out/Intermediates.noindex/Coinpaprika.build/Debug-android-aarch64/CoinpaprikaNetworking-t.build/DerivedSources/aarch64 -Xcc -I/host/spi-builder-workspace/.build/out/Intermediates.noindex/Coinpaprika.build/Debug-android-aarch64/CoinpaprikaNetworking-t.build/DerivedSources -Xcc -DSWIFT_PACKAGE -Xcc -DDEBUG\=1 -no-auto-bridging-header-chaining -module-name CoinpaprikaNetworking -const-gather-protocols-file /host/spi-builder-workspace/.build/out/Intermediates.noindex/Coinpaprika.build/Debug-android-aarch64/CoinpaprikaNetworking-t.build/Objects-normal/aarch64/CoinpaprikaNetworking_const_extract_protocols.json -in-process-plugin-server-path /root/.local/share/swiftly/toolchains/6.4.x-snapshot-2026-09-04/usr/lib/swift/host/libSwiftInProcPluginServer.so -plugin-path /root/.local/share/swiftly/toolchains/6.4.x-snapshot-2026-09-04/usr/lib/swift/host/plugins -plugin-path /root/.local/share/swiftly/toolchains/6.4.x-snapshot-2026-09-04/usr/local/lib/swift/host/plugins -emit-module-doc-path /host/spi-builder-workspace/.build/out/Intermediates.noindex/Coinpaprika.build/Debug-android-aarch64/CoinpaprikaNetworking-t.build/Objects-normal/aarch64/Modules/CoinpaprikaNetworking.swiftdoc -emit-module-source-info-path /host/spi-builder-workspace/.build/out/Intermediates.noindex/Coinpaprika.build/Debug-android-aarch64/CoinpaprikaNetworking-t.build/Objects-normal/aarch64/Modules/CoinpaprikaNetworking.swiftsourceinfo -emit-objc-header-path /host/spi-builder-workspace/.build/out/Intermediates.noindex/Coinpaprika.build/Debug-android-aarch64/CoinpaprikaNetworking-t.build/Objects-normal/aarch64/CoinpaprikaNetworking-Swift.h -serialize-diagnostics-path /host/spi-builder-workspace/.build/out/Intermediates.noindex/Coinpaprika.build/Debug-android-aarch64/CoinpaprikaNetworking-t.build/Objects-normal/aarch64/CoinpaprikaNetworking-primary-emit-module.dia -emit-dependencies-path /host/spi-builder-workspace/.build/out/Intermediates.noindex/Coinpaprika.build/Debug-android-aarch64/CoinpaprikaNetworking-t.build/Objects-normal/aarch64/CoinpaprikaNetworking-primary-emit-module.d -parse-as-library -o /host/spi-builder-workspace/.build/out/Intermediates.noindex/Coinpaprika.build/Debug-android-aarch64/CoinpaprikaNetworking-t.build/Objects-normal/aarch64/Modules/CoinpaprikaNetworking.swiftmodule
error: Build failed
BUILD FAILURE 6.4 android