Build Information
Failed to build swift-nio-transport-services, reference main (f85ed6), with Swift 6.3 for Wasm on 9 Oct 2026 23:24:18 UTC.
Build Command
bash -c docker run --pull=always --rm -v "checkouts-54344847-0":/host -w "$PWD" -e JAVA_HOME="/root/.sdkman/candidates/java/current" -e SPI_BUILD="1" -e SPI_PROCESSING="1" registry.gitlab.com/saguaro1/spi-images:wasm-6.3-latest swift build --swift-sdk swift-6.3.2-RELEASE_wasm 2>&1Build Log
========================================
RunAll
========================================
Builder version: 5.1.1
Interrupt handler set up.
========================================
Checkout
========================================
Clone URL: https://github.com/apple/swift-nio-transport-services.git
Reference: main
Initialized empty Git repository in /host/spi-builder-workspace/.git/
hint: Using 'master' as the name for the initial branch. This default branch name
hint: is subject to change. To configure the initial branch name to use in all
hint: of your new repositories, which will suppress this warning, call:
hint:
hint: git config --global init.defaultBranch <name>
hint:
hint: Names commonly chosen instead of 'master' are 'main', 'trunk' and
hint: 'development'. The just-created branch can be renamed via this command:
hint:
hint: git branch -m <name>
From https://github.com/apple/swift-nio-transport-services
* branch main -> FETCH_HEAD
* [new branch] main -> origin/main
HEAD is now at f85ed68 Housekeeping: replace repo-level CODE_OF_CONDUCT (#256)
Cloned https://github.com/apple/swift-nio-transport-services.git
Revision (git rev-parse @):
f85ed684f4e49be63be0659b0b9773919d872f12
SPI manifest file found: $PWD/.spi.yml
SUCCESS checkout https://github.com/apple/swift-nio-transport-services.git at main
========================================
Build
========================================
Selected platform: wasm
Swift version: 6.3
Building package at path: $PWD
https://github.com/apple/swift-nio-transport-services.git
Running build ...
bash -c docker run --pull=always --rm -v "checkouts-54344847-0":/host -w "$PWD" -e JAVA_HOME="/root/.sdkman/candidates/java/current" -e SPI_BUILD="1" -e SPI_PROCESSING="1" registry.gitlab.com/saguaro1/spi-images:wasm-6.3-latest swift build --swift-sdk swift-6.3.2-RELEASE_wasm 2>&1
wasm-6.3-latest: Pulling from saguaro1/spi-images
Digest: sha256:df2e9038ff906af397ec7b7e13902ccb183f8867606bc33419e44453a9abdb4b
Status: Image is up to date for registry.gitlab.com/saguaro1/spi-images:wasm-6.3-latest
Fetching https://github.com/apple/swift-nio.git
Fetching https://github.com/apple/swift-atomics.git
[1/1889] Fetching swift-atomics
Fetched https://github.com/apple/swift-atomics.git from cache (0.67s)
[1/86362] Fetching swift-nio
Fetched https://github.com/apple/swift-nio.git from cache (5.57s)
Computing version for https://github.com/apple/swift-atomics.git
Computed https://github.com/apple/swift-atomics.git at 1.3.1 (5.75s)
Computing version for https://github.com/apple/swift-nio.git
Computed https://github.com/apple/swift-nio.git at 2.104.0 (0.28s)
Fetching https://github.com/apple/swift-system.git
Fetching https://github.com/apple/swift-collections.git
[1/7241] Fetching swift-system
[653/35936] Fetching swift-system, swift-collections
Fetched https://github.com/apple/swift-system.git from cache (1.32s)
Fetched https://github.com/apple/swift-collections.git from cache (1.33s)
Computing version for https://github.com/apple/swift-collections.git
Computed https://github.com/apple/swift-collections.git at 1.7.2 (1.58s)
Computing version for https://github.com/apple/swift-system.git
Computed https://github.com/apple/swift-system.git at 1.8.1 (0.18s)
Creating working copy for https://github.com/apple/swift-system.git
Working copy of https://github.com/apple/swift-system.git resolved at 1.8.1
Creating working copy for https://github.com/apple/swift-collections.git
Working copy of https://github.com/apple/swift-collections.git resolved at 1.7.2
Creating working copy for https://github.com/apple/swift-nio.git
Working copy of https://github.com/apple/swift-nio.git resolved at 2.104.0
Creating working copy for https://github.com/apple/swift-atomics.git
Working copy of https://github.com/apple/swift-atomics.git resolved at 1.3.1
Building for debugging...
[0/56] Write sources
[2/56] Compiling CNIOOpenBSD shim.c
[2/56] Compiling CNIOFreeBSD shim.c
[3/56] Compiling CNIOLinux liburing_shims.c
[5/56] Write sources
[12/56] Compiling _AtomicsShims.c
[13/56] Write sources
[20/56] Compiling CNIOWindows shim.c
[21/56] Compiling CNIOWindows WSAStartup.c
[22/56] Compiling CNIOLinux shim.c
[23/56] Compiling CNIOWASI CNIOWASI.c
[24/56] Compiling CNIOPosix event_loop_id.c
[25/56] Compiling CNIODarwin shim.c
[26/56] Write sources
[27/56] Write swift-version-24593BA9C3E375BF.txt
[28/56] Compiling CNIOLLHTTP c_nio_http.c
[29/56] Compiling CNIOLLHTTP c_nio_api.c
[31/108] Emitting module _NIOBase64
[31/108] Compiling c-nioatomics.c
[32/108] Compiling CNIOLLHTTP c_nio_llhttp.c
[34/108] Emitting module Atomics
[34/110] Compiling c-atomics.c
[36/117] Compiling InternalCollectionsUtilities Span+Extras.swift
[37/117] Compiling InternalCollectionsUtilities Strideable+LimitHelpers.swift
[38/117] Compiling InternalCollectionsUtilities LifetimeOverride.swift
[39/117] Compiling InternalCollectionsUtilities MutableRef.swift
[40/117] Compiling InternalCollectionsUtilities MutableSpan+Extras.swift
[42/117] Compiling Atomics IntegerOperations.swift
[43/117] Compiling Atomics Unmanaged extensions.swift
[44/117] Compiling InternalCollectionsUtilities _UnsafeBitSet+Index.swift
[45/120] Compiling InternalCollectionsUtilities _UnsafeBitSet+_Word.swift
[46/120] Compiling InternalCollectionsUtilities _UnsafeBitSet.swift
[47/120] Compiling InternalCollectionsUtilities UnsafeBufferPointer+Extras.swift
[48/120] Compiling InternalCollectionsUtilities UnsafeMutableBufferPointer+Extras.swift
[49/120] Compiling InternalCollectionsUtilities Iterable+CopyContents.swift
[50/120] Compiling InternalCollectionsUtilities Iterable+Equality.swift
[52/120] Compiling InternalCollectionsUtilities OutputSpan+Extras.swift
[53/120] Compiling InternalCollectionsUtilities RandomAccessCollection+Offsets.swift
[55/120] Compiling InternalCollectionsUtilities UnsafeMutablePointer+Extras.swift
[56/120] Compiling InternalCollectionsUtilities UnsafeMutableRawBufferPointer+Extras.swift
[57/120] Compiling InternalCollectionsUtilities UnsafePointer+Extras.swift
[58/120] Emitting module InternalCollectionsUtilities
[59/120] Compiling InternalCollectionsUtilities BorrowingIteratorProtocol+Equality.swift
[60/120] Compiling InternalCollectionsUtilities BorrowingIteratorProtocol+Extras.swift
[61/120] Compiling InternalCollectionsUtilities Debugging.swift
[62/120] Compiling InternalCollectionsUtilities Descriptions.swift
[63/120] Compiling InternalCollectionsUtilities FixedWidthInteger+roundUpToPowerOfTwo.swift
[64/120] Compiling InternalCollectionsUtilities Integer rank.swift
[65/120] Compiling InternalCollectionsUtilities UInt+first and last set bit.swift
[66/120] Compiling InternalCollectionsUtilities UInt+reversed.swift
[67/120] Compiling _NIOBase64 Base64.swift
[74/121] Compiling _NIODataStructures _TinyArray.swift
[85/122] Compiling InternalCollectionsUtilities UnsafeRawBufferPointer+Extras.swift
[86/122] Compiling InternalCollectionsUtilities _SortedCollection.swift
[87/122] Compiling InternalCollectionsUtilities _UniqueCollection.swift
[90/123] Wrapping AST for _NIOBase64 for debugging
[91/123] Wrapping AST for Atomics for debugging
[92/123] Wrapping AST for InternalCollectionsUtilities for debugging
[94/127] Compiling SpanPreview OutputSpan+InputSpanHelpers.swift
[95/127] Compiling NIOConcurrencyHelpers lock.swift
[96/127] Compiling SpanPreview InputSpan.swift
[97/127] Emitting module SpanPreview
[98/127] Compiling SpanPreview MutableSpan+InputSpanHelpers.swift
[99/128] Compiling NIOConcurrencyHelpers NIOAtomic.swift
[100/128] Wrapping AST for SpanPreview for debugging
[102/128] Compiling _NIODataStructures PriorityQueue.swift
[103/128] Compiling _NIODataStructures Heap.swift
[104/128] Emitting module _NIODataStructures
[105/171] Wrapping AST for _NIODataStructures for debugging
[107/171] Emitting module NIOConcurrencyHelpers
[108/171] Compiling NIOConcurrencyHelpers NIOLock.swift
[109/171] Compiling NIOConcurrencyHelpers NIOThreadPoolWorkAvailable.swift
[110/171] Compiling NIOConcurrencyHelpers atomics.swift
[111/171] Compiling NIOConcurrencyHelpers NIOLockedValueBox.swift
[113/172] Compiling DequeModule UniqueDeque+Consumption.swift
[114/172] Compiling DequeModule UniqueDeque+ContainerOperations.swift
[115/172] Compiling DequeModule UniqueDeque+Deprecations.swift
[116/172] Compiling DequeModule UniqueDeque+Descriptions.swift
[117/172] Compiling DequeModule UniqueDeque+Equatable.swift
[118/172] Compiling DequeModule UniqueDeque+Hashable.swift
[118/177] Wrapping AST for NIOConcurrencyHelpers for debugging
[120/177] Compiling DequeModule UniqueDeque+Initializers.swift
[121/177] Compiling DequeModule UniqueDeque+Insertions.swift
[122/177] Compiling DequeModule UniqueDeque+Iterable.swift
[123/177] Compiling DequeModule UniqueDeque+Prepend.swift
[124/177] Compiling DequeModule UniqueDeque+Removals.swift
[125/177] Compiling DequeModule _DequeBuffer.swift
[126/177] Compiling DequeModule _DequeBufferHeader.swift
[127/177] Compiling DequeModule RigidDeque+Append.swift
[128/177] Compiling DequeModule RigidDeque+Consumption.swift
[129/177] Compiling DequeModule RigidDeque+ContainerOperations.swift
[130/177] Compiling DequeModule RigidDeque+Deprecations.swift
[131/177] Compiling DequeModule RigidDeque+Descriptions.swift
[132/177] Compiling DequeModule RigidDeque+Equatable.swift
[133/177] Compiling DequeModule RigidDeque+Hashable.swift
[134/177] Compiling DequeModule RigidDeque+Initializers.swift
[135/177] Compiling DequeModule RigidDeque+Insertions.swift
[136/177] Compiling DequeModule RigidDeque+Iterable.swift
[137/177] Compiling DequeModule RigidDeque+Prepend.swift
[138/177] Compiling DequeModule RigidDeque+Removals.swift
[139/177] Compiling DequeModule RigidDeque+Replacements.swift
[140/177] Compiling DequeModule RigidDeque+Testing.swift
[141/177] Compiling DequeModule RigidDeque.swift
[142/177] Compiling DequeModule UniqueDeque+Append.swift
[143/177] Compiling DequeModule Deque+Codable.swift
[144/177] Compiling DequeModule Deque+Collection.swift
[145/177] Compiling DequeModule Deque+CustomReflectable.swift
[146/177] Compiling DequeModule Deque+Descriptions.swift
[147/177] Compiling DequeModule Deque+Equatable.swift
[148/177] Compiling DequeModule Deque+ExpressibleByArrayLiteral.swift
[149/177] Compiling DequeModule Deque+Extras.swift
[150/177] Compiling DequeModule Deque+Hashable.swift
[151/177] Compiling DequeModule Deque+Testing.swift
[152/177] Compiling DequeModule Deque._Storage.swift
[153/177] Compiling DequeModule Deque._UnsafeHandle.swift
[154/177] Compiling DequeModule Deque.swift
[155/177] Compiling DequeModule UniqueDeque+Replacements.swift
[156/177] Compiling DequeModule UniqueDeque.swift
[157/177] Compiling DequeModule _DequeSlot.swift
[158/177] Compiling DequeModule _UnsafeDequeHandle.swift
[159/177] Compiling DequeModule _UnsafeDequeSegments.swift
[160/177] Emitting module DequeModule
[161/178] Wrapping AST for DequeModule for debugging
[163/242] Compiling NIOCore NIOCoreSendableMetatype.swift
[164/242] Compiling NIOCore NIODecodedAsyncSequence.swift
[165/242] Compiling NIOCore NIOLoopBound.swift
[166/242] Compiling NIOCore NIOPooledRecvBufferAllocator.swift
[167/242] Compiling NIOCore NIOScheduledCallback.swift
[168/242] Compiling NIOCore NIOSendable.swift
[169/242] Compiling NIOCore NIOSplitLinesMessageDecoder.swift
[170/242] Compiling NIOCore NIOTransportAccessibleChannelCore.swift
[171/242] Compiling NIOCore RecvByteBufferAllocator.swift
[172/250] Compiling NIOCore IPProtocol.swift
[173/250] Compiling NIOCore IntegerBitPacking.swift
[174/250] Compiling NIOCore IntegerTypes.swift
[175/250] Compiling NIOCore Interfaces.swift
[176/250] Compiling NIOCore Linux.swift
[177/250] Compiling NIOCore MarkedCircularBuffer.swift
[178/250] Compiling NIOCore MulticastChannel.swift
[179/250] Compiling NIOCore NIOAny.swift
[180/250] Compiling NIOCore NIOCloseOnErrorHandler.swift
[181/250] Compiling NIOCore EventLoopFuture+Deprecated.swift
[182/250] Compiling NIOCore EventLoopFuture+WithEventLoop.swift
[183/250] Compiling NIOCore EventLoopFuture.swift
[184/250] Compiling NIOCore FileDescriptor.swift
[185/250] Compiling NIOCore FileHandle.swift
[186/250] Compiling NIOCore FileRegion.swift
[187/250] Compiling NIOCore GlobalSingletons.swift
[188/250] Compiling NIOCore IO.swift
[189/250] Compiling NIOCore IOData.swift
[190/250] Compiling NIOCore AddressedEnvelope.swift
[191/250] Compiling NIOCore AsyncAwaitSupport.swift
[192/250] Compiling NIOCore AsyncChannel.swift
[193/250] Compiling NIOCore AsyncChannelHandler.swift
[194/250] Compiling NIOCore AsyncChannelInboundStream.swift
[195/250] Compiling NIOCore AsyncChannelOutboundWriter.swift
[196/250] Compiling NIOCore NIOAsyncSequenceProducer.swift
[197/250] Compiling NIOCore NIOAsyncSequenceProducerStrategies.swift
[198/250] Compiling NIOCore NIOAsyncWriter.swift
[199/250] Compiling NIOCore CircularBuffer.swift
[200/250] Compiling NIOCore Codec.swift
[201/250] Compiling NIOCore ConvenienceOptionSupport.swift
[202/250] Compiling NIOCore DeadChannel.swift
[203/250] Compiling NIOCore DispatchQueue+WithFuture.swift
[204/250] Compiling NIOCore EventLoop+Deprecated.swift
[205/250] Compiling NIOCore EventLoop+SerialExecutor.swift
[206/250] Compiling NIOCore EventLoop.swift
[207/250] Compiling NIOCore EventLoopFuture+AssumeIsolated.swift
[208/250] Compiling NIOCore SingleStepByteToMessageDecoder.swift
[209/250] Compiling NIOCore SocketAddresses.swift
[210/250] Compiling NIOCore SocketOptionProvider.swift
[211/250] Compiling NIOCore SystemCallHelpers.swift
[212/250] Compiling NIOCore TimeAmount+Duration.swift
[213/250] Compiling NIOCore TypeAssistedChannelHandler.swift
[214/250] Compiling NIOCore UniversalBootstrapSupport.swift
[215/250] Compiling NIOCore Utilities.swift
[216/250] Compiling NIOCore NIOThrowingAsyncSequenceProducer.swift
[217/250] Compiling NIOCore BSDSocketAPI.swift
[218/250] Compiling NIOCore ByteBuffer-aux.swift
[219/250] Compiling NIOCore ByteBuffer-binaryEncodedLengthPrefix.swift
[220/250] Compiling NIOCore ByteBuffer-conversions.swift
[221/250] Compiling NIOCore ByteBuffer-core.swift
[222/250] Compiling NIOCore ByteBuffer-hex.swift
[223/250] Compiling NIOCore ByteBuffer-int.swift
[224/250] Compiling NIOCore ByteBuffer-lengthPrefix.swift
[225/250] Emitting module NIOCore
[226/250] Compiling NIOCore ByteBuffer-multi-int.swift
[227/250] Compiling NIOCore ByteBuffer-quicBinaryEncodingStrategy.swift
[228/250] Compiling NIOCore ByteBuffer-views.swift
[229/250] Compiling NIOCore Channel.swift
[230/250] Compiling NIOCore ChannelHandler.swift
[231/250] Compiling NIOCore ChannelHandlers.swift
[232/250] Compiling NIOCore ChannelInvoker.swift
[233/250] Compiling NIOCore ChannelOption.swift
[234/250] Compiling NIOCore ChannelPipeline.swift
[235/258] Wrapping AST for NIOCore for debugging
[237/328] Compiling NIOEmbedded AsyncTestingChannel.swift
error: emit-module command failed with exit code 1 (use -v to see invocation)
[238/328] Emitting module NIOPosix
/host/spi-builder-workspace/.build/checkouts/swift-nio/Sources/NIOPosix/BaseSocketChannel+AccessibleTransport.swift:17:11: error: cannot find type 'BaseSocketChannel' in scope
15 | import NIOCore
16 |
17 | extension BaseSocketChannel where SocketType: BaseSocket {
| `- error: cannot find type 'BaseSocketChannel' in scope
18 | /// The underlying transport type backing this channel.
19 | typealias Transport = NIOBSDSocket.Handle
/host/spi-builder-workspace/.build/checkouts/swift-nio/Sources/NIOPosix/BaseSocketChannel+AccessibleTransport.swift:27:11: error: cannot find type 'BaseSocketChannel' in scope
25 | }
26 |
27 | extension BaseSocketChannel where SocketType: PipePair {
| `- error: cannot find type 'BaseSocketChannel' in scope
28 | /// The underlying transport type backing this channel.
29 | typealias Transport = NIOBSDSocket.PipeHandle
/host/spi-builder-workspace/.build/checkouts/swift-nio/Sources/NIOPosix/BaseSocketChannel+AccessibleTransport.swift:42:11: error: cannot find type 'SocketChannel' in scope
40 | }
41 |
42 | extension SocketChannel: NIOTransportAccessibleChannelCore {}
| `- error: cannot find type 'SocketChannel' in scope
43 | extension ServerSocketChannel: NIOTransportAccessibleChannelCore {}
44 | extension DatagramChannel: NIOTransportAccessibleChannelCore {}
/host/spi-builder-workspace/.build/checkouts/swift-nio/Sources/NIOPosix/BaseSocketChannel+AccessibleTransport.swift:43:11: error: cannot find type 'ServerSocketChannel' in scope
41 |
42 | extension SocketChannel: NIOTransportAccessibleChannelCore {}
43 | extension ServerSocketChannel: NIOTransportAccessibleChannelCore {}
| `- error: cannot find type 'ServerSocketChannel' in scope
44 | extension DatagramChannel: NIOTransportAccessibleChannelCore {}
45 | extension PipeChannel: NIOTransportAccessibleChannelCore {}
/host/spi-builder-workspace/.build/checkouts/swift-nio/Sources/NIOPosix/BaseSocketChannel+AccessibleTransport.swift:44:11: error: cannot find type 'DatagramChannel' in scope
42 | extension SocketChannel: NIOTransportAccessibleChannelCore {}
43 | extension ServerSocketChannel: NIOTransportAccessibleChannelCore {}
44 | extension DatagramChannel: NIOTransportAccessibleChannelCore {}
| `- error: cannot find type 'DatagramChannel' in scope
45 | extension PipeChannel: NIOTransportAccessibleChannelCore {}
46 |
/host/spi-builder-workspace/.build/checkouts/swift-nio/Sources/NIOPosix/BaseSocketChannel+AccessibleTransport.swift:45:11: error: cannot find type 'PipeChannel' in scope
43 | extension ServerSocketChannel: NIOTransportAccessibleChannelCore {}
44 | extension DatagramChannel: NIOTransportAccessibleChannelCore {}
45 | extension PipeChannel: NIOTransportAccessibleChannelCore {}
| `- error: cannot find type 'PipeChannel' in scope
46 |
[239/328] Compiling NIOPosix PipeChannel.swift
[240/328] Compiling NIOPosix PipePair.swift
[241/328] Compiling NIOPosix Pool.swift
[242/328] Compiling NIOPosix PosixSingletons+ConcurrencyTakeOver.swift
[243/328] Compiling NIOPosix PosixSingletons.swift
[244/328] Compiling NIOPosix RawSocketBootstrap.swift
[245/328] Compiling NIOPosix Resolver.swift
[246/335] Compiling NIOPosix MultiThreadedEventLoopGroup.swift
[247/335] Compiling NIOPosix NIOPosixSendableMetatype.swift
[248/335] Compiling NIOPosix NIORandomizedDNSResolver.swift
[249/335] Compiling NIOPosix NIOThreadPool.swift
[250/335] Compiling NIOPosix NonBlockingFileIO.swift
[251/335] Compiling NIOPosix PendingDatagramWritesManager.swift
[252/335] Compiling NIOPosix PendingWritesManager.swift
[253/335] Compiling NIOPosix BaseStreamSocketChannel.swift
[254/335] Compiling NIOPosix Bootstrap.swift
[255/335] Compiling NIOPosix ControlMessage.swift
[256/335] Compiling NIOPosix DatagramVectorReadManager.swift
[257/335] Compiling NIOPosix Errors+Any.swift
[258/335] Compiling NIOPosix FileDescriptor.swift
[259/335] Compiling NIOPosix GetaddrinfoResolver.swift
[260/335] Emitting module NIOTLS
[261/335] Compiling NIOPosix BSDSocketAPICommon.swift
/host/spi-builder-workspace/.build/checkouts/swift-nio/Sources/NIOPosix/BaseSocketChannel+AccessibleTransport.swift:17:11: error: cannot find type 'BaseSocketChannel' in scope
15 | import NIOCore
16 |
17 | extension BaseSocketChannel where SocketType: BaseSocket {
| `- error: cannot find type 'BaseSocketChannel' in scope
18 | /// The underlying transport type backing this channel.
19 | typealias Transport = NIOBSDSocket.Handle
/host/spi-builder-workspace/.build/checkouts/swift-nio/Sources/NIOPosix/BaseSocketChannel+AccessibleTransport.swift:27:11: error: cannot find type 'BaseSocketChannel' in scope
25 | }
26 |
27 | extension BaseSocketChannel where SocketType: PipePair {
| `- error: cannot find type 'BaseSocketChannel' in scope
28 | /// The underlying transport type backing this channel.
29 | typealias Transport = NIOBSDSocket.PipeHandle
/host/spi-builder-workspace/.build/checkouts/swift-nio/Sources/NIOPosix/BaseSocketChannel+AccessibleTransport.swift:42:11: error: cannot find type 'SocketChannel' in scope
40 | }
41 |
42 | extension SocketChannel: NIOTransportAccessibleChannelCore {}
| `- error: cannot find type 'SocketChannel' in scope
43 | extension ServerSocketChannel: NIOTransportAccessibleChannelCore {}
44 | extension DatagramChannel: NIOTransportAccessibleChannelCore {}
/host/spi-builder-workspace/.build/checkouts/swift-nio/Sources/NIOPosix/BaseSocketChannel+AccessibleTransport.swift:43:11: error: cannot find type 'ServerSocketChannel' in scope
41 |
42 | extension SocketChannel: NIOTransportAccessibleChannelCore {}
43 | extension ServerSocketChannel: NIOTransportAccessibleChannelCore {}
| `- error: cannot find type 'ServerSocketChannel' in scope
44 | extension DatagramChannel: NIOTransportAccessibleChannelCore {}
45 | extension PipeChannel: NIOTransportAccessibleChannelCore {}
/host/spi-builder-workspace/.build/checkouts/swift-nio/Sources/NIOPosix/BaseSocketChannel+AccessibleTransport.swift:44:11: error: cannot find type 'DatagramChannel' in scope
42 | extension SocketChannel: NIOTransportAccessibleChannelCore {}
43 | extension ServerSocketChannel: NIOTransportAccessibleChannelCore {}
44 | extension DatagramChannel: NIOTransportAccessibleChannelCore {}
| `- error: cannot find type 'DatagramChannel' in scope
45 | extension PipeChannel: NIOTransportAccessibleChannelCore {}
46 |
/host/spi-builder-workspace/.build/checkouts/swift-nio/Sources/NIOPosix/BaseSocketChannel+AccessibleTransport.swift:45:11: error: cannot find type 'PipeChannel' in scope
43 | extension ServerSocketChannel: NIOTransportAccessibleChannelCore {}
44 | extension DatagramChannel: NIOTransportAccessibleChannelCore {}
45 | extension PipeChannel: NIOTransportAccessibleChannelCore {}
| `- error: cannot find type 'PipeChannel' in scope
46 |
/host/spi-builder-workspace/.build/checkouts/swift-nio/Sources/NIOPosix/BaseSocketChannel+AccessibleTransport.swift:17:29: error: 'where' clause cannot be applied to a non-generic top-level declaration
15 | import NIOCore
16 |
17 | extension BaseSocketChannel where SocketType: BaseSocket {
| `- error: 'where' clause cannot be applied to a non-generic top-level declaration
18 | /// The underlying transport type backing this channel.
19 | typealias Transport = NIOBSDSocket.Handle
/host/spi-builder-workspace/.build/checkouts/swift-nio/Sources/NIOPosix/BaseSocketChannel+AccessibleTransport.swift:27:29: error: 'where' clause cannot be applied to a non-generic top-level declaration
25 | }
26 |
27 | extension BaseSocketChannel where SocketType: PipePair {
| `- error: 'where' clause cannot be applied to a non-generic top-level declaration
28 | /// The underlying transport type backing this channel.
29 | typealias Transport = NIOBSDSocket.PipeHandle
[262/335] Compiling NIOPosix BSDSocketAPIPosix.swift
/host/spi-builder-workspace/.build/checkouts/swift-nio/Sources/NIOPosix/BaseSocketChannel+AccessibleTransport.swift:17:11: error: cannot find type 'BaseSocketChannel' in scope
15 | import NIOCore
16 |
17 | extension BaseSocketChannel where SocketType: BaseSocket {
| `- error: cannot find type 'BaseSocketChannel' in scope
18 | /// The underlying transport type backing this channel.
19 | typealias Transport = NIOBSDSocket.Handle
/host/spi-builder-workspace/.build/checkouts/swift-nio/Sources/NIOPosix/BaseSocketChannel+AccessibleTransport.swift:27:11: error: cannot find type 'BaseSocketChannel' in scope
25 | }
26 |
27 | extension BaseSocketChannel where SocketType: PipePair {
| `- error: cannot find type 'BaseSocketChannel' in scope
28 | /// The underlying transport type backing this channel.
29 | typealias Transport = NIOBSDSocket.PipeHandle
/host/spi-builder-workspace/.build/checkouts/swift-nio/Sources/NIOPosix/BaseSocketChannel+AccessibleTransport.swift:42:11: error: cannot find type 'SocketChannel' in scope
40 | }
41 |
42 | extension SocketChannel: NIOTransportAccessibleChannelCore {}
| `- error: cannot find type 'SocketChannel' in scope
43 | extension ServerSocketChannel: NIOTransportAccessibleChannelCore {}
44 | extension DatagramChannel: NIOTransportAccessibleChannelCore {}
/host/spi-builder-workspace/.build/checkouts/swift-nio/Sources/NIOPosix/BaseSocketChannel+AccessibleTransport.swift:43:11: error: cannot find type 'ServerSocketChannel' in scope
41 |
42 | extension SocketChannel: NIOTransportAccessibleChannelCore {}
43 | extension ServerSocketChannel: NIOTransportAccessibleChannelCore {}
| `- error: cannot find type 'ServerSocketChannel' in scope
44 | extension DatagramChannel: NIOTransportAccessibleChannelCore {}
45 | extension PipeChannel: NIOTransportAccessibleChannelCore {}
/host/spi-builder-workspace/.build/checkouts/swift-nio/Sources/NIOPosix/BaseSocketChannel+AccessibleTransport.swift:44:11: error: cannot find type 'DatagramChannel' in scope
42 | extension SocketChannel: NIOTransportAccessibleChannelCore {}
43 | extension ServerSocketChannel: NIOTransportAccessibleChannelCore {}
44 | extension DatagramChannel: NIOTransportAccessibleChannelCore {}
| `- error: cannot find type 'DatagramChannel' in scope
45 | extension PipeChannel: NIOTransportAccessibleChannelCore {}
46 |
/host/spi-builder-workspace/.build/checkouts/swift-nio/Sources/NIOPosix/BaseSocketChannel+AccessibleTransport.swift:45:11: error: cannot find type 'PipeChannel' in scope
43 | extension ServerSocketChannel: NIOTransportAccessibleChannelCore {}
44 | extension DatagramChannel: NIOTransportAccessibleChannelCore {}
45 | extension PipeChannel: NIOTransportAccessibleChannelCore {}
| `- error: cannot find type 'PipeChannel' in scope
46 |
/host/spi-builder-workspace/.build/checkouts/swift-nio/Sources/NIOPosix/BaseSocketChannel+AccessibleTransport.swift:17:29: error: 'where' clause cannot be applied to a non-generic top-level declaration
15 | import NIOCore
16 |
17 | extension BaseSocketChannel where SocketType: BaseSocket {
| `- error: 'where' clause cannot be applied to a non-generic top-level declaration
18 | /// The underlying transport type backing this channel.
19 | typealias Transport = NIOBSDSocket.Handle
/host/spi-builder-workspace/.build/checkouts/swift-nio/Sources/NIOPosix/BaseSocketChannel+AccessibleTransport.swift:27:29: error: 'where' clause cannot be applied to a non-generic top-level declaration
25 | }
26 |
27 | extension BaseSocketChannel where SocketType: PipePair {
| `- error: 'where' clause cannot be applied to a non-generic top-level declaration
28 | /// The underlying transport type backing this channel.
29 | typealias Transport = NIOBSDSocket.PipeHandle
[263/335] Compiling NIOPosix BSDSocketAPIWindows.swift
/host/spi-builder-workspace/.build/checkouts/swift-nio/Sources/NIOPosix/BaseSocketChannel+AccessibleTransport.swift:17:11: error: cannot find type 'BaseSocketChannel' in scope
15 | import NIOCore
16 |
17 | extension BaseSocketChannel where SocketType: BaseSocket {
| `- error: cannot find type 'BaseSocketChannel' in scope
18 | /// The underlying transport type backing this channel.
19 | typealias Transport = NIOBSDSocket.Handle
/host/spi-builder-workspace/.build/checkouts/swift-nio/Sources/NIOPosix/BaseSocketChannel+AccessibleTransport.swift:27:11: error: cannot find type 'BaseSocketChannel' in scope
25 | }
26 |
27 | extension BaseSocketChannel where SocketType: PipePair {
| `- error: cannot find type 'BaseSocketChannel' in scope
28 | /// The underlying transport type backing this channel.
29 | typealias Transport = NIOBSDSocket.PipeHandle
/host/spi-builder-workspace/.build/checkouts/swift-nio/Sources/NIOPosix/BaseSocketChannel+AccessibleTransport.swift:42:11: error: cannot find type 'SocketChannel' in scope
40 | }
41 |
42 | extension SocketChannel: NIOTransportAccessibleChannelCore {}
| `- error: cannot find type 'SocketChannel' in scope
43 | extension ServerSocketChannel: NIOTransportAccessibleChannelCore {}
44 | extension DatagramChannel: NIOTransportAccessibleChannelCore {}
/host/spi-builder-workspace/.build/checkouts/swift-nio/Sources/NIOPosix/BaseSocketChannel+AccessibleTransport.swift:43:11: error: cannot find type 'ServerSocketChannel' in scope
41 |
42 | extension SocketChannel: NIOTransportAccessibleChannelCore {}
43 | extension ServerSocketChannel: NIOTransportAccessibleChannelCore {}
| `- error: cannot find type 'ServerSocketChannel' in scope
44 | extension DatagramChannel: NIOTransportAccessibleChannelCore {}
45 | extension PipeChannel: NIOTransportAccessibleChannelCore {}
/host/spi-builder-workspace/.build/checkouts/swift-nio/Sources/NIOPosix/BaseSocketChannel+AccessibleTransport.swift:44:11: error: cannot find type 'DatagramChannel' in scope
42 | extension SocketChannel: NIOTransportAccessibleChannelCore {}
43 | extension ServerSocketChannel: NIOTransportAccessibleChannelCore {}
44 | extension DatagramChannel: NIOTransportAccessibleChannelCore {}
| `- error: cannot find type 'DatagramChannel' in scope
45 | extension PipeChannel: NIOTransportAccessibleChannelCore {}
46 |
/host/spi-builder-workspace/.build/checkouts/swift-nio/Sources/NIOPosix/BaseSocketChannel+AccessibleTransport.swift:45:11: error: cannot find type 'PipeChannel' in scope
43 | extension ServerSocketChannel: NIOTransportAccessibleChannelCore {}
44 | extension DatagramChannel: NIOTransportAccessibleChannelCore {}
45 | extension PipeChannel: NIOTransportAccessibleChannelCore {}
| `- error: cannot find type 'PipeChannel' in scope
46 |
/host/spi-builder-workspace/.build/checkouts/swift-nio/Sources/NIOPosix/BaseSocketChannel+AccessibleTransport.swift:17:29: error: 'where' clause cannot be applied to a non-generic top-level declaration
15 | import NIOCore
16 |
17 | extension BaseSocketChannel where SocketType: BaseSocket {
| `- error: 'where' clause cannot be applied to a non-generic top-level declaration
18 | /// The underlying transport type backing this channel.
19 | typealias Transport = NIOBSDSocket.Handle
/host/spi-builder-workspace/.build/checkouts/swift-nio/Sources/NIOPosix/BaseSocketChannel+AccessibleTransport.swift:27:29: error: 'where' clause cannot be applied to a non-generic top-level declaration
25 | }
26 |
27 | extension BaseSocketChannel where SocketType: PipePair {
| `- error: 'where' clause cannot be applied to a non-generic top-level declaration
28 | /// The underlying transport type backing this channel.
29 | typealias Transport = NIOBSDSocket.PipeHandle
[264/335] Compiling NIOPosix BaseSocket.swift
/host/spi-builder-workspace/.build/checkouts/swift-nio/Sources/NIOPosix/BaseSocketChannel+AccessibleTransport.swift:17:11: error: cannot find type 'BaseSocketChannel' in scope
15 | import NIOCore
16 |
17 | extension BaseSocketChannel where SocketType: BaseSocket {
| `- error: cannot find type 'BaseSocketChannel' in scope
18 | /// The underlying transport type backing this channel.
19 | typealias Transport = NIOBSDSocket.Handle
/host/spi-builder-workspace/.build/checkouts/swift-nio/Sources/NIOPosix/BaseSocketChannel+AccessibleTransport.swift:27:11: error: cannot find type 'BaseSocketChannel' in scope
25 | }
26 |
27 | extension BaseSocketChannel where SocketType: PipePair {
| `- error: cannot find type 'BaseSocketChannel' in scope
28 | /// The underlying transport type backing this channel.
29 | typealias Transport = NIOBSDSocket.PipeHandle
/host/spi-builder-workspace/.build/checkouts/swift-nio/Sources/NIOPosix/BaseSocketChannel+AccessibleTransport.swift:42:11: error: cannot find type 'SocketChannel' in scope
40 | }
41 |
42 | extension SocketChannel: NIOTransportAccessibleChannelCore {}
| `- error: cannot find type 'SocketChannel' in scope
43 | extension ServerSocketChannel: NIOTransportAccessibleChannelCore {}
44 | extension DatagramChannel: NIOTransportAccessibleChannelCore {}
/host/spi-builder-workspace/.build/checkouts/swift-nio/Sources/NIOPosix/BaseSocketChannel+AccessibleTransport.swift:43:11: error: cannot find type 'ServerSocketChannel' in scope
41 |
42 | extension SocketChannel: NIOTransportAccessibleChannelCore {}
43 | extension ServerSocketChannel: NIOTransportAccessibleChannelCore {}
| `- error: cannot find type 'ServerSocketChannel' in scope
44 | extension DatagramChannel: NIOTransportAccessibleChannelCore {}
45 | extension PipeChannel: NIOTransportAccessibleChannelCore {}
/host/spi-builder-workspace/.build/checkouts/swift-nio/Sources/NIOPosix/BaseSocketChannel+AccessibleTransport.swift:44:11: error: cannot find type 'DatagramChannel' in scope
42 | extension SocketChannel: NIOTransportAccessibleChannelCore {}
43 | extension ServerSocketChannel: NIOTransportAccessibleChannelCore {}
44 | extension DatagramChannel: NIOTransportAccessibleChannelCore {}
| `- error: cannot find type 'DatagramChannel' in scope
45 | extension PipeChannel: NIOTransportAccessibleChannelCore {}
46 |
/host/spi-builder-workspace/.build/checkouts/swift-nio/Sources/NIOPosix/BaseSocketChannel+AccessibleTransport.swift:45:11: error: cannot find type 'PipeChannel' in scope
43 | extension ServerSocketChannel: NIOTransportAccessibleChannelCore {}
44 | extension DatagramChannel: NIOTransportAccessibleChannelCore {}
45 | extension PipeChannel: NIOTransportAccessibleChannelCore {}
| `- error: cannot find type 'PipeChannel' in scope
46 |
/host/spi-builder-workspace/.build/checkouts/swift-nio/Sources/NIOPosix/BaseSocketChannel+AccessibleTransport.swift:17:29: error: 'where' clause cannot be applied to a non-generic top-level declaration
15 | import NIOCore
16 |
17 | extension BaseSocketChannel where SocketType: BaseSocket {
| `- error: 'where' clause cannot be applied to a non-generic top-level declaration
18 | /// The underlying transport type backing this channel.
19 | typealias Transport = NIOBSDSocket.Handle
/host/spi-builder-workspace/.build/checkouts/swift-nio/Sources/NIOPosix/BaseSocketChannel+AccessibleTransport.swift:27:29: error: 'where' clause cannot be applied to a non-generic top-level declaration
25 | }
26 |
27 | extension BaseSocketChannel where SocketType: PipePair {
| `- error: 'where' clause cannot be applied to a non-generic top-level declaration
28 | /// The underlying transport type backing this channel.
29 | typealias Transport = NIOBSDSocket.PipeHandle
[265/335] Compiling NIOPosix BaseSocketChannel+AccessibleTransport.swift
/host/spi-builder-workspace/.build/checkouts/swift-nio/Sources/NIOPosix/BaseSocketChannel+AccessibleTransport.swift:17:11: error: cannot find type 'BaseSocketChannel' in scope
15 | import NIOCore
16 |
17 | extension BaseSocketChannel where SocketType: BaseSocket {
| `- error: cannot find type 'BaseSocketChannel' in scope
18 | /// The underlying transport type backing this channel.
19 | typealias Transport = NIOBSDSocket.Handle
/host/spi-builder-workspace/.build/checkouts/swift-nio/Sources/NIOPosix/BaseSocketChannel+AccessibleTransport.swift:27:11: error: cannot find type 'BaseSocketChannel' in scope
25 | }
26 |
27 | extension BaseSocketChannel where SocketType: PipePair {
| `- error: cannot find type 'BaseSocketChannel' in scope
28 | /// The underlying transport type backing this channel.
29 | typealias Transport = NIOBSDSocket.PipeHandle
/host/spi-builder-workspace/.build/checkouts/swift-nio/Sources/NIOPosix/BaseSocketChannel+AccessibleTransport.swift:42:11: error: cannot find type 'SocketChannel' in scope
40 | }
41 |
42 | extension SocketChannel: NIOTransportAccessibleChannelCore {}
| `- error: cannot find type 'SocketChannel' in scope
43 | extension ServerSocketChannel: NIOTransportAccessibleChannelCore {}
44 | extension DatagramChannel: NIOTransportAccessibleChannelCore {}
/host/spi-builder-workspace/.build/checkouts/swift-nio/Sources/NIOPosix/BaseSocketChannel+AccessibleTransport.swift:43:11: error: cannot find type 'ServerSocketChannel' in scope
41 |
42 | extension SocketChannel: NIOTransportAccessibleChannelCore {}
43 | extension ServerSocketChannel: NIOTransportAccessibleChannelCore {}
| `- error: cannot find type 'ServerSocketChannel' in scope
44 | extension DatagramChannel: NIOTransportAccessibleChannelCore {}
45 | extension PipeChannel: NIOTransportAccessibleChannelCore {}
/host/spi-builder-workspace/.build/checkouts/swift-nio/Sources/NIOPosix/BaseSocketChannel+AccessibleTransport.swift:44:11: error: cannot find type 'DatagramChannel' in scope
42 | extension SocketChannel: NIOTransportAccessibleChannelCore {}
43 | extension ServerSocketChannel: NIOTransportAccessibleChannelCore {}
44 | extension DatagramChannel: NIOTransportAccessibleChannelCore {}
| `- error: cannot find type 'DatagramChannel' in scope
45 | extension PipeChannel: NIOTransportAccessibleChannelCore {}
46 |
/host/spi-builder-workspace/.build/checkouts/swift-nio/Sources/NIOPosix/BaseSocketChannel+AccessibleTransport.swift:45:11: error: cannot find type 'PipeChannel' in scope
43 | extension ServerSocketChannel: NIOTransportAccessibleChannelCore {}
44 | extension DatagramChannel: NIOTransportAccessibleChannelCore {}
45 | extension PipeChannel: NIOTransportAccessibleChannelCore {}
| `- error: cannot find type 'PipeChannel' in scope
46 |
/host/spi-builder-workspace/.build/checkouts/swift-nio/Sources/NIOPosix/BaseSocketChannel+AccessibleTransport.swift:17:29: error: 'where' clause cannot be applied to a non-generic top-level declaration
15 | import NIOCore
16 |
17 | extension BaseSocketChannel where SocketType: BaseSocket {
| `- error: 'where' clause cannot be applied to a non-generic top-level declaration
18 | /// The underlying transport type backing this channel.
19 | typealias Transport = NIOBSDSocket.Handle
/host/spi-builder-workspace/.build/checkouts/swift-nio/Sources/NIOPosix/BaseSocketChannel+AccessibleTransport.swift:27:29: error: 'where' clause cannot be applied to a non-generic top-level declaration
25 | }
26 |
27 | extension BaseSocketChannel where SocketType: PipePair {
| `- error: 'where' clause cannot be applied to a non-generic top-level declaration
28 | /// The underlying transport type backing this channel.
29 | typealias Transport = NIOBSDSocket.PipeHandle
[266/335] Compiling NIOPosix BaseSocketChannel+SocketOptionProvider.swift
/host/spi-builder-workspace/.build/checkouts/swift-nio/Sources/NIOPosix/BaseSocketChannel+AccessibleTransport.swift:17:11: error: cannot find type 'BaseSocketChannel' in scope
15 | import NIOCore
16 |
17 | extension BaseSocketChannel where SocketType: BaseSocket {
| `- error: cannot find type 'BaseSocketChannel' in scope
18 | /// The underlying transport type backing this channel.
19 | typealias Transport = NIOBSDSocket.Handle
/host/spi-builder-workspace/.build/checkouts/swift-nio/Sources/NIOPosix/BaseSocketChannel+AccessibleTransport.swift:27:11: error: cannot find type 'BaseSocketChannel' in scope
25 | }
26 |
27 | extension BaseSocketChannel where SocketType: PipePair {
| `- error: cannot find type 'BaseSocketChannel' in scope
28 | /// The underlying transport type backing this channel.
29 | typealias Transport = NIOBSDSocket.PipeHandle
/host/spi-builder-workspace/.build/checkouts/swift-nio/Sources/NIOPosix/BaseSocketChannel+AccessibleTransport.swift:42:11: error: cannot find type 'SocketChannel' in scope
40 | }
41 |
42 | extension SocketChannel: NIOTransportAccessibleChannelCore {}
| `- error: cannot find type 'SocketChannel' in scope
43 | extension ServerSocketChannel: NIOTransportAccessibleChannelCore {}
44 | extension DatagramChannel: NIOTransportAccessibleChannelCore {}
/host/spi-builder-workspace/.build/checkouts/swift-nio/Sources/NIOPosix/BaseSocketChannel+AccessibleTransport.swift:43:11: error: cannot find type 'ServerSocketChannel' in scope
41 |
42 | extension SocketChannel: NIOTransportAccessibleChannelCore {}
43 | extension ServerSocketChannel: NIOTransportAccessibleChannelCore {}
| `- error: cannot find type 'ServerSocketChannel' in scope
44 | extension DatagramChannel: NIOTransportAccessibleChannelCore {}
45 | extension PipeChannel: NIOTransportAccessibleChannelCore {}
/host/spi-builder-workspace/.build/checkouts/swift-nio/Sources/NIOPosix/BaseSocketChannel+AccessibleTransport.swift:44:11: error: cannot find type 'DatagramChannel' in scope
42 | extension SocketChannel: NIOTransportAccessibleChannelCore {}
43 | extension ServerSocketChannel: NIOTransportAccessibleChannelCore {}
44 | extension DatagramChannel: NIOTransportAccessibleChannelCore {}
| `- error: cannot find type 'DatagramChannel' in scope
45 | extension PipeChannel: NIOTransportAccessibleChannelCore {}
46 |
/host/spi-builder-workspace/.build/checkouts/swift-nio/Sources/NIOPosix/BaseSocketChannel+AccessibleTransport.swift:45:11: error: cannot find type 'PipeChannel' in scope
43 | extension ServerSocketChannel: NIOTransportAccessibleChannelCore {}
44 | extension DatagramChannel: NIOTransportAccessibleChannelCore {}
45 | extension PipeChannel: NIOTransportAccessibleChannelCore {}
| `- error: cannot find type 'PipeChannel' in scope
46 |
/host/spi-builder-workspace/.build/checkouts/swift-nio/Sources/NIOPosix/BaseSocketChannel+AccessibleTransport.swift:17:29: error: 'where' clause cannot be applied to a non-generic top-level declaration
15 | import NIOCore
16 |
17 | extension BaseSocketChannel where SocketType: BaseSocket {
| `- error: 'where' clause cannot be applied to a non-generic top-level declaration
18 | /// The underlying transport type backing this channel.
19 | typealias Transport = NIOBSDSocket.Handle
/host/spi-builder-workspace/.build/checkouts/swift-nio/Sources/NIOPosix/BaseSocketChannel+AccessibleTransport.swift:27:29: error: 'where' clause cannot be applied to a non-generic top-level declaration
25 | }
26 |
27 | extension BaseSocketChannel where SocketType: PipePair {
| `- error: 'where' clause cannot be applied to a non-generic top-level declaration
28 | /// The underlying transport type backing this channel.
29 | typealias Transport = NIOBSDSocket.PipeHandle
[267/335] Compiling NIOPosix BaseSocketChannel.swift
/host/spi-builder-workspace/.build/checkouts/swift-nio/Sources/NIOPosix/BaseSocketChannel+AccessibleTransport.swift:17:11: error: cannot find type 'BaseSocketChannel' in scope
15 | import NIOCore
16 |
17 | extension BaseSocketChannel where SocketType: BaseSocket {
| `- error: cannot find type 'BaseSocketChannel' in scope
18 | /// The underlying transport type backing this channel.
19 | typealias Transport = NIOBSDSocket.Handle
/host/spi-builder-workspace/.build/checkouts/swift-nio/Sources/NIOPosix/BaseSocketChannel+AccessibleTransport.swift:27:11: error: cannot find type 'BaseSocketChannel' in scope
25 | }
26 |
27 | extension BaseSocketChannel where SocketType: PipePair {
| `- error: cannot find type 'BaseSocketChannel' in scope
28 | /// The underlying transport type backing this channel.
29 | typealias Transport = NIOBSDSocket.PipeHandle
/host/spi-builder-workspace/.build/checkouts/swift-nio/Sources/NIOPosix/BaseSocketChannel+AccessibleTransport.swift:42:11: error: cannot find type 'SocketChannel' in scope
40 | }
41 |
42 | extension SocketChannel: NIOTransportAccessibleChannelCore {}
| `- error: cannot find type 'SocketChannel' in scope
43 | extension ServerSocketChannel: NIOTransportAccessibleChannelCore {}
44 | extension DatagramChannel: NIOTransportAccessibleChannelCore {}
/host/spi-builder-workspace/.build/checkouts/swift-nio/Sources/NIOPosix/BaseSocketChannel+AccessibleTransport.swift:43:11: error: cannot find type 'ServerSocketChannel' in scope
41 |
42 | extension SocketChannel: NIOTransportAccessibleChannelCore {}
43 | extension ServerSocketChannel: NIOTransportAccessibleChannelCore {}
| `- error: cannot find type 'ServerSocketChannel' in scope
44 | extension DatagramChannel: NIOTransportAccessibleChannelCore {}
45 | extension PipeChannel: NIOTransportAccessibleChannelCore {}
/host/spi-builder-workspace/.build/checkouts/swift-nio/Sources/NIOPosix/BaseSocketChannel+AccessibleTransport.swift:44:11: error: cannot find type 'DatagramChannel' in scope
42 | extension SocketChannel: NIOTransportAccessibleChannelCore {}
43 | extension ServerSocketChannel: NIOTransportAccessibleChannelCore {}
44 | extension DatagramChannel: NIOTransportAccessibleChannelCore {}
| `- error: cannot find type 'DatagramChannel' in scope
45 | extension PipeChannel: NIOTransportAccessibleChannelCore {}
46 |
/host/spi-builder-workspace/.build/checkouts/swift-nio/Sources/NIOPosix/BaseSocketChannel+AccessibleTransport.swift:45:11: error: cannot find type 'PipeChannel' in scope
43 | extension ServerSocketChannel: NIOTransportAccessibleChannelCore {}
44 | extension DatagramChannel: NIOTransportAccessibleChannelCore {}
45 | extension PipeChannel: NIOTransportAccessibleChannelCore {}
| `- error: cannot find type 'PipeChannel' in scope
46 |
/host/spi-builder-workspace/.build/checkouts/swift-nio/Sources/NIOPosix/BaseSocketChannel+AccessibleTransport.swift:17:29: error: 'where' clause cannot be applied to a non-generic top-level declaration
15 | import NIOCore
16 |
17 | extension BaseSocketChannel where SocketType: BaseSocket {
| `- error: 'where' clause cannot be applied to a non-generic top-level declaration
18 | /// The underlying transport type backing this channel.
19 | typealias Transport = NIOBSDSocket.Handle
/host/spi-builder-workspace/.build/checkouts/swift-nio/Sources/NIOPosix/BaseSocketChannel+AccessibleTransport.swift:27:29: error: 'where' clause cannot be applied to a non-generic top-level declaration
25 | }
26 |
27 | extension BaseSocketChannel where SocketType: PipePair {
| `- error: 'where' clause cannot be applied to a non-generic top-level declaration
28 | /// The underlying transport type backing this channel.
29 | typealias Transport = NIOBSDSocket.PipeHandle
[268/335] Compiling NIOTLS TLSEvents.swift
[269/335] Compiling NIOPosix SelectorWSAPoll.swift
[270/335] Compiling NIOPosix ServerSocket.swift
[271/335] Compiling NIOPosix Socket.swift
[272/335] Compiling NIOPosix SocketChannel.swift
[273/335] Compiling NIOPosix SocketProtocols.swift
[274/335] Compiling NIOPosix StructuredConcurrencyHelpers.swift
[275/335] Compiling NIOPosix System.swift
[276/335] Compiling NIOPosix Selectable.swift
[277/335] Compiling NIOPosix SelectableChannel.swift
[278/335] Compiling NIOPosix SelectableEventLoop.swift
[279/335] Compiling NIOPosix SelectorEpoll.swift
[280/335] Compiling NIOPosix SelectorGeneric.swift
[281/335] Compiling NIOPosix SelectorKqueue.swift
[282/335] Compiling NIOPosix SelectorUring.swift
[283/335] Compiling NIOPosix HappyEyeballs.swift
[284/335] Compiling NIOPosix IO.swift
[285/335] Compiling NIOPosix IntegerBitPacking.swift
[286/335] Compiling NIOPosix IntegerTypes.swift
[287/335] Compiling NIOPosix Linux.swift
[288/335] Compiling NIOPosix LinuxCPUSet.swift
[289/335] Compiling NIOPosix LinuxUring.swift
[290/335] Compiling NIOTLS NIOTypedApplicationProtocolNegotiationHandler.swift
[291/335] Compiling NIOPosix Thread.swift
[292/335] Compiling NIOPosix ThreadPosix.swift
[293/335] Compiling NIOPosix ThreadWindows.swift
[294/335] Compiling NIOPosix Utilities.swift
[295/335] Compiling NIOPosix VsockAddress.swift
[296/335] Compiling NIOPosix VsockChannelEvents.swift
[297/335] Compiling NIOPosix Windows.swift
[298/335] Compiling NIOTLS ApplicationProtocolNegotiationHandler.swift
[299/335] Compiling NIOTLS ProtocolNegotiationHandlerStateMachine.swift
BUILD FAILURE 6.3 wasm