The Swift Package Index logo.Swift Package Index

Build Information

Failed to build PushizoFramework, reference 0.1.0 (f60d84), with Swift 6.1 for Wasm on 22 Oct 2026 14:48:40 UTC.

Build Command

bash -c docker run --pull=always --rm -v "checkouts-54344844-1":/host -w "$PWD" -e JAVA_HOME="/root/.sdkman/candidates/java/current" -e SPI_BUILD="1" -e SPI_PROCESSING="1" registry.gitlab.com/saguaro1/spi-images:wasm-6.1-latest swift build --swift-sdk wasm32-unknown-wasi 2>&1

Build Log

========================================
RunAll
========================================
Builder version: 5.1.3
Interrupt handler set up.
========================================
Checkout
========================================
Clone URL: https://github.com/pushizo/pushizo-ios.git
Reference: 0.1.0
Initialized empty Git repository in /host/spi-builder-workspace/.git/
hint: Using 'master' as the name for the initial branch. This default branch name
hint: is subject to change. To configure the initial branch name to use in all
hint: of your new repositories, which will suppress this warning, call:
hint:
hint: 	git config --global init.defaultBranch <name>
hint:
hint: Names commonly chosen instead of 'master' are 'main', 'trunk' and
hint: 'development'. The just-created branch can be renamed via this command:
hint:
hint: 	git branch -m <name>
From https://github.com/pushizo/pushizo-ios
 * tag               0.1.0      -> FETCH_HEAD
HEAD is now at f60d841 feat(github): pushizo organizasyonu açık depoları — SDK'lar, MCP, OpenAPI, profil
Cloned https://github.com/pushizo/pushizo-ios.git
Revision (git rev-parse @):
f60d8415cf9d313c2c85b399af8c95951014ca43
SUCCESS checkout https://github.com/pushizo/pushizo-ios.git at 0.1.0
========================================
Build
========================================
Selected platform:         wasm
Swift version:             6.1
Building package at path:  $PWD
https://github.com/pushizo/pushizo-ios.git
https://github.com/pushizo/pushizo-ios.git
WARNING: environment variable SUPPRESS_SWIFT_6_FLAGS is not set
Running build ...
bash -c docker run --pull=always --rm -v "checkouts-54344844-1":/host -w "$PWD" -e JAVA_HOME="/root/.sdkman/candidates/java/current" -e SPI_BUILD="1" -e SPI_PROCESSING="1" registry.gitlab.com/saguaro1/spi-images:wasm-6.1-latest swift build --swift-sdk wasm32-unknown-wasi -Xswiftc -Xfrontend -Xswiftc -stats-output-dir -Xswiftc -Xfrontend -Xswiftc .stats -Xswiftc -strict-concurrency=complete -Xswiftc -enable-upcoming-feature -Xswiftc StrictConcurrency -Xswiftc -enable-upcoming-feature -Xswiftc DisableOutwardActorInference -Xswiftc -enable-upcoming-feature -Xswiftc GlobalActorIsolatedTypesUsability -Xswiftc -enable-upcoming-feature -Xswiftc InferSendableFromCaptures 2>&1
wasm-6.1-latest: Pulling from saguaro1/spi-images
Digest: sha256:8209621f35c5a12749e7df75bbcb99eccb508d0196da99f6ac3bcf5f4827df31
Status: Image is up to date for registry.gitlab.com/saguaro1/spi-images:wasm-6.1-latest
Building for debugging...
[0/4] Write sources
[3/4] Write swift-version-24593BA9C3E375BF.txt
error: emit-module command failed with exit code 1 (use -v to see invocation)
[5/25] Emitting module PushizoCore
/host/spi-builder-workspace/Sources/PushizoCore/HSBadge.swift:2:8: error: no such module 'UserNotifications'
 1 | import Foundation
 2 | import UserNotifications
   |        `- error: no such module 'UserNotifications'
 3 |
 4 | /// Uygulama ile Notification Service Extension arasında paylaşılan App Group çözümü.
[6/27] Compiling PushizoCore HSStorage.swift
/host/spi-builder-workspace/Sources/PushizoCore/HSBadge.swift:2:8: error: no such module 'UserNotifications'
 1 | import Foundation
 2 | import UserNotifications
   |        `- error: no such module 'UserNotifications'
 3 |
 4 | /// Uygulama ile Notification Service Extension arasında paylaşılan App Group çözümü.
[7/27] Compiling PushizoCore HSTokenSync.swift
/host/spi-builder-workspace/Sources/PushizoCore/HSBadge.swift:2:8: error: no such module 'UserNotifications'
 1 | import Foundation
 2 | import UserNotifications
   |        `- error: no such module 'UserNotifications'
 3 |
 4 | /// Uygulama ile Notification Service Extension arasında paylaşılan App Group çözümü.
[8/27] Compiling PushizoCore HSObservers.swift
/host/spi-builder-workspace/Sources/PushizoCore/HSBadge.swift:2:8: error: no such module 'UserNotifications'
 1 | import Foundation
 2 | import UserNotifications
   |        `- error: no such module 'UserNotifications'
 3 |
 4 | /// Uygulama ile Notification Service Extension arasında paylaşılan App Group çözümü.
[9/27] Compiling PushizoCore HSPayload.swift
/host/spi-builder-workspace/Sources/PushizoCore/HSBadge.swift:2:8: error: no such module 'UserNotifications'
 1 | import Foundation
 2 | import UserNotifications
   |        `- error: no such module 'UserNotifications'
 3 |
 4 | /// Uygulama ile Notification Service Extension arasında paylaşılan App Group çözümü.
[10/27] Compiling PushizoCore HSPreferences.swift
/host/spi-builder-workspace/Sources/PushizoCore/HSBadge.swift:2:8: error: no such module 'UserNotifications'
 1 | import Foundation
 2 | import UserNotifications
   |        `- error: no such module 'UserNotifications'
 3 |
 4 | /// Uygulama ile Notification Service Extension arasında paylaşılan App Group çözümü.
[11/27] Compiling PushizoCore HSQueue.swift
/host/spi-builder-workspace/Sources/PushizoCore/HSBadge.swift:2:8: error: no such module 'UserNotifications'
 1 | import Foundation
 2 | import UserNotifications
   |        `- error: no such module 'UserNotifications'
 3 |
 4 | /// Uygulama ile Notification Service Extension arasında paylaşılan App Group çözümü.
[12/27] Compiling PushizoCore HSSession.swift
/host/spi-builder-workspace/Sources/PushizoCore/HSBadge.swift:2:8: error: no such module 'UserNotifications'
 1 | import Foundation
 2 | import UserNotifications
   |        `- error: no such module 'UserNotifications'
 3 |
 4 | /// Uygulama ile Notification Service Extension arasında paylaşılan App Group çözümü.
[13/27] Compiling PushizoCore HSContacts.swift
/host/spi-builder-workspace/Sources/PushizoCore/HSBadge.swift:2:8: error: no such module 'UserNotifications'
 1 | import Foundation
 2 | import UserNotifications
   |        `- error: no such module 'UserNotifications'
 3 |
 4 | /// Uygulama ile Notification Service Extension arasında paylaşılan App Group çözümü.
[14/27] Compiling PushizoCore HSErrorReporter.swift
/host/spi-builder-workspace/Sources/PushizoCore/HSBadge.swift:2:8: error: no such module 'UserNotifications'
 1 | import Foundation
 2 | import UserNotifications
   |        `- error: no such module 'UserNotifications'
 3 |
 4 | /// Uygulama ile Notification Service Extension arasında paylaşılan App Group çözümü.
[15/27] Compiling PushizoCore HSHtmlBridge.swift
/host/spi-builder-workspace/Sources/PushizoCore/HSBadge.swift:2:8: error: no such module 'UserNotifications'
 1 | import Foundation
 2 | import UserNotifications
   |        `- error: no such module 'UserNotifications'
 3 |
 4 | /// Uygulama ile Notification Service Extension arasında paylaşılan App Group çözümü.
[16/27] Compiling PushizoCore HSAdsRules.swift
/host/spi-builder-workspace/Sources/PushizoCore/HSBadge.swift:2:8: error: no such module 'UserNotifications'
 1 | import Foundation
 2 | import UserNotifications
   |        `- error: no such module 'UserNotifications'
 3 |
 4 | /// Uygulama ile Notification Service Extension arasında paylaşılan App Group çözümü.
[17/27] Compiling PushizoCore HSApi.swift
/host/spi-builder-workspace/Sources/PushizoCore/HSBadge.swift:2:8: error: no such module 'UserNotifications'
 1 | import Foundation
 2 | import UserNotifications
   |        `- error: no such module 'UserNotifications'
 3 |
 4 | /// Uygulama ile Notification Service Extension arasında paylaşılan App Group çözümü.
[18/27] Compiling PushizoCore HSBadge.swift
/host/spi-builder-workspace/Sources/PushizoCore/HSBadge.swift:2:8: error: no such module 'UserNotifications'
 1 | import Foundation
 2 | import UserNotifications
   |        `- error: no such module 'UserNotifications'
 3 |
 4 | /// Uygulama ile Notification Service Extension arasında paylaşılan App Group çözümü.
[19/27] Compiling PushizoCore HSIdentityVerification.swift
/host/spi-builder-workspace/Sources/PushizoCore/HSBadge.swift:2:8: error: no such module 'UserNotifications'
 1 | import Foundation
 2 | import UserNotifications
   |        `- error: no such module 'UserNotifications'
 3 |
 4 | /// Uygulama ile Notification Service Extension arasında paylaşılan App Group çözümü.
[20/27] Compiling PushizoCore HSInAppModels.swift
/host/spi-builder-workspace/Sources/PushizoCore/HSBadge.swift:2:8: error: no such module 'UserNotifications'
 1 | import Foundation
 2 | import UserNotifications
   |        `- error: no such module 'UserNotifications'
 3 |
 4 | /// Uygulama ile Notification Service Extension arasında paylaşılan App Group çözümü.
[21/27] Compiling PushizoCore HSInAppRules.swift
/host/spi-builder-workspace/Sources/PushizoCore/HSBadge.swift:2:8: error: no such module 'UserNotifications'
 1 | import Foundation
 2 | import UserNotifications
   |        `- error: no such module 'UserNotifications'
 3 |
 4 | /// Uygulama ile Notification Service Extension arasında paylaşılan App Group çözümü.
[22/27] Compiling PushizoCore HSInbox.swift
/host/spi-builder-workspace/Sources/PushizoCore/HSBadge.swift:2:8: error: no such module 'UserNotifications'
 1 | import Foundation
 2 | import UserNotifications
   |        `- error: no such module 'UserNotifications'
 3 |
 4 | /// Uygulama ile Notification Service Extension arasında paylaşılan App Group çözümü.
[23/27] Compiling PushizoCore HSLiveActivities.swift
/host/spi-builder-workspace/Sources/PushizoCore/HSBadge.swift:2:8: error: no such module 'UserNotifications'
 1 | import Foundation
 2 | import UserNotifications
   |        `- error: no such module 'UserNotifications'
 3 |
 4 | /// Uygulama ile Notification Service Extension arasında paylaşılan App Group çözümü.
[24/27] Compiling PushizoCore HSLocationRules.swift
/host/spi-builder-workspace/Sources/PushizoCore/HSBadge.swift:2:8: error: no such module 'UserNotifications'
 1 | import Foundation
 2 | import UserNotifications
   |        `- error: no such module 'UserNotifications'
 3 |
 4 | /// Uygulama ile Notification Service Extension arasında paylaşılan App Group çözümü.
[25/27] Compiling PushizoCore HSCellRouting.swift
/host/spi-builder-workspace/Sources/PushizoCore/HSBadge.swift:2:8: error: no such module 'UserNotifications'
 1 | import Foundation
 2 | import UserNotifications
   |        `- error: no such module 'UserNotifications'
 3 |
 4 | /// Uygulama ile Notification Service Extension arasında paylaşılan App Group çözümü.
[26/27] Compiling PushizoCore HSChat.swift
/host/spi-builder-workspace/Sources/PushizoCore/HSBadge.swift:2:8: error: no such module 'UserNotifications'
 1 | import Foundation
 2 | import UserNotifications
   |        `- error: no such module 'UserNotifications'
 3 |
 4 | /// Uygulama ile Notification Service Extension arasında paylaşılan App Group çözümü.
[27/27] Compiling PushizoCore HSConsent.swift
/host/spi-builder-workspace/Sources/PushizoCore/HSBadge.swift:2:8: error: no such module 'UserNotifications'
 1 | import Foundation
 2 | import UserNotifications
   |        `- error: no such module 'UserNotifications'
 3 |
 4 | /// Uygulama ile Notification Service Extension arasında paylaşılan App Group çözümü.
Running build ...
bash -c docker run --pull=always --rm -v "checkouts-54344844-1":/host -w "$PWD" -e JAVA_HOME="/root/.sdkman/candidates/java/current" -e SPI_BUILD="1" -e SPI_PROCESSING="1" registry.gitlab.com/saguaro1/spi-images:wasm-6.1-latest swift build --swift-sdk wasm32-unknown-wasi 2>&1
wasm-6.1-latest: Pulling from saguaro1/spi-images
Digest: sha256:8209621f35c5a12749e7df75bbcb99eccb508d0196da99f6ac3bcf5f4827df31
Status: Image is up to date for registry.gitlab.com/saguaro1/spi-images:wasm-6.1-latest
[0/1] Planning build
Building for debugging...
[0/1] Write swift-version-24593BA9C3E375BF.txt
error: emit-module command failed with exit code 1 (use -v to see invocation)
[2/22] Emitting module PushizoCore
/host/spi-builder-workspace/Sources/PushizoCore/HSBadge.swift:2:8: error: no such module 'UserNotifications'
 1 | import Foundation
 2 | import UserNotifications
   |        `- error: no such module 'UserNotifications'
 3 |
 4 | /// Uygulama ile Notification Service Extension arasında paylaşılan App Group çözümü.
[3/24] Compiling PushizoCore HSInbox.swift
/host/spi-builder-workspace/Sources/PushizoCore/HSBadge.swift:2:8: error: no such module 'UserNotifications'
 1 | import Foundation
 2 | import UserNotifications
   |        `- error: no such module 'UserNotifications'
 3 |
 4 | /// Uygulama ile Notification Service Extension arasında paylaşılan App Group çözümü.
[4/24] Compiling PushizoCore HSLiveActivities.swift
/host/spi-builder-workspace/Sources/PushizoCore/HSBadge.swift:2:8: error: no such module 'UserNotifications'
 1 | import Foundation
 2 | import UserNotifications
   |        `- error: no such module 'UserNotifications'
 3 |
 4 | /// Uygulama ile Notification Service Extension arasında paylaşılan App Group çözümü.
[5/24] Compiling PushizoCore HSLocationRules.swift
/host/spi-builder-workspace/Sources/PushizoCore/HSBadge.swift:2:8: error: no such module 'UserNotifications'
 1 | import Foundation
 2 | import UserNotifications
   |        `- error: no such module 'UserNotifications'
 3 |
 4 | /// Uygulama ile Notification Service Extension arasında paylaşılan App Group çözümü.
[6/24] Compiling PushizoCore HSObservers.swift
/host/spi-builder-workspace/Sources/PushizoCore/HSBadge.swift:2:8: error: no such module 'UserNotifications'
 1 | import Foundation
 2 | import UserNotifications
   |        `- error: no such module 'UserNotifications'
 3 |
 4 | /// Uygulama ile Notification Service Extension arasında paylaşılan App Group çözümü.
[7/24] Compiling PushizoCore HSPayload.swift
/host/spi-builder-workspace/Sources/PushizoCore/HSBadge.swift:2:8: error: no such module 'UserNotifications'
 1 | import Foundation
 2 | import UserNotifications
   |        `- error: no such module 'UserNotifications'
 3 |
 4 | /// Uygulama ile Notification Service Extension arasında paylaşılan App Group çözümü.
[8/24] Compiling PushizoCore HSPreferences.swift
/host/spi-builder-workspace/Sources/PushizoCore/HSBadge.swift:2:8: error: no such module 'UserNotifications'
 1 | import Foundation
 2 | import UserNotifications
   |        `- error: no such module 'UserNotifications'
 3 |
 4 | /// Uygulama ile Notification Service Extension arasında paylaşılan App Group çözümü.
[9/24] Compiling PushizoCore HSQueue.swift
/host/spi-builder-workspace/Sources/PushizoCore/HSBadge.swift:2:8: error: no such module 'UserNotifications'
 1 | import Foundation
 2 | import UserNotifications
   |        `- error: no such module 'UserNotifications'
 3 |
 4 | /// Uygulama ile Notification Service Extension arasında paylaşılan App Group çözümü.
[10/24] Compiling PushizoCore HSSession.swift
/host/spi-builder-workspace/Sources/PushizoCore/HSBadge.swift:2:8: error: no such module 'UserNotifications'
 1 | import Foundation
 2 | import UserNotifications
   |        `- error: no such module 'UserNotifications'
 3 |
 4 | /// Uygulama ile Notification Service Extension arasında paylaşılan App Group çözümü.
[11/24] Compiling PushizoCore HSIdentityVerification.swift
/host/spi-builder-workspace/Sources/PushizoCore/HSBadge.swift:2:8: error: no such module 'UserNotifications'
 1 | import Foundation
 2 | import UserNotifications
   |        `- error: no such module 'UserNotifications'
 3 |
 4 | /// Uygulama ile Notification Service Extension arasında paylaşılan App Group çözümü.
[12/24] Compiling PushizoCore HSInAppModels.swift
/host/spi-builder-workspace/Sources/PushizoCore/HSBadge.swift:2:8: error: no such module 'UserNotifications'
 1 | import Foundation
 2 | import UserNotifications
   |        `- error: no such module 'UserNotifications'
 3 |
 4 | /// Uygulama ile Notification Service Extension arasında paylaşılan App Group çözümü.
[13/24] Compiling PushizoCore HSInAppRules.swift
/host/spi-builder-workspace/Sources/PushizoCore/HSBadge.swift:2:8: error: no such module 'UserNotifications'
 1 | import Foundation
 2 | import UserNotifications
   |        `- error: no such module 'UserNotifications'
 3 |
 4 | /// Uygulama ile Notification Service Extension arasında paylaşılan App Group çözümü.
[14/24] Compiling PushizoCore HSContacts.swift
/host/spi-builder-workspace/Sources/PushizoCore/HSBadge.swift:2:8: error: no such module 'UserNotifications'
 1 | import Foundation
 2 | import UserNotifications
   |        `- error: no such module 'UserNotifications'
 3 |
 4 | /// Uygulama ile Notification Service Extension arasında paylaşılan App Group çözümü.
[15/24] Compiling PushizoCore HSErrorReporter.swift
/host/spi-builder-workspace/Sources/PushizoCore/HSBadge.swift:2:8: error: no such module 'UserNotifications'
 1 | import Foundation
 2 | import UserNotifications
   |        `- error: no such module 'UserNotifications'
 3 |
 4 | /// Uygulama ile Notification Service Extension arasında paylaşılan App Group çözümü.
[16/24] Compiling PushizoCore HSHtmlBridge.swift
/host/spi-builder-workspace/Sources/PushizoCore/HSBadge.swift:2:8: error: no such module 'UserNotifications'
 1 | import Foundation
 2 | import UserNotifications
   |        `- error: no such module 'UserNotifications'
 3 |
 4 | /// Uygulama ile Notification Service Extension arasında paylaşılan App Group çözümü.
[17/24] Compiling PushizoCore HSStorage.swift
/host/spi-builder-workspace/Sources/PushizoCore/HSBadge.swift:2:8: error: no such module 'UserNotifications'
 1 | import Foundation
 2 | import UserNotifications
   |        `- error: no such module 'UserNotifications'
 3 |
 4 | /// Uygulama ile Notification Service Extension arasında paylaşılan App Group çözümü.
[18/24] Compiling PushizoCore HSTokenSync.swift
/host/spi-builder-workspace/Sources/PushizoCore/HSBadge.swift:2:8: error: no such module 'UserNotifications'
 1 | import Foundation
 2 | import UserNotifications
   |        `- error: no such module 'UserNotifications'
 3 |
 4 | /// Uygulama ile Notification Service Extension arasında paylaşılan App Group çözümü.
[19/24] Compiling PushizoCore HSCellRouting.swift
/host/spi-builder-workspace/Sources/PushizoCore/HSBadge.swift:2:8: error: no such module 'UserNotifications'
 1 | import Foundation
 2 | import UserNotifications
   |        `- error: no such module 'UserNotifications'
 3 |
 4 | /// Uygulama ile Notification Service Extension arasında paylaşılan App Group çözümü.
[20/24] Compiling PushizoCore HSChat.swift
/host/spi-builder-workspace/Sources/PushizoCore/HSBadge.swift:2:8: error: no such module 'UserNotifications'
 1 | import Foundation
 2 | import UserNotifications
   |        `- error: no such module 'UserNotifications'
 3 |
 4 | /// Uygulama ile Notification Service Extension arasında paylaşılan App Group çözümü.
[21/24] Compiling PushizoCore HSConsent.swift
/host/spi-builder-workspace/Sources/PushizoCore/HSBadge.swift:2:8: error: no such module 'UserNotifications'
 1 | import Foundation
 2 | import UserNotifications
   |        `- error: no such module 'UserNotifications'
 3 |
 4 | /// Uygulama ile Notification Service Extension arasında paylaşılan App Group çözümü.
[22/24] Compiling PushizoCore HSAdsRules.swift
/host/spi-builder-workspace/Sources/PushizoCore/HSBadge.swift:2:8: error: no such module 'UserNotifications'
 1 | import Foundation
 2 | import UserNotifications
   |        `- error: no such module 'UserNotifications'
 3 |
 4 | /// Uygulama ile Notification Service Extension arasında paylaşılan App Group çözümü.
[23/24] Compiling PushizoCore HSApi.swift
/host/spi-builder-workspace/Sources/PushizoCore/HSBadge.swift:2:8: error: no such module 'UserNotifications'
 1 | import Foundation
 2 | import UserNotifications
   |        `- error: no such module 'UserNotifications'
 3 |
 4 | /// Uygulama ile Notification Service Extension arasında paylaşılan App Group çözümü.
[24/24] Compiling PushizoCore HSBadge.swift
/host/spi-builder-workspace/Sources/PushizoCore/HSBadge.swift:2:8: error: no such module 'UserNotifications'
 1 | import Foundation
 2 | import UserNotifications
   |        `- error: no such module 'UserNotifications'
 3 |
 4 | /// Uygulama ile Notification Service Extension arasında paylaşılan App Group çözümü.
BUILD FAILURE 6.1 wasm