The Swift Package Index logo.Swift Package Index

Build Information

Failed to build SemanticImage, reference main (0e1664), with Swift 6.1 for macOS (SPM) on 26 Jun 2026 20:22:33 UTC.

Build Command

env DEVELOPER_DIR=/Applications/Xcode-16.3.0.app xcrun swift build --arch arm64

Build Log

========================================
RunAll
========================================
Builder version: undefined version: run 'make version' to update
Interrupt handler set up.
========================================
Checkout
========================================
Clone URL: https://github.com/john-rocky/SemanticImage.git
Reference: main
Initialized empty Git repository in /Users/admin/builder/spi-builder-workspace/.git/
From https://github.com/john-rocky/SemanticImage
 * branch            main       -> FETCH_HEAD
 * [new branch]      main       -> origin/main
HEAD is now at 0e16648 Update README.md
Cloned https://github.com/john-rocky/SemanticImage.git
Revision (git rev-parse @):
0e166484c849ffb8567c6eef00f6011c6b78cac8
SUCCESS checkout https://github.com/john-rocky/SemanticImage.git at main
========================================
Build
========================================
Selected platform:         macosSpm
Swift version:             6.1
Building package at path:  $PWD
https://github.com/john-rocky/SemanticImage.git
https://github.com/john-rocky/SemanticImage.git
{
  "dependencies" : [
  ],
  "manifest_display_name" : "SemanticImage",
  "name" : "SemanticImage",
  "path" : "/Users/admin/builder/spi-builder-workspace",
  "platforms" : [
    {
      "name" : "ios",
      "version" : "14.0"
    }
  ],
  "products" : [
    {
      "name" : "SemanticImage",
      "targets" : [
        "SemanticImage"
      ],
      "type" : {
        "library" : [
          "automatic"
        ]
      }
    }
  ],
  "targets" : [
    {
      "c99name" : "SemanticImageTests",
      "module_type" : "SwiftTarget",
      "name" : "SemanticImageTests",
      "path" : "Tests/SemanticImageTests",
      "sources" : [
        "SemanticImageTests.swift"
      ],
      "target_dependencies" : [
        "SemanticImage"
      ],
      "type" : "test"
    },
    {
      "c99name" : "SemanticImage",
      "module_type" : "SwiftTarget",
      "name" : "SemanticImage",
      "path" : "Sources/SemanticImage",
      "product_memberships" : [
        "SemanticImage"
      ],
      "resources" : [
        {
          "path" : "/Users/admin/builder/spi-builder-workspace/Sources/SemanticImage/segmentation.mlmodelc",
          "rule" : {
            "process" : {
            }
          }
        }
      ],
      "sources" : [
        "SemanticImage.swift",
        "segmentation.swift"
      ],
      "type" : "library"
    }
  ],
  "tools_version" : "5.5"
}
Running build ...
env DEVELOPER_DIR=/Applications/Xcode-16.3.0.app xcrun swift build --arch arm64 -Xswiftc -Xfrontend -Xswiftc -stats-output-dir -Xswiftc -Xfrontend -Xswiftc .stats -Xswiftc -strict-concurrency=complete -Xswiftc -enable-upcoming-feature -Xswiftc StrictConcurrency -Xswiftc -enable-upcoming-feature -Xswiftc DisableOutwardActorInference -Xswiftc -enable-upcoming-feature -Xswiftc GlobalActorIsolatedTypesUsability -Xswiftc -enable-upcoming-feature -Xswiftc InferSendableFromCaptures
Building for debugging...
[0/3] Write sources
[1/3] Copying segmentation.mlmodelc
[2/3] Write swift-version-2F0A5646E1D333AE.txt
[4/7] Compiling SemanticImage resource_bundle_accessor.swift
/Users/admin/builder/spi-builder-workspace/Sources/SemanticImage/SemanticImage.swift:3:8: error: no such module 'UIKit'
  1 | import Foundation
  2 | import Vision
  3 | import UIKit
    |        `- error: no such module 'UIKit'
  4 | import AVKit
  5 |
error: emit-module command failed with exit code 1 (use -v to see invocation)
[5/7] Emitting module SemanticImage
/Users/admin/builder/spi-builder-workspace/Sources/SemanticImage/SemanticImage.swift:3:8: error: no such module 'UIKit'
  1 | import Foundation
  2 | import Vision
  3 | import UIKit
    |        `- error: no such module 'UIKit'
  4 | import AVKit
  5 |
[6/7] Compiling SemanticImage segmentation.swift
/Users/admin/builder/spi-builder-workspace/Sources/SemanticImage/SemanticImage.swift:3:8: error: no such module 'UIKit'
  1 | import Foundation
  2 | import Vision
  3 | import UIKit
    |        `- error: no such module 'UIKit'
  4 | import AVKit
  5 |
[7/7] Compiling SemanticImage SemanticImage.swift
/Users/admin/builder/spi-builder-workspace/Sources/SemanticImage/SemanticImage.swift:3:8: error: no such module 'UIKit'
  1 | import Foundation
  2 | import Vision
  3 | import UIKit
    |        `- error: no such module 'UIKit'
  4 | import AVKit
  5 |
Running build ...
env DEVELOPER_DIR=/Applications/Xcode-16.3.0.app xcrun swift build --arch arm64
[0/1] Planning build
Building for debugging...
[0/1] Write swift-version-2F0A5646E1D333AE.txt
error: emit-module command failed with exit code 1 (use -v to see invocation)
[2/5] Emitting module SemanticImage
/Users/admin/builder/spi-builder-workspace/Sources/SemanticImage/SemanticImage.swift:3:8: error: no such module 'UIKit'
  1 | import Foundation
  2 | import Vision
  3 | import UIKit
    |        `- error: no such module 'UIKit'
  4 | import AVKit
  5 |
[3/5] Compiling SemanticImage segmentation.swift
/Users/admin/builder/spi-builder-workspace/Sources/SemanticImage/SemanticImage.swift:3:8: error: no such module 'UIKit'
  1 | import Foundation
  2 | import Vision
  3 | import UIKit
    |        `- error: no such module 'UIKit'
  4 | import AVKit
  5 |
[4/5] Compiling SemanticImage SemanticImage.swift
/Users/admin/builder/spi-builder-workspace/Sources/SemanticImage/SemanticImage.swift:3:8: error: no such module 'UIKit'
  1 | import Foundation
  2 | import Vision
  3 | import UIKit
    |        `- error: no such module 'UIKit'
  4 | import AVKit
  5 |
[5/5] Compiling SemanticImage resource_bundle_accessor.swift
/Users/admin/builder/spi-builder-workspace/Sources/SemanticImage/SemanticImage.swift:3:8: error: no such module 'UIKit'
  1 | import Foundation
  2 | import Vision
  3 | import UIKit
    |        `- error: no such module 'UIKit'
  4 | import AVKit
  5 |
BUILD FAILURE 6.1 macosSpm