Build Information
Failed to build TelegramLoginWidget, reference 1.1.1 (f78eb1), with Swift 6.4 for visionOS using Xcode 27.0 on 24 Sep 2026 14:44:58 UTC.
Build Command
env DEVELOPER_DIR=/Applications/Xcode-27.0.0-Release.Candidate.app xcrun xcodebuild -IDEClonedSourcePackagesDirPathOverride=$PWD/.dependencies -skipMacroValidation -skipPackagePluginValidation -derivedDataPath $PWD/.derivedData build -scheme TelegramLoginWidget-Package -destination generic/platform=xrOSBuild Log
========================================
RunAll
========================================
Builder version: 5.1.0
Interrupt handler set up.
========================================
Checkout
========================================
Clone URL: https://github.com/anaserkinov/telegram-login-widget-swift.git
Reference: 1.1.1
Initialized empty Git repository in /Users/admin/builder/spi-builder-workspace/.git/
From https://github.com/anaserkinov/telegram-login-widget-swift
* tag 1.1.1 -> FETCH_HEAD
HEAD is now at f78eb14 fix: correct idToken variable usage in TelegramWebViewCoordinator
Cloned https://github.com/anaserkinov/telegram-login-widget-swift.git
Revision (git rev-parse @):
f78eb148284e69df854189bf439cbc24af0db1ae
SUCCESS checkout https://github.com/anaserkinov/telegram-login-widget-swift.git at 1.1.1
========================================
Build
========================================
Selected platform: visionOS
Swift version: 6.4
Building package at path: $PWD
https://github.com/anaserkinov/telegram-login-widget-swift.git
Command line invocation:
/Applications/Xcode-27.0.0-Release.Candidate.app/Contents/Developer/usr/bin/xcodebuild -IDEClonedSourcePackagesDirPathOverride=/Users/admin/builder/spi-builder-workspace/.dependencies -resolvePackageDependencies
Resolve Package Graph
Resolve Package Graph
Resolved source packages:
TelegramLoginWidget: /Users/admin/builder/spi-builder-workspace
resolved source packages: TelegramLoginWidget
2026-09-24 10:44:18.184 xcodebuild[529:3036] [MT] IDERunDestination: Supported platforms for the buildables in the current scheme is empty.
{
"dependencies" : [
],
"manifest_display_name" : "TelegramLoginWidget",
"name" : "TelegramLoginWidget",
"path" : "/Users/admin/builder/spi-builder-workspace",
"platforms" : [
{
"name" : "ios",
"version" : "17.0"
}
],
"products" : [
{
"name" : "TelegramLoginWidget",
"targets" : [
"TelegramLoginWidget"
],
"type" : {
"library" : [
"automatic"
]
}
},
{
"name" : "TelegramLogin",
"targets" : [
"TelegramLogin"
],
"type" : {
"library" : [
"automatic"
]
}
}
],
"targets" : [
{
"c99name" : "TelegramLoginWidget",
"module_type" : "SwiftTarget",
"name" : "TelegramLoginWidget",
"path" : "Sources/TelegramLoginWidget",
"product_memberships" : [
"TelegramLoginWidget"
],
"sources" : [
"TelegramIcon.swift",
"TelegramLoginBottomSheet.swift",
"TelegramLoginButton.swift",
"TelegramLoginState.swift",
"TelegramLoginView.swift"
],
"target_dependencies" : [
"TelegramLoginData"
],
"type" : "library"
},
{
"c99name" : "TelegramLoginData",
"module_type" : "BinaryTarget",
"name" : "TelegramLoginData",
"path" : "remote/archive/TelegramLoginData.xcframework.zip",
"product_memberships" : [
"TelegramLoginWidget"
],
"sources" : [
],
"type" : "binary"
},
{
"c99name" : "TelegramLogin",
"module_type" : "SwiftTarget",
"name" : "TelegramLogin",
"path" : "Sources/TelegramLogin",
"product_memberships" : [
"TelegramLogin"
],
"sources" : [
"TelegramIcon.swift",
"TelegramLoginButton.swift",
"TelegramLoginConfig.swift",
"TelegramLoginDialog.swift",
"TelegramLoginResult.swift",
"TelegramLoginView.swift"
],
"type" : "library"
}
],
"tools_version" : "6.2"
}
{
"workspace" : {
"name" : "TelegramLoginWidget",
"schemes" : [
"TelegramLogin",
"TelegramLoginWidget",
"TelegramLoginWidget-Package"
]
}
}
2026-09-24 10:44:50.572 xcodebuild[638:3859] [MT] IDERunDestination: Supported platforms for the buildables in the current scheme is empty.
{
"workspace" : {
"name" : "TelegramLoginWidget",
"schemes" : [
"TelegramLogin",
"TelegramLoginWidget",
"TelegramLoginWidget-Package"
]
}
}
2026-09-24 10:44:51.582 xcodebuild[640:3911] [MT] IDERunDestination: Supported platforms for the buildables in the current scheme is empty.
Running build ...
env DEVELOPER_DIR=/Applications/Xcode-27.0.0-Release.Candidate.app xcrun xcodebuild -IDEClonedSourcePackagesDirPathOverride=$PWD/.dependencies -skipMacroValidation -skipPackagePluginValidation -derivedDataPath $PWD/.derivedData build -scheme TelegramLoginWidget-Package -destination generic/platform=xrOS
Command line invocation:
/Applications/Xcode-27.0.0-Release.Candidate.app/Contents/Developer/usr/bin/xcodebuild -IDEClonedSourcePackagesDirPathOverride=/Users/admin/builder/spi-builder-workspace/.dependencies -skipMacroValidation -skipPackagePluginValidation -derivedDataPath /Users/admin/builder/spi-builder-workspace/.derivedData build -scheme TelegramLoginWidget-Package -destination generic/platform=xrOS
Resolve Package Graph
Resolved source packages:
TelegramLoginWidget: /Users/admin/builder/spi-builder-workspace
ComputePackagePrebuildTargetDependencyGraph
Prepare packages
CreateBuildRequest
SendProjectDescription
CreateBuildOperation
ComputeTargetDependencyGraph
note: Building targets in dependency order
note: Target dependency graph (4 targets)
Target 'TelegramLogin-product' in project 'TelegramLoginWidget'
➜ Explicit dependency on target 'TelegramLogin' in project 'TelegramLoginWidget'
Target 'TelegramLogin' in project 'TelegramLoginWidget' (no dependencies)
Target 'TelegramLoginWidget-product' in project 'TelegramLoginWidget'
➜ Explicit dependency on target 'TelegramLoginWidget' in project 'TelegramLoginWidget'
Target 'TelegramLoginWidget' in project 'TelegramLoginWidget' (no dependencies)
GatherProvisioningInputs
CreateBuildDescription
ExecuteExternalTool /Applications/Xcode-27.0.0-Release.Candidate.app/Contents/Developer/Toolchains/XcodeDefault.xctoolchain/usr/bin/clang -v -E -dM -isysroot /Applications/Xcode-27.0.0-Release.Candidate.app/Contents/Developer/Platforms/XROS.platform/Developer/SDKs/XROS27.0.sdk -x c -c /dev/null
ExecuteExternalTool /Applications/Xcode-27.0.0-Release.Candidate.app/Contents/Developer/Toolchains/XcodeDefault.xctoolchain/usr/bin/swiftc --version
ExecuteExternalTool /Applications/Xcode-27.0.0-Release.Candidate.app/Contents/Developer/Toolchains/XcodeDefault.xctoolchain/usr/bin/ld -version_details
Build description signature: a775d29ab5c4b5407cb404fffd57b2ed
Build description path: /Users/admin/builder/spi-builder-workspace/.derivedData/Build/Intermediates.noindex/XCBuildData/a775d29ab5c4b5407cb404fffd57b2ed.xcbuilddata
/Users/admin/builder/spi-builder-workspace/.dependencies/artifacts/spi-builder-workspace/TelegramLoginData/TelegramLoginData.xcframework:1:1: error: While building for visionOS, no library for this platform was found in '/Users/admin/builder/spi-builder-workspace/.dependencies/artifacts/spi-builder-workspace/TelegramLoginData/TelegramLoginData.xcframework'. (in target 'TelegramLoginWidget' from project 'TelegramLoginWidget')
/Users/admin/builder/spi-builder-workspace/.dependencies/artifacts/spi-builder-workspace/TelegramLoginData/TelegramLoginData.xcframework:1:1: error: While building for visionOS, no library for this platform was found in '/Users/admin/builder/spi-builder-workspace/.dependencies/artifacts/spi-builder-workspace/TelegramLoginData/TelegramLoginData.xcframework'. (in target 'TelegramLoginWidget-product' from project 'TelegramLoginWidget')
2026-09-24 10:44:53.141 xcodebuild[641:3936] [MT] IDERunDestination: Supported platforms for the buildables in the current scheme is empty.
** BUILD FAILED **
The following build commands failed:
Building workspace TelegramLoginWidget with scheme TelegramLoginWidget-Package
(1 failure)
Command line invocation:
/Applications/Xcode-27.0.0-Release.Candidate.app/Contents/Developer/usr/bin/xcodebuild -IDEClonedSourcePackagesDirPathOverride=/Users/admin/builder/spi-builder-workspace/.dependencies -resolvePackageDependencies
Resolve Package Graph
Resolved source packages:
TelegramLoginWidget: /Users/admin/builder/spi-builder-workspace
resolved source packages: TelegramLoginWidget
2026-09-24 10:44:55.025 xcodebuild[656:4070] [MT] IDERunDestination: Supported platforms for the buildables in the current scheme is empty.
{
"dependencies" : [
],
"manifest_display_name" : "TelegramLoginWidget",
"name" : "TelegramLoginWidget",
"path" : "/Users/admin/builder/spi-builder-workspace",
"platforms" : [
{
"name" : "ios",
"version" : "17.0"
}
],
"products" : [
{
"name" : "TelegramLoginWidget",
"targets" : [
"TelegramLoginWidget"
],
"type" : {
"library" : [
"automatic"
]
}
},
{
"name" : "TelegramLogin",
"targets" : [
"TelegramLogin"
],
"type" : {
"library" : [
"automatic"
]
}
}
],
"targets" : [
{
"c99name" : "TelegramLoginWidget",
"module_type" : "SwiftTarget",
"name" : "TelegramLoginWidget",
"path" : "Sources/TelegramLoginWidget",
"product_memberships" : [
"TelegramLoginWidget"
],
"sources" : [
"TelegramIcon.swift",
"TelegramLoginBottomSheet.swift",
"TelegramLoginButton.swift",
"TelegramLoginState.swift",
"TelegramLoginView.swift"
],
"target_dependencies" : [
"TelegramLoginData"
],
"type" : "library"
},
{
"c99name" : "TelegramLoginData",
"module_type" : "BinaryTarget",
"name" : "TelegramLoginData",
"path" : "remote/archive/TelegramLoginData.xcframework.zip",
"product_memberships" : [
"TelegramLoginWidget"
],
"sources" : [
],
"type" : "binary"
},
{
"c99name" : "TelegramLogin",
"module_type" : "SwiftTarget",
"name" : "TelegramLogin",
"path" : "Sources/TelegramLogin",
"product_memberships" : [
"TelegramLogin"
],
"sources" : [
"TelegramIcon.swift",
"TelegramLoginButton.swift",
"TelegramLoginConfig.swift",
"TelegramLoginDialog.swift",
"TelegramLoginResult.swift",
"TelegramLoginView.swift"
],
"type" : "library"
}
],
"tools_version" : "6.2"
}
{
"workspace" : {
"name" : "TelegramLoginWidget",
"schemes" : [
"TelegramLogin",
"TelegramLoginWidget",
"TelegramLoginWidget-Package"
]
}
}
2026-09-24 10:44:56.262 xcodebuild[689:4315] [MT] IDERunDestination: Supported platforms for the buildables in the current scheme is empty.
{
"workspace" : {
"name" : "TelegramLoginWidget",
"schemes" : [
"TelegramLogin",
"TelegramLoginWidget",
"TelegramLoginWidget-Package"
]
}
}
2026-09-24 10:44:57.265 xcodebuild[691:4349] [MT] IDERunDestination: Supported platforms for the buildables in the current scheme is empty.
Running build ...
env DEVELOPER_DIR=/Applications/Xcode-27.0.0-Release.Candidate.app xcrun xcodebuild -IDEClonedSourcePackagesDirPathOverride=$PWD/.dependencies -skipMacroValidation -skipPackagePluginValidation -derivedDataPath $PWD/.derivedData build -scheme TelegramLoginWidget-Package -destination generic/platform=xrOS
Command line invocation:
/Applications/Xcode-27.0.0-Release.Candidate.app/Contents/Developer/usr/bin/xcodebuild -IDEClonedSourcePackagesDirPathOverride=/Users/admin/builder/spi-builder-workspace/.dependencies -skipMacroValidation -skipPackagePluginValidation -derivedDataPath /Users/admin/builder/spi-builder-workspace/.derivedData build -scheme TelegramLoginWidget-Package -destination generic/platform=xrOS
Resolve Package Graph
Resolved source packages:
TelegramLoginWidget: /Users/admin/builder/spi-builder-workspace
ComputePackagePrebuildTargetDependencyGraph
Prepare packages
CreateBuildRequest
SendProjectDescription
CreateBuildOperation
ComputeTargetDependencyGraph
note: Building targets in dependency order
note: Target dependency graph (4 targets)
Target 'TelegramLogin-product' in project 'TelegramLoginWidget'
➜ Explicit dependency on target 'TelegramLogin' in project 'TelegramLoginWidget'
Target 'TelegramLogin' in project 'TelegramLoginWidget' (no dependencies)
Target 'TelegramLoginWidget-product' in project 'TelegramLoginWidget'
➜ Explicit dependency on target 'TelegramLoginWidget' in project 'TelegramLoginWidget'
Target 'TelegramLoginWidget' in project 'TelegramLoginWidget' (no dependencies)
GatherProvisioningInputs
CreateBuildDescription
/Users/admin/builder/spi-builder-workspace/.dependencies/artifacts/spi-builder-workspace/TelegramLoginData/TelegramLoginData.xcframework:1:1: error: While building for visionOS, no library for this platform was found in '/Users/admin/builder/spi-builder-workspace/.dependencies/artifacts/spi-builder-workspace/TelegramLoginData/TelegramLoginData.xcframework'. (in target 'TelegramLoginWidget' from project 'TelegramLoginWidget')
/Users/admin/builder/spi-builder-workspace/.dependencies/artifacts/spi-builder-workspace/TelegramLoginData/TelegramLoginData.xcframework:1:1: error: While building for visionOS, no library for this platform was found in '/Users/admin/builder/spi-builder-workspace/.dependencies/artifacts/spi-builder-workspace/TelegramLoginData/TelegramLoginData.xcframework'. (in target 'TelegramLoginWidget-product' from project 'TelegramLoginWidget')
2026-09-24 10:44:58.241 xcodebuild[692:4373] [MT] IDERunDestination: Supported platforms for the buildables in the current scheme is empty.
** BUILD FAILED **
The following build commands failed:
Building workspace TelegramLoginWidget with scheme TelegramLoginWidget-Package
(1 failure)
BUILD FAILURE 6.4 visionOS