Build Information
Failed to build DoublePinch, reference 1.0.0 (6ae665), with Swift 6.3 for macOS (SPM) on 11 Jul 2026 04:01:17 UTC.
Build Command
env DEVELOPER_DIR=/Applications/Xcode-26.4.0.app xcrun swift build --arch arm64Build Log
========================================
RunAll
========================================
Builder version: undefined version: run 'make version' to update
Interrupt handler set up.
========================================
Checkout
========================================
Clone URL: https://github.com/superturboryan/DoublePinch.git
Reference: 1.0.0
Initialized empty Git repository in /Users/admin/builder/spi-builder-workspace/.git/
From https://github.com/superturboryan/DoublePinch
* tag 1.0.0 -> FETCH_HEAD
HEAD is now at 6ae6654 Add package build workflow
Cloned https://github.com/superturboryan/DoublePinch.git
Revision (git rev-parse @):
6ae665480e0e7e8367894b61d0f573c77d894e12
SUCCESS checkout https://github.com/superturboryan/DoublePinch.git at 1.0.0
========================================
ResolveProductDependencies
========================================
Resolving dependencies ...
Fetching https://github.com/superturboryan/DoublePinch.git
[1/120] Fetching doublepinch
Fetched https://github.com/superturboryan/DoublePinch.git from cache (0.76s)
error: package 'doublepinch' is required using a revision-based requirement and it depends on local package 'tappablebutton', which is not supported
========================================
Build
========================================
Selected platform: macosSpm
Swift version: 6.3
Building package at path: $PWD
https://github.com/superturboryan/DoublePinch.git
Running build ...
env DEVELOPER_DIR=/Applications/Xcode-26.4.0.app xcrun swift build --arch arm64
Building for debugging...
[0/3] Write sources
[2/3] Write swift-version--6988338F2F200930.txt
error: emit-module command failed with exit code 1 (use -v to see invocation)
[4/5] Emitting module TappableButton
/Users/admin/builder/spi-builder-workspace/TappableButton/Sources/TappableButton/TappableButton.swift:3:11: error: 'Button' is only available in macOS 10.15 or newer
1 | import SwiftUI
2 |
3 | extension Button {
| | `- error: 'Button' is only available in macOS 10.15 or newer
| `- note: add '@available' attribute to enclosing extension
4 |
5 | public func _performAction() -> Bool {
[5/5] Compiling TappableButton TappableButton.swift
/Users/admin/builder/spi-builder-workspace/TappableButton/Sources/TappableButton/TappableButton.swift:3:11: error: 'Button' is only available in macOS 10.15 or newer
1 | import SwiftUI
2 |
3 | extension Button {
| | `- error: 'Button' is only available in macOS 10.15 or newer
| `- note: add '@available' attribute to enclosing extension
4 |
5 | public func _performAction() -> Bool {
/Users/admin/builder/spi-builder-workspace/TappableButton/Sources/TappableButton/TappableButton.swift:7:13: error: 'MainActor' is only available in macOS 10.15 or newer
1 | import SwiftUI
2 |
3 | extension Button {
| `- note: add '@available' attribute to enclosing extension
4 |
5 | public func _performAction() -> Bool {
| `- note: add '@available' attribute to enclosing instance method
6 | if #available(watchOS 11.0, *), let action = getAction((@MainActor () -> Void).self) {
7 | MainActor.assumeIsolated(action)
| |- error: 'MainActor' is only available in macOS 10.15 or newer
| `- note: add 'if #available' version check
8 | return true
9 | }
/Users/admin/builder/spi-builder-workspace/TappableButton/Sources/TappableButton/TappableButton.swift:7:23: error: 'assumeIsolated(_:file:line:)' is only available in macOS 10.15 or newer
1 | import SwiftUI
2 |
3 | extension Button {
| `- note: add '@available' attribute to enclosing extension
4 |
5 | public func _performAction() -> Bool {
| `- note: add '@available' attribute to enclosing instance method
6 | if #available(watchOS 11.0, *), let action = getAction((@MainActor () -> Void).self) {
7 | MainActor.assumeIsolated(action)
| |- error: 'assumeIsolated(_:file:line:)' is only available in macOS 10.15 or newer
| `- note: add 'if #available' version check
8 | return true
9 | }
BUILD FAILURE 6.3 macosSpm