Build Information
Failed to build swift-opa-sdk, reference main (5a7dbe), with Swift 6.2 for Android on 25 Sep 2026 11:52:33 UTC.
Build Command
bash -c docker run --pull=always --rm -v "checkouts-54344844-1":/host -w "$PWD" -e JAVA_HOME="/root/.sdkman/candidates/java/current" -e SPI_BUILD="1" -e SPI_PROCESSING="1" registry.gitlab.com/saguaro1/spi-images:android-6.2-latest swift build --swift-sdk aarch64-unknown-linux-android28 2>&1Build Log
========================================
RunAll
========================================
Builder version: 5.1.0
Interrupt handler set up.
========================================
Checkout
========================================
Clone URL: https://github.com/open-policy-agent/swift-opa-sdk.git
Reference: main
Initialized empty Git repository in /host/spi-builder-workspace/.git/
hint: Using 'master' as the name for the initial branch. This default branch name
hint: is subject to change. To configure the initial branch name to use in all
hint: of your new repositories, which will suppress this warning, call:
hint:
hint: git config --global init.defaultBranch <name>
hint:
hint: Names commonly chosen instead of 'master' are 'main', 'trunk' and
hint: 'development'. The just-created branch can be renamed via this command:
hint:
hint: git branch -m <name>
From https://github.com/open-policy-agent/swift-opa-sdk
* branch main -> FETCH_HEAD
* [new branch] main -> origin/main
HEAD is now at 5a7dbe8 Release 0.0.5 (#70)
Cloned https://github.com/open-policy-agent/swift-opa-sdk.git
Revision (git rev-parse @):
5a7dbe8e66d5541e774922b1af2aa39ad0e64158
SUCCESS checkout https://github.com/open-policy-agent/swift-opa-sdk.git at main
========================================
Build
========================================
Selected platform: android
Swift version: 6.2
Building package at path: $PWD
https://github.com/open-policy-agent/swift-opa-sdk.git
Running build ...
bash -c docker run --pull=always --rm -v "checkouts-54344844-1":/host -w "$PWD" -e JAVA_HOME="/root/.sdkman/candidates/java/current" -e SPI_BUILD="1" -e SPI_PROCESSING="1" registry.gitlab.com/saguaro1/spi-images:android-6.2-latest swift build --swift-sdk aarch64-unknown-linux-android28 2>&1
android-6.2-latest: Pulling from saguaro1/spi-images
Digest: sha256:f47b2a33897778fb58ca39c1139e193fa7f391fa362fe0d23c00db9747030994
Status: Image is up to date for registry.gitlab.com/saguaro1/spi-images:android-6.2-latest
Fetching https://github.com/tsolomko/SWCompression
Fetching https://github.com/apple/swift-nio-ssl.git
Fetching https://github.com/apple/swift-crypto.git
Fetching https://github.com/apple/swift-nio.git
Fetching https://github.com/jpsim/Yams
Fetching https://github.com/swift-server/async-http-client
[1/18549] Fetching swift-crypto
[558/36627] Fetching swift-crypto, swcompression
[9630/48488] Fetching swift-crypto, swcompression, yams
[11788/64553] Fetching swift-crypto, swcompression, yams, swift-nio-ssl
[12906/80776] Fetching swift-crypto, swcompression, yams, swift-nio-ssl, async-http-client
[43964/166876] Fetching swift-crypto, swcompression, yams, swift-nio-ssl, async-http-client, swift-nio
Fetched https://github.com/swift-server/async-http-client from cache (1.16s)
[53092/150653] Fetching swift-crypto, swcompression, yams, swift-nio-ssl, swift-nio
Fetching https://github.com/apple/swift-log
Fetched https://github.com/jpsim/Yams from cache (1.42s)
[81966/138792] Fetching swift-crypto, swcompression, swift-nio-ssl, swift-nio
Fetching https://github.com/apple/swift-certificates.git
[107797/146957] Fetching swift-crypto, swcompression, swift-nio-ssl, swift-nio, swift-log
Fetched https://github.com/apple/swift-log from cache (0.69s)
Fetching https://github.com/open-policy-agent/swift-opa
[112101/138792] Fetching swift-crypto, swcompression, swift-nio-ssl, swift-nio
[112963/146367] Fetching swift-crypto, swcompression, swift-nio-ssl, swift-nio, swift-certificates
Fetched https://github.com/apple/swift-certificates.git from cache (0.70s)
[118989/138792] Fetching swift-crypto, swcompression, swift-nio-ssl, swift-nio
[138793/148315] Fetching swift-crypto, swcompression, swift-nio-ssl, swift-nio, swift-opa
Fetched https://github.com/apple/swift-nio-ssl.git from cache (3.39s)
Fetched https://github.com/apple/swift-crypto.git from cache (3.40s)
Fetched https://github.com/tsolomko/SWCompression from cache (3.40s)
Fetched https://github.com/open-policy-agent/swift-opa from cache (1.54s)
Fetched https://github.com/apple/swift-nio.git from cache (3.42s)
Computing version for https://github.com/tsolomko/SWCompression
Computed https://github.com/tsolomko/SWCompression at 4.9.1 (3.59s)
Fetching https://github.com/tsolomko/BitByteData
[1/3281] Fetching bitbytedata
Fetched https://github.com/tsolomko/BitByteData from cache (0.52s)
Computing version for https://github.com/open-policy-agent/swift-opa
Computed https://github.com/open-policy-agent/swift-opa at 0.0.10 (0.75s)
Fetching https://github.com/apple/swift-argument-parser
[1/18941] Fetching swift-argument-parser
Fetched https://github.com/apple/swift-argument-parser from cache (0.85s)
Computing version for https://github.com/tsolomko/BitByteData
Computed https://github.com/tsolomko/BitByteData at 2.1.0 (0.98s)
Computing version for https://github.com/jpsim/Yams
Computed https://github.com/jpsim/Yams at 6.2.2 (0.14s)
Computing version for https://github.com/apple/swift-argument-parser
Computed https://github.com/apple/swift-argument-parser at 1.8.2 (0.16s)
Computing version for https://github.com/apple/swift-nio-ssl.git
Computed https://github.com/apple/swift-nio-ssl.git at 2.37.5 (0.19s)
Computing version for https://github.com/apple/swift-nio.git
Computed https://github.com/apple/swift-nio.git at 2.103.0 (0.35s)
Fetching https://github.com/apple/swift-collections.git
Fetching https://github.com/apple/swift-system.git
Fetching https://github.com/apple/swift-atomics.git
[1/1881] Fetching swift-atomics
[1882/8833] Fetching swift-atomics, swift-system
[8834/36556] Fetching swift-atomics, swift-system, swift-collections
Fetched https://github.com/apple/swift-atomics.git from cache (1.20s)
Fetched https://github.com/apple/swift-system.git from cache (1.20s)
Fetched https://github.com/apple/swift-collections.git from cache (1.21s)
Computing version for https://github.com/apple/swift-atomics.git
Computed https://github.com/apple/swift-atomics.git at 1.3.1 (1.36s)
Computing version for https://github.com/apple/swift-collections.git
Computed https://github.com/apple/swift-collections.git at 1.7.0 (0.23s)
Computing version for https://github.com/apple/swift-system.git
Computed https://github.com/apple/swift-system.git at 1.8.1 (0.18s)
Computing version for https://github.com/apple/swift-log
Computed https://github.com/apple/swift-log at 1.15.1 (0.16s)
Computing version for https://github.com/apple/swift-certificates.git
Computed https://github.com/apple/swift-certificates.git at 1.21.0 (0.21s)
Fetching https://github.com/apple/swift-asn1.git
[1/1983] Fetching swift-asn1
Fetched https://github.com/apple/swift-asn1.git from cache (0.51s)
Computing version for https://github.com/apple/swift-asn1.git
Computed https://github.com/apple/swift-asn1.git at 1.7.3 (0.70s)
Computing version for https://github.com/apple/swift-crypto.git
Computed https://github.com/apple/swift-crypto.git at 4.5.2 (0.49s)
Computing version for https://github.com/swift-server/async-http-client
Computed https://github.com/swift-server/async-http-client at 1.36.1 (0.21s)
Fetching https://github.com/apple/swift-configuration.git
Fetching https://github.com/apple/swift-service-context.git
Fetching https://github.com/apple/swift-nio-transport-services.git
Fetching https://github.com/apple/swift-nio-http2.git
Fetching https://github.com/apple/swift-nio-extras.git
Fetching https://github.com/apple/swift-distributed-tracing.git
[1/2863] Fetching swift-nio-transport-services
[2/6642] Fetching swift-nio-transport-services, swift-configuration
[5359/8025] Fetching swift-nio-transport-services, swift-configuration, swift-service-context
[8026/14384] Fetching swift-nio-transport-services, swift-configuration, swift-service-context, swift-distributed-tracing
[8027/21074] Fetching swift-nio-transport-services, swift-configuration, swift-service-context, swift-distributed-tracing, swift-nio-extras
Fetched https://github.com/apple/swift-service-context.git from cache (0.65s)
Fetched https://github.com/apple/swift-nio-transport-services.git from cache (0.65s)
Fetched https://github.com/apple/swift-nio-extras.git from cache (0.65s)
Fetching https://github.com/apple/swift-algorithms.git
Fetched https://github.com/apple/swift-distributed-tracing.git from cache (0.65s)
[1/12252] Fetching swift-nio-http2
[12253/18397] Fetching swift-nio-http2, swift-algorithms
Fetched https://github.com/apple/swift-algorithms.git from cache (0.58s)
Fetched https://github.com/apple/swift-configuration.git from cache (1.31s)
Fetched https://github.com/apple/swift-nio-http2.git from cache (1.32s)
Computing version for https://github.com/apple/swift-service-context.git
Computed https://github.com/apple/swift-service-context.git at 1.3.0 (1.46s)
Computing version for https://github.com/apple/swift-algorithms.git
Computed https://github.com/apple/swift-algorithms.git at 1.2.1 (0.86s)
Fetching https://github.com/apple/swift-numerics.git
[1/6640] Fetching swift-numerics
Fetched https://github.com/apple/swift-numerics.git from cache (0.65s)
Computing version for https://github.com/apple/swift-distributed-tracing.git
Computed https://github.com/apple/swift-distributed-tracing.git at 1.5.0 (0.80s)
Computing version for https://github.com/apple/swift-configuration.git
Computed https://github.com/apple/swift-configuration.git at 1.2.1 (0.20s)
Fetching https://github.com/swift-server/swift-service-lifecycle
[1/2843] Fetching swift-service-lifecycle
Fetched https://github.com/swift-server/swift-service-lifecycle from cache (0.53s)
Computing version for https://github.com/apple/swift-numerics.git
Computed https://github.com/apple/swift-numerics.git at 1.1.1 (0.68s)
Computing version for https://github.com/apple/swift-nio-transport-services.git
Computed https://github.com/apple/swift-nio-transport-services.git at 1.28.0 (0.16s)
Computing version for https://github.com/swift-server/swift-service-lifecycle
Computed https://github.com/swift-server/swift-service-lifecycle at 2.12.0 (0.15s)
Fetching https://github.com/apple/swift-async-algorithms.git
[1/6732] Fetching swift-async-algorithms
Fetched https://github.com/apple/swift-async-algorithms.git from cache (0.61s)
Computing version for https://github.com/apple/swift-async-algorithms.git
Computed https://github.com/apple/swift-async-algorithms.git at 1.1.6 (0.83s)
Computing version for https://github.com/apple/swift-nio-http2.git
Computed https://github.com/apple/swift-nio-http2.git at 1.46.0 (0.17s)
Computing version for https://github.com/apple/swift-nio-extras.git
Computed https://github.com/apple/swift-nio-extras.git at 1.35.1 (0.27s)
Fetching https://github.com/apple/swift-http-structured-headers.git
Fetching https://github.com/apple/swift-http-types.git
[1/1935] Fetching swift-http-types
[2/3188] Fetching swift-http-types, swift-http-structured-headers
Fetched https://github.com/apple/swift-http-structured-headers.git from cache (0.51s)
Fetched https://github.com/apple/swift-http-types.git from cache (0.51s)
Computing version for https://github.com/apple/swift-http-structured-headers.git
Computed https://github.com/apple/swift-http-structured-headers.git at 1.7.0 (0.67s)
Computing version for https://github.com/apple/swift-http-types.git
Computed https://github.com/apple/swift-http-types.git at 1.8.0 (0.18s)
Creating working copy for https://github.com/open-policy-agent/swift-opa
Working copy of https://github.com/open-policy-agent/swift-opa resolved at 0.0.10
Creating working copy for https://github.com/apple/swift-async-algorithms.git
Working copy of https://github.com/apple/swift-async-algorithms.git resolved at 1.1.6
Creating working copy for https://github.com/apple/swift-http-structured-headers.git
Working copy of https://github.com/apple/swift-http-structured-headers.git resolved at 1.7.0
Creating working copy for https://github.com/apple/swift-system.git
Working copy of https://github.com/apple/swift-system.git resolved at 1.8.1
Creating working copy for https://github.com/tsolomko/SWCompression
Working copy of https://github.com/tsolomko/SWCompression resolved at 4.9.1
Creating working copy for https://github.com/jpsim/Yams
Working copy of https://github.com/jpsim/Yams resolved at 6.2.2
Creating working copy for https://github.com/swift-server/swift-service-lifecycle
Working copy of https://github.com/swift-server/swift-service-lifecycle resolved at 2.12.0
Creating working copy for https://github.com/apple/swift-log
Working copy of https://github.com/apple/swift-log resolved at 1.15.1
Creating working copy for https://github.com/apple/swift-nio-ssl.git
Working copy of https://github.com/apple/swift-nio-ssl.git resolved at 2.37.5
Creating working copy for https://github.com/apple/swift-nio-http2.git
Working copy of https://github.com/apple/swift-nio-http2.git resolved at 1.46.0
Creating working copy for https://github.com/apple/swift-certificates.git
Working copy of https://github.com/apple/swift-certificates.git resolved at 1.21.0
Creating working copy for https://github.com/swift-server/async-http-client
Working copy of https://github.com/swift-server/async-http-client resolved at 1.36.1
Creating working copy for https://github.com/apple/swift-configuration.git
Working copy of https://github.com/apple/swift-configuration.git resolved at 1.2.1
Creating working copy for https://github.com/apple/swift-algorithms.git
Working copy of https://github.com/apple/swift-algorithms.git resolved at 1.2.1
Creating working copy for https://github.com/apple/swift-nio-extras.git
Working copy of https://github.com/apple/swift-nio-extras.git resolved at 1.35.1
Creating working copy for https://github.com/apple/swift-atomics.git
Working copy of https://github.com/apple/swift-atomics.git resolved at 1.3.1
Creating working copy for https://github.com/apple/swift-nio-transport-services.git
Working copy of https://github.com/apple/swift-nio-transport-services.git resolved at 1.28.0
Creating working copy for https://github.com/apple/swift-http-types.git
Working copy of https://github.com/apple/swift-http-types.git resolved at 1.8.0
Creating working copy for https://github.com/apple/swift-numerics.git
Working copy of https://github.com/apple/swift-numerics.git resolved at 1.1.1
Creating working copy for https://github.com/apple/swift-crypto.git
Working copy of https://github.com/apple/swift-crypto.git resolved at 4.5.2
Creating working copy for https://github.com/apple/swift-distributed-tracing.git
Working copy of https://github.com/apple/swift-distributed-tracing.git resolved at 1.5.0
Creating working copy for https://github.com/apple/swift-asn1.git
Working copy of https://github.com/apple/swift-asn1.git resolved at 1.7.3
Creating working copy for https://github.com/tsolomko/BitByteData
Working copy of https://github.com/tsolomko/BitByteData resolved at 2.1.0
Creating working copy for https://github.com/apple/swift-nio.git
Working copy of https://github.com/apple/swift-nio.git resolved at 2.103.0
Creating working copy for https://github.com/apple/swift-service-context.git
Working copy of https://github.com/apple/swift-service-context.git resolved at 1.3.0
Creating working copy for https://github.com/apple/swift-collections.git
Working copy of https://github.com/apple/swift-collections.git resolved at 1.7.0
Creating working copy for https://github.com/apple/swift-argument-parser
Working copy of https://github.com/apple/swift-argument-parser resolved at 1.8.2
[1/1] Compiling plugin GenerateManual
[2/2] Compiling plugin GenerateDoccReference
Building for debugging...
[2/850] Write sources
[26/850] Compiling writer.c
[27/850] Compiling reader.c
[28/850] Write sources
[30/850] Compiling _NumericsShims _NumericsShims.c
[31/850] Write sources
[33/850] Copying PrivacyInfo.xcprivacy
[34/850] Write sources
[41/850] Compiling aesv8-gcm-armv8-linux.S
[42/850] Compiling _AtomicsShims.c
[43/850] Compiling parser.c
[44/850] Compiling CXKCPShims shims.c
[45/850] Compiling SimpleFIPS202.c
[46/850] Compiling KeccakSponge.c
[47/850] Compiling api.c
[48/850] Compiling KeccakHash.c
[49/850] Compiling CSystem shims.c
[50/850] Compiling CNIOWindows shim.c
[51/850] Compiling CNIOPosix event_loop_id.c
[52/850] Compiling CNIOWindows WSAStartup.c
[53/850] Compiling CNIOWASI CNIOWASI.c
[53/850] Compiling emitter.c
[55/850] Compiling CNIOOpenBSD shim.c
[56/850] Compiling CNIOLinux liburing_shims.c
[57/850] Compiling CNIOLLHTTP c_nio_http.c
[58/850] Compiling CNIOFreeBSD shim.c
[59/850] Compiling CNIOLinux shim.c
[60/850] Compiling CNIOLLHTTP c_nio_api.c
[61/850] Compiling CNIOExtrasZlib zutil.c
[62/850] Compiling scanner.c
[62/850] Write swift-version--11D90AFD9DD3AB2.txt
[64/850] Compiling CNIOExtrasZlib inftrees.c
[65/850] Compiling CNIOExtrasZlib trees.c
[66/850] Compiling CNIOExtrasZlib inffast.c
[67/856] Compiling CNIOExtrasZlib inflate.c
[68/860] Compiling KeccakP-1600-opt64.c
[69/916] Compiling CNIOLLHTTP c_nio_llhttp.c
[70/916] Compiling CNIOExtrasZlib deflate.c
[72/967] Compiling RealModule RealFunctions.swift
[73/968] Compiling RealModule Float80+Real.swift
[74/968] Compiling ServiceContextModule ServiceContextKey.swift
[75/968] Compiling RealModule Real.swift
[76/968] Compiling InternalCollectionsUtilities Strideable+LimitHelpers.swift
[77/968] Compiling InternalCollectionsUtilities String+Padding.swift
[78/970] Compiling InternalCollectionsUtilities Iterable+CopyContents.swift
[79/970] Compiling InternalCollectionsUtilities Iterable+Equality.swift
[80/970] Compiling InternalCollectionsUtilities LifetimeOverride.swift
[81/970] Compiling InternalCollectionsUtilities MutableRef.swift
[82/973] Compiling ServiceContextModule ServiceContext.swift
[83/973] Compiling InternalCollectionsUtilities UnsafeMutableBufferPointer+Extras.swift
[84/973] Compiling InternalCollectionsUtilities UnsafeMutablePointer+Extras.swift
[85/973] Compiling InternalCollectionsUtilities UnsafeMutableRawBufferPointer+Extras.swift
[86/973] Compiling InternalCollectionsUtilities UnsafePointer+Extras.swift
[87/973] Emitting module ServiceContextModule
[88/974] Emitting module RealModule
[89/974] Compiling InternalCollectionsUtilities BorrowingIteratorProtocol+Equality.swift
[90/974] Compiling InternalCollectionsUtilities BorrowingIteratorProtocol+Extras.swift
[92/974] Compiling InternalCollectionsUtilities FixedWidthInteger+roundUpToPowerOfTwo.swift
[93/974] Compiling InternalCollectionsUtilities Integer rank.swift
[94/975] Compiling _NIOBase64 Base64.swift
[95/975] Emitting module _NIOBase64
[96/976] Compiling RealModule RelaxedArithmetic.swift
[97/976] Compiling RealModule Float16+Real.swift
[101/976] Compiling InternalCollectionsUtilities Debugging.swift
[102/976] Compiling InternalCollectionsUtilities Descriptions.swift
[103/976] Compiling Yams YamlTagProviding.swift
[104/976] Compiling InternalCollectionsUtilities _UnsafeBitSet+_Word.swift
[105/976] Compiling InternalCollectionsUtilities _UnsafeBitSet.swift
[106/976] Compiling InternalCollectionsUtilities UnsafeBufferPointer+Extras.swift
[107/977] Compiling Logging LoggingSystem.swift
[108/977] Emitting module InternalCollectionsUtilities
[115/977] Compiling InternalCollectionsUtilities UInt+first and last set bit.swift
[116/977] Compiling InternalCollectionsUtilities UInt+reversed.swift
[117/977] Compiling InternalCollectionsUtilities MutableSpan+Extras.swift
[118/977] Compiling InternalCollectionsUtilities Optional+Extras.swift
[119/977] Compiling InternalCollectionsUtilities OutputSpan+Extras.swift
[120/977] Compiling InternalCollectionsUtilities RandomAccessCollection+Offsets.swift
[121/977] Compiling InternalCollectionsUtilities Span+Extras.swift
[124/977] Compiling Yams YamlError.swift
[125/977] Compiling _NIODataStructures _TinyArray.swift
[126/977] Compiling CNIOExtrasZlib crc32.c
[128/977] Compiling _NIODataStructures PriorityQueue.swift
[135/982] Emitting module SystemPackage
[136/982] Compiling Logging Logger+With.swift
[137/982] Compiling Logging Logger.swift
[138/982] Compiling Logging Logger+Attributes.swift
[138/988] Compiling CNIOExtrasZlib adler32.c
[139/988] Compiling CNIODarwin shim.c
[141/988] Compiling InternalCollectionsUtilities UnsafeRawBufferPointer+Extras.swift
[142/988] Compiling InternalCollectionsUtilities _SortedCollection.swift
[143/988] Compiling InternalCollectionsUtilities _UniqueCollection.swift
[144/989] Compiling fiat_p256_adx_sqr.S
[146/989] Compiling Instrumentation Instrument.swift
[147/989] Compiling Instrumentation NoOpInstrument.swift
[147/989] Compiling fiat_curve25519_adx_square.S
[148/989] Compiling fiat_p256_adx_mul.S
[150/989] Emitting module Instrumentation
[151/989] Compiling Instrumentation MultiplexInstrument.swift
[151/989] Compiling fiat_curve25519_adx_mul.S
[153/993] Emitting module _NIODataStructures
[154/993] Compiling _NIODataStructures Heap.swift
[155/994] Compiling SpanPreview InputSpan.swift
[157/994] Compiling SpanPreview MutableSpan+InputSpanHelpers.swift
[158/994] Emitting module SpanPreview
[159/994] Compiling SpanPreview OutputSpan+InputSpanHelpers.swift
[160/995] Compiling CNIOBoringSSLShims shims.c
[162/1037] Compiling DequeModule RigidDeque+Descriptions.swift
[163/1037] Compiling DequeModule RigidDeque+Equatable.swift
[164/1037] Compiling DequeModule RigidDeque+Hashable.swift
[165/1037] Compiling DequeModule RigidDeque+Initializers.swift
[166/1037] Compiling DequeModule RigidDeque+Insertions.swift
[167/1037] Compiling DequeModule RigidDeque+Iterable.swift
[167/1042] Compiling tls_method.cc
[169/1042] Compiling DequeModule UniqueDeque+Consumption.swift
[170/1042] Compiling DequeModule UniqueDeque+ContainerOperations.swift
[171/1042] Compiling DequeModule UniqueDeque+Deprecations.swift
[172/1042] Compiling DequeModule UniqueDeque+Descriptions.swift
[173/1042] Compiling DequeModule UniqueDeque+Equatable.swift
[174/1042] Compiling DequeModule UniqueDeque+Hashable.swift
[175/1042] Compiling DequeModule UniqueDeque+Initializers.swift
[176/1042] Compiling DequeModule UniqueDeque+Insertions.swift
[177/1042] Compiling DequeModule UniqueDeque+Iterable.swift
[178/1042] Compiling DequeModule UniqueDeque+Prepend.swift
[179/1042] Compiling DequeModule UniqueDeque+Removals.swift
[180/1042] Compiling DequeModule _DequeBuffer.swift
[181/1042] Compiling DequeModule _DequeBufferHeader.swift
[182/1042] Compiling DequeModule RigidDeque+Append.swift
[183/1042] Compiling DequeModule RigidDeque+Consumption.swift
[184/1042] Compiling DequeModule RigidDeque+ContainerOperations.swift
[185/1042] Compiling DequeModule RigidDeque+Deprecations.swift
[186/1042] Compiling DequeModule RigidDeque+Prepend.swift
[187/1042] Compiling DequeModule RigidDeque+Removals.swift
[188/1042] Compiling DequeModule RigidDeque+Replacements.swift
[189/1042] Compiling DequeModule RigidDeque+Testing.swift
[190/1042] Compiling DequeModule RigidDeque.swift
[191/1042] Compiling DequeModule UniqueDeque+Append.swift
[196/1042] Compiling tls_record.cc
[198/1042] Compiling DequeModule Deque+Extras.swift
[199/1042] Compiling DequeModule Deque+Hashable.swift
[200/1042] Compiling DequeModule Deque+Testing.swift
[201/1042] Compiling DequeModule Deque._Storage.swift
[202/1042] Compiling DequeModule Deque._UnsafeHandle.swift
[203/1042] Compiling DequeModule Deque.swift
[204/1042] Compiling DequeModule Deque+Codable.swift
[205/1042] Compiling DequeModule Deque+Collection.swift
[206/1042] Compiling DequeModule Deque+CustomReflectable.swift
[207/1042] Compiling DequeModule Deque+Descriptions.swift
[208/1042] Compiling DequeModule Deque+Equatable.swift
[209/1042] Compiling DequeModule Deque+ExpressibleByArrayLiteral.swift
[209/1042] Compiling tls13_server.cc
[213/1042] Compiling Instrumentation InstrumentationSystem.swift
[214/1042] Compiling Instrumentation Locks.swift
[226/1043] Compiling Logging MetadataProvider.swift
[229/1043] Emitting module Logging
[230/1044] Compiling tls13_enc.cc
[253/1053] Compiling Tracing NoOpTracer.swift
[254/1054] Compiling Tracing TracingTime.swift
[254/1054] Compiling tls13_client.cc
[256/1054] Emitting module Tracing
[257/1054] Compiling Tracing InstrumentationSystem+Tracing.swift
[258/1054] Compiling Tracing Tracer.swift
[259/1054] Compiling Tracing TracerProtocol.swift
[260/1054] Compiling Tracing WithTracer.swift
[261/1054] Compiling Tracing TracerProtocol+Legacy.swift
[262/1054] Compiling Tracing SpanProtocol.swift
[263/1055] Emitting module Yams
[269/1055] Compiling tls13_both.cc
[286/1056] Compiling DequeModule UniqueDeque+Replacements.swift
[287/1056] Compiling DequeModule UniqueDeque.swift
[288/1056] Compiling DequeModule _DequeSlot.swift
[289/1056] Compiling DequeModule _UnsafeDequeHandle.swift
[290/1056] Compiling DequeModule _UnsafeDequeSegments.swift
[291/1056] Emitting module DequeModule
[292/1057] Compiling t1_enc.cc
[293/1100] Compiling ssl_versions.cc
[294/1100] Compiling ssl_transcript.cc
[295/1100] Compiling ssl_x509.cc
[296/1100] Compiling ssl_stat.cc
[297/1100] Compiling ssl_session.cc
[298/1100] Compiling ssl_privkey.cc
[299/1100] Compiling ssl_key_share.cc
[300/1100] Compiling ssl_file.cc
[301/1100] Compiling ssl_credential.cc
[303/1100] Compiling Configuration Deprecations.swift
[304/1100] Compiling Configuration ExpressibleByConfigInt.swift
[305/1100] Compiling Configuration ExpressibleByConfigString.swift
[306/1100] Compiling Configuration CLIKeyEncoder.swift
[307/1100] Compiling Configuration ConfigKeyEncoder.swift
[308/1100] Compiling Configuration DotSeparatorKeyDecoder.swift
[308/1105] Compiling ssl_lib.cc
[310/1105] Emitting module Configuration
[310/1105] Compiling ssl_cipher.cc
[311/1105] Compiling ssl_buffer.cc
[312/1105] Compiling ssl_cert.cc
[314/1105] Compiling Configuration EnvironmentKeyEncoder.swift
[315/1105] Compiling Configuration EnvironmentVariablesProvider.swift
[316/1105] Compiling Configuration CommonProviderFileSystem.swift
[317/1105] Compiling Configuration DirectoryFilesProvider.swift
[318/1105] Compiling Configuration FileProvider.swift
[319/1105] Compiling Configuration FileProviderSnapshot.swift
[319/1105] Compiling ssl_aead_ctx.cc
[320/1105] Compiling ssl_asn1.cc
[321/1105] Compiling s3_pkt.cc
[322/1105] Compiling s3_lib.cc
[323/1105] Compiling s3_both.cc
[324/1105] Compiling handshake_server.cc
[325/1105] Compiling handshake_client.cc
[326/1105] Compiling handshake.cc
[328/1105] Compiling Configuration SeparatorKeyEncoder.swift
[329/1105] Compiling Configuration MultiProvider.swift
[330/1105] Compiling Configuration CLIArgumentParser.swift
[331/1105] Compiling Configuration CLISnapshot.swift
[332/1105] Compiling Configuration CommandLineArgumentsProvider.swift
[333/1105] Compiling Configuration EnvironmentFileParser.swift
[334/1105] Compiling Configuration JSONSnapshot.swift
[335/1105] Compiling Configuration PropertyListSnapshot.swift
[336/1105] Compiling Configuration ReloadingFileProvider.swift
[337/1105] Compiling Configuration ReloadingFileProviderMetrics.swift
[338/1105] Compiling Configuration YAMLSnapshot.swift
[339/1105] Compiling Configuration InMemoryProvider.swift
[339/1105] Compiling handoff.cc
[341/1105] Compiling Configuration MutableInMemoryProvider.swift
[342/1105] Compiling Configuration ConfigProvider+Operators.swift
[343/1105] Compiling Configuration KeyMappingProvider.swift
[344/1105] Compiling Configuration SecretsSpecifier.swift
[345/1105] Compiling Configuration AsyncCombineLatestManySequence.swift
[346/1105] Compiling Configuration CombineLatestManyStateMachine.swift
[347/1105] Compiling Configuration AccessReporter.swift
[348/1105] Compiling Configuration AccessLogger.swift
[349/1105] Compiling Configuration FileAccessLogger.swift
[350/1105] Compiling Configuration ConfigContext.swift
[351/1105] Compiling Configuration ConfigKey.swift
[352/1105] Compiling Configuration ConfigProvider.swift
[353/1105] Compiling Configuration CombineLatestManyStorage.swift
[354/1105] Compiling Configuration AsyncSequences.swift
[355/1105] Compiling Configuration FoundationExtensions.swift
[356/1105] Compiling Configuration Span.swift
[357/1105] Compiling Configuration ConfigBytesFromStringDecoder.swift
[357/1105] Compiling encrypted_client_hello.cc
[358/1105] Compiling extensions.cc
[359/1105] Compiling dtls_record.cc
[360/1105] Compiling md5-x86_64-linux.S
[361/1105] Compiling md5-x86_64-apple.S
[362/1105] Compiling md5-586-linux.S
[363/1105] Compiling md5-586-apple.S
[364/1105] Compiling dtls_method.cc
[365/1105] Compiling chacha20_poly1305_x86_64-linux.S
[367/1105] Compiling Configuration ConfigProviderHelpers.swift
[368/1105] Compiling Configuration ConfigReader+internalHelpers.swift
[369/1105] Compiling Configuration ConfigReader+methods.swift
[370/1105] Compiling Configuration ConfigReader.swift
[371/1105] Compiling Configuration ConfigSnapshotReader+methods.swift
[372/1105] Compiling Configuration ConfigSnapshotReader.swift
[372/1106] Compiling chacha20_poly1305_x86_64-apple.S
[373/1106] Compiling chacha20_poly1305_armv8-win.S
[375/1106] Compiling d1_pkt.cc
[376/1106] Compiling d1_srtp.cc
[377/1106] Compiling chacha20_poly1305_armv8-apple.S
[378/1106] Compiling chacha-x86_64-linux.S
[379/1106] Compiling chacha20_poly1305_armv8-linux.S
[380/1106] Compiling chacha-x86_64-apple.S
[381/1106] Compiling chacha-x86-apple.S
[382/1106] Compiling chacha-x86-linux.S
[383/1106] Compiling chacha-armv8-win.S
[384/1106] Compiling chacha-armv4-linux.S
[385/1106] Compiling chacha-armv8-apple.S
[386/1106] Compiling err_data.cc
[387/1106] Compiling aes128gcmsiv-x86_64-linux.S
[388/1106] Compiling chacha-armv8-linux.S
[389/1106] Compiling aes128gcmsiv-x86_64-apple.S
[390/1106] Compiling x86_64-mont5-linux.S
[391/1106] Compiling x86_64-mont5-apple.S
[392/1106] Compiling x86_64-mont-linux.S
[393/1106] Compiling x86_64-mont-apple.S
[394/1106] Compiling x86-mont-linux.S
[395/1106] Compiling x86-mont-apple.S
[396/1106] Compiling vpaes-x86_64-linux.S
[397/1106] Compiling vpaes-x86_64-apple.S
[398/1106] Compiling vpaes-x86-linux.S
[398/1106] Compiling vpaes-x86-apple.S
[400/1106] Compiling vpaes-armv8-apple.S
[401/1106] Compiling vpaes-armv8-win.S
[402/1106] Compiling sha512-x86_64-linux.S
[403/1106] Compiling vpaes-armv8-linux.S
[404/1106] Compiling vpaes-armv7-linux.S
[405/1106] Compiling sha512-armv8-win.S
[406/1106] Compiling sha512-x86_64-apple.S
[407/1106] Compiling d1_lib.cc
[408/1106] Compiling bio_ssl.cc
[409/1106] Compiling sha512-armv8-linux.S
[410/1106] Compiling sha512-armv4-linux.S
[411/1106] Compiling sha512-armv8-apple.S
[412/1106] Compiling sha512-586-apple.S
[413/1106] Compiling sha512-586-linux.S
[414/1106] Compiling sha256-x86_64-apple.S
[415/1106] Compiling sha256-x86_64-linux.S
[416/1106] Compiling sha256-armv8-win.S
[417/1106] Compiling sha256-armv8-apple.S
[418/1106] Compiling sha256-armv4-linux.S
[418/1106] Compiling sha256-armv8-linux.S
[420/1106] Compiling sha256-586-linux.S
[421/1106] Compiling sha1-x86_64-linux.S
[422/1106] Compiling sha256-586-apple.S
[423/1106] Compiling sha1-armv8-apple.S
[424/1106] Compiling sha1-x86_64-apple.S
[425/1106] Compiling sha1-armv8-win.S
[426/1106] Compiling sha1-armv8-linux.S
[427/1106] Compiling sha1-armv4-large-linux.S
[428/1106] Compiling sha1-586-linux.S
[429/1106] Compiling rdrand-x86_64-apple.S
[430/1106] Compiling sha1-586-apple.S
[431/1106] Compiling rsaz-avx2-linux.S
[432/1106] Compiling p256_beeu-x86_64-asm-linux.S
[433/1106] Compiling rsaz-avx2-apple.S
[434/1106] Compiling rdrand-x86_64-linux.S
[435/1106] Compiling p256_beeu-x86_64-asm-apple.S
[436/1106] Compiling p256_beeu-armv8-asm-apple.S
[437/1106] Compiling p256_beeu-armv8-asm-linux.S
[438/1106] Compiling p256_beeu-armv8-asm-win.S
[439/1106] Compiling p256-x86_64-asm-linux.S
[440/1106] Compiling p256-x86_64-asm-apple.S
[441/1106] Compiling p256-armv8-asm-apple.S
[442/1106] Compiling p256-armv8-asm-win.S
[443/1106] Compiling ghashv8-armv8-apple.S
[444/1106] Compiling ghashv8-armv8-win.S
[445/1106] Compiling p256-armv8-asm-linux.S
[446/1106] Compiling ghashv8-armv8-linux.S
[447/1106] Compiling ghash-x86_64-linux.S
[448/1106] Compiling ghashv8-armv7-linux.S
[449/1106] Compiling ghash-x86_64-apple.S
[450/1106] Compiling ghash-x86-linux.S
[451/1106] Compiling ghash-ssse3-x86_64-linux.S
[452/1106] Compiling ghash-x86-apple.S
[453/1106] Compiling ghash-ssse3-x86-linux.S
[454/1106] Compiling ghash-ssse3-x86_64-apple.S
[455/1106] Compiling ghash-ssse3-x86-apple.S
[456/1106] Compiling ghash-neon-armv8-win.S
[457/1106] Compiling ghash-neon-armv8-apple.S
[458/1106] Compiling co-586-linux.S
[459/1106] Compiling ghash-armv4-linux.S
[460/1106] Compiling ghash-neon-armv8-linux.S
[461/1106] Compiling co-586-apple.S
[462/1106] Compiling bsaes-armv7-linux.S
[463/1106] Compiling bn-armv8-linux.S
[464/1106] Compiling bn-armv8-win.S
[465/1106] Compiling bn-586-linux.S
[466/1106] Compiling bn-586-apple.S
[467/1106] Compiling bn-armv8-apple.S
[468/1106] Compiling armv8-mont-win.S
[469/1106] Compiling armv8-mont-apple.S
[470/1106] Compiling armv4-mont-linux.S
[471/1106] Compiling aesv8-gcm-armv8-win.S
[472/1106] Compiling armv8-mont-linux.S
[473/1106] Compiling aesv8-gcm-armv8-apple.S
[474/1106] Compiling aesv8-armv8-linux.S
[475/1106] Compiling aesv8-gcm-armv8-linux.S
[476/1106] Compiling aesv8-armv8-win.S
[477/1106] Compiling aesni-x86_64-linux.S
[478/1106] Compiling aesv8-armv7-linux.S
[479/1106] Compiling aesni-x86_64-apple.S
[480/1106] Compiling aesv8-armv8-apple.S
[481/1106] Compiling aesni-gcm-x86_64-linux.S
[482/1106] Compiling aesni-x86-linux.S
[483/1106] Compiling aes-gcm-avx10-x86_64-linux.S
[484/1106] Compiling aesni-x86-apple.S
[485/1106] Compiling aes-gcm-avx2-x86_64-apple.S
[486/1106] Compiling aesni-gcm-x86_64-apple.S
[487/1106] Compiling aes-gcm-avx2-x86_64-linux.S
[488/1106] Compiling aes-gcm-avx10-x86_64-apple.S
[489/1106] Compiling d1_both.cc
[490/1106] Compiling x_spki.cc
[491/1106] Compiling x_sig.cc
[492/1106] Compiling x_x509a.cc
[493/1106] Compiling x_val.cc
[494/1106] Compiling x_x509.cc
[495/1106] Compiling x_pubkey.cc
[496/1106] Compiling x_req.cc
[497/1106] Compiling x_name.cc
[498/1106] Compiling x_algor.cc
[499/1106] Compiling x_exten.cc
[500/1106] Compiling x_attrib.cc
[501/1106] Compiling x_crl.cc
[502/1106] Compiling x509spki.cc
[503/1106] Compiling x509rset.cc
[504/1106] Compiling x_all.cc
[505/1106] Compiling x509name.cc
[506/1106] Compiling x509cset.cc
[507/1106] Compiling x509_set.cc
[508/1106] Compiling x509_v3.cc
[509/1106] Compiling x509_trs.cc
[510/1106] Compiling x509_vpm.cc
[511/1106] Compiling x509_vfy.cc
[512/1106] Compiling x509_txt.cc
[513/1106] Compiling x509_req.cc
[514/1106] Compiling x509_obj.cc
[515/1106] Compiling x509_lu.cc
[516/1106] Compiling x509_att.cc
[517/1106] Compiling x509_def.cc
[518/1106] Compiling x509_ext.cc
[519/1106] Compiling x509_d2.cc
[520/1106] Compiling x509_cmp.cc
[521/1106] Compiling x509.cc
[522/1106] Compiling v3_utl.cc
[523/1106] Compiling v3_skey.cc
[524/1106] Compiling v3_purp.cc
[525/1106] Compiling v3_pcons.cc
[526/1106] Compiling v3_pmaps.cc
[527/1106] Compiling v3_prn.cc
[528/1106] Compiling v3_ocsp.cc
[529/1106] Compiling v3_ncons.cc
[530/1106] Compiling v3_int.cc
[531/1106] Compiling v3_lib.cc
[532/1106] Compiling v3_info.cc
[533/1106] Compiling v3_ia5.cc
[534/1106] Compiling v3_extku.cc
[535/1106] Compiling v3_genn.cc
[536/1106] Compiling v3_enum.cc
[537/1106] Compiling v3_crld.cc
[538/1106] Compiling v3_bitst.cc
[539/1106] Compiling v3_alt.cc
[540/1106] Compiling v3_cpols.cc
[541/1106] Compiling v3_conf.cc
[542/1106] Compiling v3_akeya.cc
[543/1106] Compiling v3_bcons.cc
[544/1106] Compiling v3_akey.cc
[545/1106] Compiling t_x509a.cc
[546/1106] Compiling i2d_pr.cc
[547/1106] Compiling t_crl.cc
[548/1106] Compiling name_print.cc
[549/1106] Compiling t_x509.cc
[550/1106] Compiling t_req.cc
[551/1106] Compiling rsa_pss.cc
[552/1106] Compiling policy.cc
[553/1106] Compiling by_file.cc
[554/1106] Compiling by_dir.cc
[555/1106] Compiling a_verify.cc
[556/1106] Compiling algorithm.cc
[557/1106] Compiling asn1_gen.cc
[558/1106] Compiling a_sign.cc
[558/1106] Compiling a_digest.cc
[560/1106] Compiling voprf.cc
[561/1106] Compiling trust_token.cc
[562/1106] Compiling thread_none.cc
[563/1106] Compiling thread_pthread.cc
[564/1106] Compiling thread_win.cc
[565/1106] Compiling thread.cc
[566/1106] Compiling pmbtoken.cc
[567/1106] Compiling stack.cc
[568/1106] Compiling spake2plus.cc
[569/1106] Compiling sha512.cc
[570/1106] Compiling siphash.cc
[571/1106] Compiling sha256.cc
[572/1106] Compiling sha1.cc
[573/1106] Compiling slhdsa.cc
[574/1106] Compiling rsa_extra.cc
[575/1106] Compiling rsa_print.cc
[576/1106] Compiling rsa_crypt.cc
[577/1106] Compiling rc4.cc
[578/1106] Compiling refcount.cc
[579/1106] Compiling windows.cc
[580/1106] Compiling urandom.cc
[581/1106] Compiling trusty.cc
[582/1106] Compiling rsa_asn1.cc
[583/1106] Compiling rand.cc
[584/1106] Compiling passive.cc
[585/1106] Compiling getentropy.cc
[586/1106] Compiling ios.cc
[587/1106] Compiling poly1305_arm_asm.S
[588/1106] Compiling forkunsafe.cc
[589/1106] Compiling deterministic.cc
[590/1106] Compiling fork_detect.cc
[591/1106] Compiling poly1305_vec.cc
[592/1106] Compiling poly1305.cc
[593/1106] Compiling poly1305_arm.cc
[594/1106] Compiling pool.cc
[595/1106] Compiling pkcs8_x509.cc
[596/1106] Compiling pkcs7.cc
[597/1106] Compiling pkcs8.cc
[598/1106] Compiling p5_pbev2.cc
[599/1106] Compiling pkcs7_x509.cc
[600/1106] Compiling pem_x509.cc
[601/1106] Compiling pem_xaux.cc
[602/1106] Compiling pem_pkey.cc
[603/1106] Compiling mlkem.cc
[604/1106] Compiling pem_info.cc
[604/1106] Compiling pem_pk8.cc
[606/1106] Compiling pem_oth.cc
[607/1106] Compiling obj_xref.cc
[608/1106] Compiling pem_lib.cc
[609/1106] Compiling obj.cc
[610/1106] Compiling mldsa.cc
[611/1106] Compiling pem_all.cc
[612/1106] Compiling poly_rq_mul.S
[613/1106] Compiling fips_shared_support.cc
[614/1106] Compiling md5.cc
[615/1106] Compiling md4.cc
[616/1106] Compiling mem.cc
[617/1106] Compiling lhash.cc
[618/1106] Compiling kyber.cc
[619/1106] Compiling sign.cc
[620/1106] Compiling hrss.cc
[621/1106] Compiling hpke.cc
[622/1106] Compiling ex_data.cc
[623/1106] Compiling scrypt.cc
[624/1106] Compiling print.cc
[625/1106] Compiling pbkdf.cc
[626/1106] Compiling p_x25519.cc
[627/1106] Compiling p_hkdf.cc
[628/1106] Compiling p_x25519_asn1.cc
[629/1106] Compiling p_rsa_asn1.cc
[630/1106] Compiling p_ed25519.cc
[631/1106] Compiling p_ed25519_asn1.cc
[632/1106] Compiling p_rsa.cc
[633/1106] Compiling p_dh_asn1.cc
[634/1106] Compiling p_ec.cc
[635/1106] Compiling p_dh.cc
[636/1106] Compiling p_ec_asn1.cc
[637/1106] Compiling evp_ctx.cc
[638/1106] Compiling p_dsa_asn1.cc
[639/1106] Compiling evp_asn1.cc
[640/1106] Compiling evp.cc
[641/1106] Compiling err.cc
[642/1106] Compiling engine.cc
[643/1106] Compiling ecdh.cc
[644/1106] Compiling hash_to_curve.cc
[645/1106] Compiling ecdsa_asn1.cc
[646/1106] Compiling ec_derive.cc
[647/1106] Compiling dsa.cc
[648/1106] Compiling ec_asn1.cc
[649/1106] Compiling dsa_asn1.cc
[650/1106] Compiling bcm.cc
[651/1106] Compiling x25519-asm-arm.S
[652/1106] Compiling params.cc
[653/1106] Compiling digest_extra.cc
[654/1106] Compiling des.cc
[655/1106] Compiling curve25519_64_adx.cc
[656/1106] Compiling dh_asn1.cc
[657/1106] Compiling cpu_arm_linux.cc
[658/1106] Compiling cpu_intel.cc
[659/1106] Compiling crypto.cc
[660/1106] Compiling spake25519.cc
[661/1106] Compiling cpu_arm_freebsd.cc
[662/1106] Compiling curve25519.cc
[663/1106] Compiling cpu_aarch64_sysreg.cc
[664/1106] Compiling cpu_aarch64_win.cc
[665/1106] Compiling cpu_aarch64_openbsd.cc
[666/1106] Compiling cpu_aarch64_fuchsia.cc
[667/1106] Compiling cpu_aarch64_linux.cc
[668/1106] Compiling cpu_aarch64_apple.cc
[669/1106] Compiling conf.cc
[670/1106] Compiling get_cipher.cc
[671/1106] Compiling tls_cbc.cc
[672/1106] Compiling e_tls.cc
[673/1106] Compiling e_rc2.cc
[674/1106] Compiling e_rc4.cc
[675/1106] Compiling e_null.cc
[676/1106] Compiling e_des.cc
[677/1106] Compiling e_aesgcmsiv.cc
[678/1106] Compiling e_chacha20poly1305.cc
[679/1106] Compiling derive_key.cc
[680/1106] Compiling e_aesctrhmac.cc
[681/1106] Compiling chacha.cc
[682/1106] Compiling unicode.cc
[683/1106] Compiling ber.cc
[684/1106] Compiling buf.cc
[685/1106] Compiling cbs.cc
[686/1106] Compiling cbb.cc
[687/1106] Compiling asn1_compat.cc
[688/1106] Compiling convert.cc
[689/1106] Compiling socket_helper.cc
[690/1106] Compiling blake2.cc
[691/1106] Compiling bn_asn1.cc
[692/1106] Compiling socket.cc
[693/1106] Compiling printf.cc
[694/1106] Compiling errno.cc
[695/1106] Compiling pair.cc
[696/1106] Compiling hexdump.cc
[697/1106] Compiling file.cc
[698/1106] Compiling fd.cc
[699/1106] Compiling connect.cc
[700/1106] Compiling bio_mem.cc
[701/1106] Compiling base64.cc
[702/1106] Compiling bio.cc
[703/1106] Compiling tasn_typ.cc
[704/1106] Compiling tasn_fre.cc
[705/1106] Compiling tasn_utl.cc
[706/1106] Compiling tasn_enc.cc
[707/1106] Compiling tasn_new.cc
[708/1106] Compiling f_string.cc
[709/1106] Compiling posix_time.cc
[710/1106] Compiling f_int.cc
[711/1106] Compiling asn_pack.cc
[712/1106] Compiling tasn_dec.cc
[713/1106] Compiling asn1_par.cc
[714/1106] Compiling a_utctm.cc
[715/1106] Compiling asn1_lib.cc
[716/1106] Compiling a_type.cc
[717/1106] Compiling a_strex.cc
[718/1106] Compiling a_octet.cc
[719/1106] Compiling a_strnid.cc
[720/1106] Compiling a_time.cc
[721/1106] Compiling a_object.cc
[722/1106] Compiling a_i2d_fp.cc
[723/1106] Compiling a_d2i_fp.cc
[724/1106] Compiling a_mbstr.cc
[725/1106] Compiling a_dup.cc
[726/1106] Compiling a_bool.cc
[727/1106] Compiling fiat_p256_adx_sqr.S
[728/1106] Compiling fiat_p256_adx_mul.S
[729/1106] Compiling a_int.cc
[730/1106] Compiling fiat_curve25519_adx_square.S
[731/1106] Compiling md5-x86_64-linux.S
[732/1106] Compiling fiat_curve25519_adx_mul.S
[733/1106] Compiling md5-x86_64-apple.S
[734/1106] Compiling md5-586-linux.S
[735/1106] Compiling md5-586-apple.S
[736/1106] Compiling chacha20_poly1305_x86_64-linux.S
[737/1106] Compiling chacha20_poly1305_x86_64-apple.S
[738/1106] Compiling chacha20_poly1305_armv8-win.S
[739/1106] Compiling a_gentm.cc
[740/1106] Compiling CCryptoBoringSSLShims shims.c
[741/1106] Compiling a_bitstr.cc
[742/1106] Compiling chacha20_poly1305_armv8-apple.S
[743/1106] Compiling chacha-x86_64-apple.S
[744/1106] Compiling chacha20_poly1305_armv8-linux.S
[745/1106] Compiling chacha-x86_64-linux.S
[746/1106] Compiling chacha-x86-linux.S
[747/1106] Compiling chacha-x86-apple.S
[748/1106] Compiling chacha-armv8-apple.S
[749/1106] Compiling chacha-armv8-win.S
[750/1106] Compiling chacha-armv8-linux.S
[751/1106] Compiling chacha-armv4-linux.S
[752/1106] Compiling x86_64-mont5-linux.S
[753/1106] Compiling x86_64-mont-linux.S
[754/1106] Compiling aes128gcmsiv-x86_64-linux.S
[755/1106] Compiling aes128gcmsiv-x86_64-apple.S
[756/1106] Compiling x86_64-mont5-apple.S
[757/1106] Compiling x86_64-mont-apple.S
[758/1106] Compiling x86-mont-linux.S
[759/1106] Compiling vpaes-x86_64-linux.S
[760/1106] Compiling x86-mont-apple.S
[761/1106] Compiling vpaes-armv8-win.S
[762/1106] Compiling vpaes-x86_64-apple.S
[763/1106] Compiling vpaes-x86-linux.S
[764/1106] Compiling vpaes-x86-apple.S
[765/1106] Compiling vpaes-armv7-linux.S
[766/1106] Compiling vpaes-armv8-linux.S
[767/1106] Compiling vpaes-armv8-apple.S
[768/1106] Compiling sha512-x86_64-linux.S
[769/1106] Compiling sha512-armv8-apple.S
[770/1106] Compiling sha512-x86_64-apple.S
[771/1106] Compiling sha512-armv8-win.S
[772/1106] Compiling sha512-armv4-linux.S
[773/1106] Compiling sha512-586-linux.S
[774/1106] Compiling sha512-armv8-linux.S
[775/1106] Compiling sha256-x86_64-linux.S
[776/1106] Compiling sha512-586-apple.S
[777/1106] Compiling sha256-x86_64-apple.S
[778/1106] Compiling sha256-armv8-win.S
[779/1106] Compiling sha256-armv8-apple.S
[780/1106] Compiling sha256-586-linux.S
[781/1106] Compiling sha256-armv8-linux.S
[782/1106] Compiling sha256-armv4-linux.S
[783/1106] Compiling sha256-586-apple.S
[784/1106] Compiling err_data.cc
[785/1106] Compiling sha1-armv8-win.S
[786/1106] Compiling sha1-x86_64-apple.S
[787/1106] Compiling sha1-armv8-apple.S
[788/1106] Compiling sha1-armv8-linux.S
[789/1106] Compiling sha1-x86_64-linux.S
[790/1106] Compiling sha1-armv4-large-linux.S
[791/1106] Compiling sha1-586-linux.S
[792/1106] Compiling rsaz-avx2-apple.S
[793/1106] Compiling rsaz-avx2-linux.S
[794/1106] Compiling sha1-586-apple.S
[794/1106] Compiling rdrand-x86_64-linux.S
[796/1106] Compiling rdrand-x86_64-apple.S
[797/1106] Compiling p256_beeu-x86_64-asm-linux.S
[798/1106] Compiling p256_beeu-armv8-asm-apple.S
[799/1106] Compiling p256_beeu-armv8-asm-linux.S
[799/1106] Compiling p256_beeu-armv8-asm-win.S
[801/1106] Compiling p256_beeu-x86_64-asm-apple.S
[802/1106] Compiling p256-x86_64-asm-linux.S
[803/1106] Compiling p256-x86_64-asm-apple.S
[804/1106] Compiling p256-armv8-asm-win.S
[805/1106] Compiling ghashv8-armv8-win.S
[806/1106] Compiling ghashv8-armv8-linux.S
[807/1106] Compiling p256-armv8-asm-linux.S
[808/1106] Compiling p256-armv8-asm-apple.S
[809/1106] Compiling ghashv8-armv8-apple.S
[810/1106] Compiling ghash-x86_64-linux.S
[811/1106] Compiling ghash-x86_64-apple.S
[812/1106] Compiling ghash-x86-apple.S
[813/1106] Compiling ghashv8-armv7-linux.S
[814/1106] Compiling ghash-x86-linux.S
[815/1106] Compiling ghash-ssse3-x86_64-linux.S
[816/1106] Compiling ghash-ssse3-x86_64-apple.S
[817/1106] Compiling ghash-ssse3-x86-linux.S
[818/1106] Compiling ghash-ssse3-x86-apple.S
[819/1106] Compiling ghash-neon-armv8-linux.S
[820/1106] Compiling ghash-neon-armv8-win.S
[821/1106] Compiling ghash-armv4-linux.S
[822/1106] Compiling ghash-neon-armv8-apple.S
[823/1106] Compiling co-586-apple.S
[824/1106] Compiling bn-armv8-win.S
[825/1106] Compiling co-586-linux.S
[826/1106] Compiling bn-586-apple.S
[827/1106] Compiling bn-armv8-linux.S
[828/1106] Compiling bsaes-armv7-linux.S
[829/1106] Compiling bn-armv8-apple.S
[830/1106] Compiling armv8-mont-win.S
[831/1106] Compiling bn-586-linux.S
[832/1106] Compiling aesv8-gcm-armv8-win.S
[833/1106] Compiling armv4-mont-linux.S
[834/1106] Compiling armv8-mont-apple.S
[835/1106] Compiling armv8-mont-linux.S
[836/1106] Compiling aesv8-gcm-armv8-apple.S
[837/1106] Compiling aesv8-armv8-win.S
[838/1106] Compiling aesv8-armv8-apple.S
[839/1106] Compiling aesni-x86_64-linux.S
[840/1106] Compiling aesv8-armv7-linux.S
[841/1106] Compiling aesni-x86_64-apple.S
[842/1106] Compiling aesv8-armv8-linux.S
[843/1106] Compiling aesni-x86-linux.S
[844/1106] Compiling aesni-gcm-x86_64-apple.S
[845/1106] Compiling aesni-gcm-x86_64-linux.S
[846/1106] Compiling aes-gcm-avx512-x86_64-linux.S
[847/1106] Compiling aesni-x86-apple.S
[848/1106] Compiling aes-gcm-avx512-x86_64-apple.S
[849/1106] Compiling aes-gcm-avx2-x86_64-apple.S
[850/1106] Compiling aes-gcm-avx2-x86_64-linux.S
[851/1106] Compiling x_spki.cc
[852/1106] Compiling xwing.cc
[853/1106] Compiling x_x509a.cc
[854/1106] Compiling x_req.cc
[855/1106] Compiling x_x509.cc
[856/1106] Compiling x_sig.cc
[857/1106] Compiling c-nioatomics.c
[858/1106] Compiling x_crl.cc
[859/1106] Compiling x_pubkey.cc
[860/1106] Compiling x_exten.cc
[861/1106] Compiling x_name.cc
[862/1106] Compiling x_attrib.cc
[863/1106] Compiling x_all.cc
[864/1106] Compiling x_algor.cc
[865/1106] Compiling c-atomics.c
[866/1113] Compiling x509spki.cc
[868/1113] Compiling NIOConcurrencyHelpers NIOLockedValueBox.swift
[868/1113] Compiling x509cset.cc
[870/1113] Compiling NIOConcurrencyHelpers NIOLock.swift
[871/1113] Compiling NIOConcurrencyHelpers atomics.swift
[872/1113] Compiling NIOConcurrencyHelpers NIOThreadPoolWorkAvailable.swift
[872/1113] Compiling x509rset.cc
[874/1113] Compiling NIOConcurrencyHelpers NIOAtomic.swift
[875/1113] Compiling NIOConcurrencyHelpers lock.swift
[876/1113] Emitting module NIOConcurrencyHelpers
[876/1114] Compiling x509name.cc
[878/1114] Compiling x509_vpm.cc
[879/1114] Compiling x509_vfy.cc
[880/1114] Compiling x509_txt.cc
[881/1114] Compiling x509_v3.cc
[882/1114] Compiling x509_trs.cc
[883/1114] Compiling x509_req.cc
[884/1114] Compiling x509_set.cc
[885/1114] Compiling x509_obj.cc
[886/1114] Compiling x509_lu.cc
[887/1114] Compiling x509_def.cc
[888/1114] Compiling x509_ext.cc
[889/1114] Compiling x509_cmp.cc
[890/1114] Compiling x509_d2.cc
[891/1114] Compiling v3_utl.cc
[892/1114] Compiling v3_skey.cc
[893/1114] Compiling x509_att.cc
[894/1114] Compiling x509.cc
[895/1114] Compiling v3_prn.cc
[896/1114] Compiling v3_purp.cc
[897/1114] Compiling v3_pcons.cc
[898/1114] Compiling v3_pmaps.cc
[899/1114] Compiling v3_lib.cc
[900/1114] Compiling v3_int.cc
[901/1114] Compiling v3_ocsp.cc
[902/1114] Compiling v3_ncons.cc
[903/1114] Compiling v3_info.cc
[904/1114] Compiling v3_ia5.cc
[905/1114] Compiling v3_genn.cc
[906/1114] Compiling v3_extku.cc
[907/1114] Compiling v3_enum.cc
[908/1114] Compiling v3_cpols.cc
[909/1114] Compiling v3_crld.cc
[910/1114] Compiling v3_conf.cc
[911/1114] Compiling v3_bitst.cc
[912/1114] Compiling v3_bcons.cc
[913/1114] Compiling v3_alt.cc
[914/1114] Compiling v3_akeya.cc
[915/1114] Compiling v3_akey.cc
[916/1114] Compiling t_x509.cc
[917/1114] Compiling t_x509a.cc
[918/1114] Compiling t_req.cc
[919/1114] Compiling rsa_pss.cc
[920/1114] Compiling t_crl.cc
[921/1114] Compiling i2d_pr.cc
[922/1114] Compiling name_print.cc
[923/1114] Compiling policy.cc
[924/1114] Compiling by_dir.cc
[925/1114] Compiling by_file.cc
[926/1114] Compiling asn1_gen.cc
[927/1114] Compiling algorithm.cc
[928/1114] Compiling a_verify.cc
[929/1114] Compiling a_sign.cc
[930/1114] Compiling voprf.cc
[931/1114] Compiling a_digest.cc
[932/1114] Compiling thread_win.cc
[933/1114] Compiling thread_pthread.cc
[934/1114] Compiling thread_none.cc
[935/1114] Compiling trust_token.cc
[936/1114] Compiling thread.cc
[937/1114] Compiling pmbtoken.cc
[938/1114] Compiling stack.cc
[939/1114] Compiling siphash.cc
[940/1114] Compiling sha512.cc
[941/1114] Compiling spake2plus.cc
[942/1114] Compiling sha256.cc
[942/1114] Compiling slhdsa.cc
[944/1114] Compiling sha1.cc
[945/1114] Compiling rsa_extra.cc
[946/1114] Compiling rsa_print.cc
[947/1114] Compiling rc4.cc
[948/1114] Compiling refcount.cc
[949/1114] Compiling windows.cc
[950/1114] Compiling rsa_crypt.cc
[951/1114] Compiling urandom.cc
[952/1114] Compiling trusty.cc
[953/1114] Compiling rand.cc
[954/1114] Compiling rsa_asn1.cc
[955/1114] Compiling ios.cc
[955/1114] Compiling passive.cc
[957/1114] Compiling getentropy.cc
[958/1114] Compiling poly1305_arm_asm.S
[959/1114] Compiling forkunsafe.cc
[960/1114] Compiling deterministic.cc
[961/1114] Compiling fork_detect.cc
[962/1114] Compiling pool.cc
[963/1114] Compiling poly1305.cc
[964/1114] Compiling poly1305_vec.cc
[965/1114] Compiling poly1305_arm.cc
[966/1114] Compiling pkcs7_x509.cc
[967/1114] Compiling pkcs8_x509.cc
[968/1114] Compiling p5_pbev2.cc
[969/1114] Compiling pkcs8.cc
[970/1114] Compiling pkcs7.cc
[971/1114] Compiling pem_xaux.cc
[972/1114] Compiling pem_pkey.cc
[973/1114] Compiling pem_x509.cc
[974/1114] Compiling mlkem.cc
[975/1114] Compiling pem_pk8.cc
[976/1114] Compiling pem_oth.cc
[977/1114] Compiling pem_info.cc
[978/1114] Compiling obj_xref.cc
[979/1114] Compiling pem_lib.cc
[980/1114] Compiling pem_all.cc
[981/1114] Compiling obj.cc
[982/1114] Compiling poly_rq_mul.S
[983/1114] Compiling mldsa.cc
[984/1114] Compiling mem.cc
[985/1114] Compiling fips_shared_support.cc
[986/1114] Compiling lhash.cc
[987/1114] Compiling md5.cc
[988/1114] Compiling md4.cc
[989/1114] Compiling kyber.cc
[990/1114] Compiling fuzzer_mode.cc
[991/1114] Compiling hrss.cc
[992/1114] Compiling ex_data.cc
[993/1114] Compiling hpke.cc
[994/1114] Compiling scrypt.cc
[995/1114] Compiling print.cc
[996/1114] Compiling sign.cc
[997/1114] Compiling pbkdf.cc
[998/1114] Compiling p_x25519_asn1.cc
[999/1114] Compiling p_x25519.cc
[1000/1114] Compiling p_rsa_asn1.cc
[1001/1114] Compiling p_ed25519_asn1.cc
[1002/1114] Compiling p_ed25519.cc
[1003/1114] Compiling p_hkdf.cc
[1004/1114] Compiling p_rsa.cc
[1005/1114] Compiling p_ec_asn1.cc
[1006/1114] Compiling p_ec.cc
[1007/1114] Compiling p_dsa_asn1.cc
[1008/1114] Compiling p_dh_asn1.cc
[1009/1114] Compiling p_dh.cc
[1010/1114] Compiling evp_ctx.cc
[1011/1114] Compiling evp_asn1.cc
[1012/1114] Compiling err.cc
[1013/1114] Compiling ecdsa_p1363.cc
[1014/1114] Compiling engine.cc
[1015/1114] Compiling ecdh.cc
[1016/1114] Compiling evp.cc
[1017/1114] Compiling ec_derive.cc
[1018/1114] Compiling ecdsa_asn1.cc
[1019/1114] Compiling hash_to_curve.cc
[1020/1114] Compiling dsa.cc
[1021/1114] Compiling dsa_asn1.cc
[1022/1114] Compiling ec_asn1.cc
[1023/1114] Compiling digest_extra.cc
[1024/1114] Compiling x25519-asm-arm.S
[1025/1114] Compiling des.cc
[1026/1114] Compiling params.cc
[1027/1114] Compiling dh_asn1.cc
[1028/1114] Compiling curve25519_64_adx.cc
[1029/1114] Compiling spake25519.cc
[1030/1114] Compiling crypto.cc
[1031/1114] Compiling curve25519.cc
[1032/1114] Compiling cpu_intel.cc
[1033/1114] Compiling cpu_arm_freebsd.cc
[1034/1114] Compiling cpu_arm_linux.cc
[1035/1114] Compiling cpu_aarch64_win.cc
[1036/1114] Compiling cpu_aarch64_sysreg.cc
[1037/1114] Compiling cpu_aarch64_openbsd.cc
[1038/1114] Compiling cpu_aarch64_linux.cc
[1039/1114] Compiling cpu_aarch64_fuchsia.cc
[1040/1114] Compiling cpu_aarch64_apple.cc
[1041/1114] Compiling conf.cc
[1042/1114] Compiling tls_cbc.cc
[1043/1114] Compiling get_cipher.cc
[1044/1114] Compiling e_tls.cc
[1045/1114] Compiling e_rc4.cc
[1046/1114] Compiling cms.cc
[1047/1114] Compiling e_null.cc
[1048/1114] Compiling e_rc2.cc
[1049/1114] Compiling e_chacha20poly1305.cc
[1050/1114] Compiling e_des.cc
[1051/1114] Compiling e_aesgcmsiv.cc
[1052/1114] Compiling e_aeseax.cc
[1053/1114] Compiling derive_key.cc
[1054/1114] Compiling e_aesctrhmac.cc
[1055/1114] Compiling chacha.cc
[1056/1114] Compiling unicode.cc
[1057/1114] Compiling cbs.cc
[1058/1114] Compiling buf.cc
[1059/1114] Compiling sqrt.cc
[1060/1114] Compiling cbb.cc
[1061/1114] Compiling ber.cc
[1062/1114] Compiling asn1_compat.cc
[1063/1114] Compiling exponentiation.cc
[1064/1114] Compiling div.cc
[1065/1114] Compiling blake2.cc
[1066/1114] Compiling printf.cc
[1067/1114] Compiling bn_asn1.cc
[1068/1114] Compiling pair.cc
[1069/1114] Compiling convert.cc
[1070/1114] Compiling hexdump.cc
[1071/1114] Compiling file.cc
[1072/1114] Compiling fd.cc
[1073/1114] Compiling errno.cc
[1074/1114] Compiling bio_mem.cc
[1075/1114] Compiling base64.cc
[1076/1114] Compiling bio.cc
[1077/1114] Compiling tasn_typ.cc
[1078/1114] Compiling tasn_fre.cc
[1079/1114] Compiling tasn_utl.cc
[1080/1114] Compiling tasn_enc.cc
[1081/1114] Compiling bcm.cc
[1082/1114] Compiling tasn_new.cc
[1083/1114] Compiling posix_time.cc
[1084/1114] Compiling f_string.cc
[1085/1114] Compiling tasn_dec.cc
[1086/1114] Compiling f_int.cc
[1087/1114] Compiling asn_pack.cc
[1088/1114] Compiling asn1_par.cc
[1089/1114] Compiling a_type.cc
[1090/1114] Compiling a_utctm.cc
[1091/1114] Compiling asn1_lib.cc
[1092/1114] Compiling a_octet.cc
[1093/1114] Compiling a_time.cc
[1094/1114] Compiling a_strnid.cc
[1095/1114] Compiling a_strex.cc
[1096/1114] Compiling a_object.cc
[1097/1114] Compiling a_i2d_fp.cc
[1098/1114] Compiling a_mbstr.cc
[1099/1114] Compiling CAsyncHTTPClient CAsyncHTTPClient.c
[1099/1114] Write sources
[1099/1114] Copying PrivacyInfo.xcprivacy
[1102/1114] Write sources
[1105/1126] Compiling a_dup.cc
[1106/1126] Compiling a_d2i_fp.cc
[1106/1126] Write sources
[1109/1126] Compiling a_int.cc
[1111/1181] Compiling Algorithms Combinations.swift
[1112/1181] Compiling Algorithms Compacted.swift
[1112/1183] Compiling a_gentm.cc
[1113/1183] Compiling a_bool.cc
[1114/1183] Compiling aes.cc
[1116/1183] Compiling Algorithms Partition.swift
[1117/1183] Compiling Algorithms Permutations.swift
[1118/1183] Compiling Algorithms Indexed.swift
[1119/1183] Compiling Algorithms Intersperse.swift
[1120/1183] Compiling Algorithms FlattenCollection.swift
[1121/1183] Compiling Algorithms Grouped.swift
[1121/1183] Compiling a_bitstr.cc
[1123/1183] Compiling Atomics IntegerOperations.swift
[1124/1183] Compiling Atomics Unmanaged extensions.swift
[1125/1191] Compiling Algorithms Joined.swift
[1126/1191] Compiling Algorithms Keyed.swift
[1127/1191] Compiling Algorithms MinMax.swift
[1128/1191] Compiling Algorithms AdjacentPairs.swift
[1129/1191] Compiling Algorithms Chain.swift
[1130/1192] Compiling Algorithms Split.swift
[1131/1192] Compiling Algorithms Stride.swift
[1132/1192] Compiling Algorithms Suffix.swift
[1134/1192] Compiling Algorithms Reductions.swift
[1135/1192] Compiling Algorithms Rotate.swift
[1136/1195] Compiling Algorithms EitherSequence.swift
[1137/1195] Compiling Algorithms FirstNonNil.swift
[1138/1195] Compiling AST RegoValue+PatchMerge.swift
[1139/1195] Compiling AST RegoValue.swift
[1140/1195] Compiling AST TypeMeta+Codable.swift
[1147/1195] Compiling CryptoBoringWrapper RandomBytes.swift
[1149/1195] Compiling Algorithms Cycle.swift
[1150/1195] Emitting module AST
[1151/1195] Compiling Algorithms Chunked.swift
[1153/1195] Compiling CryptoBoringWrapper CryptoKitErrors_boring.swift
[1154/1195] Compiling CryptoBoringWrapper FiniteFieldArithmeticContext.swift
[1155/1195] Compiling CryptoBoringWrapper BoringSSLAEAD.swift
[1156/1195] Emitting module CryptoBoringWrapper
[1161/1195] Compiling Algorithms Trim.swift
[1162/1195] Compiling Algorithms Unique.swift
[1163/1195] Compiling Algorithms Windows.swift
[1168/1195] Compiling CryptoBoringWrapper EllipticCurve.swift
[1169/1195] Compiling CryptoBoringWrapper EllipticCurvePoint.swift
[1174/1195] Compiling CryptoBoringWrapper ArbitraryPrecisionInteger.swift
[1182/1280] Emitting module Atomics
[1184/1345] Compiling AST TypeMeta.swift
[1186/1352] Emitting module BitByteData
[1187/1353] Compiling NIOCore ByteBuffer-aux.swift
[1188/1353] Compiling NIOCore ByteBuffer-binaryEncodedLengthPrefix.swift
[1189/1353] Compiling BitByteData resource_bundle_accessor.swift
[1190/1353] Compiling BitByteData SignedNumberRepresentation.swift
[1191/1353] Compiling BitByteData MsbBitWriter.swift
[1192/1353] Compiling NIOCore NIOThrowingAsyncSequenceProducer.swift
[1193/1353] Compiling NIOCore BSDSocketAPI.swift
[1194/1353] Emitting module Algorithms
[1196/1354] Compiling NIOCore NIOCoreSendableMetatype.swift
[1197/1354] Compiling NIOCore NIODecodedAsyncSequence.swift
[1198/1354] Compiling NIOCore NIOLoopBound.swift
[1199/1354] Compiling NIOCore NIOPooledRecvBufferAllocator.swift
[1200/1354] Compiling NIOCore NIOScheduledCallback.swift
[1201/1354] Compiling NIOCore NIOSendable.swift
[1202/1354] Compiling NIOCore NIOSplitLinesMessageDecoder.swift
[1203/1354] Compiling NIOCore NIOTransportAccessibleChannelCore.swift
[1204/1354] Compiling NIOCore RecvByteBufferAllocator.swift
[1205/1362] Compiling BitByteData MsbBitReader.swift
[1206/1362] Compiling NIOCore ByteBuffer-conversions.swift
[1207/1362] Compiling NIOCore ByteBuffer-core.swift
[1208/1362] Compiling NIOCore ByteBuffer-hex.swift
[1209/1362] Compiling NIOCore ByteBuffer-int.swift
[1211/1367] Compiling IR IR+Decode.swift
[1212/1453] Compiling SWCompression Archive.swift
[1213/1453] Compiling SWCompression CheckSums.swift
[1214/1453] Compiling SWCompression Code.swift
[1215/1453] Compiling SWCompression DeltaFilter.swift
[1216/1453] Compiling SWCompression Extensions.swift
[1217/1453] Compiling SWCompression FileSystemType.swift
[1218/1453] Compiling SWCompression Deflate+Compress.swift
[1219/1453] Compiling SWCompression Deflate+Constants.swift
[1220/1453] Compiling SWCompression Deflate.swift
[1221/1453] Compiling SWCompression DeflateError.swift
[1222/1453] Compiling SWCompression FileSystemType+Gzip.swift
[1223/1453] Compiling SWCompression GzipArchive.swift
[1227/1464] Compiling SWCompression GzipError.swift
[1228/1464] Compiling SWCompression GzipHeader+ExtraField.swift
[1229/1464] Compiling SWCompression GzipHeader.swift
[1230/1464] Compiling SWCompression LZ4+Compress.swift
[1231/1464] Compiling SWCompression LZ4.swift
[1232/1464] Compiling SWCompression XxHash32.swift
[1233/1464] Emitting module Crypto
[1234/1464] Compiling SWCompression ContainerEntryType+Tar.swift
/host/spi-builder-workspace/.build/checkouts/SWCompression/Sources/TAR/TarReader.swift:60:20: error: cannot find 'autoreleasepool' in scope
58 | */
59 | public mutating func process<T>(_ transform: (TarEntry?) throws -> T) throws -> T {
60 | return try autoreleasepool {
| `- error: cannot find 'autoreleasepool' in scope
61 | let entry = try read()
62 | return try transform(entry)
[1235/1464] Compiling SWCompression Data+Tar.swift
/host/spi-builder-workspace/.build/checkouts/SWCompression/Sources/TAR/TarReader.swift:60:20: error: cannot find 'autoreleasepool' in scope
58 | */
59 | public mutating func process<T>(_ transform: (TarEntry?) throws -> T) throws -> T {
60 | return try autoreleasepool {
| `- error: cannot find 'autoreleasepool' in scope
61 | let entry = try read()
62 | return try transform(entry)
[1236/1464] Compiling SWCompression LittleEndianByteReader+Tar.swift
/host/spi-builder-workspace/.build/checkouts/SWCompression/Sources/TAR/TarReader.swift:60:20: error: cannot find 'autoreleasepool' in scope
58 | */
59 | public mutating func process<T>(_ transform: (TarEntry?) throws -> T) throws -> T {
60 | return try autoreleasepool {
| `- error: cannot find 'autoreleasepool' in scope
61 | let entry = try read()
62 | return try transform(entry)
[1237/1464] Compiling SWCompression TarContainer.swift
/host/spi-builder-workspace/.build/checkouts/SWCompression/Sources/TAR/TarReader.swift:60:20: error: cannot find 'autoreleasepool' in scope
58 | */
59 | public mutating func process<T>(_ transform: (TarEntry?) throws -> T) throws -> T {
60 | return try autoreleasepool {
| `- error: cannot find 'autoreleasepool' in scope
61 | let entry = try read()
62 | return try transform(entry)
[1238/1464] Compiling SWCompression TarCreateError.swift
/host/spi-builder-workspace/.build/checkouts/SWCompression/Sources/TAR/TarReader.swift:60:20: error: cannot find 'autoreleasepool' in scope
58 | */
59 | public mutating func process<T>(_ transform: (TarEntry?) throws -> T) throws -> T {
60 | return try autoreleasepool {
| `- error: cannot find 'autoreleasepool' in scope
61 | let entry = try read()
62 | return try transform(entry)
[1239/1464] Compiling SWCompression TarEntry.swift
/host/spi-builder-workspace/.build/checkouts/SWCompression/Sources/TAR/TarReader.swift:60:20: error: cannot find 'autoreleasepool' in scope
58 | */
59 | public mutating func process<T>(_ transform: (TarEntry?) throws -> T) throws -> T {
60 | return try autoreleasepool {
| `- error: cannot find 'autoreleasepool' in scope
61 | let entry = try read()
62 | return try transform(entry)
[1240/1464] Compiling SWCompression TarEntryInfo.swift
/host/spi-builder-workspace/.build/checkouts/SWCompression/Sources/TAR/TarReader.swift:60:20: error: cannot find 'autoreleasepool' in scope
58 | */
59 | public mutating func process<T>(_ transform: (TarEntry?) throws -> T) throws -> T {
60 | return try autoreleasepool {
| `- error: cannot find 'autoreleasepool' in scope
61 | let entry = try read()
62 | return try transform(entry)
[1241/1464] Compiling SWCompression TarError.swift
/host/spi-builder-workspace/.build/checkouts/SWCompression/Sources/TAR/TarReader.swift:60:20: error: cannot find 'autoreleasepool' in scope
58 | */
59 | public mutating func process<T>(_ transform: (TarEntry?) throws -> T) throws -> T {
60 | return try autoreleasepool {
| `- error: cannot find 'autoreleasepool' in scope
61 | let entry = try read()
62 | return try transform(entry)
[1242/1464] Compiling SWCompression TarExtendedHeader.swift
/host/spi-builder-workspace/.build/checkouts/SWCompression/Sources/TAR/TarReader.swift:60:20: error: cannot find 'autoreleasepool' in scope
58 | */
59 | public mutating func process<T>(_ transform: (TarEntry?) throws -> T) throws -> T {
60 | return try autoreleasepool {
| `- error: cannot find 'autoreleasepool' in scope
61 | let entry = try read()
62 | return try transform(entry)
[1243/1464] Compiling SWCompression TarHeader.swift
/host/spi-builder-workspace/.build/checkouts/SWCompression/Sources/TAR/TarReader.swift:60:20: error: cannot find 'autoreleasepool' in scope
58 | */
59 | public mutating func process<T>(_ transform: (TarEntry?) throws -> T) throws -> T {
60 | return try autoreleasepool {
| `- error: cannot find 'autoreleasepool' in scope
61 | let entry = try read()
62 | return try transform(entry)
[1244/1464] Compiling SWCompression TarParser.swift
/host/spi-builder-workspace/.build/checkouts/SWCompression/Sources/TAR/TarReader.swift:60:20: error: cannot find 'autoreleasepool' in scope
58 | */
59 | public mutating func process<T>(_ transform: (TarEntry?) throws -> T) throws -> T {
60 | return try autoreleasepool {
| `- error: cannot find 'autoreleasepool' in scope
61 | let entry = try read()
62 | return try transform(entry)
[1245/1464] Compiling SWCompression TarReader.swift
/host/spi-builder-workspace/.build/checkouts/SWCompression/Sources/TAR/TarReader.swift:60:20: error: cannot find 'autoreleasepool' in scope
58 | */
59 | public mutating func process<T>(_ transform: (TarEntry?) throws -> T) throws -> T {
60 | return try autoreleasepool {
| `- error: cannot find 'autoreleasepool' in scope
61 | let entry = try read()
62 | return try transform(entry)
[1246/1476] Compiling IR IR+StaticAnalysis.swift
[1247/1476] Emitting module IR
[1248/1476] Compiling IR IR.swift
[1249/1476] Compiling SWCompression LZMAProperties.swift
[1250/1476] Compiling SWCompression LZMARangeDecoder.swift
[1251/1476] Compiling SWCompression LZMA2.swift
[1252/1476] Compiling SWCompression LZMA2Decoder.swift
[1253/1476] Compiling SWCompression LZMA2Error.swift
[1266/1476] Compiling SWCompression TarWriter.swift
[1267/1476] Compiling SWCompression LittleEndianByteReader+XZ.swift
[1268/1476] Compiling SWCompression Sha256.swift
[1269/1476] Compiling SWCompression XZArchive.swift
[1270/1476] Compiling SWCompression XZBlock.swift
[1271/1476] Compiling SWCompression XZError.swift
[1272/1476] Compiling Crypto Signature.swift
[1273/1476] Compiling Crypto CryptoKitErrors_boring.swift
[1274/1476] Compiling Crypto Optional+withUnsafeBytes_boring.swift
[1275/1476] Compiling Crypto RNG_boring.swift
[1276/1476] Compiling Crypto SafeCompare_boring.swift
[1277/1476] Compiling Crypto Zeroization_boring.swift
[1278/1476] Compiling SWCompression ZipContainer.swift
[1279/1476] Compiling SWCompression ZipEndOfCentralDirectory.swift
[1280/1476] Compiling SWCompression ZipEntry.swift
[1281/1476] Compiling SWCompression ZipEntryInfo.swift
[1282/1476] Compiling SWCompression ZipEntryInfoHelper.swift
[1283/1476] Compiling IR Local.swift
[1284/1476] Compiling IR Statements.swift
[1286/1477] Compiling SWCompression 7zStreamInfo.swift
[1287/1477] Compiling SWCompression CodeLength.swift
[1288/1477] Compiling SWCompression DecodingTree.swift
[1289/1477] Compiling SWCompression EncodingTree.swift
[1290/1477] Compiling SWCompression CompressionAlgorithm.swift
[1291/1477] Compiling SWCompression CompressionMethod.swift
[1292/1477] Compiling SWCompression Container.swift
[1293/1477] Compiling SWCompression ContainerEntry.swift
[1294/1477] Compiling SWCompression ContainerEntryInfo.swift
[1295/1477] Compiling SWCompression ContainerEntryType.swift
[1296/1477] Compiling SWCompression DosAttributes.swift
[1297/1477] Compiling SWCompression Permissions.swift
[1304/1477] Compiling SWCompression LZMA.swift
[1305/1477] Compiling SWCompression LZMABitTreeDecoder.swift
[1306/1477] Compiling SWCompression LZMAConstants.swift
[1307/1477] Compiling SWCompression LZMADecoder.swift
[1308/1477] Compiling SWCompression LZMAError.swift
[1309/1477] Compiling SWCompression LZMALenDecoder.swift
[1310/1477] Compiling SWCompression 7zCoder+Equatable.swift
[1311/1477] Compiling SWCompression 7zCoder.swift
[1312/1477] Compiling SWCompression 7zCoderInfo.swift
[1313/1477] Compiling SWCompression 7zContainer.swift
[1314/1477] Compiling SWCompression 7zEntry.swift
[1315/1477] Compiling SWCompression 7zEntryInfo.swift
[1316/1477] Compiling SWCompression 7zError.swift
[1317/1477] Compiling SWCompression 7zFileInfo.swift
[1318/1477] Compiling SWCompression 7zFolder.swift
[1319/1477] Compiling SWCompression 7zHeader.swift
[1320/1477] Compiling SWCompression 7zPackInfo.swift
[1321/1477] Compiling SWCompression 7zProperty.swift
[1322/1477] Compiling SWCompression DataError.swift
[1323/1477] Compiling SWCompression DecompressionAlgorithm.swift
[1324/1477] Compiling SWCompression 7zSubstreamInfo.swift
[1325/1477] Compiling SWCompression CompressionMethod+7z.swift
[1326/1477] Compiling SWCompression MsbBitReader+7z.swift
[1327/1477] Compiling SWCompression BZip2+BlockSize.swift
[1328/1477] Compiling SWCompression BZip2+Compress.swift
[1329/1477] Compiling SWCompression BZip2+Lengths.swift
[1330/1477] Compiling SWCompression BZip2.swift
[1331/1477] Compiling SWCompression BZip2Error.swift
[1332/1477] Compiling SWCompression BurrowsWheeler.swift
[1333/1477] Compiling SWCompression SuffixArray.swift
[1386/1484] Compiling Bytecode Builder.swift
[1387/1484] Compiling Bytecode Policy.swift
[1388/1484] Emitting module Bytecode
[1389/1484] Compiling Bytecode Converter.swift
[1395/1484] Compiling SWCompression ZipError.swift
[1396/1484] Compiling SWCompression ZipExtraField.swift
[1397/1484] Compiling SWCompression ZipLocalHeader.swift
[1398/1484] Compiling SWCompression ZlibArchive.swift
[1399/1484] Compiling SWCompression ZlibError.swift
[1400/1484] Compiling SWCompression ZlibHeader.swift
[1401/1484] Compiling SWCompression resource_bundle_accessor.swift
[1402/1484] Compiling Bytecode Opcode.swift
[1416/1484] Compiling Bytecode Encoder.swift
[1418/1529] Compiling Rego Numbers.swift
[1419/1529] Compiling Rego Objects.swift
[1420/1529] Compiling Rego Rand.swift
[1421/1529] Compiling Rego Regex.swift
[1422/1529] Compiling Rego Registry.swift
[1423/1529] Compiling Rego Types.swift
[1424/1529] Compiling Rego Units.swift
[1425/1529] Compiling Rego Uuid.swift
[1426/1529] Compiling Rego Walk.swift
[1427/1529] Compiling Rego Yaml.swift
[1428/1529] Compiling Rego Bundle.swift
[1429/1529] Compiling Rego Evaluator.swift
[1430/1529] Compiling Rego SyncPeers.swift
[1431/1529] Compiling Rego Casts.swift
[1432/1529] Compiling Rego Collections.swift
[1433/1529] Compiling Rego Comparison.swift
[1434/1529] Compiling Rego Crypto.swift
[1435/1529] Compiling Rego Encoding.swift
[1436/1529] Compiling Rego BlockResult.swift
[1437/1529] Compiling Rego Aggregates.swift
[1438/1529] Compiling Rego Arithmetic.swift
[1439/1529] Compiling Rego Array.swift
[1440/1529] Compiling Rego Bits.swift
[1441/1529] Compiling Rego Builtins.swift
[1442/1529] Compiling Rego BuiltinsCache.swift
[1443/1529] Compiling Rego Json.swift
[1444/1529] Emitting module SWCompression
[1445/1529] Compiling Rego IREvaluator.swift
[1446/1529] Compiling Rego Locals.swift
[1447/1529] Compiling Rego Manifest+Codable.swift
[1448/1529] Compiling Rego OPA.swift
[1458/1529] Compiling Rego Semver.swift
[1459/1529] Compiling Rego Sets.swift
[1460/1529] Compiling Rego Strings.swift
[1461/1529] Compiling Rego TextTemplate.swift
[1462/1529] Compiling Rego Time.swift
[1463/1529] Compiling Rego Trace.swift
[1464/1529] Compiling Rego BundleLoader.swift
[1465/1529] Compiling Rego Engine+BundleCache.swift
[1466/1529] Compiling Rego Engine+Prepare.swift
BUILD FAILURE 6.2 android