The Swift Package Index logo.Swift Package Index

Build Information

Failed to build SquirrelCore, reference master (b7a7c4), with Swift 6.4 for visionOS using Xcode 27.0 on 17 Sep 2026 04:15:31 UTC.

Build Command

No build command. This typically means the build failed at an early stage where we determine the build command.

Build Log

========================================
RunAll
========================================
Builder version: 5.1.0
Interrupt handler set up.
========================================
Checkout
========================================
Clone URL: https://github.com/Swift-Squirrel/Squirrel-Core.git
Reference: master
Initialized empty Git repository in /Users/admin/builder/spi-builder-workspace/.git/
From https://github.com/Swift-Squirrel/Squirrel-Core
 * branch            master     -> FETCH_HEAD
 * [new branch]      master     -> origin/master
HEAD is now at b7a7c41 Custom representation type
Cloned https://github.com/Swift-Squirrel/Squirrel-Core.git
Revision (git rev-parse @):
b7a7c4128c5a1d4d18baa5cf0f3dc91793e5c620
SUCCESS checkout https://github.com/Swift-Squirrel/Squirrel-Core.git at master
========================================
Build
========================================
Selected platform:         visionOS
Swift version:             6.4
Building package at path:  $PWD
https://github.com/Swift-Squirrel/Squirrel-Core.git
Command line invocation:
    /Applications/Xcode-27.0.0-Release.Candidate.app/Contents/Developer/usr/bin/xcodebuild -IDEClonedSourcePackagesDirPathOverride=/Users/admin/builder/spi-builder-workspace/.dependencies -resolvePackageDependencies
Resolve Package Graph
Fetching from https://github.com/sharplet/Regex.git
Resolve Package Graph
Updating from https://github.com/sharplet/Regex.git
Resolved source packages:
  spi-builder-workspace: (null)
2026-09-17 00:15:29.946 xcodebuild[529:3036] Writing error result bundle to /var/folders/xq/y_g06wb113726d38xsyx71_h0000gn/T/ResultBundle_2026-17-09_00-15-0029.xcresult
xcodebuild: error: Could not resolve package dependencies:
  Failed to resolve dependencies Dependencies could not be resolved because root depends on 'regex' 1.1.0..<2.0.0.
'regex' < 2.0.0 cannot be used because no versions of 'regex' match the requirement 1.1.2..<2.0.0 and 'regex' < 1.1.2 contains incompatible tools version (3.1.0).
Command line invocation:
    /Applications/Xcode-27.0.0-Release.Candidate.app/Contents/Developer/usr/bin/xcodebuild -IDEClonedSourcePackagesDirPathOverride=/Users/admin/builder/spi-builder-workspace/.dependencies -resolvePackageDependencies
Resolve Package Graph
Updating from https://github.com/sharplet/Regex.git
Resolved source packages:
  spi-builder-workspace: (null)
2026-09-17 00:15:31.707 xcodebuild[643:3818] Writing error result bundle to /var/folders/xq/y_g06wb113726d38xsyx71_h0000gn/T/ResultBundle_2026-17-09_00-15-0031.xcresult
xcodebuild: error: Could not resolve package dependencies:
  Failed to resolve dependencies Dependencies could not be resolved because root depends on 'regex' 1.1.0..<2.0.0.
'regex' < 2.0.0 cannot be used because no versions of 'regex' match the requirement 1.1.2..<2.0.0 and 'regex' < 1.1.2 contains incompatible tools version (3.1.0).
BUILD FAILURE 6.4 visionOS