Build Information
Failed to build steamworks-swift, reference 1.6.0 (777046), with Swift 6.4 for macOS (Xcode) using Xcode 27.0 on 10 Oct 2026 00:32:26 UTC.
Build Command
env DEVELOPER_DIR=/Applications/Xcode-27.0.0-Release.Candidate.app xcrun xcodebuild -IDEClonedSourcePackagesDirPathOverride=$PWD/.dependencies -skipMacroValidation -skipPackagePluginValidation -derivedDataPath $PWD/.derivedData build -scheme swift-steamworks -destination platform=macOS,arch=arm64Build Log
ScanDependencies /Users/admin/builder/spi-builder-workspace/.derivedData/Build/Intermediates.noindex/Yams.build/Debug/CYaml-t.build/Objects-normal/arm64/writer.o /Users/admin/builder/spi-builder-workspace/.dependencies/checkouts/Yams/Sources/CYaml/src/writer.c normal arm64 c com.apple.compilers.llvm.clang.1_0.compiler (in target 'CYaml' from project 'Yams')
cd /Users/admin/builder/spi-builder-workspace/steamworks-swift.xcodeproj
Using response file: /Users/admin/builder/spi-builder-workspace/.derivedData/Build/Intermediates.noindex/Yams.build/Debug/CYaml-t.build/Objects-normal/arm64/7187679823f38a2a940e0043cdf9d637-common-args.resp
builtin-ScanDependencies -o /Users/admin/builder/spi-builder-workspace/.derivedData/Build/Intermediates.noindex/Yams.build/Debug/CYaml-t.build/Objects-normal/arm64/writer.o.scan -- /Applications/Xcode-27.0.0.app/Contents/Developer/Toolchains/XcodeDefault.xctoolchain/usr/bin/clang -x c -ivfsstatcache /Users/admin/builder/spi-builder-workspace/.derivedData/SDKStatCaches.noindex/macosx27.0-26A425-e829b21a6f8c9b70876ba0858053c04489db99fe7804849a4777d653a8cfc1be.sdkstatcache -target arm64-apple-macos12.0 -fmessage-length\=0 -fdiagnostics-show-note-include-stack -fmacro-backtrace-limit\=0 -fno-color-diagnostics -fmodules-prune-interval\=86400 -fmodules-prune-after\=345600 -fbuild-session-file\=/Users/admin/builder/spi-builder-workspace/.derivedData/ModuleCache.noindex/Session.modulevalidation -fmodules-validate-once-per-build-session -Wnon-modular-include-in-framework-module -Werror\=non-modular-include-in-framework-module -Wno-trigraphs -Wno-missing-field-initializers -Wno-missing-prototypes -Wno-return-type -Wno-missing-braces -Wparentheses -Wswitch -Wno-unused-function -Wno-unused-label -Wno-unused-parameter -Wno-unused-variable -Wunused-value -Wno-empty-body -Wno-uninitialized -Wno-unknown-pragmas -w -Wno-shadow -Wno-four-char-constants -Wno-conversion -Wno-constant-conversion -Wno-int-conversion -Wno-bool-conversion -Wno-enum-conversion -Wno-float-conversion -Wno-non-literal-null-conversion -Wno-objc-literal-conversion -Wshorten-64-to-32 -Wpointer-sign -Wno-newline-eof -Wno-implicit-fallthrough -isysroot /Applications/Xcode-27.0.0.app/Contents/Developer/Platforms/MacOSX.platform/Developer/SDKs/MacOSX27.0.sdk -fstrict-aliasing -Wdeprecated-declarations -Wno-sign-conversion -Wno-infinite-recursion -Wno-comma -Wno-block-capture-autoreleasing -Wno-strict-prototypes -Wno-semicolon-before-method-body -index-store-path /Users/admin/builder/spi-builder-workspace/.derivedData/Index.noindex/DataStore @/Users/admin/builder/spi-builder-workspace/.derivedData/Build/Intermediates.noindex/Yams.build/Debug/CYaml-t.build/Objects-normal/arm64/7187679823f38a2a940e0043cdf9d637-common-args.resp -MMD -MT dependencies -MF /Users/admin/builder/spi-builder-workspace/.derivedData/Build/Intermediates.noindex/Yams.build/Debug/CYaml-t.build/Objects-normal/arm64/writer.d --serialize-diagnostics /Users/admin/builder/spi-builder-workspace/.derivedData/Build/Intermediates.noindex/Yams.build/Debug/CYaml-t.build/Objects-normal/arm64/writer.dia -c /Users/admin/builder/spi-builder-workspace/.dependencies/checkouts/Yams/Sources/CYaml/src/writer.c -o /Users/admin/builder/spi-builder-workspace/.derivedData/Build/Intermediates.noindex/Yams.build/Debug/CYaml-t.build/Objects-normal/arm64/writer.o -index-unit-output-path /Yams.build/Debug/CYaml-t.build/Objects-normal/arm64/writer.o
ScanDependencies /Users/admin/builder/spi-builder-workspace/.derivedData/Build/Intermediates.noindex/Yams.build/Debug/CYaml-t.build/Objects-normal/arm64/parser.o /Users/admin/builder/spi-builder-workspace/.dependencies/checkouts/Yams/Sources/CYaml/src/parser.c normal arm64 c com.apple.compilers.llvm.clang.1_0.compiler (in target 'CYaml' from project 'Yams')
cd /Users/admin/builder/spi-builder-workspace/steamworks-swift.xcodeproj
Using response file: /Users/admin/builder/spi-builder-workspace/.derivedData/Build/Intermediates.noindex/Yams.build/Debug/CYaml-t.build/Objects-normal/arm64/7187679823f38a2a940e0043cdf9d637-common-args.resp
builtin-ScanDependencies -o /Users/admin/builder/spi-builder-workspace/.derivedData/Build/Intermediates.noindex/Yams.build/Debug/CYaml-t.build/Objects-normal/arm64/parser.o.scan -- /Applications/Xcode-27.0.0.app/Contents/Developer/Toolchains/XcodeDefault.xctoolchain/usr/bin/clang -x c -ivfsstatcache /Users/admin/builder/spi-builder-workspace/.derivedData/SDKStatCaches.noindex/macosx27.0-26A425-e829b21a6f8c9b70876ba0858053c04489db99fe7804849a4777d653a8cfc1be.sdkstatcache -target arm64-apple-macos12.0 -fmessage-length\=0 -fdiagnostics-show-note-include-stack -fmacro-backtrace-limit\=0 -fno-color-diagnostics -fmodules-prune-interval\=86400 -fmodules-prune-after\=345600 -fbuild-session-file\=/Users/admin/builder/spi-builder-workspace/.derivedData/ModuleCache.noindex/Session.modulevalidation -fmodules-validate-once-per-build-session -Wnon-modular-include-in-framework-module -Werror\=non-modular-include-in-framework-module -Wno-trigraphs -Wno-missing-field-initializers -Wno-missing-prototypes -Wno-return-type -Wno-missing-braces -Wparentheses -Wswitch -Wno-unused-function -Wno-unused-label -Wno-unused-parameter -Wno-unused-variable -Wunused-value -Wno-empty-body -Wno-uninitialized -Wno-unknown-pragmas -w -Wno-shadow -Wno-four-char-constants -Wno-conversion -Wno-constant-conversion -Wno-int-conversion -Wno-bool-conversion -Wno-enum-conversion -Wno-float-conversion -Wno-non-literal-null-conversion -Wno-objc-literal-conversion -Wshorten-64-to-32 -Wpointer-sign -Wno-newline-eof -Wno-implicit-fallthrough -isysroot /Applications/Xcode-27.0.0.app/Contents/Developer/Platforms/MacOSX.platform/Developer/SDKs/MacOSX27.0.sdk -fstrict-aliasing -Wdeprecated-declarations -Wno-sign-conversion -Wno-infinite-recursion -Wno-comma -Wno-block-capture-autoreleasing -Wno-strict-prototypes -Wno-semicolon-before-method-body -index-store-path /Users/admin/builder/spi-builder-workspace/.derivedData/Index.noindex/DataStore @/Users/admin/builder/spi-builder-workspace/.derivedData/Build/Intermediates.noindex/Yams.build/Debug/CYaml-t.build/Objects-normal/arm64/7187679823f38a2a940e0043cdf9d637-common-args.resp -MMD -MT dependencies -MF /Users/admin/builder/spi-builder-workspace/.derivedData/Build/Intermediates.noindex/Yams.build/Debug/CYaml-t.build/Objects-normal/arm64/parser.d --serialize-diagnostics /Users/admin/builder/spi-builder-workspace/.derivedData/Build/Intermediates.noindex/Yams.build/Debug/CYaml-t.build/Objects-normal/arm64/parser.dia -c /Users/admin/builder/spi-builder-workspace/.dependencies/checkouts/Yams/Sources/CYaml/src/parser.c -o /Users/admin/builder/spi-builder-workspace/.derivedData/Build/Intermediates.noindex/Yams.build/Debug/CYaml-t.build/Objects-normal/arm64/parser.o -index-unit-output-path /Yams.build/Debug/CYaml-t.build/Objects-normal/arm64/parser.o
ScanDependencies /Users/admin/builder/spi-builder-workspace/.derivedData/Build/Intermediates.noindex/Yams.build/Debug/CYaml-t.build/Objects-normal/arm64/scanner.o /Users/admin/builder/spi-builder-workspace/.dependencies/checkouts/Yams/Sources/CYaml/src/scanner.c normal arm64 c com.apple.compilers.llvm.clang.1_0.compiler (in target 'CYaml' from project 'Yams')
cd /Users/admin/builder/spi-builder-workspace/steamworks-swift.xcodeproj
Using response file: /Users/admin/builder/spi-builder-workspace/.derivedData/Build/Intermediates.noindex/Yams.build/Debug/CYaml-t.build/Objects-normal/arm64/7187679823f38a2a940e0043cdf9d637-common-args.resp
builtin-ScanDependencies -o /Users/admin/builder/spi-builder-workspace/.derivedData/Build/Intermediates.noindex/Yams.build/Debug/CYaml-t.build/Objects-normal/arm64/scanner.o.scan -- /Applications/Xcode-27.0.0.app/Contents/Developer/Toolchains/XcodeDefault.xctoolchain/usr/bin/clang -x c -ivfsstatcache /Users/admin/builder/spi-builder-workspace/.derivedData/SDKStatCaches.noindex/macosx27.0-26A425-e829b21a6f8c9b70876ba0858053c04489db99fe7804849a4777d653a8cfc1be.sdkstatcache -target arm64-apple-macos12.0 -fmessage-length\=0 -fdiagnostics-show-note-include-stack -fmacro-backtrace-limit\=0 -fno-color-diagnostics -fmodules-prune-interval\=86400 -fmodules-prune-after\=345600 -fbuild-session-file\=/Users/admin/builder/spi-builder-workspace/.derivedData/ModuleCache.noindex/Session.modulevalidation -fmodules-validate-once-per-build-session -Wnon-modular-include-in-framework-module -Werror\=non-modular-include-in-framework-module -Wno-trigraphs -Wno-missing-field-initializers -Wno-missing-prototypes -Wno-return-type -Wno-missing-braces -Wparentheses -Wswitch -Wno-unused-function -Wno-unused-label -Wno-unused-parameter -Wno-unused-variable -Wunused-value -Wno-empty-body -Wno-uninitialized -Wno-unknown-pragmas -w -Wno-shadow -Wno-four-char-constants -Wno-conversion -Wno-constant-conversion -Wno-int-conversion -Wno-bool-conversion -Wno-enum-conversion -Wno-float-conversion -Wno-non-literal-null-conversion -Wno-objc-literal-conversion -Wshorten-64-to-32 -Wpointer-sign -Wno-newline-eof -Wno-implicit-fallthrough -isysroot /Applications/Xcode-27.0.0.app/Contents/Developer/Platforms/MacOSX.platform/Developer/SDKs/MacOSX27.0.sdk -fstrict-aliasing -Wdeprecated-declarations -Wno-sign-conversion -Wno-infinite-recursion -Wno-comma -Wno-block-capture-autoreleasing -Wno-strict-prototypes -Wno-semicolon-before-method-body -index-store-path /Users/admin/builder/spi-builder-workspace/.derivedData/Index.noindex/DataStore @/Users/admin/builder/spi-builder-workspace/.derivedData/Build/Intermediates.noindex/Yams.build/Debug/CYaml-t.build/Objects-normal/arm64/7187679823f38a2a940e0043cdf9d637-common-args.resp -MMD -MT dependencies -MF /Users/admin/builder/spi-builder-workspace/.derivedData/Build/Intermediates.noindex/Yams.build/Debug/CYaml-t.build/Objects-normal/arm64/scanner.d --serialize-diagnostics /Users/admin/builder/spi-builder-workspace/.derivedData/Build/Intermediates.noindex/Yams.build/Debug/CYaml-t.build/Objects-normal/arm64/scanner.dia -c /Users/admin/builder/spi-builder-workspace/.dependencies/checkouts/Yams/Sources/CYaml/src/scanner.c -o /Users/admin/builder/spi-builder-workspace/.derivedData/Build/Intermediates.noindex/Yams.build/Debug/CYaml-t.build/Objects-normal/arm64/scanner.o -index-unit-output-path /Yams.build/Debug/CYaml-t.build/Objects-normal/arm64/scanner.o
ScanDependencies /Users/admin/builder/spi-builder-workspace/.derivedData/Build/Intermediates.noindex/Yams.build/Debug/CYaml-t.build/Objects-normal/arm64/reader.o /Users/admin/builder/spi-builder-workspace/.dependencies/checkouts/Yams/Sources/CYaml/src/reader.c normal arm64 c com.apple.compilers.llvm.clang.1_0.compiler (in target 'CYaml' from project 'Yams')
cd /Users/admin/builder/spi-builder-workspace/steamworks-swift.xcodeproj
Using response file: /Users/admin/builder/spi-builder-workspace/.derivedData/Build/Intermediates.noindex/Yams.build/Debug/CYaml-t.build/Objects-normal/arm64/7187679823f38a2a940e0043cdf9d637-common-args.resp
builtin-ScanDependencies -o /Users/admin/builder/spi-builder-workspace/.derivedData/Build/Intermediates.noindex/Yams.build/Debug/CYaml-t.build/Objects-normal/arm64/reader.o.scan -- /Applications/Xcode-27.0.0.app/Contents/Developer/Toolchains/XcodeDefault.xctoolchain/usr/bin/clang -x c -ivfsstatcache /Users/admin/builder/spi-builder-workspace/.derivedData/SDKStatCaches.noindex/macosx27.0-26A425-e829b21a6f8c9b70876ba0858053c04489db99fe7804849a4777d653a8cfc1be.sdkstatcache -target arm64-apple-macos12.0 -fmessage-length\=0 -fdiagnostics-show-note-include-stack -fmacro-backtrace-limit\=0 -fno-color-diagnostics -fmodules-prune-interval\=86400 -fmodules-prune-after\=345600 -fbuild-session-file\=/Users/admin/builder/spi-builder-workspace/.derivedData/ModuleCache.noindex/Session.modulevalidation -fmodules-validate-once-per-build-session -Wnon-modular-include-in-framework-module -Werror\=non-modular-include-in-framework-module -Wno-trigraphs -Wno-missing-field-initializers -Wno-missing-prototypes -Wno-return-type -Wno-missing-braces -Wparentheses -Wswitch -Wno-unused-function -Wno-unused-label -Wno-unused-parameter -Wno-unused-variable -Wunused-value -Wno-empty-body -Wno-uninitialized -Wno-unknown-pragmas -w -Wno-shadow -Wno-four-char-constants -Wno-conversion -Wno-constant-conversion -Wno-int-conversion -Wno-bool-conversion -Wno-enum-conversion -Wno-float-conversion -Wno-non-literal-null-conversion -Wno-objc-literal-conversion -Wshorten-64-to-32 -Wpointer-sign -Wno-newline-eof -Wno-implicit-fallthrough -isysroot /Applications/Xcode-27.0.0.app/Contents/Developer/Platforms/MacOSX.platform/Developer/SDKs/MacOSX27.0.sdk -fstrict-aliasing -Wdeprecated-declarations -Wno-sign-conversion -Wno-infinite-recursion -Wno-comma -Wno-block-capture-autoreleasing -Wno-strict-prototypes -Wno-semicolon-before-method-body -index-store-path /Users/admin/builder/spi-builder-workspace/.derivedData/Index.noindex/DataStore @/Users/admin/builder/spi-builder-workspace/.derivedData/Build/Intermediates.noindex/Yams.build/Debug/CYaml-t.build/Objects-normal/arm64/7187679823f38a2a940e0043cdf9d637-common-args.resp -MMD -MT dependencies -MF /Users/admin/builder/spi-builder-workspace/.derivedData/Build/Intermediates.noindex/Yams.build/Debug/CYaml-t.build/Objects-normal/arm64/reader.d --serialize-diagnostics /Users/admin/builder/spi-builder-workspace/.derivedData/Build/Intermediates.noindex/Yams.build/Debug/CYaml-t.build/Objects-normal/arm64/reader.dia -c /Users/admin/builder/spi-builder-workspace/.dependencies/checkouts/Yams/Sources/CYaml/src/reader.c -o /Users/admin/builder/spi-builder-workspace/.derivedData/Build/Intermediates.noindex/Yams.build/Debug/CYaml-t.build/Objects-normal/arm64/reader.o -index-unit-output-path /Yams.build/Debug/CYaml-t.build/Objects-normal/arm64/reader.o
ScanDependencies /Users/admin/builder/spi-builder-workspace/.derivedData/Build/Intermediates.noindex/Yams.build/Debug/CYaml-t.build/Objects-normal/arm64/emitter.o /Users/admin/builder/spi-builder-workspace/.dependencies/checkouts/Yams/Sources/CYaml/src/emitter.c normal arm64 c com.apple.compilers.llvm.clang.1_0.compiler (in target 'CYaml' from project 'Yams')
cd /Users/admin/builder/spi-builder-workspace/steamworks-swift.xcodeproj
Using response file: /Users/admin/builder/spi-builder-workspace/.derivedData/Build/Intermediates.noindex/Yams.build/Debug/CYaml-t.build/Objects-normal/arm64/7187679823f38a2a940e0043cdf9d637-common-args.resp
builtin-ScanDependencies -o /Users/admin/builder/spi-builder-workspace/.derivedData/Build/Intermediates.noindex/Yams.build/Debug/CYaml-t.build/Objects-normal/arm64/emitter.o.scan -- /Applications/Xcode-27.0.0.app/Contents/Developer/Toolchains/XcodeDefault.xctoolchain/usr/bin/clang -x c -ivfsstatcache /Users/admin/builder/spi-builder-workspace/.derivedData/SDKStatCaches.noindex/macosx27.0-26A425-e829b21a6f8c9b70876ba0858053c04489db99fe7804849a4777d653a8cfc1be.sdkstatcache -target arm64-apple-macos12.0 -fmessage-length\=0 -fdiagnostics-show-note-include-stack -fmacro-backtrace-limit\=0 -fno-color-diagnostics -fmodules-prune-interval\=86400 -fmodules-prune-after\=345600 -fbuild-session-file\=/Users/admin/builder/spi-builder-workspace/.derivedData/ModuleCache.noindex/Session.modulevalidation -fmodules-validate-once-per-build-session -Wnon-modular-include-in-framework-module -Werror\=non-modular-include-in-framework-module -Wno-trigraphs -Wno-missing-field-initializers -Wno-missing-prototypes -Wno-return-type -Wno-missing-braces -Wparentheses -Wswitch -Wno-unused-function -Wno-unused-label -Wno-unused-parameter -Wno-unused-variable -Wunused-value -Wno-empty-body -Wno-uninitialized -Wno-unknown-pragmas -w -Wno-shadow -Wno-four-char-constants -Wno-conversion -Wno-constant-conversion -Wno-int-conversion -Wno-bool-conversion -Wno-enum-conversion -Wno-float-conversion -Wno-non-literal-null-conversion -Wno-objc-literal-conversion -Wshorten-64-to-32 -Wpointer-sign -Wno-newline-eof -Wno-implicit-fallthrough -isysroot /Applications/Xcode-27.0.0.app/Contents/Developer/Platforms/MacOSX.platform/Developer/SDKs/MacOSX27.0.sdk -fstrict-aliasing -Wdeprecated-declarations -Wno-sign-conversion -Wno-infinite-recursion -Wno-comma -Wno-block-capture-autoreleasing -Wno-strict-prototypes -Wno-semicolon-before-method-body -index-store-path /Users/admin/builder/spi-builder-workspace/.derivedData/Index.noindex/DataStore @/Users/admin/builder/spi-builder-workspace/.derivedData/Build/Intermediates.noindex/Yams.build/Debug/CYaml-t.build/Objects-normal/arm64/7187679823f38a2a940e0043cdf9d637-common-args.resp -MMD -MT dependencies -MF /Users/admin/builder/spi-builder-workspace/.derivedData/Build/Intermediates.noindex/Yams.build/Debug/CYaml-t.build/Objects-normal/arm64/emitter.d --serialize-diagnostics /Users/admin/builder/spi-builder-workspace/.derivedData/Build/Intermediates.noindex/Yams.build/Debug/CYaml-t.build/Objects-normal/arm64/emitter.dia -c /Users/admin/builder/spi-builder-workspace/.dependencies/checkouts/Yams/Sources/CYaml/src/emitter.c -o /Users/admin/builder/spi-builder-workspace/.derivedData/Build/Intermediates.noindex/Yams.build/Debug/CYaml-t.build/Objects-normal/arm64/emitter.o -index-unit-output-path /Yams.build/Debug/CYaml-t.build/Objects-normal/arm64/emitter.o
ScanDependencies /Users/admin/builder/spi-builder-workspace/.derivedData/Build/Intermediates.noindex/Yams.build/Debug/CYaml-t.build/Objects-normal/arm64/api.o /Users/admin/builder/spi-builder-workspace/.dependencies/checkouts/Yams/Sources/CYaml/src/api.c normal arm64 c com.apple.compilers.llvm.clang.1_0.compiler (in target 'CYaml' from project 'Yams')
cd /Users/admin/builder/spi-builder-workspace/steamworks-swift.xcodeproj
Using response file: /Users/admin/builder/spi-builder-workspace/.derivedData/Build/Intermediates.noindex/Yams.build/Debug/CYaml-t.build/Objects-normal/arm64/7187679823f38a2a940e0043cdf9d637-common-args.resp
builtin-ScanDependencies -o /Users/admin/builder/spi-builder-workspace/.derivedData/Build/Intermediates.noindex/Yams.build/Debug/CYaml-t.build/Objects-normal/arm64/api.o.scan -- /Applications/Xcode-27.0.0.app/Contents/Developer/Toolchains/XcodeDefault.xctoolchain/usr/bin/clang -x c -ivfsstatcache /Users/admin/builder/spi-builder-workspace/.derivedData/SDKStatCaches.noindex/macosx27.0-26A425-e829b21a6f8c9b70876ba0858053c04489db99fe7804849a4777d653a8cfc1be.sdkstatcache -target arm64-apple-macos12.0 -fmessage-length\=0 -fdiagnostics-show-note-include-stack -fmacro-backtrace-limit\=0 -fno-color-diagnostics -fmodules-prune-interval\=86400 -fmodules-prune-after\=345600 -fbuild-session-file\=/Users/admin/builder/spi-builder-workspace/.derivedData/ModuleCache.noindex/Session.modulevalidation -fmodules-validate-once-per-build-session -Wnon-modular-include-in-framework-module -Werror\=non-modular-include-in-framework-module -Wno-trigraphs -Wno-missing-field-initializers -Wno-missing-prototypes -Wno-return-type -Wno-missing-braces -Wparentheses -Wswitch -Wno-unused-function -Wno-unused-label -Wno-unused-parameter -Wno-unused-variable -Wunused-value -Wno-empty-body -Wno-uninitialized -Wno-unknown-pragmas -w -Wno-shadow -Wno-four-char-constants -Wno-conversion -Wno-constant-conversion -Wno-int-conversion -Wno-bool-conversion -Wno-enum-conversion -Wno-float-conversion -Wno-non-literal-null-conversion -Wno-objc-literal-conversion -Wshorten-64-to-32 -Wpointer-sign -Wno-newline-eof -Wno-implicit-fallthrough -isysroot /Applications/Xcode-27.0.0.app/Contents/Developer/Platforms/MacOSX.platform/Developer/SDKs/MacOSX27.0.sdk -fstrict-aliasing -Wdeprecated-declarations -Wno-sign-conversion -Wno-infinite-recursion -Wno-comma -Wno-block-capture-autoreleasing -Wno-strict-prototypes -Wno-semicolon-before-method-body -index-store-path /Users/admin/builder/spi-builder-workspace/.derivedData/Index.noindex/DataStore @/Users/admin/builder/spi-builder-workspace/.derivedData/Build/Intermediates.noindex/Yams.build/Debug/CYaml-t.build/Objects-normal/arm64/7187679823f38a2a940e0043cdf9d637-common-args.resp -MMD -MT dependencies -MF /Users/admin/builder/spi-builder-workspace/.derivedData/Build/Intermediates.noindex/Yams.build/Debug/CYaml-t.build/Objects-normal/arm64/api.d --serialize-diagnostics /Users/admin/builder/spi-builder-workspace/.derivedData/Build/Intermediates.noindex/Yams.build/Debug/CYaml-t.build/Objects-normal/arm64/api.dia -c /Users/admin/builder/spi-builder-workspace/.dependencies/checkouts/Yams/Sources/CYaml/src/api.c -o /Users/admin/builder/spi-builder-workspace/.derivedData/Build/Intermediates.noindex/Yams.build/Debug/CYaml-t.build/Objects-normal/arm64/api.o -index-unit-output-path /Yams.build/Debug/CYaml-t.build/Objects-normal/arm64/api.o
SwiftDriver Yams normal arm64 com.apple.xcode.tools.swift.compiler (in target 'Yams' from project 'Yams')
cd /Users/admin/builder/spi-builder-workspace/steamworks-swift.xcodeproj
builtin-SwiftDriver -- /Applications/Xcode-27.0.0.app/Contents/Developer/Toolchains/XcodeDefault.xctoolchain/usr/bin/swiftc -parse-as-library -module-name Yams -Onone @/Users/admin/builder/spi-builder-workspace/.derivedData/Build/Intermediates.noindex/Yams.build/Debug/Yams-t.build/Objects-normal/arm64/Yams.SwiftFileList -DSWIFT_PACKAGE -DDEBUG -DSWIFT_MODULE_RESOURCE_BUNDLE_UNAVAILABLE -Xcc -fmodule-map-file\=/Users/admin/builder/spi-builder-workspace/.dependencies/checkouts/Yams/Sources/CYaml/include/module.modulemap -DXcode -plugin-path /Applications/Xcode-27.0.0.app/Contents/Developer/Toolchains/XcodeDefault.xctoolchain/usr/lib/swift/host/plugins/testing -enable-experimental-feature DebugDescriptionMacro -sdk /Applications/Xcode-27.0.0.app/Contents/Developer/Platforms/MacOSX.platform/Developer/SDKs/MacOSX27.0.sdk -target arm64-apple-macos12.0 -g -module-cache-path /Users/admin/builder/spi-builder-workspace/.derivedData/ModuleCache.noindex -Xfrontend -serialize-debugging-options -profile-coverage-mapping -profile-generate -enable-testing -suppress-warnings -index-store-path /Users/admin/builder/spi-builder-workspace/.derivedData/Index.noindex/DataStore -Xcc -D_LIBCPP_HARDENING_MODE\=_LIBCPP_HARDENING_MODE_DEBUG -swift-version 6 -I /Users/admin/builder/spi-builder-workspace/.derivedData/Build/Products/Debug -Isystem /Applications/Xcode-27.0.0.app/Contents/Developer/Platforms/MacOSX.platform/Developer/usr/lib -F /Users/admin/builder/spi-builder-workspace/.derivedData/Build/Products/Debug/PackageFrameworks -F /Users/admin/builder/spi-builder-workspace/.derivedData/Build/Products/Debug -F /Applications/Xcode-27.0.0.app/Contents/Developer/Platforms/MacOSX.platform/Developer/Library/Frameworks -c -j10 -enable-batch-mode -incremental -Xcc -ivfsstatcache -Xcc /Users/admin/builder/spi-builder-workspace/.derivedData/SDKStatCaches.noindex/macosx27.0-26A425-e829b21a6f8c9b70876ba0858053c04489db99fe7804849a4777d653a8cfc1be.sdkstatcache -output-file-map /Users/admin/builder/spi-builder-workspace/.derivedData/Build/Intermediates.noindex/Yams.build/Debug/Yams-t.build/Objects-normal/arm64/Yams-OutputFileMap.json -save-temps -no-color-diagnostics -explicit-module-build -module-cache-path /Users/admin/builder/spi-builder-workspace/.derivedData/Build/Intermediates.noindex/SwiftExplicitPrecompiledModules -clang-scanner-module-cache-path /Users/admin/builder/spi-builder-workspace/.derivedData/ModuleCache.noindex -sdk-module-cache-path /Users/admin/builder/spi-builder-workspace/.derivedData/SDKExplicitPrecompiledModules -emit-dependencies -emit-module -emit-module-path /Users/admin/builder/spi-builder-workspace/.derivedData/Build/Intermediates.noindex/Yams.build/Debug/Yams-t.build/Objects-normal/arm64/Yams.swiftmodule -serialize-diagnostics -dependency-scan-serialize-diagnostics-path /Users/admin/builder/spi-builder-workspace/.derivedData/Build/Intermediates.noindex/Yams.build/Debug/Yams-t.build/Objects-normal/arm64/Yams-dependency-scan.dia -user-module-version 6.2.2 -validate-clang-modules-once -clang-build-session-file /Users/admin/builder/spi-builder-workspace/.derivedData/ModuleCache.noindex/Session.modulevalidation -Xcc -fmodules-prune-interval\=86400 -Xcc -fmodules-prune-after\=345600 -package-name yams -emit-const-values -const-gather-protocols-list /Users/admin/builder/spi-builder-workspace/.derivedData/Build/Intermediates.noindex/Yams.build/Debug/Yams-t.build/Objects-normal/arm64/Yams_const_extract_protocols.json -Xcc -I/Users/admin/builder/spi-builder-workspace/.dependencies/checkouts/Yams/Sources/CYaml/include -Xcc -I/Users/admin/builder/spi-builder-workspace/.derivedData/Build/Products/Debug/include -Xcc -I/Users/admin/builder/spi-builder-workspace/.derivedData/Build/Intermediates.noindex/Yams.build/Debug/Yams-t.build/DerivedSources-normal/arm64 -Xcc -I/Users/admin/builder/spi-builder-workspace/.derivedData/Build/Intermediates.noindex/Yams.build/Debug/Yams-t.build/DerivedSources/arm64 -Xcc -I/Users/admin/builder/spi-builder-workspace/.derivedData/Build/Intermediates.noindex/Yams.build/Debug/Yams-t.build/DerivedSources -Xcc -DSWIFT_PACKAGE -Xcc -DDEBUG\=1 -Xcc -DYAML_DECLARE_STATIC -emit-objc-header -emit-objc-header-path /Users/admin/builder/spi-builder-workspace/.derivedData/Build/Intermediates.noindex/Yams.build/Debug/Yams-t.build/Objects-normal/arm64/Yams-Swift.h -working-directory /Users/admin/builder/spi-builder-workspace/steamworks-swift.xcodeproj -experimental-emit-module-separately -disable-cmo
SwiftDriver Logging normal arm64 com.apple.xcode.tools.swift.compiler (in target 'Logging' from project 'swift-log')
cd /Users/admin/builder/spi-builder-workspace/steamworks-swift.xcodeproj
builtin-SwiftDriver -- /Applications/Xcode-27.0.0.app/Contents/Developer/Toolchains/XcodeDefault.xctoolchain/usr/bin/swiftc -parse-as-library -module-name Logging -Onone @/Users/admin/builder/spi-builder-workspace/.derivedData/Build/Intermediates.noindex/swift-log.build/Debug/Logging-t.build/Objects-normal/arm64/Logging.SwiftFileList -DSWIFT_PACKAGE -DDEBUG -DSWIFT_MODULE_RESOURCE_BUNDLE_UNAVAILABLE -DXcode -enable-upcoming-feature ExistentialAny -enable-upcoming-feature MemberImportVisibility -enable-upcoming-feature InternalImportsByDefault -enable-upcoming-feature NonisolatedNonsendingByDefault -Xfrontend -require-explicit-sendable -plugin-path /Applications/Xcode-27.0.0.app/Contents/Developer/Toolchains/XcodeDefault.xctoolchain/usr/lib/swift/host/plugins/testing -enable-experimental-feature DebugDescriptionMacro -sdk /Applications/Xcode-27.0.0.app/Contents/Developer/Platforms/MacOSX.platform/Developer/SDKs/MacOSX27.0.sdk -target arm64-apple-macos12.0 -g -module-cache-path /Users/admin/builder/spi-builder-workspace/.derivedData/ModuleCache.noindex -Xfrontend -serialize-debugging-options -profile-coverage-mapping -profile-generate -enable-testing -suppress-warnings -index-store-path /Users/admin/builder/spi-builder-workspace/.derivedData/Index.noindex/DataStore -Xcc -D_LIBCPP_HARDENING_MODE\=_LIBCPP_HARDENING_MODE_DEBUG -swift-version 6 -I /Users/admin/builder/spi-builder-workspace/.derivedData/Build/Products/Debug -Isystem /Applications/Xcode-27.0.0.app/Contents/Developer/Platforms/MacOSX.platform/Developer/usr/lib -F /Users/admin/builder/spi-builder-workspace/.derivedData/Build/Products/Debug -F /Applications/Xcode-27.0.0.app/Contents/Developer/Platforms/MacOSX.platform/Developer/Library/Frameworks -c -j10 -enable-batch-mode -incremental -Xcc -ivfsstatcache -Xcc /Users/admin/builder/spi-builder-workspace/.derivedData/SDKStatCaches.noindex/macosx27.0-26A425-e829b21a6f8c9b70876ba0858053c04489db99fe7804849a4777d653a8cfc1be.sdkstatcache -output-file-map /Users/admin/builder/spi-builder-workspace/.derivedData/Build/Intermediates.noindex/swift-log.build/Debug/Logging-t.build/Objects-normal/arm64/Logging-OutputFileMap.json -save-temps -no-color-diagnostics -explicit-module-build -module-cache-path /Users/admin/builder/spi-builder-workspace/.derivedData/Build/Intermediates.noindex/SwiftExplicitPrecompiledModules -clang-scanner-module-cache-path /Users/admin/builder/spi-builder-workspace/.derivedData/ModuleCache.noindex -sdk-module-cache-path /Users/admin/builder/spi-builder-workspace/.derivedData/SDKExplicitPrecompiledModules -emit-dependencies -emit-module -emit-module-path /Users/admin/builder/spi-builder-workspace/.derivedData/Build/Intermediates.noindex/swift-log.build/Debug/Logging-t.build/Objects-normal/arm64/Logging.swiftmodule -serialize-diagnostics -dependency-scan-serialize-diagnostics-path /Users/admin/builder/spi-builder-workspace/.derivedData/Build/Intermediates.noindex/swift-log.build/Debug/Logging-t.build/Objects-normal/arm64/Logging-dependency-scan.dia -user-module-version 1.16.1 -validate-clang-modules-once -clang-build-session-file /Users/admin/builder/spi-builder-workspace/.derivedData/ModuleCache.noindex/Session.modulevalidation -Xcc -fmodules-prune-interval\=86400 -Xcc -fmodules-prune-after\=345600 -package-name swift_log -emit-const-values -const-gather-protocols-list /Users/admin/builder/spi-builder-workspace/.derivedData/Build/Intermediates.noindex/swift-log.build/Debug/Logging-t.build/Objects-normal/arm64/Logging_const_extract_protocols.json -Xcc -I/Users/admin/builder/spi-builder-workspace/.derivedData/Build/Products/Debug/include -Xcc -I/Users/admin/builder/spi-builder-workspace/.derivedData/Build/Intermediates.noindex/swift-log.build/Debug/Logging-t.build/DerivedSources-normal/arm64 -Xcc -I/Users/admin/builder/spi-builder-workspace/.derivedData/Build/Intermediates.noindex/swift-log.build/Debug/Logging-t.build/DerivedSources/arm64 -Xcc -I/Users/admin/builder/spi-builder-workspace/.derivedData/Build/Intermediates.noindex/swift-log.build/Debug/Logging-t.build/DerivedSources -Xcc -DSWIFT_PACKAGE -Xcc -DDEBUG\=1 -emit-objc-header -emit-objc-header-path /Users/admin/builder/spi-builder-workspace/.derivedData/Build/Intermediates.noindex/swift-log.build/Debug/Logging-t.build/Objects-normal/arm64/Logging-Swift.h -working-directory /Users/admin/builder/spi-builder-workspace/steamworks-swift.xcodeproj -experimental-emit-module-separately -disable-cmo
SwiftDriver Atomics normal arm64 com.apple.xcode.tools.swift.compiler (in target 'Atomics' from project 'swift-atomics')
cd /Users/admin/builder/spi-builder-workspace/steamworks-swift.xcodeproj
builtin-SwiftDriver -- /Applications/Xcode-27.0.0.app/Contents/Developer/Toolchains/XcodeDefault.xctoolchain/usr/bin/swiftc -parse-as-library -module-name Atomics -Onone @/Users/admin/builder/spi-builder-workspace/.derivedData/Build/Intermediates.noindex/swift-atomics.build/Debug/Atomics-t.build/Objects-normal/arm64/Atomics.SwiftFileList -DSWIFT_PACKAGE -DDEBUG -DSWIFT_MODULE_RESOURCE_BUNDLE_UNAVAILABLE -Xcc -fmodule-map-file\=/Users/admin/builder/spi-builder-workspace/.dependencies/checkouts/swift-atomics/Sources/_AtomicsShims/include/module.modulemap -DXcode -enable-experimental-feature BuiltinModule -plugin-path /Applications/Xcode-27.0.0.app/Contents/Developer/Toolchains/XcodeDefault.xctoolchain/usr/lib/swift/host/plugins/testing -enable-experimental-feature DebugDescriptionMacro -sdk /Applications/Xcode-27.0.0.app/Contents/Developer/Platforms/MacOSX.platform/Developer/SDKs/MacOSX27.0.sdk -target arm64-apple-macos12.0 -g -module-cache-path /Users/admin/builder/spi-builder-workspace/.derivedData/ModuleCache.noindex -Xfrontend -serialize-debugging-options -profile-coverage-mapping -profile-generate -enable-testing -suppress-warnings -index-store-path /Users/admin/builder/spi-builder-workspace/.derivedData/Index.noindex/DataStore -Xcc -D_LIBCPP_HARDENING_MODE\=_LIBCPP_HARDENING_MODE_DEBUG -swift-version 5 -I /Users/admin/builder/spi-builder-workspace/.derivedData/Build/Products/Debug -Isystem /Applications/Xcode-27.0.0.app/Contents/Developer/Platforms/MacOSX.platform/Developer/usr/lib -F /Users/admin/builder/spi-builder-workspace/.derivedData/Build/Products/Debug/PackageFrameworks -F /Users/admin/builder/spi-builder-workspace/.derivedData/Build/Products/Debug -F /Applications/Xcode-27.0.0.app/Contents/Developer/Platforms/MacOSX.platform/Developer/Library/Frameworks -c -j10 -enable-batch-mode -incremental -Xcc -ivfsstatcache -Xcc /Users/admin/builder/spi-builder-workspace/.derivedData/SDKStatCaches.noindex/macosx27.0-26A425-e829b21a6f8c9b70876ba0858053c04489db99fe7804849a4777d653a8cfc1be.sdkstatcache -output-file-map /Users/admin/builder/spi-builder-workspace/.derivedData/Build/Intermediates.noindex/swift-atomics.build/Debug/Atomics-t.build/Objects-normal/arm64/Atomics-OutputFileMap.json -save-temps -no-color-diagnostics -explicit-module-build -module-cache-path /Users/admin/builder/spi-builder-workspace/.derivedData/Build/Intermediates.noindex/SwiftExplicitPrecompiledModules -clang-scanner-module-cache-path /Users/admin/builder/spi-builder-workspace/.derivedData/ModuleCache.noindex -sdk-module-cache-path /Users/admin/builder/spi-builder-workspace/.derivedData/SDKExplicitPrecompiledModules -emit-dependencies -emit-module -emit-module-path /Users/admin/builder/spi-builder-workspace/.derivedData/Build/Intermediates.noindex/swift-atomics.build/Debug/Atomics-t.build/Objects-normal/arm64/Atomics.swiftmodule -serialize-diagnostics -dependency-scan-serialize-diagnostics-path /Users/admin/builder/spi-builder-workspace/.derivedData/Build/Intermediates.noindex/swift-atomics.build/Debug/Atomics-t.build/Objects-normal/arm64/Atomics-dependency-scan.dia -validate-clang-modules-once -clang-build-session-file /Users/admin/builder/spi-builder-workspace/.derivedData/ModuleCache.noindex/Session.modulevalidation -Xcc -fmodules-prune-interval\=86400 -Xcc -fmodules-prune-after\=345600 -package-name swift_atomics -emit-const-values -const-gather-protocols-list /Users/admin/builder/spi-builder-workspace/.derivedData/Build/Intermediates.noindex/swift-atomics.build/Debug/Atomics-t.build/Objects-normal/arm64/Atomics_const_extract_protocols.json -Xcc -I/Users/admin/builder/spi-builder-workspace/.dependencies/checkouts/swift-atomics/Sources/_AtomicsShims/include -Xcc -I/Users/admin/builder/spi-builder-workspace/.derivedData/Build/Products/Debug/include -Xcc -I/Users/admin/builder/spi-builder-workspace/.derivedData/Build/Intermediates.noindex/swift-atomics.build/Debug/Atomics-t.build/DerivedSources-normal/arm64 -Xcc -I/Users/admin/builder/spi-builder-workspace/.derivedData/Build/Intermediates.noindex/swift-atomics.build/Debug/Atomics-t.build/DerivedSources/arm64 -Xcc -I/Users/admin/builder/spi-builder-workspace/.derivedData/Build/Intermediates.noindex/swift-atomics.build/Debug/Atomics-t.build/DerivedSources -Xcc -DSWIFT_PACKAGE -Xcc -DDEBUG\=1 -emit-objc-header -emit-objc-header-path /Users/admin/builder/spi-builder-workspace/.derivedData/Build/Intermediates.noindex/swift-atomics.build/Debug/Atomics-t.build/Objects-normal/arm64/Atomics-Swift.h -working-directory /Users/admin/builder/spi-builder-workspace/steamworks-swift.xcodeproj -experimental-emit-module-separately -disable-cmo
PrecompileModule /Users/admin/builder/spi-builder-workspace/.derivedData/Build/Intermediates.noindex/ExplicitPrecompiledModules/_Builtin_stddef-D51SL2F07OBZ01A2S458MDKYM.scan
cd /
builtin-precompileModule /Users/admin/builder/spi-builder-workspace/.derivedData/Build/Intermediates.noindex/ExplicitPrecompiledModules/_Builtin_stddef-D51SL2F07OBZ01A2S458MDKYM.scan
PrecompileModule /Users/admin/builder/spi-builder-workspace/.derivedData/Build/Intermediates.noindex/ExplicitPrecompiledModules/_Builtin_stdarg-A3L3MTJ26XWZFNNVH1CCW6D6F.scan
cd /
builtin-precompileModule /Users/admin/builder/spi-builder-workspace/.derivedData/Build/Intermediates.noindex/ExplicitPrecompiledModules/_Builtin_stdarg-A3L3MTJ26XWZFNNVH1CCW6D6F.scan
PrecompileModule /Users/admin/builder/spi-builder-workspace/.derivedData/Build/Intermediates.noindex/ExplicitPrecompiledModules/_Builtin_stdbool-7CI9DT551DY6ID0HFKUXO33XR.scan
cd /
builtin-precompileModule /Users/admin/builder/spi-builder-workspace/.derivedData/Build/Intermediates.noindex/ExplicitPrecompiledModules/_Builtin_stdbool-7CI9DT551DY6ID0HFKUXO33XR.scan
PrecompileModule /Users/admin/builder/spi-builder-workspace/.derivedData/Build/Intermediates.noindex/ExplicitPrecompiledModules/ptrcheck-4K1F46AGHWPDGVNJTTRU24AC1.scan
cd /
builtin-precompileModule /Users/admin/builder/spi-builder-workspace/.derivedData/Build/Intermediates.noindex/ExplicitPrecompiledModules/ptrcheck-4K1F46AGHWPDGVNJTTRU24AC1.scan
PrecompileModule /Users/admin/builder/spi-builder-workspace/.derivedData/Build/Intermediates.noindex/ExplicitPrecompiledModules/_AvailabilityInternal-93TXNAXNB0K04Z9J5DLCZ5U63.scan
cd /
builtin-precompileModule /Users/admin/builder/spi-builder-workspace/.derivedData/Build/Intermediates.noindex/ExplicitPrecompiledModules/_AvailabilityInternal-93TXNAXNB0K04Z9J5DLCZ5U63.scan
PrecompileModule /Users/admin/builder/spi-builder-workspace/.derivedData/Build/Intermediates.noindex/ExplicitPrecompiledModules/_Builtin_float-69DKCBLS9TMVB095JPIJZ7FN6.scan
cd /
builtin-precompileModule /Users/admin/builder/spi-builder-workspace/.derivedData/Build/Intermediates.noindex/ExplicitPrecompiledModules/_Builtin_float-69DKCBLS9TMVB095JPIJZ7FN6.scan
PrecompileModule /Users/admin/builder/spi-builder-workspace/.derivedData/Build/Intermediates.noindex/ExplicitPrecompiledModules/_AvailabilityInternal-9Z9E6FYRWFR1DFDEP7D8SGKIE.scan
cd /
builtin-precompileModule /Users/admin/builder/spi-builder-workspace/.derivedData/Build/Intermediates.noindex/ExplicitPrecompiledModules/_AvailabilityInternal-9Z9E6FYRWFR1DFDEP7D8SGKIE.scan
PrecompileModule /Users/admin/builder/spi-builder-workspace/.derivedData/Build/Intermediates.noindex/ExplicitPrecompiledModules/ptrcheck-DSCVWSI33O2OL6B4YLA7JYJDS.scan
cd /
builtin-precompileModule /Users/admin/builder/spi-builder-workspace/.derivedData/Build/Intermediates.noindex/ExplicitPrecompiledModules/ptrcheck-DSCVWSI33O2OL6B4YLA7JYJDS.scan
PrecompileModule /Users/admin/builder/spi-builder-workspace/.derivedData/Build/Intermediates.noindex/ExplicitPrecompiledModules/_Builtin_float-B7OLVU1ZAS54IMDTEMHP2ERLN.scan
cd /
builtin-precompileModule /Users/admin/builder/spi-builder-workspace/.derivedData/Build/Intermediates.noindex/ExplicitPrecompiledModules/_Builtin_float-B7OLVU1ZAS54IMDTEMHP2ERLN.scan
PrecompileModule /Users/admin/builder/spi-builder-workspace/.derivedData/Build/Intermediates.noindex/ExplicitPrecompiledModules/_Builtin_stdarg-4VCGSHKPBFY2HE0OP1N656PFL.scan
cd /
builtin-precompileModule /Users/admin/builder/spi-builder-workspace/.derivedData/Build/Intermediates.noindex/ExplicitPrecompiledModules/_Builtin_stdarg-4VCGSHKPBFY2HE0OP1N656PFL.scan
PrecompileModule /Users/admin/builder/spi-builder-workspace/.derivedData/Build/Intermediates.noindex/ExplicitPrecompiledModules/_Builtin_stddef-8Q47PJ00P80XD4D6NN4YC7CU6.scan
cd /
builtin-precompileModule /Users/admin/builder/spi-builder-workspace/.derivedData/Build/Intermediates.noindex/ExplicitPrecompiledModules/_Builtin_stddef-8Q47PJ00P80XD4D6NN4YC7CU6.scan
PrecompileModule /Users/admin/builder/spi-builder-workspace/.derivedData/Build/Intermediates.noindex/ExplicitPrecompiledModules/_DarwinFoundation1-83H39C1N2EPLTV8XT3BV4MEA5.scan
cd /
builtin-precompileModule /Users/admin/builder/spi-builder-workspace/.derivedData/Build/Intermediates.noindex/ExplicitPrecompiledModules/_DarwinFoundation1-83H39C1N2EPLTV8XT3BV4MEA5.scan
PrecompileModule /Users/admin/builder/spi-builder-workspace/.derivedData/Build/Intermediates.noindex/ExplicitPrecompiledModules/_DarwinFoundation1-6THPUA4BJW122VDOJQS2YTH09.scan
cd /
builtin-precompileModule /Users/admin/builder/spi-builder-workspace/.derivedData/Build/Intermediates.noindex/ExplicitPrecompiledModules/_DarwinFoundation1-6THPUA4BJW122VDOJQS2YTH09.scan
PrecompileModule /Users/admin/builder/spi-builder-workspace/.derivedData/Build/Intermediates.noindex/ExplicitPrecompiledModules/_DarwinFoundation2-BGOI23CZ9JMOR26DX2SKJFZCX.scan
cd /
builtin-precompileModule /Users/admin/builder/spi-builder-workspace/.derivedData/Build/Intermediates.noindex/ExplicitPrecompiledModules/_DarwinFoundation2-BGOI23CZ9JMOR26DX2SKJFZCX.scan
PrecompileModule /Users/admin/builder/spi-builder-workspace/.derivedData/Build/Intermediates.noindex/ExplicitPrecompiledModules/_Builtin_limits-AT6XZKESHFM8KCM6V6F7QQZ0F.scan
cd /
builtin-precompileModule /Users/admin/builder/spi-builder-workspace/.derivedData/Build/Intermediates.noindex/ExplicitPrecompiledModules/_Builtin_limits-AT6XZKESHFM8KCM6V6F7QQZ0F.scan
PrecompileModule /Users/admin/builder/spi-builder-workspace/.derivedData/Build/Intermediates.noindex/ExplicitPrecompiledModules/_DarwinFoundation2-CHQVNTJBMWZX2PJUOF8NP91QA.scan
cd /
builtin-precompileModule /Users/admin/builder/spi-builder-workspace/.derivedData/Build/Intermediates.noindex/ExplicitPrecompiledModules/_DarwinFoundation2-CHQVNTJBMWZX2PJUOF8NP91QA.scan
SwiftExplicitDependencyGeneratePcm arm64 /Users/admin/builder/spi-builder-workspace/.derivedData/SDKExplicitPrecompiledModules/_Builtin_stdarg-77KA4QZYUV0BOSPFPGATUWA3V.pcm
SwiftExplicitDependencyGeneratePcm arm64 /Users/admin/builder/spi-builder-workspace/.derivedData/SDKExplicitPrecompiledModules/_AvailabilityInternal-A1Y58IRG7YC143LV8R2URIIKF.pcm
SwiftExplicitDependencyGeneratePcm arm64 /Users/admin/builder/spi-builder-workspace/.derivedData/SDKExplicitPrecompiledModules/_SwiftConcurrencyShims-9D4KGMQY6BNN2POK6FHBBYIYP.pcm
SwiftExplicitDependencyGeneratePcm arm64 /Users/admin/builder/spi-builder-workspace/.derivedData/SDKExplicitPrecompiledModules/ptrcheck-EEQ8QPATMIHVALS0ESC5XRH0W.pcm
SwiftExplicitDependencyGeneratePcm arm64 /Users/admin/builder/spi-builder-workspace/.derivedData/SDKExplicitPrecompiledModules/_Builtin_stddef-BH7SYQ1V5AJBW6T1N3FT0ZN37.pcm
SwiftExplicitDependencyGeneratePcm arm64 /Users/admin/builder/spi-builder-workspace/.derivedData/SDKExplicitPrecompiledModules/SwiftShims-77WU7FRDC5RD2A8QFVIUDAI2U.pcm
SwiftExplicitDependencyGeneratePcm arm64 /Users/admin/builder/spi-builder-workspace/.derivedData/SDKExplicitPrecompiledModules/_Builtin_stdbool-DRI989P1YDORBQKGOC1TX939A.pcm
SwiftExplicitDependencyGeneratePcm arm64 /Users/admin/builder/spi-builder-workspace/.derivedData/SDKExplicitPrecompiledModules/_Builtin_float-ABCN5FWAQAJHEKFZHS7I7D9C1.pcm
PrecompileModule /Users/admin/builder/spi-builder-workspace/.derivedData/Build/Intermediates.noindex/ExplicitPrecompiledModules/_Builtin_stdint-7ZQW2JGDA20THGAMA7U1IHQWI.scan
cd /
builtin-precompileModule /Users/admin/builder/spi-builder-workspace/.derivedData/Build/Intermediates.noindex/ExplicitPrecompiledModules/_Builtin_stdint-7ZQW2JGDA20THGAMA7U1IHQWI.scan
PrecompileModule /Users/admin/builder/spi-builder-workspace/.derivedData/Build/Intermediates.noindex/ExplicitPrecompiledModules/_Builtin_stdint-9M336Z1FHAMQQXH9XAK1W40JL.scan
cd /
builtin-precompileModule /Users/admin/builder/spi-builder-workspace/.derivedData/Build/Intermediates.noindex/ExplicitPrecompiledModules/_Builtin_stdint-9M336Z1FHAMQQXH9XAK1W40JL.scan
SwiftExplicitDependencyGeneratePcm arm64 /Users/admin/builder/spi-builder-workspace/.derivedData/SDKExplicitPrecompiledModules/_Builtin_stdbool-79N45RHX8CDIQW1TAAKYQKKG3.pcm
SwiftExplicitDependencyGeneratePcm arm64 /Users/admin/builder/spi-builder-workspace/.derivedData/SDKExplicitPrecompiledModules/_Builtin_stddef-E5ATRYDWWX92JLUMGIF8HZMS6.pcm
SwiftExplicitDependencyGeneratePcm arm64 /Users/admin/builder/spi-builder-workspace/.derivedData/SDKExplicitPrecompiledModules/_SwiftConcurrencyShims-QI1MO0YYXXQL8FN6N040J7ZN.pcm
SwiftExplicitDependencyGeneratePcm arm64 /Users/admin/builder/spi-builder-workspace/.derivedData/SDKExplicitPrecompiledModules/ptrcheck-7GIHYC2IR09ZQPQ9SB5ZP1JTV.pcm
SwiftExplicitDependencyGeneratePcm arm64 /Users/admin/builder/spi-builder-workspace/.derivedData/SDKExplicitPrecompiledModules/_AvailabilityInternal-1COIZNHN8F2FFNKU30VLRUL4C.pcm
SwiftExplicitDependencyGeneratePcm arm64 /Users/admin/builder/spi-builder-workspace/.derivedData/SDKExplicitPrecompiledModules/_Builtin_stdarg-DWX53PNZQP0URL01ET58ZY8K8.pcm
SwiftExplicitDependencyGeneratePcm arm64 /Users/admin/builder/spi-builder-workspace/.derivedData/SDKExplicitPrecompiledModules/SwiftShims-4K08ANRQA0A9KMPV8S83S37O5.pcm
SwiftExplicitDependencyGeneratePcm arm64 /Users/admin/builder/spi-builder-workspace/.derivedData/SDKExplicitPrecompiledModules/_Builtin_float-9BDN3BR2IH6U4XV3JPEDVVSXI.pcm
SwiftExplicitDependencyGeneratePcm arm64 /Users/admin/builder/spi-builder-workspace/.derivedData/SDKExplicitPrecompiledModules/_DarwinFoundation1-3ZOH7C4IZV8KN81WYWCK0Z7A5.pcm
CompileC /Users/admin/builder/spi-builder-workspace/.derivedData/Build/Intermediates.noindex/swift-atomics.build/Debug/_AtomicsShims-t.build/Objects-normal/arm64/_AtomicsShims.o /Users/admin/builder/spi-builder-workspace/.dependencies/checkouts/swift-atomics/Sources/_AtomicsShims/src/_AtomicsShims.c normal arm64 c com.apple.compilers.llvm.clang.1_0.compiler (in target '_AtomicsShims' from project 'swift-atomics')
cd /Users/admin/builder/spi-builder-workspace/steamworks-swift.xcodeproj
Using response file: /Users/admin/builder/spi-builder-workspace/.derivedData/Build/Intermediates.noindex/swift-atomics.build/Debug/_AtomicsShims-t.build/Objects-normal/arm64/7187679823f38a2a940e0043cdf9d637-common-args.resp
/Applications/Xcode-27.0.0.app/Contents/Developer/Toolchains/XcodeDefault.xctoolchain/usr/bin/clang -x c -ivfsstatcache /Users/admin/builder/spi-builder-workspace/.derivedData/SDKStatCaches.noindex/macosx27.0-26A425-e829b21a6f8c9b70876ba0858053c04489db99fe7804849a4777d653a8cfc1be.sdkstatcache -target arm64-apple-macos12.0 -fmessage-length\=0 -fdiagnostics-show-note-include-stack -fmacro-backtrace-limit\=0 -fno-color-diagnostics -fmodules-prune-interval\=86400 -fmodules-prune-after\=345600 -fbuild-session-file\=/Users/admin/builder/spi-builder-workspace/.derivedData/ModuleCache.noindex/Session.modulevalidation -fmodules-validate-once-per-build-session -Wnon-modular-include-in-framework-module -Werror\=non-modular-include-in-framework-module -Wno-trigraphs -Wno-missing-field-initializers -Wno-missing-prototypes -Wno-return-type -Wno-missing-braces -Wparentheses -Wswitch -Wno-unused-function -Wno-unused-label -Wno-unused-parameter -Wno-unused-variable -Wunused-value -Wno-empty-body -Wno-uninitialized -Wno-unknown-pragmas -w -Wno-shadow -Wno-four-char-constants -Wno-conversion -Wno-constant-conversion -Wno-int-conversion -Wno-bool-conversion -Wno-enum-conversion -Wno-float-conversion -Wno-non-literal-null-conversion -Wno-objc-literal-conversion -Wshorten-64-to-32 -Wpointer-sign -Wno-newline-eof -Wno-implicit-fallthrough -isysroot /Applications/Xcode-27.0.0.app/Contents/Developer/Platforms/MacOSX.platform/Developer/SDKs/MacOSX27.0.sdk -fstrict-aliasing -Wdeprecated-declarations -Wno-sign-conversion -Wno-infinite-recursion -Wno-comma -Wno-block-capture-autoreleasing -Wno-strict-prototypes -Wno-semicolon-before-method-body -index-store-path /Users/admin/builder/spi-builder-workspace/.derivedData/Index.noindex/DataStore @/Users/admin/builder/spi-builder-workspace/.derivedData/Build/Intermediates.noindex/swift-atomics.build/Debug/_AtomicsShims-t.build/Objects-normal/arm64/7187679823f38a2a940e0043cdf9d637-common-args.resp -MMD -MT dependencies -MF /Users/admin/builder/spi-builder-workspace/.derivedData/Build/Intermediates.noindex/swift-atomics.build/Debug/_AtomicsShims-t.build/Objects-normal/arm64/_AtomicsShims.d --serialize-diagnostics /Users/admin/builder/spi-builder-workspace/.derivedData/Build/Intermediates.noindex/swift-atomics.build/Debug/_AtomicsShims-t.build/Objects-normal/arm64/_AtomicsShims.dia -c /Users/admin/builder/spi-builder-workspace/.dependencies/checkouts/swift-atomics/Sources/_AtomicsShims/src/_AtomicsShims.c -o /Users/admin/builder/spi-builder-workspace/.derivedData/Build/Intermediates.noindex/swift-atomics.build/Debug/_AtomicsShims-t.build/Objects-normal/arm64/_AtomicsShims.o -index-unit-output-path /swift-atomics.build/Debug/_AtomicsShims-t.build/Objects-normal/arm64/_AtomicsShims.o
PrecompileModule /Users/admin/builder/spi-builder-workspace/.derivedData/Build/Intermediates.noindex/ExplicitPrecompiledModules/_DarwinFoundation3-7WMUG4OJ4UPZR42XWD9XXHZAC.scan
cd /
builtin-precompileModule /Users/admin/builder/spi-builder-workspace/.derivedData/Build/Intermediates.noindex/ExplicitPrecompiledModules/_DarwinFoundation3-7WMUG4OJ4UPZR42XWD9XXHZAC.scan
SwiftExplicitDependencyGeneratePcm arm64 /Users/admin/builder/spi-builder-workspace/.derivedData/SDKExplicitPrecompiledModules/_DarwinFoundation1-2NZX9B43CO1LP1LBN8BFCWMJE.pcm
SwiftExplicitDependencyGeneratePcm arm64 /Users/admin/builder/spi-builder-workspace/.derivedData/SDKExplicitPrecompiledModules/_DarwinFoundation2-4LJ09IME55LCISDN4CE3HFEA9.pcm
Ld /Users/admin/builder/spi-builder-workspace/.derivedData/Build/Products/Debug/_AtomicsShims.o normal (in target '_AtomicsShims' from project 'swift-atomics')
cd /Users/admin/builder/spi-builder-workspace/.dependencies/checkouts/swift-atomics
/Applications/Xcode-27.0.0.app/Contents/Developer/Toolchains/XcodeDefault.xctoolchain/usr/bin/clang -Xlinker -reproducible -target arm64-apple-macos12.0 -r -isysroot /Applications/Xcode-27.0.0.app/Contents/Developer/Platforms/MacOSX.platform/Developer/SDKs/MacOSX27.0.sdk -O0 -w -Xlinker -no_warn_duplicate_libraries -F/Users/admin/builder/spi-builder-workspace/.derivedData/Build/Intermediates.noindex/EagerLinkingTBDs/Debug -F/Users/admin/builder/spi-builder-workspace/.derivedData/Build/Products/Debug -iframework /Applications/Xcode-27.0.0.app/Contents/Developer/Platforms/MacOSX.platform/Developer/Library/Frameworks -filelist /Users/admin/builder/spi-builder-workspace/.derivedData/Build/Intermediates.noindex/swift-atomics.build/Debug/_AtomicsShims-t.build/Objects-normal/arm64/_AtomicsShims.LinkFileList -nostdlib -Xlinker -object_path_lto -Xlinker /Users/admin/builder/spi-builder-workspace/.derivedData/Build/Intermediates.noindex/swift-atomics.build/Debug/_AtomicsShims-t.build/Objects-normal/arm64/_AtomicsShims_lto.o -Xlinker -no_deduplicate -Xlinker -debug_variant -Xlinker -dependency_info -Xlinker /Users/admin/builder/spi-builder-workspace/.derivedData/Build/Intermediates.noindex/swift-atomics.build/Debug/_AtomicsShims-t.build/Objects-normal/arm64/_AtomicsShims_dependency_info.dat -o /Users/admin/builder/spi-builder-workspace/.derivedData/Build/Products/Debug/_AtomicsShims.o
CompileC /Users/admin/builder/spi-builder-workspace/.derivedData/Build/Intermediates.noindex/Yams.build/Debug/CYaml-t.build/Objects-normal/arm64/emitter.o /Users/admin/builder/spi-builder-workspace/.dependencies/checkouts/Yams/Sources/CYaml/src/emitter.c normal arm64 c com.apple.compilers.llvm.clang.1_0.compiler (in target 'CYaml' from project 'Yams')
cd /Users/admin/builder/spi-builder-workspace/steamworks-swift.xcodeproj
Using response file: /Users/admin/builder/spi-builder-workspace/.derivedData/Build/Intermediates.noindex/Yams.build/Debug/CYaml-t.build/Objects-normal/arm64/7187679823f38a2a940e0043cdf9d637-common-args.resp
/Applications/Xcode-27.0.0.app/Contents/Developer/Toolchains/XcodeDefault.xctoolchain/usr/bin/clang -x c -ivfsstatcache /Users/admin/builder/spi-builder-workspace/.derivedData/SDKStatCaches.noindex/macosx27.0-26A425-e829b21a6f8c9b70876ba0858053c04489db99fe7804849a4777d653a8cfc1be.sdkstatcache -target arm64-apple-macos12.0 -fmessage-length\=0 -fdiagnostics-show-note-include-stack -fmacro-backtrace-limit\=0 -fno-color-diagnostics -fmodules-prune-interval\=86400 -fmodules-prune-after\=345600 -fbuild-session-file\=/Users/admin/builder/spi-builder-workspace/.derivedData/ModuleCache.noindex/Session.modulevalidation -fmodules-validate-once-per-build-session -Wnon-modular-include-in-framework-module -Werror\=non-modular-include-in-framework-module -Wno-trigraphs -Wno-missing-field-initializers -Wno-missing-prototypes -Wno-return-type -Wno-missing-braces -Wparentheses -Wswitch -Wno-unused-function -Wno-unused-label -Wno-unused-parameter -Wno-unused-variable -Wunused-value -Wno-empty-body -Wno-uninitialized -Wno-unknown-pragmas -w -Wno-shadow -Wno-four-char-constants -Wno-conversion -Wno-constant-conversion -Wno-int-conversion -Wno-bool-conversion -Wno-enum-conversion -Wno-float-conversion -Wno-non-literal-null-conversion -Wno-objc-literal-conversion -Wshorten-64-to-32 -Wpointer-sign -Wno-newline-eof -Wno-implicit-fallthrough -isysroot /Applications/Xcode-27.0.0.app/Contents/Developer/Platforms/MacOSX.platform/Developer/SDKs/MacOSX27.0.sdk -fstrict-aliasing -Wdeprecated-declarations -Wno-sign-conversion -Wno-infinite-recursion -Wno-comma -Wno-block-capture-autoreleasing -Wno-strict-prototypes -Wno-semicolon-before-method-body -index-store-path /Users/admin/builder/spi-builder-workspace/.derivedData/Index.noindex/DataStore @/Users/admin/builder/spi-builder-workspace/.derivedData/Build/Intermediates.noindex/Yams.build/Debug/CYaml-t.build/Objects-normal/arm64/7187679823f38a2a940e0043cdf9d637-common-args.resp -MMD -MT dependencies -MF /Users/admin/builder/spi-builder-workspace/.derivedData/Build/Intermediates.noindex/Yams.build/Debug/CYaml-t.build/Objects-normal/arm64/emitter.d --serialize-diagnostics /Users/admin/builder/spi-builder-workspace/.derivedData/Build/Intermediates.noindex/Yams.build/Debug/CYaml-t.build/Objects-normal/arm64/emitter.dia -c /Users/admin/builder/spi-builder-workspace/.dependencies/checkouts/Yams/Sources/CYaml/src/emitter.c -o /Users/admin/builder/spi-builder-workspace/.derivedData/Build/Intermediates.noindex/Yams.build/Debug/CYaml-t.build/Objects-normal/arm64/emitter.o -index-unit-output-path /Yams.build/Debug/CYaml-t.build/Objects-normal/arm64/emitter.o
CompileC /Users/admin/builder/spi-builder-workspace/.derivedData/Build/Intermediates.noindex/Yams.build/Debug/CYaml-t.build/Objects-normal/arm64/scanner.o /Users/admin/builder/spi-builder-workspace/.dependencies/checkouts/Yams/Sources/CYaml/src/scanner.c normal arm64 c com.apple.compilers.llvm.clang.1_0.compiler (in target 'CYaml' from project 'Yams')
cd /Users/admin/builder/spi-builder-workspace/steamworks-swift.xcodeproj
Using response file: /Users/admin/builder/spi-builder-workspace/.derivedData/Build/Intermediates.noindex/Yams.build/Debug/CYaml-t.build/Objects-normal/arm64/7187679823f38a2a940e0043cdf9d637-common-args.resp
/Applications/Xcode-27.0.0.app/Contents/Developer/Toolchains/XcodeDefault.xctoolchain/usr/bin/clang -x c -ivfsstatcache /Users/admin/builder/spi-builder-workspace/.derivedData/SDKStatCaches.noindex/macosx27.0-26A425-e829b21a6f8c9b70876ba0858053c04489db99fe7804849a4777d653a8cfc1be.sdkstatcache -target arm64-apple-macos12.0 -fmessage-length\=0 -fdiagnostics-show-note-include-stack -fmacro-backtrace-limit\=0 -fno-color-diagnostics -fmodules-prune-interval\=86400 -fmodules-prune-after\=345600 -fbuild-session-file\=/Users/admin/builder/spi-builder-workspace/.derivedData/ModuleCache.noindex/Session.modulevalidation -fmodules-validate-once-per-build-session -Wnon-modular-include-in-framework-module -Werror\=non-modular-include-in-framework-module -Wno-trigraphs -Wno-missing-field-initializers -Wno-missing-prototypes -Wno-return-type -Wno-missing-braces -Wparentheses -Wswitch -Wno-unused-function -Wno-unused-label -Wno-unused-parameter -Wno-unused-variable -Wunused-value -Wno-empty-body -Wno-uninitialized -Wno-unknown-pragmas -w -Wno-shadow -Wno-four-char-constants -Wno-conversion -Wno-constant-conversion -Wno-int-conversion -Wno-bool-conversion -Wno-enum-conversion -Wno-float-conversion -Wno-non-literal-null-conversion -Wno-objc-literal-conversion -Wshorten-64-to-32 -Wpointer-sign -Wno-newline-eof -Wno-implicit-fallthrough -isysroot /Applications/Xcode-27.0.0.app/Contents/Developer/Platforms/MacOSX.platform/Developer/SDKs/MacOSX27.0.sdk -fstrict-aliasing -Wdeprecated-declarations -Wno-sign-conversion -Wno-infinite-recursion -Wno-comma -Wno-block-capture-autoreleasing -Wno-strict-prototypes -Wno-semicolon-before-method-body -index-store-path /Users/admin/builder/spi-builder-workspace/.derivedData/Index.noindex/DataStore @/Users/admin/builder/spi-builder-workspace/.derivedData/Build/Intermediates.noindex/Yams.build/Debug/CYaml-t.build/Objects-normal/arm64/7187679823f38a2a940e0043cdf9d637-common-args.resp -MMD -MT dependencies -MF /Users/admin/builder/spi-builder-workspace/.derivedData/Build/Intermediates.noindex/Yams.build/Debug/CYaml-t.build/Objects-normal/arm64/scanner.d --serialize-diagnostics /Users/admin/builder/spi-builder-workspace/.derivedData/Build/Intermediates.noindex/Yams.build/Debug/CYaml-t.build/Objects-normal/arm64/scanner.dia -c /Users/admin/builder/spi-builder-workspace/.dependencies/checkouts/Yams/Sources/CYaml/src/scanner.c -o /Users/admin/builder/spi-builder-workspace/.derivedData/Build/Intermediates.noindex/Yams.build/Debug/CYaml-t.build/Objects-normal/arm64/scanner.o -index-unit-output-path /Yams.build/Debug/CYaml-t.build/Objects-normal/arm64/scanner.o
CompileC /Users/admin/builder/spi-builder-workspace/.derivedData/Build/Intermediates.noindex/Yams.build/Debug/CYaml-t.build/Objects-normal/arm64/reader.o /Users/admin/builder/spi-builder-workspace/.dependencies/checkouts/Yams/Sources/CYaml/src/reader.c normal arm64 c com.apple.compilers.llvm.clang.1_0.compiler (in target 'CYaml' from project 'Yams')
cd /Users/admin/builder/spi-builder-workspace/steamworks-swift.xcodeproj
Using response file: /Users/admin/builder/spi-builder-workspace/.derivedData/Build/Intermediates.noindex/Yams.build/Debug/CYaml-t.build/Objects-normal/arm64/7187679823f38a2a940e0043cdf9d637-common-args.resp
/Applications/Xcode-27.0.0.app/Contents/Developer/Toolchains/XcodeDefault.xctoolchain/usr/bin/clang -x c -ivfsstatcache /Users/admin/builder/spi-builder-workspace/.derivedData/SDKStatCaches.noindex/macosx27.0-26A425-e829b21a6f8c9b70876ba0858053c04489db99fe7804849a4777d653a8cfc1be.sdkstatcache -target arm64-apple-macos12.0 -fmessage-length\=0 -fdiagnostics-show-note-include-stack -fmacro-backtrace-limit\=0 -fno-color-diagnostics -fmodules-prune-interval\=86400 -fmodules-prune-after\=345600 -fbuild-session-file\=/Users/admin/builder/spi-builder-workspace/.derivedData/ModuleCache.noindex/Session.modulevalidation -fmodules-validate-once-per-build-session -Wnon-modular-include-in-framework-module -Werror\=non-modular-include-in-framework-module -Wno-trigraphs -Wno-missing-field-initializers -Wno-missing-prototypes -Wno-return-type -Wno-missing-braces -Wparentheses -Wswitch -Wno-unused-function -Wno-unused-label -Wno-unused-parameter -Wno-unused-variable -Wunused-value -Wno-empty-body -Wno-uninitialized -Wno-unknown-pragmas -w -Wno-shadow -Wno-four-char-constants -Wno-conversion -Wno-constant-conversion -Wno-int-conversion -Wno-bool-conversion -Wno-enum-conversion -Wno-float-conversion -Wno-non-literal-null-conversion -Wno-objc-literal-conversion -Wshorten-64-to-32 -Wpointer-sign -Wno-newline-eof -Wno-implicit-fallthrough -isysroot /Applications/Xcode-27.0.0.app/Contents/Developer/Platforms/MacOSX.platform/Developer/SDKs/MacOSX27.0.sdk -fstrict-aliasing -Wdeprecated-declarations -Wno-sign-conversion -Wno-infinite-recursion -Wno-comma -Wno-block-capture-autoreleasing -Wno-strict-prototypes -Wno-semicolon-before-method-body -index-store-path /Users/admin/builder/spi-builder-workspace/.derivedData/Index.noindex/DataStore @/Users/admin/builder/spi-builder-workspace/.derivedData/Build/Intermediates.noindex/Yams.build/Debug/CYaml-t.build/Objects-normal/arm64/7187679823f38a2a940e0043cdf9d637-common-args.resp -MMD -MT dependencies -MF /Users/admin/builder/spi-builder-workspace/.derivedData/Build/Intermediates.noindex/Yams.build/Debug/CYaml-t.build/Objects-normal/arm64/reader.d --serialize-diagnostics /Users/admin/builder/spi-builder-workspace/.derivedData/Build/Intermediates.noindex/Yams.build/Debug/CYaml-t.build/Objects-normal/arm64/reader.dia -c /Users/admin/builder/spi-builder-workspace/.dependencies/checkouts/Yams/Sources/CYaml/src/reader.c -o /Users/admin/builder/spi-builder-workspace/.derivedData/Build/Intermediates.noindex/Yams.build/Debug/CYaml-t.build/Objects-normal/arm64/reader.o -index-unit-output-path /Yams.build/Debug/CYaml-t.build/Objects-normal/arm64/reader.o
CompileC /Users/admin/builder/spi-builder-workspace/.derivedData/Build/Intermediates.noindex/Yams.build/Debug/CYaml-t.build/Objects-normal/arm64/parser.o /Users/admin/builder/spi-builder-workspace/.dependencies/checkouts/Yams/Sources/CYaml/src/parser.c normal arm64 c com.apple.compilers.llvm.clang.1_0.compiler (in target 'CYaml' from project 'Yams')
cd /Users/admin/builder/spi-builder-workspace/steamworks-swift.xcodeproj
Using response file: /Users/admin/builder/spi-builder-workspace/.derivedData/Build/Intermediates.noindex/Yams.build/Debug/CYaml-t.build/Objects-normal/arm64/7187679823f38a2a940e0043cdf9d637-common-args.resp
/Applications/Xcode-27.0.0.app/Contents/Developer/Toolchains/XcodeDefault.xctoolchain/usr/bin/clang -x c -ivfsstatcache /Users/admin/builder/spi-builder-workspace/.derivedData/SDKStatCaches.noindex/macosx27.0-26A425-e829b21a6f8c9b70876ba0858053c04489db99fe7804849a4777d653a8cfc1be.sdkstatcache -target arm64-apple-macos12.0 -fmessage-length\=0 -fdiagnostics-show-note-include-stack -fmacro-backtrace-limit\=0 -fno-color-diagnostics -fmodules-prune-interval\=86400 -fmodules-prune-after\=345600 -fbuild-session-file\=/Users/admin/builder/spi-builder-workspace/.derivedData/ModuleCache.noindex/Session.modulevalidation -fmodules-validate-once-per-build-session -Wnon-modular-include-in-framework-module -Werror\=non-modular-include-in-framework-module -Wno-trigraphs -Wno-missing-field-initializers -Wno-missing-prototypes -Wno-return-type -Wno-missing-braces -Wparentheses -Wswitch -Wno-unused-function -Wno-unused-label -Wno-unused-parameter -Wno-unused-variable -Wunused-value -Wno-empty-body -Wno-uninitialized -Wno-unknown-pragmas -w -Wno-shadow -Wno-four-char-constants -Wno-conversion -Wno-constant-conversion -Wno-int-conversion -Wno-bool-conversion -Wno-enum-conversion -Wno-float-conversion -Wno-non-literal-null-conversion -Wno-objc-literal-conversion -Wshorten-64-to-32 -Wpointer-sign -Wno-newline-eof -Wno-implicit-fallthrough -isysroot /Applications/Xcode-27.0.0.app/Contents/Developer/Platforms/MacOSX.platform/Developer/SDKs/MacOSX27.0.sdk -fstrict-aliasing -Wdeprecated-declarations -Wno-sign-conversion -Wno-infinite-recursion -Wno-comma -Wno-block-capture-autoreleasing -Wno-strict-prototypes -Wno-semicolon-before-method-body -index-store-path /Users/admin/builder/spi-builder-workspace/.derivedData/Index.noindex/DataStore @/Users/admin/builder/spi-builder-workspace/.derivedData/Build/Intermediates.noindex/Yams.build/Debug/CYaml-t.build/Objects-normal/arm64/7187679823f38a2a940e0043cdf9d637-common-args.resp -MMD -MT dependencies -MF /Users/admin/builder/spi-builder-workspace/.derivedData/Build/Intermediates.noindex/Yams.build/Debug/CYaml-t.build/Objects-normal/arm64/parser.d --serialize-diagnostics /Users/admin/builder/spi-builder-workspace/.derivedData/Build/Intermediates.noindex/Yams.build/Debug/CYaml-t.build/Objects-normal/arm64/parser.dia -c /Users/admin/builder/spi-builder-workspace/.dependencies/checkouts/Yams/Sources/CYaml/src/parser.c -o /Users/admin/builder/spi-builder-workspace/.derivedData/Build/Intermediates.noindex/Yams.build/Debug/CYaml-t.build/Objects-normal/arm64/parser.o -index-unit-output-path /Yams.build/Debug/CYaml-t.build/Objects-normal/arm64/parser.o
CompileC /Users/admin/builder/spi-builder-workspace/.derivedData/Build/Intermediates.noindex/Yams.build/Debug/CYaml-t.build/Objects-normal/arm64/writer.o /Users/admin/builder/spi-builder-workspace/.dependencies/checkouts/Yams/Sources/CYaml/src/writer.c normal arm64 c com.apple.compilers.llvm.clang.1_0.compiler (in target 'CYaml' from project 'Yams')
cd /Users/admin/builder/spi-builder-workspace/steamworks-swift.xcodeproj
Using response file: /Users/admin/builder/spi-builder-workspace/.derivedData/Build/Intermediates.noindex/Yams.build/Debug/CYaml-t.build/Objects-normal/arm64/7187679823f38a2a940e0043cdf9d637-common-args.resp
/Applications/Xcode-27.0.0.app/Contents/Developer/Toolchains/XcodeDefault.xctoolchain/usr/bin/clang -x c -ivfsstatcache /Users/admin/builder/spi-builder-workspace/.derivedData/SDKStatCaches.noindex/macosx27.0-26A425-e829b21a6f8c9b70876ba0858053c04489db99fe7804849a4777d653a8cfc1be.sdkstatcache -target arm64-apple-macos12.0 -fmessage-length\=0 -fdiagnostics-show-note-include-stack -fmacro-backtrace-limit\=0 -fno-color-diagnostics -fmodules-prune-interval\=86400 -fmodules-prune-after\=345600 -fbuild-session-file\=/Users/admin/builder/spi-builder-workspace/.derivedData/ModuleCache.noindex/Session.modulevalidation -fmodules-validate-once-per-build-session -Wnon-modular-include-in-framework-module -Werror\=non-modular-include-in-framework-module -Wno-trigraphs -Wno-missing-field-initializers -Wno-missing-prototypes -Wno-return-type -Wno-missing-braces -Wparentheses -Wswitch -Wno-unused-function -Wno-unused-label -Wno-unused-parameter -Wno-unused-variable -Wunused-value -Wno-empty-body -Wno-uninitialized -Wno-unknown-pragmas -w -Wno-shadow -Wno-four-char-constants -Wno-conversion -Wno-constant-conversion -Wno-int-conversion -Wno-bool-conversion -Wno-enum-conversion -Wno-float-conversion -Wno-non-literal-null-conversion -Wno-objc-literal-conversion -Wshorten-64-to-32 -Wpointer-sign -Wno-newline-eof -Wno-implicit-fallthrough -isysroot /Applications/Xcode-27.0.0.app/Contents/Developer/Platforms/MacOSX.platform/Developer/SDKs/MacOSX27.0.sdk -fstrict-aliasing -Wdeprecated-declarations -Wno-sign-conversion -Wno-infinite-recursion -Wno-comma -Wno-block-capture-autoreleasing -Wno-strict-prototypes -Wno-semicolon-before-method-body -index-store-path /Users/admin/builder/spi-builder-workspace/.derivedData/Index.noindex/DataStore @/Users/admin/builder/spi-builder-workspace/.derivedData/Build/Intermediates.noindex/Yams.build/Debug/CYaml-t.build/Objects-normal/arm64/7187679823f38a2a940e0043cdf9d637-common-args.resp -MMD -MT dependencies -MF /Users/admin/builder/spi-builder-workspace/.derivedData/Build/Intermediates.noindex/Yams.build/Debug/CYaml-t.build/Objects-normal/arm64/writer.d --serialize-diagnostics /Users/admin/builder/spi-builder-workspace/.derivedData/Build/Intermediates.noindex/Yams.build/Debug/CYaml-t.build/Objects-normal/arm64/writer.dia -c /Users/admin/builder/spi-builder-workspace/.dependencies/checkouts/Yams/Sources/CYaml/src/writer.c -o /Users/admin/builder/spi-builder-workspace/.derivedData/Build/Intermediates.noindex/Yams.build/Debug/CYaml-t.build/Objects-normal/arm64/writer.o -index-unit-output-path /Yams.build/Debug/CYaml-t.build/Objects-normal/arm64/writer.o
CompileC /Users/admin/builder/spi-builder-workspace/.derivedData/Build/Intermediates.noindex/Yams.build/Debug/CYaml-t.build/Objects-normal/arm64/api.o /Users/admin/builder/spi-builder-workspace/.dependencies/checkouts/Yams/Sources/CYaml/src/api.c normal arm64 c com.apple.compilers.llvm.clang.1_0.compiler (in target 'CYaml' from project 'Yams')
cd /Users/admin/builder/spi-builder-workspace/steamworks-swift.xcodeproj
Using response file: /Users/admin/builder/spi-builder-workspace/.derivedData/Build/Intermediates.noindex/Yams.build/Debug/CYaml-t.build/Objects-normal/arm64/7187679823f38a2a940e0043cdf9d637-common-args.resp
/Applications/Xcode-27.0.0.app/Contents/Developer/Toolchains/XcodeDefault.xctoolchain/usr/bin/clang -x c -ivfsstatcache /Users/admin/builder/spi-builder-workspace/.derivedData/SDKStatCaches.noindex/macosx27.0-26A425-e829b21a6f8c9b70876ba0858053c04489db99fe7804849a4777d653a8cfc1be.sdkstatcache -target arm64-apple-macos12.0 -fmessage-length\=0 -fdiagnostics-show-note-include-stack -fmacro-backtrace-limit\=0 -fno-color-diagnostics -fmodules-prune-interval\=86400 -fmodules-prune-after\=345600 -fbuild-session-file\=/Users/admin/builder/spi-builder-workspace/.derivedData/ModuleCache.noindex/Session.modulevalidation -fmodules-validate-once-per-build-session -Wnon-modular-include-in-framework-module -Werror\=non-modular-include-in-framework-module -Wno-trigraphs -Wno-missing-field-initializers -Wno-missing-prototypes -Wno-return-type -Wno-missing-braces -Wparentheses -Wswitch -Wno-unused-function -Wno-unused-label -Wno-unused-parameter -Wno-unused-variable -Wunused-value -Wno-empty-body -Wno-uninitialized -Wno-unknown-pragmas -w -Wno-shadow -Wno-four-char-constants -Wno-conversion -Wno-constant-conversion -Wno-int-conversion -Wno-bool-conversion -Wno-enum-conversion -Wno-float-conversion -Wno-non-literal-null-conversion -Wno-objc-literal-conversion -Wshorten-64-to-32 -Wpointer-sign -Wno-newline-eof -Wno-implicit-fallthrough -isysroot /Applications/Xcode-27.0.0.app/Contents/Developer/Platforms/MacOSX.platform/Developer/SDKs/MacOSX27.0.sdk -fstrict-aliasing -Wdeprecated-declarations -Wno-sign-conversion -Wno-infinite-recursion -Wno-comma -Wno-block-capture-autoreleasing -Wno-strict-prototypes -Wno-semicolon-before-method-body -index-store-path /Users/admin/builder/spi-builder-workspace/.derivedData/Index.noindex/DataStore @/Users/admin/builder/spi-builder-workspace/.derivedData/Build/Intermediates.noindex/Yams.build/Debug/CYaml-t.build/Objects-normal/arm64/7187679823f38a2a940e0043cdf9d637-common-args.resp -MMD -MT dependencies -MF /Users/admin/builder/spi-builder-workspace/.derivedData/Build/Intermediates.noindex/Yams.build/Debug/CYaml-t.build/Objects-normal/arm64/api.d --serialize-diagnostics /Users/admin/builder/spi-builder-workspace/.derivedData/Build/Intermediates.noindex/Yams.build/Debug/CYaml-t.build/Objects-normal/arm64/api.dia -c /Users/admin/builder/spi-builder-workspace/.dependencies/checkouts/Yams/Sources/CYaml/src/api.c -o /Users/admin/builder/spi-builder-workspace/.derivedData/Build/Intermediates.noindex/Yams.build/Debug/CYaml-t.build/Objects-normal/arm64/api.o -index-unit-output-path /Yams.build/Debug/CYaml-t.build/Objects-normal/arm64/api.o
SwiftExplicitDependencyGeneratePcm arm64 /Users/admin/builder/spi-builder-workspace/.derivedData/SDKExplicitPrecompiledModules/_Builtin_limits-38X5Q38BM1XU3AX0V8RBE1FK3.pcm
SwiftExplicitDependencyGeneratePcm arm64 /Users/admin/builder/spi-builder-workspace/.derivedData/SDKExplicitPrecompiledModules/_DarwinFoundation2-3RD90Q2JF4WVEQND9DNV11WIA.pcm
SwiftExplicitDependencyGeneratePcm arm64 /Users/admin/builder/spi-builder-workspace/.derivedData/SDKExplicitPrecompiledModules/_Builtin_stdint-7PIO8GCCYV83DO84MQRXKG0CX.pcm
SwiftExplicitDependencyGeneratePcm arm64 /Users/admin/builder/spi-builder-workspace/.derivedData/SDKExplicitPrecompiledModules/_AvailabilityInternal-39U4BRWWXOBDRC1RVJJOH01W0.pcm
SwiftExplicitDependencyGeneratePcm arm64 /Users/admin/builder/spi-builder-workspace/.derivedData/SDKExplicitPrecompiledModules/_Builtin_stdbool-5N3G0IXNNSQWOWGRYG0SL555K.pcm
SwiftExplicitDependencyGeneratePcm arm64 /Users/admin/builder/spi-builder-workspace/.derivedData/SDKExplicitPrecompiledModules/ptrauth-15NKM13VF8NNKAM11389OXKOV.pcm
SwiftExplicitDependencyGeneratePcm arm64 /Users/admin/builder/spi-builder-workspace/.derivedData/SDKExplicitPrecompiledModules/_Builtin_float-BVGUS6IZEWKW5HMDROMLUFJZ6.pcm
SwiftExplicitDependencyGeneratePcm arm64 /Users/admin/builder/spi-builder-workspace/.derivedData/SDKExplicitPrecompiledModules/ptrcheck-6T9X5UTCRSH1GHFDOG10GO4SQ.pcm
SwiftExplicitDependencyGeneratePcm arm64 /Users/admin/builder/spi-builder-workspace/.derivedData/SDKExplicitPrecompiledModules/SwiftShims-88RFJ9UACDAJ7DXJY2F72Z2LW.pcm
SwiftExplicitDependencyGeneratePcm arm64 /Users/admin/builder/spi-builder-workspace/.derivedData/SDKExplicitPrecompiledModules/_Builtin_stdarg-DYK83MVBX2WMAZAO2URBXZXIB.pcm
SwiftExplicitDependencyGeneratePcm arm64 /Users/admin/builder/spi-builder-workspace/.derivedData/SDKExplicitPrecompiledModules/_SwiftConcurrencyShims-75UDBZIEXC835U8EVXKTP6LQ0.pcm
SwiftExplicitDependencyGeneratePcm arm64 /Users/admin/builder/spi-builder-workspace/.derivedData/SDKExplicitPrecompiledModules/sys_types-314YOIE12R207RIKOGOFY3PQ8.pcm
SwiftExplicitDependencyGeneratePcm arm64 /Users/admin/builder/spi-builder-workspace/.derivedData/Build/Intermediates.noindex/SwiftExplicitPrecompiledModules/_AtomicsShims-MMHRETNQTQTQO6305EQP7A26.pcm
Ld /Users/admin/builder/spi-builder-workspace/.derivedData/Build/Products/Debug/CYaml.o normal (in target 'CYaml' from project 'Yams')
cd /Users/admin/builder/spi-builder-workspace/.dependencies/checkouts/Yams
/Applications/Xcode-27.0.0.app/Contents/Developer/Toolchains/XcodeDefault.xctoolchain/usr/bin/clang -Xlinker -reproducible -target arm64-apple-macos12.0 -r -isysroot /Applications/Xcode-27.0.0.app/Contents/Developer/Platforms/MacOSX.platform/Developer/SDKs/MacOSX27.0.sdk -O0 -w -Xlinker -no_warn_duplicate_libraries -F/Users/admin/builder/spi-builder-workspace/.derivedData/Build/Intermediates.noindex/EagerLinkingTBDs/Debug -F/Users/admin/builder/spi-builder-workspace/.derivedData/Build/Products/Debug -iframework /Applications/Xcode-27.0.0.app/Contents/Developer/Platforms/MacOSX.platform/Developer/Library/Frameworks -filelist /Users/admin/builder/spi-builder-workspace/.derivedData/Build/Intermediates.noindex/Yams.build/Debug/CYaml-t.build/Objects-normal/arm64/CYaml.LinkFileList -nostdlib -Xlinker -object_path_lto -Xlinker /Users/admin/builder/spi-builder-workspace/.derivedData/Build/Intermediates.noindex/Yams.build/Debug/CYaml-t.build/Objects-normal/arm64/CYaml_lto.o -Xlinker -no_deduplicate -Xlinker -debug_variant -Xlinker -dependency_info -Xlinker /Users/admin/builder/spi-builder-workspace/.derivedData/Build/Intermediates.noindex/Yams.build/Debug/CYaml-t.build/Objects-normal/arm64/CYaml_dependency_info.dat -o /Users/admin/builder/spi-builder-workspace/.derivedData/Build/Products/Debug/CYaml.o
SwiftExplicitDependencyGeneratePcm arm64 /Users/admin/builder/spi-builder-workspace/.derivedData/SDKExplicitPrecompiledModules/_Builtin_stdint-4AO12410UTLP3XQJA3OP4J1HY.pcm
SwiftExplicitDependencyGeneratePcm arm64 /Users/admin/builder/spi-builder-workspace/.derivedData/SDKExplicitPrecompiledModules/_Builtin_stddef-AQGF59ZUW5SJF6AQ6QM067WIK.pcm
SwiftExplicitDependencyGeneratePcm arm64 /Users/admin/builder/spi-builder-workspace/.derivedData/SDKExplicitPrecompiledModules/_DarwinFoundation1-ARBHBI3WBA6QZV4PXAFFLRVRU.pcm
SwiftCompile normal arm64 Compiling\ DoubleWord.swift,\ ManagedAtomic.swift /Users/admin/builder/spi-builder-workspace/.dependencies/checkouts/swift-atomics/Sources/Atomics/Types/DoubleWord.swift /Users/admin/builder/spi-builder-workspace/.dependencies/checkouts/swift-atomics/Sources/Atomics/Types/ManagedAtomic.swift (in target 'Atomics' from project 'swift-atomics')
SwiftCompile normal arm64 /Users/admin/builder/spi-builder-workspace/.dependencies/checkouts/swift-atomics/Sources/Atomics/Types/DoubleWord.swift (in target 'Atomics' from project 'swift-atomics')
cd /Users/admin/builder/spi-builder-workspace/steamworks-swift.xcodeproj
builtin-SwiftPerFileCompile DoubleWord.swift
SwiftCompile normal arm64 /Users/admin/builder/spi-builder-workspace/.dependencies/checkouts/swift-atomics/Sources/Atomics/Types/ManagedAtomic.swift (in target 'Atomics' from project 'swift-atomics')
cd /Users/admin/builder/spi-builder-workspace/steamworks-swift.xcodeproj
builtin-SwiftPerFileCompile ManagedAtomic.swift
SwiftCompile normal arm64 Compiling\ Unmanaged\ extensions.swift /Users/admin/builder/spi-builder-workspace/.dependencies/checkouts/swift-atomics/Sources/Atomics/Unmanaged\ extensions.swift (in target 'Atomics' from project 'swift-atomics')
SwiftCompile normal arm64 /Users/admin/builder/spi-builder-workspace/.dependencies/checkouts/swift-atomics/Sources/Atomics/Unmanaged\ extensions.swift (in target 'Atomics' from project 'swift-atomics')
cd /Users/admin/builder/spi-builder-workspace/steamworks-swift.xcodeproj
builtin-SwiftPerFileCompile Unmanaged\ extensions.swift
SwiftEmitModule normal arm64 Emitting\ module\ for\ Atomics (in target 'Atomics' from project 'swift-atomics')
SwiftCompile normal arm64 (in target 'Atomics' from project 'swift-atomics')
cd /Users/admin/builder/spi-builder-workspace/steamworks-swift.xcodeproj
SwiftCompile normal arm64 Compiling\ AtomicReference.swift,\ AtomicStorage.swift /Users/admin/builder/spi-builder-workspace/.dependencies/checkouts/swift-atomics/Sources/Atomics/Protocols/AtomicReference.swift /Users/admin/builder/spi-builder-workspace/.dependencies/checkouts/swift-atomics/Sources/Atomics/Protocols/AtomicStorage.swift (in target 'Atomics' from project 'swift-atomics')
SwiftCompile normal arm64 /Users/admin/builder/spi-builder-workspace/.dependencies/checkouts/swift-atomics/Sources/Atomics/Protocols/AtomicReference.swift (in target 'Atomics' from project 'swift-atomics')
cd /Users/admin/builder/spi-builder-workspace/steamworks-swift.xcodeproj
builtin-SwiftPerFileCompile AtomicReference.swift
SwiftCompile normal arm64 /Users/admin/builder/spi-builder-workspace/.dependencies/checkouts/swift-atomics/Sources/Atomics/Protocols/AtomicStorage.swift (in target 'Atomics' from project 'swift-atomics')
cd /Users/admin/builder/spi-builder-workspace/steamworks-swift.xcodeproj
builtin-SwiftPerFileCompile AtomicStorage.swift
SwiftCompile normal arm64 Compiling\ AtomicInteger.swift,\ AtomicOptionalWrappable.swift /Users/admin/builder/spi-builder-workspace/.dependencies/checkouts/swift-atomics/Sources/Atomics/Protocols/AtomicInteger.swift /Users/admin/builder/spi-builder-workspace/.dependencies/checkouts/swift-atomics/Sources/Atomics/Protocols/AtomicOptionalWrappable.swift (in target 'Atomics' from project 'swift-atomics')
SwiftCompile normal arm64 /Users/admin/builder/spi-builder-workspace/.dependencies/checkouts/swift-atomics/Sources/Atomics/Protocols/AtomicInteger.swift (in target 'Atomics' from project 'swift-atomics')
cd /Users/admin/builder/spi-builder-workspace/steamworks-swift.xcodeproj
builtin-SwiftPerFileCompile AtomicInteger.swift
SwiftCompile normal arm64 /Users/admin/builder/spi-builder-workspace/.dependencies/checkouts/swift-atomics/Sources/Atomics/Protocols/AtomicOptionalWrappable.swift (in target 'Atomics' from project 'swift-atomics')
cd /Users/admin/builder/spi-builder-workspace/steamworks-swift.xcodeproj
builtin-SwiftPerFileCompile AtomicOptionalWrappable.swift
SwiftCompile normal arm64 Compiling\ UnsafeAtomicLazyReference.swift,\ IntegerOperations.swift /Users/admin/builder/spi-builder-workspace/.dependencies/checkouts/swift-atomics/Sources/Atomics/Types/UnsafeAtomicLazyReference.swift /Users/admin/builder/spi-builder-workspace/.dependencies/checkouts/swift-atomics/Sources/Atomics/Types/autogenerated/IntegerOperations.swift (in target 'Atomics' from project 'swift-atomics')
SwiftCompile normal arm64 /Users/admin/builder/spi-builder-workspace/.dependencies/checkouts/swift-atomics/Sources/Atomics/Types/UnsafeAtomicLazyReference.swift (in target 'Atomics' from project 'swift-atomics')
cd /Users/admin/builder/spi-builder-workspace/steamworks-swift.xcodeproj
builtin-SwiftPerFileCompile UnsafeAtomicLazyReference.swift
SwiftCompile normal arm64 /Users/admin/builder/spi-builder-workspace/.dependencies/checkouts/swift-atomics/Sources/Atomics/Types/autogenerated/IntegerOperations.swift (in target 'Atomics' from project 'swift-atomics')
cd /Users/admin/builder/spi-builder-workspace/steamworks-swift.xcodeproj
builtin-SwiftPerFileCompile IntegerOperations.swift
SwiftCompile normal arm64 Compiling\ AtomicValue.swift,\ AtomicMemoryOrderings.swift /Users/admin/builder/spi-builder-workspace/.dependencies/checkouts/swift-atomics/Sources/Atomics/Protocols/AtomicValue.swift /Users/admin/builder/spi-builder-workspace/.dependencies/checkouts/swift-atomics/Sources/Atomics/Types/AtomicMemoryOrderings.swift (in target 'Atomics' from project 'swift-atomics')
SwiftCompile normal arm64 /Users/admin/builder/spi-builder-workspace/.dependencies/checkouts/swift-atomics/Sources/Atomics/Protocols/AtomicValue.swift (in target 'Atomics' from project 'swift-atomics')
cd /Users/admin/builder/spi-builder-workspace/steamworks-swift.xcodeproj
builtin-SwiftPerFileCompile AtomicValue.swift
SwiftCompile normal arm64 /Users/admin/builder/spi-builder-workspace/.dependencies/checkouts/swift-atomics/Sources/Atomics/Types/AtomicMemoryOrderings.swift (in target 'Atomics' from project 'swift-atomics')
cd /Users/admin/builder/spi-builder-workspace/steamworks-swift.xcodeproj
builtin-SwiftPerFileCompile AtomicMemoryOrderings.swift
SwiftCompile normal arm64 Compiling\ AtomicBool.swift,\ IntegerConformances.swift /Users/admin/builder/spi-builder-workspace/.dependencies/checkouts/swift-atomics/Sources/Atomics/Conformances/autogenerated/AtomicBool.swift /Users/admin/builder/spi-builder-workspace/.dependencies/checkouts/swift-atomics/Sources/Atomics/Conformances/autogenerated/IntegerConformances.swift (in target 'Atomics' from project 'swift-atomics')
SwiftCompile normal arm64 /Users/admin/builder/spi-builder-workspace/.dependencies/checkouts/swift-atomics/Sources/Atomics/Conformances/autogenerated/AtomicBool.swift (in target 'Atomics' from project 'swift-atomics')
cd /Users/admin/builder/spi-builder-workspace/steamworks-swift.xcodeproj
builtin-SwiftPerFileCompile AtomicBool.swift
SwiftCompile normal arm64 /Users/admin/builder/spi-builder-workspace/.dependencies/checkouts/swift-atomics/Sources/Atomics/Conformances/autogenerated/IntegerConformances.swift (in target 'Atomics' from project 'swift-atomics')
cd /Users/admin/builder/spi-builder-workspace/steamworks-swift.xcodeproj
builtin-SwiftPerFileCompile IntegerConformances.swift
SwiftCompile normal arm64 Compiling\ OptionalRawRepresentable.swift,\ RawRepresentable.swift /Users/admin/builder/spi-builder-workspace/.dependencies/checkouts/swift-atomics/Sources/Atomics/Conformances/OptionalRawRepresentable.swift /Users/admin/builder/spi-builder-workspace/.dependencies/checkouts/swift-atomics/Sources/Atomics/Conformances/RawRepresentable.swift (in target 'Atomics' from project 'swift-atomics')
SwiftCompile normal arm64 /Users/admin/builder/spi-builder-workspace/.dependencies/checkouts/swift-atomics/Sources/Atomics/Conformances/OptionalRawRepresentable.swift (in target 'Atomics' from project 'swift-atomics')
cd /Users/admin/builder/spi-builder-workspace/steamworks-swift.xcodeproj
builtin-SwiftPerFileCompile OptionalRawRepresentable.swift
SwiftCompile normal arm64 /Users/admin/builder/spi-builder-workspace/.dependencies/checkouts/swift-atomics/Sources/Atomics/Conformances/RawRepresentable.swift (in target 'Atomics' from project 'swift-atomics')
cd /Users/admin/builder/spi-builder-workspace/steamworks-swift.xcodeproj
builtin-SwiftPerFileCompile RawRepresentable.swift
SwiftExplicitDependencyGeneratePcm arm64 /Users/admin/builder/spi-builder-workspace/.derivedData/SDKExplicitPrecompiledModules/_DarwinFoundation3-DSZ0T4JDW6OTZ9NHLGXPWG4YS.pcm
SwiftExplicitDependencyGeneratePcm arm64 /Users/admin/builder/spi-builder-workspace/.derivedData/SDKExplicitPrecompiledModules/_DarwinFoundation2-6KWRSGSQEC9HQ7LC6I3EV7O9Q.pcm
SwiftExplicitDependencyGeneratePcm arm64 /Users/admin/builder/spi-builder-workspace/.derivedData/SDKExplicitPrecompiledModules/_Builtin_inttypes-CN3HEYF1W5ZYSS02KZ3B1QQET.pcm
SwiftExplicitDependencyGeneratePcm arm64 /Users/admin/builder/spi-builder-workspace/.derivedData/SDKExplicitPrecompiledModules/_Builtin_stdint-8E6E4KVNICCECSG7C1PQU9TWM.pcm
SwiftExplicitDependencyGeneratePcm arm64 /Users/admin/builder/spi-builder-workspace/.derivedData/SDKExplicitPrecompiledModules/Darwin-57WNA5IG9MDSKYU1CRA1QNWL9.pcm
SwiftExplicitDependencyGeneratePcm arm64 /Users/admin/builder/spi-builder-workspace/.derivedData/SDKExplicitPrecompiledModules/string_h-M38L7JU6FNV42D4R4I2P3LU5.pcm
SwiftDriverJobDiscovery normal arm64 Compiling AtomicInteger.swift, AtomicOptionalWrappable.swift (in target 'Atomics' from project 'swift-atomics')
SwiftExplicitDependencyGeneratePcm arm64 /Users/admin/builder/spi-builder-workspace/.derivedData/SDKExplicitPrecompiledModules/libDER-3UH6C8B0ITFPTS6LPHX2JB6I4.pcm
SwiftDriverJobDiscovery normal arm64 Compiling DoubleWord.swift, ManagedAtomic.swift (in target 'Atomics' from project 'swift-atomics')
SwiftExplicitDependencyGeneratePcm arm64 /Users/admin/builder/spi-builder-workspace/.derivedData/SDKExplicitPrecompiledModules/sys_types-7L9XW48605QYN9NUC9GOP8KR3.pcm
SwiftDriverJobDiscovery normal arm64 Compiling AtomicValue.swift, AtomicMemoryOrderings.swift (in target 'Atomics' from project 'swift-atomics')
SwiftExplicitDependencyGeneratePcm arm64 /Users/admin/builder/spi-builder-workspace/.derivedData/SDKExplicitPrecompiledModules/_DarwinFoundation3-2Y8YSL7WD46KKROK7UD53YPO0.pcm
SwiftDriverJobDiscovery normal arm64 Compiling OptionalRawRepresentable.swift, RawRepresentable.swift (in target 'Atomics' from project 'swift-atomics')
SwiftExplicitDependencyGeneratePcm arm64 /Users/admin/builder/spi-builder-workspace/.derivedData/SDKExplicitPrecompiledModules/_Builtin_limits-DMQYGUVDTT0VPFL5ROA4F4U8Y.pcm
SwiftDriverJobDiscovery normal arm64 Compiling AtomicBool.swift, IntegerConformances.swift (in target 'Atomics' from project 'swift-atomics')
SwiftCompile normal arm64 Compiling\ PointerConformances.swift,\ Primitives.native.swift /Users/admin/builder/spi-builder-workspace/.dependencies/checkouts/swift-atomics/Sources/Atomics/Conformances/autogenerated/PointerConformances.swift /Users/admin/builder/spi-builder-workspace/.dependencies/checkouts/swift-atomics/Sources/Atomics/Primitives/autogenerated/Primitives.native.swift (in target 'Atomics' from project 'swift-atomics')
SwiftCompile normal arm64 /Users/admin/builder/spi-builder-workspace/.dependencies/checkouts/swift-atomics/Sources/Atomics/Conformances/autogenerated/PointerConformances.swift (in target 'Atomics' from project 'swift-atomics')
cd /Users/admin/builder/spi-builder-workspace/steamworks-swift.xcodeproj
builtin-SwiftPerFileCompile PointerConformances.swift
SwiftCompile normal arm64 /Users/admin/builder/spi-builder-workspace/.dependencies/checkouts/swift-atomics/Sources/Atomics/Primitives/autogenerated/Primitives.native.swift (in target 'Atomics' from project 'swift-atomics')
cd /Users/admin/builder/spi-builder-workspace/steamworks-swift.xcodeproj
builtin-SwiftPerFileCompile Primitives.native.swift
SwiftDriverJobDiscovery normal arm64 Compiling UnsafeAtomicLazyReference.swift, IntegerOperations.swift (in target 'Atomics' from project 'swift-atomics')
SwiftCompile normal arm64 Compiling\ ManagedAtomicLazyReference.swift,\ UnsafeAtomic.swift /Users/admin/builder/spi-builder-workspace/.dependencies/checkouts/swift-atomics/Sources/Atomics/Types/ManagedAtomicLazyReference.swift /Users/admin/builder/spi-builder-workspace/.dependencies/checkouts/swift-atomics/Sources/Atomics/Types/UnsafeAtomic.swift (in target 'Atomics' from project 'swift-atomics')
SwiftCompile normal arm64 /Users/admin/builder/spi-builder-workspace/.dependencies/checkouts/swift-atomics/Sources/Atomics/Types/ManagedAtomicLazyReference.swift (in target 'Atomics' from project 'swift-atomics')
cd /Users/admin/builder/spi-builder-workspace/steamworks-swift.xcodeproj
builtin-SwiftPerFileCompile ManagedAtomicLazyReference.swift
SwiftCompile normal arm64 /Users/admin/builder/spi-builder-workspace/.dependencies/checkouts/swift-atomics/Sources/Atomics/Types/UnsafeAtomic.swift (in target 'Atomics' from project 'swift-atomics')
cd /Users/admin/builder/spi-builder-workspace/steamworks-swift.xcodeproj
builtin-SwiftPerFileCompile UnsafeAtomic.swift
SwiftDriverJobDiscovery normal arm64 Compiling Unmanaged extensions.swift (in target 'Atomics' from project 'swift-atomics')
SwiftDriverJobDiscovery normal arm64 Compiling AtomicReference.swift, AtomicStorage.swift (in target 'Atomics' from project 'swift-atomics')
SwiftExplicitDependencyGeneratePcm arm64 /Users/admin/builder/spi-builder-workspace/.derivedData/SDKExplicitPrecompiledModules/_Builtin_inttypes-57ZSF0XWCZNTLDLPBM4LMKPZW.pcm
SwiftExplicitDependencyGeneratePcm arm64 /Users/admin/builder/spi-builder-workspace/.derivedData/Build/Intermediates.noindex/SwiftExplicitPrecompiledModules/CYaml-EXEU4MDJ804PNZTTX05RHQC1R.pcm
SwiftDriverJobDiscovery normal arm64 Compiling ManagedAtomicLazyReference.swift, UnsafeAtomic.swift (in target 'Atomics' from project 'swift-atomics')
SwiftExplicitDependencyGeneratePcm arm64 /Users/admin/builder/spi-builder-workspace/.derivedData/SDKExplicitPrecompiledModules/Darwin-ANMGV49H3VCEJCCQKF4XW27E7.pcm
SwiftCompile normal arm64 Compiling\ LoggingSystem.swift /Users/admin/builder/spi-builder-workspace/.dependencies/checkouts/swift-log/Sources/Logging/LoggingSystem.swift (in target 'Logging' from project 'swift-log')
SwiftCompile normal arm64 /Users/admin/builder/spi-builder-workspace/.dependencies/checkouts/swift-log/Sources/Logging/LoggingSystem.swift (in target 'Logging' from project 'swift-log')
cd /Users/admin/builder/spi-builder-workspace/steamworks-swift.xcodeproj
builtin-SwiftPerFileCompile LoggingSystem.swift
SwiftEmitModule normal arm64 Emitting\ module\ for\ Logging (in target 'Logging' from project 'swift-log')
SwiftCompile normal arm64 (in target 'Logging' from project 'swift-log')
cd /Users/admin/builder/spi-builder-workspace/steamworks-swift.xcodeproj
SwiftCompile normal arm64 Compiling\ Logger+With.swift /Users/admin/builder/spi-builder-workspace/.dependencies/checkouts/swift-log/Sources/Logging/Logger+With.swift (in target 'Logging' from project 'swift-log')
SwiftCompile normal arm64 /Users/admin/builder/spi-builder-workspace/.dependencies/checkouts/swift-log/Sources/Logging/Logger+With.swift (in target 'Logging' from project 'swift-log')
cd /Users/admin/builder/spi-builder-workspace/steamworks-swift.xcodeproj
builtin-SwiftPerFileCompile Logger+With.swift
SwiftCompile normal arm64 Compiling\ Logger+Attributes.swift /Users/admin/builder/spi-builder-workspace/.dependencies/checkouts/swift-log/Sources/Logging/Logger+Attributes.swift (in target 'Logging' from project 'swift-log')
SwiftCompile normal arm64 /Users/admin/builder/spi-builder-workspace/.dependencies/checkouts/swift-log/Sources/Logging/Logger+Attributes.swift (in target 'Logging' from project 'swift-log')
cd /Users/admin/builder/spi-builder-workspace/steamworks-swift.xcodeproj
builtin-SwiftPerFileCompile Logger+Attributes.swift
SwiftCompile normal arm64 Compiling\ Logger.swift /Users/admin/builder/spi-builder-workspace/.dependencies/checkouts/swift-log/Sources/Logging/Logger.swift (in target 'Logging' from project 'swift-log')
SwiftCompile normal arm64 /Users/admin/builder/spi-builder-workspace/.dependencies/checkouts/swift-log/Sources/Logging/Logger.swift (in target 'Logging' from project 'swift-log')
cd /Users/admin/builder/spi-builder-workspace/steamworks-swift.xcodeproj
builtin-SwiftPerFileCompile Logger.swift
SwiftCompile normal arm64 Compiling\ MetadataProvider.swift /Users/admin/builder/spi-builder-workspace/.dependencies/checkouts/swift-log/Sources/Logging/MetadataProvider.swift (in target 'Logging' from project 'swift-log')
SwiftCompile normal arm64 /Users/admin/builder/spi-builder-workspace/.dependencies/checkouts/swift-log/Sources/Logging/MetadataProvider.swift (in target 'Logging' from project 'swift-log')
cd /Users/admin/builder/spi-builder-workspace/steamworks-swift.xcodeproj
builtin-SwiftPerFileCompile MetadataProvider.swift
SwiftCompile normal arm64 Compiling\ Locks.swift /Users/admin/builder/spi-builder-workspace/.dependencies/checkouts/swift-log/Sources/Logging/Locks.swift (in target 'Logging' from project 'swift-log')
SwiftCompile normal arm64 /Users/admin/builder/spi-builder-workspace/.dependencies/checkouts/swift-log/Sources/Logging/Locks.swift (in target 'Logging' from project 'swift-log')
cd /Users/admin/builder/spi-builder-workspace/steamworks-swift.xcodeproj
builtin-SwiftPerFileCompile Locks.swift
SwiftCompile normal arm64 Compiling\ LogEvent.swift /Users/admin/builder/spi-builder-workspace/.dependencies/checkouts/swift-log/Sources/Logging/LogEvent.swift (in target 'Logging' from project 'swift-log')
SwiftCompile normal arm64 /Users/admin/builder/spi-builder-workspace/.dependencies/checkouts/swift-log/Sources/Logging/LogEvent.swift (in target 'Logging' from project 'swift-log')
cd /Users/admin/builder/spi-builder-workspace/steamworks-swift.xcodeproj
builtin-SwiftPerFileCompile LogEvent.swift
SwiftDriverJobDiscovery normal arm64 Emitting module for Atomics (in target 'Atomics' from project 'swift-atomics')
SwiftDriver\ Compilation\ Requirements Atomics normal arm64 com.apple.xcode.tools.swift.compiler (in target 'Atomics' from project 'swift-atomics')
cd /Users/admin/builder/spi-builder-workspace/steamworks-swift.xcodeproj
builtin-Swift-Compilation-Requirements -- /Applications/Xcode-27.0.0.app/Contents/Developer/Toolchains/XcodeDefault.xctoolchain/usr/bin/swiftc -parse-as-library -module-name Atomics -Onone @/Users/admin/builder/spi-builder-workspace/.derivedData/Build/Intermediates.noindex/swift-atomics.build/Debug/Atomics-t.build/Objects-normal/arm64/Atomics.SwiftFileList -DSWIFT_PACKAGE -DDEBUG -DSWIFT_MODULE_RESOURCE_BUNDLE_UNAVAILABLE -Xcc -fmodule-map-file\=/Users/admin/builder/spi-builder-workspace/.dependencies/checkouts/swift-atomics/Sources/_AtomicsShims/include/module.modulemap -DXcode -enable-experimental-feature BuiltinModule -plugin-path /Applications/Xcode-27.0.0.app/Contents/Developer/Toolchains/XcodeDefault.xctoolchain/usr/lib/swift/host/plugins/testing -enable-experimental-feature DebugDescriptionMacro -sdk /Applications/Xcode-27.0.0.app/Contents/Developer/Platforms/MacOSX.platform/Developer/SDKs/MacOSX27.0.sdk -target arm64-apple-macos12.0 -g -module-cache-path /Users/admin/builder/spi-builder-workspace/.derivedData/ModuleCache.noindex -Xfrontend -serialize-debugging-options -profile-coverage-mapping -profile-generate -enable-testing -suppress-warnings -index-store-path /Users/admin/builder/spi-builder-workspace/.derivedData/Index.noindex/DataStore -Xcc -D_LIBCPP_HARDENING_MODE\=_LIBCPP_HARDENING_MODE_DEBUG -swift-version 5 -I /Users/admin/builder/spi-builder-workspace/.derivedData/Build/Products/Debug -Isystem /Applications/Xcode-27.0.0.app/Contents/Developer/Platforms/MacOSX.platform/Developer/usr/lib -F /Users/admin/builder/spi-builder-workspace/.derivedData/Build/Products/Debug/PackageFrameworks -F /Users/admin/builder/spi-builder-workspace/.derivedData/Build/Products/Debug -F /Applications/Xcode-27.0.0.app/Contents/Developer/Platforms/MacOSX.platform/Developer/Library/Frameworks -c -j10 -enable-batch-mode -incremental -Xcc -ivfsstatcache -Xcc /Users/admin/builder/spi-builder-workspace/.derivedData/SDKStatCaches.noindex/macosx27.0-26A425-e829b21a6f8c9b70876ba0858053c04489db99fe7804849a4777d653a8cfc1be.sdkstatcache -output-file-map /Users/admin/builder/spi-builder-workspace/.derivedData/Build/Intermediates.noindex/swift-atomics.build/Debug/Atomics-t.build/Objects-normal/arm64/Atomics-OutputFileMap.json -save-temps -no-color-diagnostics -explicit-module-build -module-cache-path /Users/admin/builder/spi-builder-workspace/.derivedData/Build/Intermediates.noindex/SwiftExplicitPrecompiledModules -clang-scanner-module-cache-path /Users/admin/builder/spi-builder-workspace/.derivedData/ModuleCache.noindex -sdk-module-cache-path /Users/admin/builder/spi-builder-workspace/.derivedData/SDKExplicitPrecompiledModules -emit-dependencies -emit-module -emit-module-path /Users/admin/builder/spi-builder-workspace/.derivedData/Build/Intermediates.noindex/swift-atomics.build/Debug/Atomics-t.build/Objects-normal/arm64/Atomics.swiftmodule -serialize-diagnostics -dependency-scan-serialize-diagnostics-path /Users/admin/builder/spi-builder-workspace/.derivedData/Build/Intermediates.noindex/swift-atomics.build/Debug/Atomics-t.build/Objects-normal/arm64/Atomics-dependency-scan.dia -validate-clang-modules-once -clang-build-session-file /Users/admin/builder/spi-builder-workspace/.derivedData/ModuleCache.noindex/Session.modulevalidation -Xcc -fmodules-prune-interval\=86400 -Xcc -fmodules-prune-after\=345600 -package-name swift_atomics -emit-const-values -const-gather-protocols-list /Users/admin/builder/spi-builder-workspace/.derivedData/Build/Intermediates.noindex/swift-atomics.build/Debug/Atomics-t.build/Objects-normal/arm64/Atomics_const_extract_protocols.json -Xcc -I/Users/admin/builder/spi-builder-workspace/.dependencies/checkouts/swift-atomics/Sources/_AtomicsShims/include -Xcc -I/Users/admin/builder/spi-builder-workspace/.derivedData/Build/Products/Debug/include -Xcc -I/Users/admin/builder/spi-builder-workspace/.derivedData/Build/Intermediates.noindex/swift-atomics.build/Debug/Atomics-t.build/DerivedSources-normal/arm64 -Xcc -I/Users/admin/builder/spi-builder-workspace/.derivedData/Build/Intermediates.noindex/swift-atomics.build/Debug/Atomics-t.build/DerivedSources/arm64 -Xcc -I/Users/admin/builder/spi-builder-workspace/.derivedData/Build/Intermediates.noindex/swift-atomics.build/Debug/Atomics-t.build/DerivedSources -Xcc -DSWIFT_PACKAGE -Xcc -DDEBUG\=1 -emit-objc-header -emit-objc-header-path /Users/admin/builder/spi-builder-workspace/.derivedData/Build/Intermediates.noindex/swift-atomics.build/Debug/Atomics-t.build/Objects-normal/arm64/Atomics-Swift.h -working-directory /Users/admin/builder/spi-builder-workspace/steamworks-swift.xcodeproj -experimental-emit-module-separately -disable-cmo
SwiftDriverJobDiscovery normal arm64 Compiling Logger+With.swift (in target 'Logging' from project 'swift-log')
SwiftCompile normal arm64 Compiling\ MultiplexLogHandler.swift,\ StreamLogHandler.swift /Users/admin/builder/spi-builder-workspace/.dependencies/checkouts/swift-log/Sources/Logging/Handlers/MultiplexLogHandler.swift /Users/admin/builder/spi-builder-workspace/.dependencies/checkouts/swift-log/Sources/Logging/Handlers/StreamLogHandler.swift (in target 'Logging' from project 'swift-log')
SwiftCompile normal arm64 /Users/admin/builder/spi-builder-workspace/.dependencies/checkouts/swift-log/Sources/Logging/Handlers/MultiplexLogHandler.swift (in target 'Logging' from project 'swift-log')
cd /Users/admin/builder/spi-builder-workspace/steamworks-swift.xcodeproj
builtin-SwiftPerFileCompile MultiplexLogHandler.swift
SwiftCompile normal arm64 /Users/admin/builder/spi-builder-workspace/.dependencies/checkouts/swift-log/Sources/Logging/Handlers/StreamLogHandler.swift (in target 'Logging' from project 'swift-log')
cd /Users/admin/builder/spi-builder-workspace/steamworks-swift.xcodeproj
builtin-SwiftPerFileCompile StreamLogHandler.swift
SwiftCompile normal arm64 Compiling\ LogHandler.swift /Users/admin/builder/spi-builder-workspace/.dependencies/checkouts/swift-log/Sources/Logging/LogHandler.swift (in target 'Logging' from project 'swift-log')
SwiftCompile normal arm64 /Users/admin/builder/spi-builder-workspace/.dependencies/checkouts/swift-log/Sources/Logging/LogHandler.swift (in target 'Logging' from project 'swift-log')
cd /Users/admin/builder/spi-builder-workspace/steamworks-swift.xcodeproj
builtin-SwiftPerFileCompile LogHandler.swift
SwiftDriverJobDiscovery normal arm64 Compiling LoggingSystem.swift (in target 'Logging' from project 'swift-log')
SwiftMergeGeneratedHeaders /Users/admin/builder/spi-builder-workspace/.derivedData/Build/Intermediates.noindex/GeneratedModuleMaps/Atomics-Swift.h /Users/admin/builder/spi-builder-workspace/.derivedData/Build/Intermediates.noindex/swift-atomics.build/Debug/Atomics-t.build/Objects-normal/arm64/Atomics-Swift.h (in target 'Atomics' from project 'swift-atomics')
cd /Users/admin/builder/spi-builder-workspace/.dependencies/checkouts/swift-atomics
builtin-swiftHeaderTool -arch arm64 /Users/admin/builder/spi-builder-workspace/.derivedData/Build/Intermediates.noindex/swift-atomics.build/Debug/Atomics-t.build/Objects-normal/arm64/Atomics-Swift.h -o /Users/admin/builder/spi-builder-workspace/.derivedData/Build/Intermediates.noindex/GeneratedModuleMaps/Atomics-Swift.h
SwiftDriverJobDiscovery normal arm64 Compiling LogEvent.swift (in target 'Logging' from project 'swift-log')
Copy /Users/admin/builder/spi-builder-workspace/.derivedData/Build/Products/Debug/Atomics.swiftmodule/arm64-apple-macos.swiftmodule /Users/admin/builder/spi-builder-workspace/.derivedData/Build/Intermediates.noindex/swift-atomics.build/Debug/Atomics-t.build/Objects-normal/arm64/Atomics.swiftmodule (in target 'Atomics' from project 'swift-atomics')
cd /Users/admin/builder/spi-builder-workspace/.dependencies/checkouts/swift-atomics
builtin-copy -exclude .DS_Store -exclude CVS -exclude .svn -exclude .git -exclude .hg -resolve-src-symlinks -rename /Users/admin/builder/spi-builder-workspace/.derivedData/Build/Intermediates.noindex/swift-atomics.build/Debug/Atomics-t.build/Objects-normal/arm64/Atomics.swiftmodule /Users/admin/builder/spi-builder-workspace/.derivedData/Build/Products/Debug/Atomics.swiftmodule/arm64-apple-macos.swiftmodule
Copy /Users/admin/builder/spi-builder-workspace/.derivedData/Build/Products/Debug/Atomics.swiftmodule/arm64-apple-macos.swiftdoc /Users/admin/builder/spi-builder-workspace/.derivedData/Build/Intermediates.noindex/swift-atomics.build/Debug/Atomics-t.build/Objects-normal/arm64/Atomics.swiftdoc (in target 'Atomics' from project 'swift-atomics')
cd /Users/admin/builder/spi-builder-workspace/.dependencies/checkouts/swift-atomics
builtin-copy -exclude .DS_Store -exclude CVS -exclude .svn -exclude .git -exclude .hg -resolve-src-symlinks -rename /Users/admin/builder/spi-builder-workspace/.derivedData/Build/Intermediates.noindex/swift-atomics.build/Debug/Atomics-t.build/Objects-normal/arm64/Atomics.swiftdoc /Users/admin/builder/spi-builder-workspace/.derivedData/Build/Products/Debug/Atomics.swiftmodule/arm64-apple-macos.swiftdoc
Copy /Users/admin/builder/spi-builder-workspace/.derivedData/Build/Products/Debug/Atomics.swiftmodule/arm64-apple-macos.abi.json /Users/admin/builder/spi-builder-workspace/.derivedData/Build/Intermediates.noindex/swift-atomics.build/Debug/Atomics-t.build/Objects-normal/arm64/Atomics.abi.json (in target 'Atomics' from project 'swift-atomics')
cd /Users/admin/builder/spi-builder-workspace/.dependencies/checkouts/swift-atomics
builtin-copy -exclude .DS_Store -exclude CVS -exclude .svn -exclude .git -exclude .hg -resolve-src-symlinks -rename /Users/admin/builder/spi-builder-workspace/.derivedData/Build/Intermediates.noindex/swift-atomics.build/Debug/Atomics-t.build/Objects-normal/arm64/Atomics.abi.json /Users/admin/builder/spi-builder-workspace/.derivedData/Build/Products/Debug/Atomics.swiftmodule/arm64-apple-macos.abi.json
Copy /Users/admin/builder/spi-builder-workspace/.derivedData/Build/Products/Debug/Atomics.swiftmodule/Project/arm64-apple-macos.swiftsourceinfo /Users/admin/builder/spi-builder-workspace/.derivedData/Build/Intermediates.noindex/swift-atomics.build/Debug/Atomics-t.build/Objects-normal/arm64/Atomics.swiftsourceinfo (in target 'Atomics' from project 'swift-atomics')
cd /Users/admin/builder/spi-builder-workspace/.dependencies/checkouts/swift-atomics
builtin-copy -exclude .DS_Store -exclude CVS -exclude .svn -exclude .git -exclude .hg -resolve-src-symlinks -rename /Users/admin/builder/spi-builder-workspace/.derivedData/Build/Intermediates.noindex/swift-atomics.build/Debug/Atomics-t.build/Objects-normal/arm64/Atomics.swiftsourceinfo /Users/admin/builder/spi-builder-workspace/.derivedData/Build/Products/Debug/Atomics.swiftmodule/Project/arm64-apple-macos.swiftsourceinfo
SwiftCompile normal arm64 Compiling\ SwiftLogNoOpLogHandler.swift /Users/admin/builder/spi-builder-workspace/.dependencies/checkouts/swift-log/Sources/Logging/Handlers/SwiftLogNoOpLogHandler.swift (in target 'Logging' from project 'swift-log')
SwiftCompile normal arm64 /Users/admin/builder/spi-builder-workspace/.dependencies/checkouts/swift-log/Sources/Logging/Handlers/SwiftLogNoOpLogHandler.swift (in target 'Logging' from project 'swift-log')
cd /Users/admin/builder/spi-builder-workspace/steamworks-swift.xcodeproj
builtin-SwiftPerFileCompile SwiftLogNoOpLogHandler.swift
SwiftDriverJobDiscovery normal arm64 Compiling Logger+Attributes.swift (in target 'Logging' from project 'swift-log')
SwiftExplicitDependencyGeneratePcm arm64 /Users/admin/builder/spi-builder-workspace/.derivedData/SDKExplicitPrecompiledModules/launch-94T9E4C7H6I4OGOVPVN0CGRLH.pcm
SwiftExplicitDependencyGeneratePcm arm64 /Users/admin/builder/spi-builder-workspace/.derivedData/SDKExplicitPrecompiledModules/libkern-5A13GKKMCG55ZWLCRBF4B7FHN.pcm
SwiftExplicitDependencyGeneratePcm arm64 /Users/admin/builder/spi-builder-workspace/.derivedData/SDKExplicitPrecompiledModules/MachO-7YP9SLFSH9HCYPYY2R4OKJHPZ.pcm
SwiftDriverJobDiscovery normal arm64 Emitting module for Logging (in target 'Logging' from project 'swift-log')
SwiftDriverJobDiscovery normal arm64 Compiling LogHandler.swift (in target 'Logging' from project 'swift-log')
SwiftDriver\ Compilation\ Requirements Logging normal arm64 com.apple.xcode.tools.swift.compiler (in target 'Logging' from project 'swift-log')
cd /Users/admin/builder/spi-builder-workspace/steamworks-swift.xcodeproj
builtin-Swift-Compilation-Requirements -- /Applications/Xcode-27.0.0.app/Contents/Developer/Toolchains/XcodeDefault.xctoolchain/usr/bin/swiftc -parse-as-library -module-name Logging -Onone @/Users/admin/builder/spi-builder-workspace/.derivedData/Build/Intermediates.noindex/swift-log.build/Debug/Logging-t.build/Objects-normal/arm64/Logging.SwiftFileList -DSWIFT_PACKAGE -DDEBUG -DSWIFT_MODULE_RESOURCE_BUNDLE_UNAVAILABLE -DXcode -enable-upcoming-feature ExistentialAny -enable-upcoming-feature MemberImportVisibility -enable-upcoming-feature InternalImportsByDefault -enable-upcoming-feature NonisolatedNonsendingByDefault -Xfrontend -require-explicit-sendable -plugin-path /Applications/Xcode-27.0.0.app/Contents/Developer/Toolchains/XcodeDefault.xctoolchain/usr/lib/swift/host/plugins/testing -enable-experimental-feature DebugDescriptionMacro -sdk /Applications/Xcode-27.0.0.app/Contents/Developer/Platforms/MacOSX.platform/Developer/SDKs/MacOSX27.0.sdk -target arm64-apple-macos12.0 -g -module-cache-path /Users/admin/builder/spi-builder-workspace/.derivedData/ModuleCache.noindex -Xfrontend -serialize-debugging-options -profile-coverage-mapping -profile-generate -enable-testing -suppress-warnings -index-store-path /Users/admin/builder/spi-builder-workspace/.derivedData/Index.noindex/DataStore -Xcc -D_LIBCPP_HARDENING_MODE\=_LIBCPP_HARDENING_MODE_DEBUG -swift-version 6 -I /Users/admin/builder/spi-builder-workspace/.derivedData/Build/Products/Debug -Isystem /Applications/Xcode-27.0.0.app/Contents/Developer/Platforms/MacOSX.platform/Developer/usr/lib -F /Users/admin/builder/spi-builder-workspace/.derivedData/Build/Products/Debug -F /Applications/Xcode-27.0.0.app/Contents/Developer/Platforms/MacOSX.platform/Developer/Library/Frameworks -c -j10 -enable-batch-mode -incremental -Xcc -ivfsstatcache -Xcc /Users/admin/builder/spi-builder-workspace/.derivedData/SDKStatCaches.noindex/macosx27.0-26A425-e829b21a6f8c9b70876ba0858053c04489db99fe7804849a4777d653a8cfc1be.sdkstatcache -output-file-map /Users/admin/builder/spi-builder-workspace/.derivedData/Build/Intermediates.noindex/swift-log.build/Debug/Logging-t.build/Objects-normal/arm64/Logging-OutputFileMap.json -save-temps -no-color-diagnostics -explicit-module-build -module-cache-path /Users/admin/builder/spi-builder-workspace/.derivedData/Build/Intermediates.noindex/SwiftExplicitPrecompiledModules -clang-scanner-module-cache-path /Users/admin/builder/spi-builder-workspace/.derivedData/ModuleCache.noindex -sdk-module-cache-path /Users/admin/builder/spi-builder-workspace/.derivedData/SDKExplicitPrecompiledModules -emit-dependencies -emit-module -emit-module-path /Users/admin/builder/spi-builder-workspace/.derivedData/Build/Intermediates.noindex/swift-log.build/Debug/Logging-t.build/Objects-normal/arm64/Logging.swiftmodule -serialize-diagnostics -dependency-scan-serialize-diagnostics-path /Users/admin/builder/spi-builder-workspace/.derivedData/Build/Intermediates.noindex/swift-log.build/Debug/Logging-t.build/Objects-normal/arm64/Logging-dependency-scan.dia -user-module-version 1.16.1 -validate-clang-modules-once -clang-build-session-file /Users/admin/builder/spi-builder-workspace/.derivedData/ModuleCache.noindex/Session.modulevalidation -Xcc -fmodules-prune-interval\=86400 -Xcc -fmodules-prune-after\=345600 -package-name swift_log -emit-const-values -const-gather-protocols-list /Users/admin/builder/spi-builder-workspace/.derivedData/Build/Intermediates.noindex/swift-log.build/Debug/Logging-t.build/Objects-normal/arm64/Logging_const_extract_protocols.json -Xcc -I/Users/admin/builder/spi-builder-workspace/.derivedData/Build/Products/Debug/include -Xcc -I/Users/admin/builder/spi-builder-workspace/.derivedData/Build/Intermediates.noindex/swift-log.build/Debug/Logging-t.build/DerivedSources-normal/arm64 -Xcc -I/Users/admin/builder/spi-builder-workspace/.derivedData/Build/Intermediates.noindex/swift-log.build/Debug/Logging-t.build/DerivedSources/arm64 -Xcc -I/Users/admin/builder/spi-builder-workspace/.derivedData/Build/Intermediates.noindex/swift-log.build/Debug/Logging-t.build/DerivedSources -Xcc -DSWIFT_PACKAGE -Xcc -DDEBUG\=1 -emit-objc-header -emit-objc-header-path /Users/admin/builder/spi-builder-workspace/.derivedData/Build/Intermediates.noindex/swift-log.build/Debug/Logging-t.build/Objects-normal/arm64/Logging-Swift.h -working-directory /Users/admin/builder/spi-builder-workspace/steamworks-swift.xcodeproj -experimental-emit-module-separately -disable-cmo
SwiftMergeGeneratedHeaders /Users/admin/builder/spi-builder-workspace/.derivedData/Build/Intermediates.noindex/GeneratedModuleMaps/Logging-Swift.h /Users/admin/builder/spi-builder-workspace/.derivedData/Build/Intermediates.noindex/swift-log.build/Debug/Logging-t.build/Objects-normal/arm64/Logging-Swift.h (in target 'Logging' from project 'swift-log')
cd /Users/admin/builder/spi-builder-workspace/.dependencies/checkouts/swift-log
builtin-swiftHeaderTool -arch arm64 /Users/admin/builder/spi-builder-workspace/.derivedData/Build/Intermediates.noindex/swift-log.build/Debug/Logging-t.build/Objects-normal/arm64/Logging-Swift.h -o /Users/admin/builder/spi-builder-workspace/.derivedData/Build/Intermediates.noindex/GeneratedModuleMaps/Logging-Swift.h
Copy /Users/admin/builder/spi-builder-workspace/.derivedData/Build/Products/Debug/Logging.swiftmodule/arm64-apple-macos.swiftmodule /Users/admin/builder/spi-builder-workspace/.derivedData/Build/Intermediates.noindex/swift-log.build/Debug/Logging-t.build/Objects-normal/arm64/Logging.swiftmodule (in target 'Logging' from project 'swift-log')
cd /Users/admin/builder/spi-builder-workspace/.dependencies/checkouts/swift-log
builtin-copy -exclude .DS_Store -exclude CVS -exclude .svn -exclude .git -exclude .hg -resolve-src-symlinks -rename /Users/admin/builder/spi-builder-workspace/.derivedData/Build/Intermediates.noindex/swift-log.build/Debug/Logging-t.build/Objects-normal/arm64/Logging.swiftmodule /Users/admin/builder/spi-builder-workspace/.derivedData/Build/Products/Debug/Logging.swiftmodule/arm64-apple-macos.swiftmodule
Copy /Users/admin/builder/spi-builder-workspace/.derivedData/Build/Products/Debug/Logging.swiftmodule/arm64-apple-macos.swiftdoc /Users/admin/builder/spi-builder-workspace/.derivedData/Build/Intermediates.noindex/swift-log.build/Debug/Logging-t.build/Objects-normal/arm64/Logging.swiftdoc (in target 'Logging' from project 'swift-log')
cd /Users/admin/builder/spi-builder-workspace/.dependencies/checkouts/swift-log
builtin-copy -exclude .DS_Store -exclude CVS -exclude .svn -exclude .git -exclude .hg -resolve-src-symlinks -rename /Users/admin/builder/spi-builder-workspace/.derivedData/Build/Intermediates.noindex/swift-log.build/Debug/Logging-t.build/Objects-normal/arm64/Logging.swiftdoc /Users/admin/builder/spi-builder-workspace/.derivedData/Build/Products/Debug/Logging.swiftmodule/arm64-apple-macos.swiftdoc
Copy /Users/admin/builder/spi-builder-workspace/.derivedData/Build/Products/Debug/Logging.swiftmodule/arm64-apple-macos.abi.json /Users/admin/builder/spi-builder-workspace/.derivedData/Build/Intermediates.noindex/swift-log.build/Debug/Logging-t.build/Objects-normal/arm64/Logging.abi.json (in target 'Logging' from project 'swift-log')
cd /Users/admin/builder/spi-builder-workspace/.dependencies/checkouts/swift-log
builtin-copy -exclude .DS_Store -exclude CVS -exclude .svn -exclude .git -exclude .hg -resolve-src-symlinks -rename /Users/admin/builder/spi-builder-workspace/.derivedData/Build/Intermediates.noindex/swift-log.build/Debug/Logging-t.build/Objects-normal/arm64/Logging.abi.json /Users/admin/builder/spi-builder-workspace/.derivedData/Build/Products/Debug/Logging.swiftmodule/arm64-apple-macos.abi.json
Copy /Users/admin/builder/spi-builder-workspace/.derivedData/Build/Products/Debug/Logging.swiftmodule/Project/arm64-apple-macos.swiftsourceinfo /Users/admin/builder/spi-builder-workspace/.derivedData/Build/Intermediates.noindex/swift-log.build/Debug/Logging-t.build/Objects-normal/arm64/Logging.swiftsourceinfo (in target 'Logging' from project 'swift-log')
cd /Users/admin/builder/spi-builder-workspace/.dependencies/checkouts/swift-log
builtin-copy -exclude .DS_Store -exclude CVS -exclude .svn -exclude .git -exclude .hg -resolve-src-symlinks -rename /Users/admin/builder/spi-builder-workspace/.derivedData/Build/Intermediates.noindex/swift-log.build/Debug/Logging-t.build/Objects-normal/arm64/Logging.swiftsourceinfo /Users/admin/builder/spi-builder-workspace/.derivedData/Build/Products/Debug/Logging.swiftmodule/Project/arm64-apple-macos.swiftsourceinfo
SwiftDriver Steamworks normal arm64 com.apple.xcode.tools.swift.compiler (in target 'Steamworks' from project 'steamworks-swift')
cd /Users/admin/builder/spi-builder-workspace
builtin-SwiftDriver -- /Applications/Xcode-27.0.0.app/Contents/Developer/Toolchains/XcodeDefault.xctoolchain/usr/bin/swiftc -module-name Steamworks -Onone @/Users/admin/builder/spi-builder-workspace/.derivedData/Build/Intermediates.noindex/steamworks-swift.build/Debug/Steamworks.build/Objects-normal/arm64/Steamworks.SwiftFileList -DSWIFT_PACKAGE -DDEBUG -DXcode -enable-experimental-feature AccessLevelOnImport -enable-experimental-feature DebugDescriptionMacro -sdk /Applications/Xcode-27.0.0.app/Contents/Developer/Platforms/MacOSX.platform/Developer/SDKs/MacOSX27.0.sdk -target arm64-apple-macos14.4 -cxx-interoperability-mode\=default -g -module-cache-path /Users/admin/builder/spi-builder-workspace/.derivedData/ModuleCache.noindex -Xfrontend -serialize-debugging-options -profile-coverage-mapping -profile-generate -enable-testing -index-store-path /Users/admin/builder/spi-builder-workspace/.derivedData/Index.noindex/DataStore -Xcc -D_LIBCPP_HARDENING_MODE\=_LIBCPP_HARDENING_MODE_DEBUG -swift-version 6 -I /Users/admin/builder/spi-builder-workspace/.derivedData/Build/Products/Debug -F /Users/admin/builder/spi-builder-workspace/.derivedData/Build/Products/Debug/PackageFrameworks -F /Users/admin/builder/spi-builder-workspace/.derivedData/Build/Products/Debug -F /Applications/Xcode-27.0.0.app/Contents/Developer/Platforms/MacOSX.platform/Developer/Library/Frameworks -c -j10 -enable-batch-mode -incremental -Xcc -ivfsstatcache -Xcc /Users/admin/builder/spi-builder-workspace/.derivedData/SDKStatCaches.noindex/macosx27.0-26A425-e829b21a6f8c9b70876ba0858053c04489db99fe7804849a4777d653a8cfc1be.sdkstatcache -output-file-map /Users/admin/builder/spi-builder-workspace/.derivedData/Build/Intermediates.noindex/steamworks-swift.build/Debug/Steamworks.build/Objects-normal/arm64/Steamworks-OutputFileMap.json -save-temps -no-color-diagnostics -explicit-module-build -module-cache-path /Users/admin/builder/spi-builder-workspace/.derivedData/Build/Intermediates.noindex/SwiftExplicitPrecompiledModules -clang-scanner-module-cache-path /Users/admin/builder/spi-builder-workspace/.derivedData/ModuleCache.noindex -sdk-module-cache-path /Users/admin/builder/spi-builder-workspace/.derivedData/SDKExplicitPrecompiledModules -emit-dependencies -emit-module -emit-module-path /Users/admin/builder/spi-builder-workspace/.derivedData/Build/Intermediates.noindex/steamworks-swift.build/Debug/Steamworks.build/Objects-normal/arm64/Steamworks.swiftmodule -serialize-diagnostics -dependency-scan-serialize-diagnostics-path /Users/admin/builder/spi-builder-workspace/.derivedData/Build/Intermediates.noindex/steamworks-swift.build/Debug/Steamworks.build/Objects-normal/arm64/Steamworks-dependency-scan.dia -validate-clang-modules-once -clang-build-session-file /Users/admin/builder/spi-builder-workspace/.derivedData/ModuleCache.noindex/Session.modulevalidation -Xcc -fmodules-prune-interval\=86400 -Xcc -fmodules-prune-after\=345600 -emit-const-values -const-gather-protocols-list /Users/admin/builder/spi-builder-workspace/.derivedData/Build/Intermediates.noindex/steamworks-swift.build/Debug/Steamworks.build/Objects-normal/arm64/Steamworks_const_extract_protocols.json -Xcc -I/Users/admin/builder/spi-builder-workspace/.derivedData/Build/Products/Debug/include -Xcc -I/usr/local/include/steamworks-swift -Xcc -I/Users/admin/builder/spi-builder-workspace/Sources/CSteamworks -Xcc -I/Users/admin/builder/spi-builder-workspace/.derivedData/Build/Intermediates.noindex/steamworks-swift.build/Debug/Steamworks.build/DerivedSources-normal/arm64 -Xcc -I/Users/admin/builder/spi-builder-workspace/.derivedData/Build/Intermediates.noindex/steamworks-swift.build/Debug/Steamworks.build/DerivedSources/arm64 -Xcc -I/Users/admin/builder/spi-builder-workspace/.derivedData/Build/Intermediates.noindex/steamworks-swift.build/Debug/Steamworks.build/DerivedSources -Xcc -DSWIFT_PACKAGE\=1 -Xcc -DDEBUG\=1 -emit-objc-header -emit-objc-header-path /Users/admin/builder/spi-builder-workspace/.derivedData/Build/Intermediates.noindex/steamworks-swift.build/Debug/Steamworks.build/Objects-normal/arm64/Steamworks-Swift.h -working-directory /Users/admin/builder/spi-builder-workspace -experimental-emit-module-separately -disable-cmo
error: Clang dependency scanning failure: While building module 'CSteamworks' imported from module-include.input:1:
In file included from <module-includes>:1:
/Users/admin/builder/spi-builder-workspace/Sources/CSteamworks/steamapi_headers.h:1:10: fatal error: 'steam/steam_api.h' file not found
module-include.input:1:2: fatal error: could not build module 'CSteamworks'
(in target 'Steamworks' from project 'steamworks-swift')
error: Clang dependency scanning failure: While building module 'CSteamworks' imported from module-include.input:1:
In file included from <module-includes>:1:
/Users/admin/builder/spi-builder-workspace/Sources/CSteamworks/steamapi_headers.h:1:10: fatal error: 'steam/steam_api.h' file not found
module-include.input:1:2: fatal error: could not build module 'CSteamworks'
(in target 'Steamworks' from project 'steamworks-swift')
/Users/admin/builder/spi-builder-workspace/Sources/Steamworks/Generated/SteamFriends.swift:9:17: error: Unable to resolve module dependency: 'CSteamworks' (in target 'Steamworks' from project 'steamworks-swift')
note: A dependency of main module 'Steamworks'
/Users/admin/builder/spi-builder-workspace/Sources/Steamworks/Generated/SteamApps.swift:9:17: note: Also imported here
/Users/admin/builder/spi-builder-workspace/Sources/Steamworks/Generated/SteamHTTP.swift:9:17: note: Also imported here
/Users/admin/builder/spi-builder-workspace/Sources/Steamworks/SteamAPI.swift:16:17: note: Also imported here
/Users/admin/builder/spi-builder-workspace/Sources/Steamworks/Generated/Structs.swift:9:17: note: Also imported here
/Users/admin/builder/spi-builder-workspace/Sources/Steamworks/Generated/SteamRemotePlay.swift:9:17: note: Also imported here
/Users/admin/builder/spi-builder-workspace/Sources/Steamworks/Generated/Enums.swift:9:17: note: Also imported here
/Users/admin/builder/spi-builder-workspace/Sources/Steamworks/Generated/SteamBaseAPI+Version.swift:9:17: note: Also imported here
/Users/admin/builder/spi-builder-workspace/Sources/Steamworks/Generated/SteamBaseAPI+Callbacks.swift:9:17: note: Also imported here
/Users/admin/builder/spi-builder-workspace/Sources/Steamworks/Generated/SteamHTMLSurface.swift:9:17: note: Also imported here
/Users/admin/builder/spi-builder-workspace/Sources/Steamworks/Generated/SteamVideo.swift:9:17: note: Also imported here
/Users/admin/builder/spi-builder-workspace/Sources/Steamworks/Generated/SteamNetworkingMessages.swift:9:17: note: Also imported here
/Users/admin/builder/spi-builder-workspace/Sources/Steamworks/Generated/SteamGameServer.swift:9:17: note: Also imported here
/Users/admin/builder/spi-builder-workspace/Sources/Steamworks/ManualTypes.swift:8:17: note: Also imported here
/Users/admin/builder/spi-builder-workspace/Sources/Steamworks/Generated/SteamNetworkingUtils.swift:9:17: note: Also imported here
/Users/admin/builder/spi-builder-workspace/Sources/Steamworks/Generated/SteamParentalSettings.swift:9:17: note: Also imported here
/Users/admin/builder/spi-builder-workspace/Sources/Steamworks/Generated/SteamTimeline.swift:9:17: note: Also imported here
/Users/admin/builder/spi-builder-workspace/Sources/Steamworks/Generated/SteamMatchmakingServers.swift:9:17: note: Also imported here
/Users/admin/builder/spi-builder-workspace/Sources/Steamworks/SteamGameServerAPI.swift:12:17: note: Also imported here
/Users/admin/builder/spi-builder-workspace/Sources/Steamworks/SteamMatchmakingServers+Manual.swift:8:17: note: Also imported here
/Users/admin/builder/spi-builder-workspace/Sources/Steamworks/Generated/SteamInput.swift:9:17: note: Also imported here
/Users/admin/builder/spi-builder-workspace/Sources/Steamworks/Generated/SteamUserStats.swift:9:17: note: Also imported here
/Users/admin/builder/spi-builder-workspace/Sources/Steamworks/Generated/SteamGameServerStats.swift:9:17: note: Also imported here
/Users/admin/builder/spi-builder-workspace/Sources/Steamworks/Generated/SteamParties.swift:9:17: note: Also imported here
/Users/admin/builder/spi-builder-workspace/Sources/Steamworks/Generated/SteamUtils.swift:9:17: note: Also imported here
/Users/admin/builder/spi-builder-workspace/Sources/Steamworks/Generated/Typedefs.swift:9:17: note: Also imported here
/Users/admin/builder/spi-builder-workspace/Sources/Steamworks/Generated/SteamNetworkingSockets.swift:9:17: note: Also imported here
/Users/admin/builder/spi-builder-workspace/Sources/Steamworks/Generated/SteamMatchmaking.swift:9:17: note: Also imported here
/Users/admin/builder/spi-builder-workspace/Sources/Steamworks/TypeUtils.swift:8:17: note: Also imported here
/Users/admin/builder/spi-builder-workspace/Sources/Steamworks/Generated/SteamUser.swift:9:17: note: Also imported here
/Users/admin/builder/spi-builder-workspace/Sources/Steamworks/Generated/SteamRemoteStorage.swift:9:17: note: Also imported here
/Users/admin/builder/spi-builder-workspace/Sources/Steamworks/SteamID.swift:8:17: note: Also imported here
/Users/admin/builder/spi-builder-workspace/Sources/Steamworks/Generated/SteamMusic.swift:9:17: note: Also imported here
/Users/admin/builder/spi-builder-workspace/Sources/Steamworks/ManualInterfaces.swift:8:17: note: Also imported here
/Users/admin/builder/spi-builder-workspace/Sources/Steamworks/Generated/Constants.swift:9:17: note: Also imported here
/Users/admin/builder/spi-builder-workspace/Sources/Steamworks/Generated/SteamScreenshots.swift:9:17: note: Also imported here
/Users/admin/builder/spi-builder-workspace/Sources/Steamworks/Generated/SteamUGC.swift:9:17: note: Also imported here
/Users/admin/builder/spi-builder-workspace/Sources/Steamworks/Generated/SteamNetworkingFakeUDPPort.swift:9:17: note: Also imported here
/Users/admin/builder/spi-builder-workspace/Sources/Steamworks/GameID.swift:8:17: note: Also imported here
/Users/admin/builder/spi-builder-workspace/Sources/Steamworks/SteamBaseAPI.swift:17:17: note: Also imported here
/Users/admin/builder/spi-builder-workspace/Sources/Steamworks/Generated/SteamInventory.swift:9:17: note: Also imported here
error: Clang dependency scanning failure: While building module 'CSteamworks' imported from module-include.input:1:
In file included from <module-includes>:1:
/Users/admin/builder/spi-builder-workspace/Sources/CSteamworks/steamapi_headers.h:1:10: fatal error: 'steam/steam_api.h' file not found
module-include.input:1:2: fatal error: could not build module 'CSteamworks'
(in target 'Steamworks' from project 'steamworks-swift')
error: Clang dependency scanning failure: While building module 'CSteamworks' imported from module-include.input:1:
In file included from <module-includes>:1:
/Users/admin/builder/spi-builder-workspace/Sources/CSteamworks/steamapi_headers.h:1:10: fatal error: 'steam/steam_api.h' file not found
module-include.input:1:2: fatal error: could not build module 'CSteamworks'
(in target 'Steamworks' from project 'steamworks-swift')
/Users/admin/builder/spi-builder-workspace/Sources/Steamworks/Generated/SteamFriends.swift:9:17: note: A dependency of main module 'Steamworks'
internal import CSteamworks
^ (in target 'Steamworks' from project 'steamworks-swift')
/Users/admin/builder/spi-builder-workspace/Sources/Steamworks/Generated/SteamApps.swift:9:17: note: Also imported here
internal import CSteamworks
^ (in target 'Steamworks' from project 'steamworks-swift')
/Users/admin/builder/spi-builder-workspace/Sources/Steamworks/Generated/SteamHTTP.swift:9:17: note: Also imported here
internal import CSteamworks
^ (in target 'Steamworks' from project 'steamworks-swift')
/Users/admin/builder/spi-builder-workspace/Sources/Steamworks/SteamAPI.swift:16:17: note: Also imported here
internal import CSteamworks
^ (in target 'Steamworks' from project 'steamworks-swift')
/Users/admin/builder/spi-builder-workspace/Sources/Steamworks/Generated/Structs.swift:9:17: note: Also imported here
internal import CSteamworks
^ (in target 'Steamworks' from project 'steamworks-swift')
/Users/admin/builder/spi-builder-workspace/Sources/Steamworks/Generated/SteamRemotePlay.swift:9:17: note: Also imported here
internal import CSteamworks
^ (in target 'Steamworks' from project 'steamworks-swift')
/Users/admin/builder/spi-builder-workspace/Sources/Steamworks/Generated/Enums.swift:9:17: note: Also imported here
internal import CSteamworks
^ (in target 'Steamworks' from project 'steamworks-swift')
/Users/admin/builder/spi-builder-workspace/Sources/Steamworks/Generated/SteamBaseAPI+Version.swift:9:17: note: Also imported here
internal import CSteamworks
^ (in target 'Steamworks' from project 'steamworks-swift')
/Users/admin/builder/spi-builder-workspace/Sources/Steamworks/Generated/SteamBaseAPI+Callbacks.swift:9:17: note: Also imported here
internal import CSteamworks
^ (in target 'Steamworks' from project 'steamworks-swift')
/Users/admin/builder/spi-builder-workspace/Sources/Steamworks/Generated/SteamHTMLSurface.swift:9:17: note: Also imported here
internal import CSteamworks
^ (in target 'Steamworks' from project 'steamworks-swift')
/Users/admin/builder/spi-builder-workspace/Sources/Steamworks/Generated/SteamVideo.swift:9:17: note: Also imported here
internal import CSteamworks
^ (in target 'Steamworks' from project 'steamworks-swift')
/Users/admin/builder/spi-builder-workspace/Sources/Steamworks/Generated/SteamNetworkingMessages.swift:9:17: note: Also imported here
internal import CSteamworks
^ (in target 'Steamworks' from project 'steamworks-swift')
/Users/admin/builder/spi-builder-workspace/Sources/Steamworks/Generated/SteamGameServer.swift:9:17: note: Also imported here
internal import CSteamworks
^ (in target 'Steamworks' from project 'steamworks-swift')
/Users/admin/builder/spi-builder-workspace/Sources/Steamworks/ManualTypes.swift:8:17: note: Also imported here
internal import CSteamworks
^ (in target 'Steamworks' from project 'steamworks-swift')
/Users/admin/builder/spi-builder-workspace/Sources/Steamworks/Generated/SteamNetworkingUtils.swift:9:17: note: Also imported here
internal import CSteamworks
^ (in target 'Steamworks' from project 'steamworks-swift')
/Users/admin/builder/spi-builder-workspace/Sources/Steamworks/Generated/SteamParentalSettings.swift:9:17: note: Also imported here
internal import CSteamworks
^ (in target 'Steamworks' from project 'steamworks-swift')
/Users/admin/builder/spi-builder-workspace/Sources/Steamworks/Generated/SteamTimeline.swift:9:17: note: Also imported here
internal import CSteamworks
^ (in target 'Steamworks' from project 'steamworks-swift')
/Users/admin/builder/spi-builder-workspace/Sources/Steamworks/Generated/SteamMatchmakingServers.swift:9:17: note: Also imported here
internal import CSteamworks
^ (in target 'Steamworks' from project 'steamworks-swift')
/Users/admin/builder/spi-builder-workspace/Sources/Steamworks/SteamGameServerAPI.swift:12:17: note: Also imported here
internal import CSteamworks
^ (in target 'Steamworks' from project 'steamworks-swift')
/Users/admin/builder/spi-builder-workspace/Sources/Steamworks/SteamMatchmakingServers+Manual.swift:8:17: note: Also imported here
internal import CSteamworks
^ (in target 'Steamworks' from project 'steamworks-swift')
/Users/admin/builder/spi-builder-workspace/Sources/Steamworks/Generated/SteamInput.swift:9:17: note: Also imported here
internal import CSteamworks
^ (in target 'Steamworks' from project 'steamworks-swift')
/Users/admin/builder/spi-builder-workspace/Sources/Steamworks/Generated/SteamUserStats.swift:9:17: note: Also imported here
internal import CSteamworks
^ (in target 'Steamworks' from project 'steamworks-swift')
/Users/admin/builder/spi-builder-workspace/Sources/Steamworks/Generated/SteamGameServerStats.swift:9:17: note: Also imported here
internal import CSteamworks
^ (in target 'Steamworks' from project 'steamworks-swift')
/Users/admin/builder/spi-builder-workspace/Sources/Steamworks/Generated/SteamParties.swift:9:17: note: Also imported here
internal import CSteamworks
^ (in target 'Steamworks' from project 'steamworks-swift')
/Users/admin/builder/spi-builder-workspace/Sources/Steamworks/Generated/SteamUtils.swift:9:17: note: Also imported here
internal import CSteamworks
^ (in target 'Steamworks' from project 'steamworks-swift')
/Users/admin/builder/spi-builder-workspace/Sources/Steamworks/Generated/Typedefs.swift:9:17: note: Also imported here
internal import CSteamworks
^ (in target 'Steamworks' from project 'steamworks-swift')
/Users/admin/builder/spi-builder-workspace/Sources/Steamworks/Generated/SteamNetworkingSockets.swift:9:17: note: Also imported here
internal import CSteamworks
^ (in target 'Steamworks' from project 'steamworks-swift')
/Users/admin/builder/spi-builder-workspace/Sources/Steamworks/Generated/SteamMatchmaking.swift:9:17: note: Also imported here
internal import CSteamworks
^ (in target 'Steamworks' from project 'steamworks-swift')
/Users/admin/builder/spi-builder-workspace/Sources/Steamworks/TypeUtils.swift:8:17: note: Also imported here
internal import CSteamworks
^ (in target 'Steamworks' from project 'steamworks-swift')
/Users/admin/builder/spi-builder-workspace/Sources/Steamworks/Generated/SteamUser.swift:9:17: note: Also imported here
internal import CSteamworks
^ (in target 'Steamworks' from project 'steamworks-swift')
/Users/admin/builder/spi-builder-workspace/Sources/Steamworks/Generated/SteamRemoteStorage.swift:9:17: note: Also imported here
internal import CSteamworks
^ (in target 'Steamworks' from project 'steamworks-swift')
/Users/admin/builder/spi-builder-workspace/Sources/Steamworks/SteamID.swift:8:17: note: Also imported here
internal import CSteamworks
^ (in target 'Steamworks' from project 'steamworks-swift')
/Users/admin/builder/spi-builder-workspace/Sources/Steamworks/Generated/SteamMusic.swift:9:17: note: Also imported here
internal import CSteamworks
^ (in target 'Steamworks' from project 'steamworks-swift')
/Users/admin/builder/spi-builder-workspace/Sources/Steamworks/ManualInterfaces.swift:8:17: note: Also imported here
internal import CSteamworks
^ (in target 'Steamworks' from project 'steamworks-swift')
/Users/admin/builder/spi-builder-workspace/Sources/Steamworks/Generated/Constants.swift:9:17: note: Also imported here
internal import CSteamworks
^ (in target 'Steamworks' from project 'steamworks-swift')
/Users/admin/builder/spi-builder-workspace/Sources/Steamworks/Generated/SteamScreenshots.swift:9:17: note: Also imported here
internal import CSteamworks
^ (in target 'Steamworks' from project 'steamworks-swift')
/Users/admin/builder/spi-builder-workspace/Sources/Steamworks/Generated/SteamUGC.swift:9:17: note: Also imported here
internal import CSteamworks
^ (in target 'Steamworks' from project 'steamworks-swift')
/Users/admin/builder/spi-builder-workspace/Sources/Steamworks/Generated/SteamNetworkingFakeUDPPort.swift:9:17: note: Also imported here
internal import CSteamworks
^ (in target 'Steamworks' from project 'steamworks-swift')
/Users/admin/builder/spi-builder-workspace/Sources/Steamworks/GameID.swift:8:17: note: Also imported here
internal import CSteamworks
^ (in target 'Steamworks' from project 'steamworks-swift')
/Users/admin/builder/spi-builder-workspace/Sources/Steamworks/SteamBaseAPI.swift:17:17: note: Also imported here
internal import CSteamworks
^ (in target 'Steamworks' from project 'steamworks-swift')
/Users/admin/builder/spi-builder-workspace/Sources/Steamworks/Generated/SteamInventory.swift:9:17: note: Also imported here
internal import CSteamworks
^ (in target 'Steamworks' from project 'steamworks-swift')
SwiftDriverJobDiscovery normal arm64 Compiling Logger.swift (in target 'Logging' from project 'swift-log')
SwiftDriverJobDiscovery normal arm64 Compiling SwiftLogNoOpLogHandler.swift (in target 'Logging' from project 'swift-log')
SwiftExplicitDependencyGeneratePcm arm64 /Users/admin/builder/spi-builder-workspace/.derivedData/SDKExplicitPrecompiledModules/ObjectiveC-8TILVOMZJOOVD5I5ZPQUOWU4Q.pcm
SwiftDriverJobDiscovery normal arm64 Compiling PointerConformances.swift, Primitives.native.swift (in target 'Atomics' from project 'swift-atomics')
SwiftDriver\ Compilation Atomics normal arm64 com.apple.xcode.tools.swift.compiler (in target 'Atomics' from project 'swift-atomics')
cd /Users/admin/builder/spi-builder-workspace/steamworks-swift.xcodeproj
builtin-Swift-Compilation -- /Applications/Xcode-27.0.0.app/Contents/Developer/Toolchains/XcodeDefault.xctoolchain/usr/bin/swiftc -parse-as-library -module-name Atomics -Onone @/Users/admin/builder/spi-builder-workspace/.derivedData/Build/Intermediates.noindex/swift-atomics.build/Debug/Atomics-t.build/Objects-normal/arm64/Atomics.SwiftFileList -DSWIFT_PACKAGE -DDEBUG -DSWIFT_MODULE_RESOURCE_BUNDLE_UNAVAILABLE -Xcc -fmodule-map-file\=/Users/admin/builder/spi-builder-workspace/.dependencies/checkouts/swift-atomics/Sources/_AtomicsShims/include/module.modulemap -DXcode -enable-experimental-feature BuiltinModule -plugin-path /Applications/Xcode-27.0.0.app/Contents/Developer/Toolchains/XcodeDefault.xctoolchain/usr/lib/swift/host/plugins/testing -enable-experimental-feature DebugDescriptionMacro -sdk /Applications/Xcode-27.0.0.app/Contents/Developer/Platforms/MacOSX.platform/Developer/SDKs/MacOSX27.0.sdk -target arm64-apple-macos12.0 -g -module-cache-path /Users/admin/builder/spi-builder-workspace/.derivedData/ModuleCache.noindex -Xfrontend -serialize-debugging-options -profile-coverage-mapping -profile-generate -enable-testing -suppress-warnings -index-store-path /Users/admin/builder/spi-builder-workspace/.derivedData/Index.noindex/DataStore -Xcc -D_LIBCPP_HARDENING_MODE\=_LIBCPP_HARDENING_MODE_DEBUG -swift-version 5 -I /Users/admin/builder/spi-builder-workspace/.derivedData/Build/Products/Debug -Isystem /Applications/Xcode-27.0.0.app/Contents/Developer/Platforms/MacOSX.platform/Developer/usr/lib -F /Users/admin/builder/spi-builder-workspace/.derivedData/Build/Products/Debug/PackageFrameworks -F /Users/admin/builder/spi-builder-workspace/.derivedData/Build/Products/Debug -F /Applications/Xcode-27.0.0.app/Contents/Developer/Platforms/MacOSX.platform/Developer/Library/Frameworks -c -j10 -enable-batch-mode -incremental -Xcc -ivfsstatcache -Xcc /Users/admin/builder/spi-builder-workspace/.derivedData/SDKStatCaches.noindex/macosx27.0-26A425-e829b21a6f8c9b70876ba0858053c04489db99fe7804849a4777d653a8cfc1be.sdkstatcache -output-file-map /Users/admin/builder/spi-builder-workspace/.derivedData/Build/Intermediates.noindex/swift-atomics.build/Debug/Atomics-t.build/Objects-normal/arm64/Atomics-OutputFileMap.json -save-temps -no-color-diagnostics -explicit-module-build -module-cache-path /Users/admin/builder/spi-builder-workspace/.derivedData/Build/Intermediates.noindex/SwiftExplicitPrecompiledModules -clang-scanner-module-cache-path /Users/admin/builder/spi-builder-workspace/.derivedData/ModuleCache.noindex -sdk-module-cache-path /Users/admin/builder/spi-builder-workspace/.derivedData/SDKExplicitPrecompiledModules -emit-dependencies -emit-module -emit-module-path /Users/admin/builder/spi-builder-workspace/.derivedData/Build/Intermediates.noindex/swift-atomics.build/Debug/Atomics-t.build/Objects-normal/arm64/Atomics.swiftmodule -serialize-diagnostics -dependency-scan-serialize-diagnostics-path /Users/admin/builder/spi-builder-workspace/.derivedData/Build/Intermediates.noindex/swift-atomics.build/Debug/Atomics-t.build/Objects-normal/arm64/Atomics-dependency-scan.dia -validate-clang-modules-once -clang-build-session-file /Users/admin/builder/spi-builder-workspace/.derivedData/ModuleCache.noindex/Session.modulevalidation -Xcc -fmodules-prune-interval\=86400 -Xcc -fmodules-prune-after\=345600 -package-name swift_atomics -emit-const-values -const-gather-protocols-list /Users/admin/builder/spi-builder-workspace/.derivedData/Build/Intermediates.noindex/swift-atomics.build/Debug/Atomics-t.build/Objects-normal/arm64/Atomics_const_extract_protocols.json -Xcc -I/Users/admin/builder/spi-builder-workspace/.dependencies/checkouts/swift-atomics/Sources/_AtomicsShims/include -Xcc -I/Users/admin/builder/spi-builder-workspace/.derivedData/Build/Products/Debug/include -Xcc -I/Users/admin/builder/spi-builder-workspace/.derivedData/Build/Intermediates.noindex/swift-atomics.build/Debug/Atomics-t.build/DerivedSources-normal/arm64 -Xcc -I/Users/admin/builder/spi-builder-workspace/.derivedData/Build/Intermediates.noindex/swift-atomics.build/Debug/Atomics-t.build/DerivedSources/arm64 -Xcc -I/Users/admin/builder/spi-builder-workspace/.derivedData/Build/Intermediates.noindex/swift-atomics.build/Debug/Atomics-t.build/DerivedSources -Xcc -DSWIFT_PACKAGE -Xcc -DDEBUG\=1 -emit-objc-header -emit-objc-header-path /Users/admin/builder/spi-builder-workspace/.derivedData/Build/Intermediates.noindex/swift-atomics.build/Debug/Atomics-t.build/Objects-normal/arm64/Atomics-Swift.h -working-directory /Users/admin/builder/spi-builder-workspace/steamworks-swift.xcodeproj -experimental-emit-module-separately -disable-cmo
Ld /Users/admin/builder/spi-builder-workspace/.derivedData/Build/Products/Debug/Atomics.o normal (in target 'Atomics' from project 'swift-atomics')
cd /Users/admin/builder/spi-builder-workspace/.dependencies/checkouts/swift-atomics
/Applications/Xcode-27.0.0.app/Contents/Developer/Toolchains/XcodeDefault.xctoolchain/usr/bin/clang -Xlinker -reproducible -target arm64-apple-macos12.0 -r -isysroot /Applications/Xcode-27.0.0.app/Contents/Developer/Platforms/MacOSX.platform/Developer/SDKs/MacOSX27.0.sdk -O0 -w -Xlinker -no_warn_duplicate_libraries -F/Users/admin/builder/spi-builder-workspace/.derivedData/Build/Intermediates.noindex/EagerLinkingTBDs/Debug -F/Users/admin/builder/spi-builder-workspace/.derivedData/Build/Products/Debug/PackageFrameworks -F/Users/admin/builder/spi-builder-workspace/.derivedData/Build/Products/Debug -iframework /Applications/Xcode-27.0.0.app/Contents/Developer/Platforms/MacOSX.platform/Developer/Library/Frameworks -filelist /Users/admin/builder/spi-builder-workspace/.derivedData/Build/Intermediates.noindex/swift-atomics.build/Debug/Atomics-t.build/Objects-normal/arm64/Atomics.LinkFileList -nostdlib -Xlinker -object_path_lto -Xlinker /Users/admin/builder/spi-builder-workspace/.derivedData/Build/Intermediates.noindex/swift-atomics.build/Debug/Atomics-t.build/Objects-normal/arm64/Atomics_lto.o -Xlinker -no_deduplicate -Xlinker -debug_variant -Xlinker -dependency_info -Xlinker /Users/admin/builder/spi-builder-workspace/.derivedData/Build/Intermediates.noindex/swift-atomics.build/Debug/Atomics-t.build/Objects-normal/arm64/Atomics_dependency_info.dat -fobjc-link-runtime -L/Applications/Xcode-27.0.0.app/Contents/Developer/Toolchains/XcodeDefault.xctoolchain/usr/lib/swift/macosx -L/usr/lib/swift -Xlinker -add_ast_path -Xlinker /Users/admin/builder/spi-builder-workspace/.derivedData/Build/Intermediates.noindex/swift-atomics.build/Debug/Atomics-t.build/Objects-normal/arm64/Atomics.swiftmodule -o /Users/admin/builder/spi-builder-workspace/.derivedData/Build/Products/Debug/Atomics.o
SwiftDriverJobDiscovery normal arm64 Compiling MetadataProvider.swift (in target 'Logging' from project 'swift-log')
SwiftDriverJobDiscovery normal arm64 Compiling Locks.swift (in target 'Logging' from project 'swift-log')
ExtractAppIntentsMetadata (in target 'Atomics' from project 'swift-atomics')
cd /Users/admin/builder/spi-builder-workspace/.dependencies/checkouts/swift-atomics
/Applications/Xcode-27.0.0.app/Contents/Developer/Toolchains/XcodeDefault.xctoolchain/usr/bin/appintentsmetadataprocessor --toolchain-dir /var/run/com.apple.security.cryptexd/mnt/com.apple.MobileAsset.MetalToolchain-v27.1.266.1.EAGXuO/Metal.xctoolchain --module-name Atomics --sdk-root /Applications/Xcode-27.0.0.app/Contents/Developer/Platforms/MacOSX.platform/Developer/SDKs/MacOSX27.0.sdk --xcode-version 27A266a --platform-family macOS --deployment-target 12.0 --bundle-identifier swift-atomics.Atomics --output /Users/admin/builder/spi-builder-workspace/.derivedData/Build/Products/Debug/Atomics.appintents --target-triple arm64-apple-macos12.0 --binary-file /Users/admin/builder/spi-builder-workspace/.derivedData/Build/Products/Debug/Atomics.o --dependency-file /Users/admin/builder/spi-builder-workspace/.derivedData/Build/Intermediates.noindex/swift-atomics.build/Debug/Atomics-t.build/Objects-normal/arm64/Atomics_dependency_info.dat --stringsdata-file /Users/admin/builder/spi-builder-workspace/.derivedData/Build/Intermediates.noindex/swift-atomics.build/Debug/Atomics-t.build/Objects-normal/arm64/ExtractedAppShortcutsMetadata.stringsdata --source-file-list /Users/admin/builder/spi-builder-workspace/.derivedData/Build/Intermediates.noindex/swift-atomics.build/Debug/Atomics-t.build/Objects-normal/arm64/Atomics.SwiftFileList --metadata-file-list /Users/admin/builder/spi-builder-workspace/.derivedData/Build/Intermediates.noindex/swift-atomics.build/Debug/Atomics-t.build/Atomics.DependencyMetadataFileList --static-metadata-file-list /Users/admin/builder/spi-builder-workspace/.derivedData/Build/Intermediates.noindex/swift-atomics.build/Debug/Atomics-t.build/Atomics.DependencyStaticMetadataFileList --swift-const-vals-list /Users/admin/builder/spi-builder-workspace/.derivedData/Build/Intermediates.noindex/swift-atomics.build/Debug/Atomics-t.build/Objects-normal/arm64/Atomics.SwiftConstValuesFileList --force --compile-time-extraction --deployment-aware-processing --no-app-shortcuts-localization
2026-10-09 20:32:20.276 appintentsmetadataprocessor[861:5151] Starting appintentsmetadataprocessor export
2026-10-09 20:32:20.368 appintentsmetadataprocessor[861:5151] Extracted no relevant App Intents symbols, skipping writing output
SwiftExplicitDependencyGeneratePcm arm64 /Users/admin/builder/spi-builder-workspace/.derivedData/SDKExplicitPrecompiledModules/os_object-50TYMS52II6ZNC5Y8U18A8NHN.pcm
SwiftExplicitDependencyGeneratePcm arm64 /Users/admin/builder/spi-builder-workspace/.derivedData/SDKExplicitPrecompiledModules/os_workgroup-1HCM6052KK10XHZIVT8HZKMV4.pcm
SwiftDriverJobDiscovery normal arm64 Compiling MultiplexLogHandler.swift, StreamLogHandler.swift (in target 'Logging' from project 'swift-log')
SwiftDriver\ Compilation Logging normal arm64 com.apple.xcode.tools.swift.compiler (in target 'Logging' from project 'swift-log')
cd /Users/admin/builder/spi-builder-workspace/steamworks-swift.xcodeproj
builtin-Swift-Compilation -- /Applications/Xcode-27.0.0.app/Contents/Developer/Toolchains/XcodeDefault.xctoolchain/usr/bin/swiftc -parse-as-library -module-name Logging -Onone @/Users/admin/builder/spi-builder-workspace/.derivedData/Build/Intermediates.noindex/swift-log.build/Debug/Logging-t.build/Objects-normal/arm64/Logging.SwiftFileList -DSWIFT_PACKAGE -DDEBUG -DSWIFT_MODULE_RESOURCE_BUNDLE_UNAVAILABLE -DXcode -enable-upcoming-feature ExistentialAny -enable-upcoming-feature MemberImportVisibility -enable-upcoming-feature InternalImportsByDefault -enable-upcoming-feature NonisolatedNonsendingByDefault -Xfrontend -require-explicit-sendable -plugin-path /Applications/Xcode-27.0.0.app/Contents/Developer/Toolchains/XcodeDefault.xctoolchain/usr/lib/swift/host/plugins/testing -enable-experimental-feature DebugDescriptionMacro -sdk /Applications/Xcode-27.0.0.app/Contents/Developer/Platforms/MacOSX.platform/Developer/SDKs/MacOSX27.0.sdk -target arm64-apple-macos12.0 -g -module-cache-path /Users/admin/builder/spi-builder-workspace/.derivedData/ModuleCache.noindex -Xfrontend -serialize-debugging-options -profile-coverage-mapping -profile-generate -enable-testing -suppress-warnings -index-store-path /Users/admin/builder/spi-builder-workspace/.derivedData/Index.noindex/DataStore -Xcc -D_LIBCPP_HARDENING_MODE\=_LIBCPP_HARDENING_MODE_DEBUG -swift-version 6 -I /Users/admin/builder/spi-builder-workspace/.derivedData/Build/Products/Debug -Isystem /Applications/Xcode-27.0.0.app/Contents/Developer/Platforms/MacOSX.platform/Developer/usr/lib -F /Users/admin/builder/spi-builder-workspace/.derivedData/Build/Products/Debug -F /Applications/Xcode-27.0.0.app/Contents/Developer/Platforms/MacOSX.platform/Developer/Library/Frameworks -c -j10 -enable-batch-mode -incremental -Xcc -ivfsstatcache -Xcc /Users/admin/builder/spi-builder-workspace/.derivedData/SDKStatCaches.noindex/macosx27.0-26A425-e829b21a6f8c9b70876ba0858053c04489db99fe7804849a4777d653a8cfc1be.sdkstatcache -output-file-map /Users/admin/builder/spi-builder-workspace/.derivedData/Build/Intermediates.noindex/swift-log.build/Debug/Logging-t.build/Objects-normal/arm64/Logging-OutputFileMap.json -save-temps -no-color-diagnostics -explicit-module-build -module-cache-path /Users/admin/builder/spi-builder-workspace/.derivedData/Build/Intermediates.noindex/SwiftExplicitPrecompiledModules -clang-scanner-module-cache-path /Users/admin/builder/spi-builder-workspace/.derivedData/ModuleCache.noindex -sdk-module-cache-path /Users/admin/builder/spi-builder-workspace/.derivedData/SDKExplicitPrecompiledModules -emit-dependencies -emit-module -emit-module-path /Users/admin/builder/spi-builder-workspace/.derivedData/Build/Intermediates.noindex/swift-log.build/Debug/Logging-t.build/Objects-normal/arm64/Logging.swiftmodule -serialize-diagnostics -dependency-scan-serialize-diagnostics-path /Users/admin/builder/spi-builder-workspace/.derivedData/Build/Intermediates.noindex/swift-log.build/Debug/Logging-t.build/Objects-normal/arm64/Logging-dependency-scan.dia -user-module-version 1.16.1 -validate-clang-modules-once -clang-build-session-file /Users/admin/builder/spi-builder-workspace/.derivedData/ModuleCache.noindex/Session.modulevalidation -Xcc -fmodules-prune-interval\=86400 -Xcc -fmodules-prune-after\=345600 -package-name swift_log -emit-const-values -const-gather-protocols-list /Users/admin/builder/spi-builder-workspace/.derivedData/Build/Intermediates.noindex/swift-log.build/Debug/Logging-t.build/Objects-normal/arm64/Logging_const_extract_protocols.json -Xcc -I/Users/admin/builder/spi-builder-workspace/.derivedData/Build/Products/Debug/include -Xcc -I/Users/admin/builder/spi-builder-workspace/.derivedData/Build/Intermediates.noindex/swift-log.build/Debug/Logging-t.build/DerivedSources-normal/arm64 -Xcc -I/Users/admin/builder/spi-builder-workspace/.derivedData/Build/Intermediates.noindex/swift-log.build/Debug/Logging-t.build/DerivedSources/arm64 -Xcc -I/Users/admin/builder/spi-builder-workspace/.derivedData/Build/Intermediates.noindex/swift-log.build/Debug/Logging-t.build/DerivedSources -Xcc -DSWIFT_PACKAGE -Xcc -DDEBUG\=1 -emit-objc-header -emit-objc-header-path /Users/admin/builder/spi-builder-workspace/.derivedData/Build/Intermediates.noindex/swift-log.build/Debug/Logging-t.build/Objects-normal/arm64/Logging-Swift.h -working-directory /Users/admin/builder/spi-builder-workspace/steamworks-swift.xcodeproj -experimental-emit-module-separately -disable-cmo
Ld /Users/admin/builder/spi-builder-workspace/.derivedData/Build/Products/Debug/Logging.o normal (in target 'Logging' from project 'swift-log')
cd /Users/admin/builder/spi-builder-workspace/.dependencies/checkouts/swift-log
/Applications/Xcode-27.0.0.app/Contents/Developer/Toolchains/XcodeDefault.xctoolchain/usr/bin/clang -Xlinker -reproducible -target arm64-apple-macos12.0 -r -isysroot /Applications/Xcode-27.0.0.app/Contents/Developer/Platforms/MacOSX.platform/Developer/SDKs/MacOSX27.0.sdk -O0 -w -Xlinker -no_warn_duplicate_libraries -F/Users/admin/builder/spi-builder-workspace/.derivedData/Build/Intermediates.noindex/EagerLinkingTBDs/Debug -F/Users/admin/builder/spi-builder-workspace/.derivedData/Build/Products/Debug -iframework /Applications/Xcode-27.0.0.app/Contents/Developer/Platforms/MacOSX.platform/Developer/Library/Frameworks -filelist /Users/admin/builder/spi-builder-workspace/.derivedData/Build/Intermediates.noindex/swift-log.build/Debug/Logging-t.build/Objects-normal/arm64/Logging.LinkFileList -nostdlib -Xlinker -object_path_lto -Xlinker /Users/admin/builder/spi-builder-workspace/.derivedData/Build/Intermediates.noindex/swift-log.build/Debug/Logging-t.build/Objects-normal/arm64/Logging_lto.o -Xlinker -no_deduplicate -Xlinker -debug_variant -Xlinker -dependency_info -Xlinker /Users/admin/builder/spi-builder-workspace/.derivedData/Build/Intermediates.noindex/swift-log.build/Debug/Logging-t.build/Objects-normal/arm64/Logging_dependency_info.dat -fobjc-link-runtime -L/Applications/Xcode-27.0.0.app/Contents/Developer/Toolchains/XcodeDefault.xctoolchain/usr/lib/swift/macosx -L/usr/lib/swift -Xlinker -add_ast_path -Xlinker /Users/admin/builder/spi-builder-workspace/.derivedData/Build/Intermediates.noindex/swift-log.build/Debug/Logging-t.build/Objects-normal/arm64/Logging.swiftmodule -o /Users/admin/builder/spi-builder-workspace/.derivedData/Build/Products/Debug/Logging.o
ExtractAppIntentsMetadata (in target 'Logging' from project 'swift-log')
cd /Users/admin/builder/spi-builder-workspace/.dependencies/checkouts/swift-log
/Applications/Xcode-27.0.0.app/Contents/Developer/Toolchains/XcodeDefault.xctoolchain/usr/bin/appintentsmetadataprocessor --toolchain-dir /var/run/com.apple.security.cryptexd/mnt/com.apple.MobileAsset.MetalToolchain-v27.1.266.1.EAGXuO/Metal.xctoolchain --module-name Logging --sdk-root /Applications/Xcode-27.0.0.app/Contents/Developer/Platforms/MacOSX.platform/Developer/SDKs/MacOSX27.0.sdk --xcode-version 27A266a --platform-family macOS --deployment-target 12.0 --bundle-identifier swift-log.Logging --output /Users/admin/builder/spi-builder-workspace/.derivedData/Build/Products/Debug/Logging.appintents --target-triple arm64-apple-macos12.0 --binary-file /Users/admin/builder/spi-builder-workspace/.derivedData/Build/Products/Debug/Logging.o --dependency-file /Users/admin/builder/spi-builder-workspace/.derivedData/Build/Intermediates.noindex/swift-log.build/Debug/Logging-t.build/Objects-normal/arm64/Logging_dependency_info.dat --stringsdata-file /Users/admin/builder/spi-builder-workspace/.derivedData/Build/Intermediates.noindex/swift-log.build/Debug/Logging-t.build/Objects-normal/arm64/ExtractedAppShortcutsMetadata.stringsdata --source-file-list /Users/admin/builder/spi-builder-workspace/.derivedData/Build/Intermediates.noindex/swift-log.build/Debug/Logging-t.build/Objects-normal/arm64/Logging.SwiftFileList --metadata-file-list /Users/admin/builder/spi-builder-workspace/.derivedData/Build/Intermediates.noindex/swift-log.build/Debug/Logging-t.build/Logging.DependencyMetadataFileList --static-metadata-file-list /Users/admin/builder/spi-builder-workspace/.derivedData/Build/Intermediates.noindex/swift-log.build/Debug/Logging-t.build/Logging.DependencyStaticMetadataFileList --swift-const-vals-list /Users/admin/builder/spi-builder-workspace/.derivedData/Build/Intermediates.noindex/swift-log.build/Debug/Logging-t.build/Objects-normal/arm64/Logging.SwiftConstValuesFileList --force --compile-time-extraction --deployment-aware-processing --no-app-shortcuts-localization
2026-10-09 20:32:20.295 appintentsmetadataprocessor[866:5179] Starting appintentsmetadataprocessor export
2026-10-09 20:32:20.368 appintentsmetadataprocessor[866:5179] Extracted no relevant App Intents symbols, skipping writing output
SwiftExplicitDependencyGeneratePcm arm64 /Users/admin/builder/spi-builder-workspace/.derivedData/SDKExplicitPrecompiledModules/Dispatch-5YOYT4I1P9ABU8X65LVWD2TLJ.pcm
SwiftExplicitDependencyGeneratePcm arm64 /Users/admin/builder/spi-builder-workspace/.derivedData/SDKExplicitPrecompiledModules/CoreFoundation-3F2YUA9S6PIE8F7OGOVPB798E.pcm
SwiftExplicitDependencyGeneratePcm arm64 /Users/admin/builder/spi-builder-workspace/.derivedData/SDKExplicitPrecompiledModules/XPC-CM0493SL0E3TOTTKEX9PTKY9F.pcm
ProcessInfoPlistFile /Users/admin/builder/spi-builder-workspace/.derivedData/Build/Products/Debug/Steamworks.framework/Versions/A/Resources/Info.plist /Users/admin/builder/spi-builder-workspace/steamworks-swift.xcodeproj/Steamworks_Info.plist (in target 'Steamworks' from project 'steamworks-swift')
cd /Users/admin/builder/spi-builder-workspace
builtin-infoPlistUtility /Users/admin/builder/spi-builder-workspace/steamworks-swift.xcodeproj/Steamworks_Info.plist -producttype com.apple.product-type.framework -expandbuildsettings -platform macosx -o /Users/admin/builder/spi-builder-workspace/.derivedData/Build/Products/Debug/Steamworks.framework/Versions/A/Resources/Info.plist
SwiftExplicitDependencyGeneratePcm arm64 /Users/admin/builder/spi-builder-workspace/.derivedData/SDKExplicitPrecompiledModules/Security-2WALIS04RR2S132M04X6DCHLA.pcm
SwiftExplicitDependencyGeneratePcm arm64 /Users/admin/builder/spi-builder-workspace/.derivedData/SDKExplicitPrecompiledModules/CFNetwork-DFLN29Q3GHJ74RQAK0HE6MPYS.pcm
SwiftExplicitDependencyGeneratePcm arm64 /Users/admin/builder/spi-builder-workspace/.derivedData/SDKExplicitPrecompiledModules/IOKit-AIYQCBA4ZXMFP5K86J68K6PZX.pcm
PruneExplicitPrecompiledModules /Users/admin/builder/spi-builder-workspace/.derivedData/Build/Intermediates.noindex/SwiftExplicitPrecompiledModules
PruneExplicitPrecompiledModules /Users/admin/builder/spi-builder-workspace/.derivedData/Build/Intermediates.noindex/ExplicitPrecompiledModules
PruneExplicitPrecompiledModules /Users/admin/builder/spi-builder-workspace/.derivedData/SDKExplicitPrecompiledModules
--- xcodebuild: WARNING: Using the first of multiple matching destinations:
{ platform:macOS, arch:arm64, id:e08d0dea6c84dc6f50295f590cf1e046d12a5fad, name:My Mac }
{ platform:macOS, arch:arm64, variant:DriverKit, id:e08d0dea6c84dc6f50295f590cf1e046d12a5fad, name:My Mac }
** BUILD FAILED **
The following build commands failed:
SwiftDriver Steamworks normal arm64 com.apple.xcode.tools.swift.compiler (in target 'Steamworks' from project 'steamworks-swift')
Building project steamworks-swift with scheme swift-steamworks
(2 failures)
Command line invocation:
/Applications/Xcode-27.0.0.app/Contents/Developer/usr/bin/xcodebuild -IDEClonedSourcePackagesDirPathOverride=/Users/admin/builder/spi-builder-workspace/.dependencies -resolvePackageDependencies
Resolve Package Graph
Resolved source packages:
swift-log: https://github.com/apple/swift-log.git @ 1.16.1
Yams: https://github.com/jpsim/Yams.git @ 6.2.2
swift-atomics: https://github.com/apple/swift-atomics.git @ main (bc30c67)
resolved source packages: swift-log, Yams, swift-atomics
{
"cxx_language_standard" : "c++11",
"dependencies" : [
{
"identity" : "swift-log",
"requirement" : {
"range" : [
{
"lower_bound" : "1.4.2",
"upper_bound" : "2.0.0"
}
]
},
"type" : "sourceControl",
"url" : "https://github.com/apple/swift-log.git"
},
{
"identity" : "yams",
"requirement" : {
"range" : [
{
"lower_bound" : "6.2.2",
"upper_bound" : "7.0.0"
}
]
},
"type" : "sourceControl",
"url" : "https://github.com/jpsim/Yams.git"
},
{
"identity" : "swift-docc-plugin",
"requirement" : {
"range" : [
{
"lower_bound" : "1.3.0",
"upper_bound" : "2.0.0"
}
]
},
"type" : "sourceControl",
"url" : "https://github.com/apple/swift-docc-plugin"
},
{
"identity" : "swift-atomics",
"requirement" : {
"branch" : [
"main"
]
},
"type" : "sourceControl",
"url" : "https://github.com/apple/swift-atomics.git"
}
],
"manifest_display_name" : "steamworks-swift",
"name" : "steamworks-swift",
"path" : "/Users/admin/builder/spi-builder-workspace",
"platforms" : [
{
"name" : "macos",
"version" : "14.0"
}
],
"products" : [
{
"name" : "Steamworks",
"targets" : [
"Steamworks"
],
"type" : {
"library" : [
"automatic"
]
}
},
{
"name" : "SteamworksEncryptedAppTicket",
"targets" : [
"SteamworksEncryptedAppTicket"
],
"type" : {
"library" : [
"automatic"
]
}
},
{
"name" : "SteamworksHelpers",
"targets" : [
"SteamworksHelpers"
],
"type" : {
"library" : [
"automatic"
]
}
},
{
"name" : "Client",
"targets" : [
"Client"
],
"type" : {
"executable" : null
}
},
{
"name" : "TicketClient",
"targets" : [
"TicketClient"
],
"type" : {
"executable" : null
}
},
{
"name" : "Generate",
"targets" : [
"Generate"
],
"type" : {
"executable" : null
}
}
],
"targets" : [
{
"c99name" : "TicketClient",
"module_type" : "SwiftTarget",
"name" : "TicketClient",
"path" : "Sources/TicketClient",
"product_memberships" : [
"TicketClient"
],
"sources" : [
"TicketClient.swift"
],
"target_dependencies" : [
"SteamworksEncryptedAppTicket",
"SteamworksHelpers"
],
"type" : "executable"
},
{
"c99name" : "SteamworksTests",
"module_type" : "SwiftTarget",
"name" : "SteamworksTests",
"path" : "Tests/SteamworksTests",
"sources" : [
"TestApiInput.swift",
"TestApiMatchmaking.swift",
"TestApiNetworking.swift",
"TestApiServer.swift",
"TestApiSimple.swift",
"TestCallbackImpl.swift",
"TestExecutor.swift",
"TestGenNames.swift",
"TestGenTypes.swift",
"TestGenVersion.swift",
"TestHtmlSurface.swift",
"TestSteamID.swift",
"TestUtils.swift"
],
"target_dependencies" : [
"Steamworks",
"SteamworksHelpers",
"SteamworksConcurrency",
"LibGenerate"
],
"type" : "test"
},
{
"c99name" : "SteamworksHelpers",
"module_type" : "SwiftTarget",
"name" : "SteamworksHelpers",
"path" : "Sources/SteamworksHelpers",
"product_memberships" : [
"SteamworksHelpers",
"Client",
"TicketClient"
],
"sources" : [
"SteamFriends+Helpers.swift",
"SteamHTTP+Helpers.swift",
"SteamInventory+Helpers.swift",
"SteamMatchmaking+Helpers.swift",
"SteamNetworkingSockets+Helpers.swift",
"SteamNetworkingUtils+Helpers.swift",
"SteamParties+Helpers.swift",
"SteamRemotePlay+Helpers.swift",
"SteamUGC+Helpers.swift",
"SteamUser+Helpers.swift",
"SteamUtils+Helpers.swift"
],
"target_dependencies" : [
"Steamworks"
],
"type" : "library"
},
{
"c99name" : "SteamworksEncryptedAppTicket",
"module_type" : "SwiftTarget",
"name" : "SteamworksEncryptedAppTicket",
"path" : "Sources/SteamworksEncryptedAppTicket",
"product_memberships" : [
"SteamworksEncryptedAppTicket",
"TicketClient"
],
"sources" : [
"SteamEncryptedAppTicket.swift"
],
"target_dependencies" : [
"Steamworks",
"CSteamworksEncryptedAppTicket"
],
"type" : "library"
},
{
"c99name" : "SteamworksConcurrency",
"module_type" : "SwiftTarget",
"name" : "SteamworksConcurrency",
"path" : "Sources/SteamworksConcurrency",
"product_dependencies" : [
"Atomics"
],
"sources" : [
"SteamExecutor.swift"
],
"target_dependencies" : [
"Steamworks"
],
"type" : "library"
},
{
"c99name" : "Steamworks",
"module_type" : "SwiftTarget",
"name" : "Steamworks",
"path" : "Sources/Steamworks",
"product_dependencies" : [
"Logging"
],
"product_memberships" : [
"Steamworks",
"SteamworksEncryptedAppTicket",
"SteamworksHelpers",
"Client",
"TicketClient"
],
"sources" : [
"GameID.swift",
"Generated/Constants.swift",
"Generated/Enums.swift",
"Generated/SteamApps.swift",
"Generated/SteamBaseAPI+Callbacks.swift",
"Generated/SteamBaseAPI+Version.swift",
"Generated/SteamFriends.swift",
"Generated/SteamGameServer.swift",
"Generated/SteamGameServerStats.swift",
"Generated/SteamHTMLSurface.swift",
"Generated/SteamHTTP.swift",
"Generated/SteamInput.swift",
"Generated/SteamInventory.swift",
"Generated/SteamMatchmaking.swift",
"Generated/SteamMatchmakingServers.swift",
"Generated/SteamMusic.swift",
"Generated/SteamNetworkingFakeUDPPort.swift",
"Generated/SteamNetworkingMessages.swift",
"Generated/SteamNetworkingSockets.swift",
"Generated/SteamNetworkingUtils.swift",
"Generated/SteamParentalSettings.swift",
"Generated/SteamParties.swift",
"Generated/SteamRemotePlay.swift",
"Generated/SteamRemoteStorage.swift",
"Generated/SteamScreenshots.swift",
"Generated/SteamTimeline.swift",
"Generated/SteamUGC.swift",
"Generated/SteamUser.swift",
"Generated/SteamUserStats.swift",
"Generated/SteamUtils.swift",
"Generated/SteamVideo.swift",
"Generated/Structs.swift",
"Generated/Typedefs.swift",
"Lock.swift",
"ManualInterfaces.swift",
"ManualTypes.swift",
"SteamAPI.swift",
"SteamBaseAPI.swift",
"SteamGameServerAPI.swift",
"SteamID.swift",
"SteamMatchmakingServers+Manual.swift",
"TypeUtils.swift"
],
"target_dependencies" : [
"CSteamworks"
],
"type" : "library"
},
{
"c99name" : "LibGenerate",
"module_type" : "SwiftTarget",
"name" : "LibGenerate",
"path" : "Sources/LibGenerate",
"product_dependencies" : [
"Yams"
],
"product_memberships" : [
"Generate"
],
"resources" : [
{
"path" : "/Users/admin/builder/spi-builder-workspace/Sources/LibGenerate/Resources/EXPECTED_SDK",
"rule" : {
"copy" : {
}
}
},
{
"path" : "/Users/admin/builder/spi-builder-workspace/Sources/LibGenerate/Resources/steam_api_extra.json",
"rule" : {
"copy" : {
}
}
},
{
"path" : "/Users/admin/builder/spi-builder-workspace/Sources/LibGenerate/Resources/steam_api_patch.yaml",
"rule" : {
"copy" : {
}
}
}
],
"sources" : [
"Callbacks.swift",
"Constants.swift",
"DocStructure.swift",
"Enums.swift",
"Errors.swift",
"Generated.swift",
"Generator.swift",
"IO.swift",
"Interfaces.swift",
"Metadata.swift",
"Regexp.swift",
"SteamNames.swift",
"SteamSwiftTypes.swift",
"String+Utils.swift",
"Structs.swift",
"Typedefs.swift",
"Version.swift"
],
"type" : "library"
},
{
"c99name" : "Generate",
"module_type" : "SwiftTarget",
"name" : "Generate",
"path" : "Sources/Generate",
"product_memberships" : [
"Generate"
],
"sources" : [
"main.swift"
],
"target_dependencies" : [
"LibGenerate"
],
"type" : "executable"
},
{
"c99name" : "Client",
"module_type" : "SwiftTarget",
"name" : "Client",
"path" : "Sources/Client",
"product_memberships" : [
"Client"
],
"sources" : [
"Client.swift"
],
"target_dependencies" : [
"Steamworks",
"SteamworksHelpers"
],
"type" : "executable"
},
{
"c99name" : "CSteamworksEncryptedAppTicket",
"module_type" : "SystemLibraryTarget",
"name" : "CSteamworksEncryptedAppTicket",
"path" : "Sources/CSteamworksEncryptedAppTicket",
"product_memberships" : [
"SteamworksEncryptedAppTicket",
"TicketClient"
],
"sources" : [
],
"type" : "system-target"
},
{
"c99name" : "CSteamworks",
"module_type" : "SystemLibraryTarget",
"name" : "CSteamworks",
"path" : "Sources/CSteamworks",
"product_memberships" : [
"Steamworks",
"SteamworksEncryptedAppTicket",
"SteamworksHelpers",
"Client",
"TicketClient"
],
"sources" : [
],
"type" : "system-target"
}
],
"tools_version" : "6.3"
}
{
"project" : {
"configurations" : [
"Debug",
"Release"
],
"name" : "steamworks-swift",
"schemes" : [
"swift-steamworks"
],
"targets" : [
"Steamworks",
"SteamworksHelpers",
"SteamworksEncryptedAppTicket",
"Client",
"Generate",
"LibGenerate",
"SteamworksTests",
"TicketClient",
"SteamworksConcurrency"
]
}
}
Running build ...
env DEVELOPER_DIR=/Applications/Xcode-27.0.0-Release.Candidate.app xcrun xcodebuild -IDEClonedSourcePackagesDirPathOverride=$PWD/.dependencies -skipMacroValidation -skipPackagePluginValidation -derivedDataPath $PWD/.derivedData build -scheme swift-steamworks -destination platform=macOS,arch=arm64
Command line invocation:
/Applications/Xcode-27.0.0.app/Contents/Developer/usr/bin/xcodebuild -IDEClonedSourcePackagesDirPathOverride=/Users/admin/builder/spi-builder-workspace/.dependencies -skipMacroValidation -skipPackagePluginValidation -derivedDataPath /Users/admin/builder/spi-builder-workspace/.derivedData build -scheme swift-steamworks -destination platform=macOS,arch=arm64
Resolve Package Graph
Resolved source packages:
Yams: https://github.com/jpsim/Yams.git @ 6.2.2
swift-log: https://github.com/apple/swift-log.git @ 1.16.1
swift-atomics: https://github.com/apple/swift-atomics.git @ main (bc30c67)
ComputePackagePrebuildTargetDependencyGraph
Prepare packages
CreateBuildRequest
SendProjectDescription
CreateBuildOperation
ComputeTargetDependencyGraph
note: Building targets in dependency order
note: Target dependency graph (17 targets)
Target 'Generate' in project 'steamworks-swift'
➜ Explicit dependency on target 'LibGenerate' in project 'steamworks-swift'
Target 'TicketClient' in project 'steamworks-swift'
➜ Explicit dependency on target 'Steamworks' in project 'steamworks-swift'
➜ Explicit dependency on target 'SteamworksEncryptedAppTicket' in project 'steamworks-swift'
➜ Implicit dependency on target 'SteamworksHelpers' in project 'steamworks-swift' via file 'SteamworksHelpers.framework' in build phase 'Link Binary'
Target 'Client' in project 'steamworks-swift'
➜ Explicit dependency on target 'Steamworks' in project 'steamworks-swift'
➜ Implicit dependency on target 'SteamworksHelpers' in project 'steamworks-swift' via file 'SteamworksHelpers.framework' in build phase 'Link Binary'
Target 'SteamworksTests' in project 'steamworks-swift'
➜ Explicit dependency on target 'Steamworks' in project 'steamworks-swift'
➜ Explicit dependency on target 'SteamworksConcurrency' in project 'steamworks-swift'
➜ Implicit dependency on target 'SteamworksHelpers' in project 'steamworks-swift' via file 'SteamworksHelpers.framework' in build phase 'Link Binary'
➜ Implicit dependency on target 'LibGenerate' in project 'steamworks-swift' via file 'LibGenerate.framework' in build phase 'Link Binary'
Target 'SteamworksHelpers' in project 'steamworks-swift'
➜ Explicit dependency on target 'Steamworks' in project 'steamworks-swift'
Target 'SteamworksConcurrency' in project 'steamworks-swift'
➜ Explicit dependency on target 'Steamworks' in project 'steamworks-swift'
➜ Explicit dependency on target 'Atomics-product' in project 'swift-atomics'
Target 'Atomics-product' in project 'swift-atomics'
➜ Explicit dependency on target 'Atomics' in project 'swift-atomics'
➜ Explicit dependency on target '_AtomicsShims' in project 'swift-atomics'
Target 'Atomics' in project 'swift-atomics'
➜ Explicit dependency on target '_AtomicsShims' in project 'swift-atomics'
Target '_AtomicsShims' in project 'swift-atomics' (no dependencies)
Target 'SteamworksEncryptedAppTicket' in project 'steamworks-swift'
➜ Explicit dependency on target 'Steamworks' in project 'steamworks-swift'
Target 'Steamworks' in project 'steamworks-swift'
➜ Explicit dependency on target 'Logging-product' in project 'swift-log'
Target 'Logging-product' in project 'swift-log'
➜ Explicit dependency on target 'Logging' in project 'swift-log'
Target 'Logging' in project 'swift-log' (no dependencies)
Target 'LibGenerate' in project 'steamworks-swift'
➜ Explicit dependency on target 'Yams-product' in project 'Yams'
Target 'Yams-product' in project 'Yams'
➜ Explicit dependency on target 'Yams' in project 'Yams'
➜ Explicit dependency on target 'CYaml' in project 'Yams'
Target 'Yams' in project 'Yams'
➜ Explicit dependency on target 'CYaml' in project 'Yams'
Target 'CYaml' in project 'Yams' (no dependencies)
GatherProvisioningInputs
CreateBuildDescription
ClangStatCache /Applications/Xcode-27.0.0.app/Contents/Developer/Toolchains/XcodeDefault.xctoolchain/usr/bin/clang-stat-cache /Applications/Xcode-27.0.0.app/Contents/Developer/Platforms/MacOSX.platform/Developer/SDKs/MacOSX27.0.sdk /Users/admin/builder/spi-builder-workspace/.derivedData/SDKStatCaches.noindex/macosx27.0-26A425-e829b21a6f8c9b70876ba0858053c04489db99fe7804849a4777d653a8cfc1be.sdkstatcache
cd /Users/admin/builder/spi-builder-workspace/steamworks-swift.xcodeproj
/Applications/Xcode-27.0.0.app/Contents/Developer/Toolchains/XcodeDefault.xctoolchain/usr/bin/clang-stat-cache /Applications/Xcode-27.0.0.app/Contents/Developer/Platforms/MacOSX.platform/Developer/SDKs/MacOSX27.0.sdk -o /Users/admin/builder/spi-builder-workspace/.derivedData/SDKStatCaches.noindex/macosx27.0-26A425-e829b21a6f8c9b70876ba0858053c04489db99fe7804849a4777d653a8cfc1be.sdkstatcache
SwiftDriver Steamworks normal arm64 com.apple.xcode.tools.swift.compiler (in target 'Steamworks' from project 'steamworks-swift')
cd /Users/admin/builder/spi-builder-workspace
builtin-SwiftDriver -- /Applications/Xcode-27.0.0.app/Contents/Developer/Toolchains/XcodeDefault.xctoolchain/usr/bin/swiftc -module-name Steamworks -Onone @/Users/admin/builder/spi-builder-workspace/.derivedData/Build/Intermediates.noindex/steamworks-swift.build/Debug/Steamworks.build/Objects-normal/arm64/Steamworks.SwiftFileList -DSWIFT_PACKAGE -DDEBUG -DXcode -enable-experimental-feature AccessLevelOnImport -enable-experimental-feature DebugDescriptionMacro -sdk /Applications/Xcode-27.0.0.app/Contents/Developer/Platforms/MacOSX.platform/Developer/SDKs/MacOSX27.0.sdk -target arm64-apple-macos14.4 -cxx-interoperability-mode\=default -g -module-cache-path /Users/admin/builder/spi-builder-workspace/.derivedData/ModuleCache.noindex -Xfrontend -serialize-debugging-options -profile-coverage-mapping -profile-generate -enable-testing -index-store-path /Users/admin/builder/spi-builder-workspace/.derivedData/Index.noindex/DataStore -Xcc -D_LIBCPP_HARDENING_MODE\=_LIBCPP_HARDENING_MODE_DEBUG -swift-version 6 -I /Users/admin/builder/spi-builder-workspace/.derivedData/Build/Products/Debug -F /Users/admin/builder/spi-builder-workspace/.derivedData/Build/Products/Debug/PackageFrameworks -F /Users/admin/builder/spi-builder-workspace/.derivedData/Build/Products/Debug -F /Applications/Xcode-27.0.0.app/Contents/Developer/Platforms/MacOSX.platform/Developer/Library/Frameworks -c -j10 -enable-batch-mode -incremental -Xcc -ivfsstatcache -Xcc /Users/admin/builder/spi-builder-workspace/.derivedData/SDKStatCaches.noindex/macosx27.0-26A425-e829b21a6f8c9b70876ba0858053c04489db99fe7804849a4777d653a8cfc1be.sdkstatcache -output-file-map /Users/admin/builder/spi-builder-workspace/.derivedData/Build/Intermediates.noindex/steamworks-swift.build/Debug/Steamworks.build/Objects-normal/arm64/Steamworks-OutputFileMap.json -save-temps -no-color-diagnostics -explicit-module-build -module-cache-path /Users/admin/builder/spi-builder-workspace/.derivedData/Build/Intermediates.noindex/SwiftExplicitPrecompiledModules -clang-scanner-module-cache-path /Users/admin/builder/spi-builder-workspace/.derivedData/ModuleCache.noindex -sdk-module-cache-path /Users/admin/builder/spi-builder-workspace/.derivedData/SDKExplicitPrecompiledModules -emit-dependencies -emit-module -emit-module-path /Users/admin/builder/spi-builder-workspace/.derivedData/Build/Intermediates.noindex/steamworks-swift.build/Debug/Steamworks.build/Objects-normal/arm64/Steamworks.swiftmodule -serialize-diagnostics -dependency-scan-serialize-diagnostics-path /Users/admin/builder/spi-builder-workspace/.derivedData/Build/Intermediates.noindex/steamworks-swift.build/Debug/Steamworks.build/Objects-normal/arm64/Steamworks-dependency-scan.dia -validate-clang-modules-once -clang-build-session-file /Users/admin/builder/spi-builder-workspace/.derivedData/ModuleCache.noindex/Session.modulevalidation -Xcc -fmodules-prune-interval\=86400 -Xcc -fmodules-prune-after\=345600 -emit-const-values -const-gather-protocols-list /Users/admin/builder/spi-builder-workspace/.derivedData/Build/Intermediates.noindex/steamworks-swift.build/Debug/Steamworks.build/Objects-normal/arm64/Steamworks_const_extract_protocols.json -Xcc -I/Users/admin/builder/spi-builder-workspace/.derivedData/Build/Products/Debug/include -Xcc -I/usr/local/include/steamworks-swift -Xcc -I/Users/admin/builder/spi-builder-workspace/Sources/CSteamworks -Xcc -I/Users/admin/builder/spi-builder-workspace/.derivedData/Build/Intermediates.noindex/steamworks-swift.build/Debug/Steamworks.build/DerivedSources-normal/arm64 -Xcc -I/Users/admin/builder/spi-builder-workspace/.derivedData/Build/Intermediates.noindex/steamworks-swift.build/Debug/Steamworks.build/DerivedSources/arm64 -Xcc -I/Users/admin/builder/spi-builder-workspace/.derivedData/Build/Intermediates.noindex/steamworks-swift.build/Debug/Steamworks.build/DerivedSources -Xcc -DSWIFT_PACKAGE\=1 -Xcc -DDEBUG\=1 -emit-objc-header -emit-objc-header-path /Users/admin/builder/spi-builder-workspace/.derivedData/Build/Intermediates.noindex/steamworks-swift.build/Debug/Steamworks.build/Objects-normal/arm64/Steamworks-Swift.h -working-directory /Users/admin/builder/spi-builder-workspace -experimental-emit-module-separately -disable-cmo
error: Clang dependency scanning failure: While building module 'CSteamworks' imported from module-include.input:1:
In file included from <module-includes>:1:
/Users/admin/builder/spi-builder-workspace/Sources/CSteamworks/steamapi_headers.h:1:10: fatal error: 'steam/steam_api.h' file not found
module-include.input:1:2: fatal error: could not build module 'CSteamworks'
(in target 'Steamworks' from project 'steamworks-swift')
error: Clang dependency scanning failure: While building module 'CSteamworks' imported from module-include.input:1:
In file included from <module-includes>:1:
/Users/admin/builder/spi-builder-workspace/Sources/CSteamworks/steamapi_headers.h:1:10: fatal error: 'steam/steam_api.h' file not found
module-include.input:1:2: fatal error: could not build module 'CSteamworks'
(in target 'Steamworks' from project 'steamworks-swift')
/Users/admin/builder/spi-builder-workspace/Sources/Steamworks/Generated/SteamFriends.swift:9:17: error: Unable to resolve module dependency: 'CSteamworks' (in target 'Steamworks' from project 'steamworks-swift')
note: A dependency of main module 'Steamworks'
/Users/admin/builder/spi-builder-workspace/Sources/Steamworks/Generated/SteamApps.swift:9:17: note: Also imported here
/Users/admin/builder/spi-builder-workspace/Sources/Steamworks/Generated/SteamHTTP.swift:9:17: note: Also imported here
/Users/admin/builder/spi-builder-workspace/Sources/Steamworks/SteamAPI.swift:16:17: note: Also imported here
/Users/admin/builder/spi-builder-workspace/Sources/Steamworks/Generated/Structs.swift:9:17: note: Also imported here
/Users/admin/builder/spi-builder-workspace/Sources/Steamworks/Generated/SteamRemotePlay.swift:9:17: note: Also imported here
/Users/admin/builder/spi-builder-workspace/Sources/Steamworks/Generated/Enums.swift:9:17: note: Also imported here
/Users/admin/builder/spi-builder-workspace/Sources/Steamworks/Generated/SteamBaseAPI+Version.swift:9:17: note: Also imported here
/Users/admin/builder/spi-builder-workspace/Sources/Steamworks/Generated/SteamBaseAPI+Callbacks.swift:9:17: note: Also imported here
/Users/admin/builder/spi-builder-workspace/Sources/Steamworks/Generated/SteamHTMLSurface.swift:9:17: note: Also imported here
/Users/admin/builder/spi-builder-workspace/Sources/Steamworks/Generated/SteamVideo.swift:9:17: note: Also imported here
/Users/admin/builder/spi-builder-workspace/Sources/Steamworks/Generated/SteamNetworkingMessages.swift:9:17: note: Also imported here
/Users/admin/builder/spi-builder-workspace/Sources/Steamworks/Generated/SteamGameServer.swift:9:17: note: Also imported here
/Users/admin/builder/spi-builder-workspace/Sources/Steamworks/ManualTypes.swift:8:17: note: Also imported here
/Users/admin/builder/spi-builder-workspace/Sources/Steamworks/Generated/SteamNetworkingUtils.swift:9:17: note: Also imported here
/Users/admin/builder/spi-builder-workspace/Sources/Steamworks/Generated/SteamParentalSettings.swift:9:17: note: Also imported here
/Users/admin/builder/spi-builder-workspace/Sources/Steamworks/Generated/SteamTimeline.swift:9:17: note: Also imported here
/Users/admin/builder/spi-builder-workspace/Sources/Steamworks/Generated/SteamMatchmakingServers.swift:9:17: note: Also imported here
/Users/admin/builder/spi-builder-workspace/Sources/Steamworks/SteamGameServerAPI.swift:12:17: note: Also imported here
/Users/admin/builder/spi-builder-workspace/Sources/Steamworks/SteamMatchmakingServers+Manual.swift:8:17: note: Also imported here
/Users/admin/builder/spi-builder-workspace/Sources/Steamworks/Generated/SteamInput.swift:9:17: note: Also imported here
/Users/admin/builder/spi-builder-workspace/Sources/Steamworks/Generated/SteamUserStats.swift:9:17: note: Also imported here
/Users/admin/builder/spi-builder-workspace/Sources/Steamworks/Generated/SteamGameServerStats.swift:9:17: note: Also imported here
/Users/admin/builder/spi-builder-workspace/Sources/Steamworks/Generated/SteamParties.swift:9:17: note: Also imported here
/Users/admin/builder/spi-builder-workspace/Sources/Steamworks/Generated/SteamUtils.swift:9:17: note: Also imported here
/Users/admin/builder/spi-builder-workspace/Sources/Steamworks/Generated/Typedefs.swift:9:17: note: Also imported here
/Users/admin/builder/spi-builder-workspace/Sources/Steamworks/Generated/SteamNetworkingSockets.swift:9:17: note: Also imported here
/Users/admin/builder/spi-builder-workspace/Sources/Steamworks/Generated/SteamMatchmaking.swift:9:17: note: Also imported here
/Users/admin/builder/spi-builder-workspace/Sources/Steamworks/TypeUtils.swift:8:17: note: Also imported here
/Users/admin/builder/spi-builder-workspace/Sources/Steamworks/Generated/SteamUser.swift:9:17: note: Also imported here
/Users/admin/builder/spi-builder-workspace/Sources/Steamworks/Generated/SteamRemoteStorage.swift:9:17: note: Also imported here
/Users/admin/builder/spi-builder-workspace/Sources/Steamworks/SteamID.swift:8:17: note: Also imported here
/Users/admin/builder/spi-builder-workspace/Sources/Steamworks/Generated/SteamMusic.swift:9:17: note: Also imported here
/Users/admin/builder/spi-builder-workspace/Sources/Steamworks/ManualInterfaces.swift:8:17: note: Also imported here
/Users/admin/builder/spi-builder-workspace/Sources/Steamworks/Generated/Constants.swift:9:17: note: Also imported here
/Users/admin/builder/spi-builder-workspace/Sources/Steamworks/Generated/SteamScreenshots.swift:9:17: note: Also imported here
/Users/admin/builder/spi-builder-workspace/Sources/Steamworks/Generated/SteamUGC.swift:9:17: note: Also imported here
/Users/admin/builder/spi-builder-workspace/Sources/Steamworks/Generated/SteamNetworkingFakeUDPPort.swift:9:17: note: Also imported here
/Users/admin/builder/spi-builder-workspace/Sources/Steamworks/GameID.swift:8:17: note: Also imported here
/Users/admin/builder/spi-builder-workspace/Sources/Steamworks/SteamBaseAPI.swift:17:17: note: Also imported here
/Users/admin/builder/spi-builder-workspace/Sources/Steamworks/Generated/SteamInventory.swift:9:17: note: Also imported here
error: Clang dependency scanning failure: While building module 'CSteamworks' imported from module-include.input:1:
In file included from <module-includes>:1:
/Users/admin/builder/spi-builder-workspace/Sources/CSteamworks/steamapi_headers.h:1:10: fatal error: 'steam/steam_api.h' file not found
module-include.input:1:2: fatal error: could not build module 'CSteamworks'
(in target 'Steamworks' from project 'steamworks-swift')
error: Clang dependency scanning failure: While building module 'CSteamworks' imported from module-include.input:1:
In file included from <module-includes>:1:
/Users/admin/builder/spi-builder-workspace/Sources/CSteamworks/steamapi_headers.h:1:10: fatal error: 'steam/steam_api.h' file not found
module-include.input:1:2: fatal error: could not build module 'CSteamworks'
(in target 'Steamworks' from project 'steamworks-swift')
/Users/admin/builder/spi-builder-workspace/Sources/Steamworks/Generated/SteamFriends.swift:9:17: note: A dependency of main module 'Steamworks'
internal import CSteamworks
^ (in target 'Steamworks' from project 'steamworks-swift')
/Users/admin/builder/spi-builder-workspace/Sources/Steamworks/Generated/SteamApps.swift:9:17: note: Also imported here
internal import CSteamworks
^ (in target 'Steamworks' from project 'steamworks-swift')
/Users/admin/builder/spi-builder-workspace/Sources/Steamworks/Generated/SteamHTTP.swift:9:17: note: Also imported here
internal import CSteamworks
^ (in target 'Steamworks' from project 'steamworks-swift')
/Users/admin/builder/spi-builder-workspace/Sources/Steamworks/SteamAPI.swift:16:17: note: Also imported here
internal import CSteamworks
^ (in target 'Steamworks' from project 'steamworks-swift')
/Users/admin/builder/spi-builder-workspace/Sources/Steamworks/Generated/Structs.swift:9:17: note: Also imported here
internal import CSteamworks
^ (in target 'Steamworks' from project 'steamworks-swift')
/Users/admin/builder/spi-builder-workspace/Sources/Steamworks/Generated/SteamRemotePlay.swift:9:17: note: Also imported here
internal import CSteamworks
^ (in target 'Steamworks' from project 'steamworks-swift')
/Users/admin/builder/spi-builder-workspace/Sources/Steamworks/Generated/Enums.swift:9:17: note: Also imported here
internal import CSteamworks
^ (in target 'Steamworks' from project 'steamworks-swift')
/Users/admin/builder/spi-builder-workspace/Sources/Steamworks/Generated/SteamBaseAPI+Version.swift:9:17: note: Also imported here
internal import CSteamworks
^ (in target 'Steamworks' from project 'steamworks-swift')
/Users/admin/builder/spi-builder-workspace/Sources/Steamworks/Generated/SteamBaseAPI+Callbacks.swift:9:17: note: Also imported here
internal import CSteamworks
^ (in target 'Steamworks' from project 'steamworks-swift')
/Users/admin/builder/spi-builder-workspace/Sources/Steamworks/Generated/SteamHTMLSurface.swift:9:17: note: Also imported here
internal import CSteamworks
^ (in target 'Steamworks' from project 'steamworks-swift')
/Users/admin/builder/spi-builder-workspace/Sources/Steamworks/Generated/SteamVideo.swift:9:17: note: Also imported here
internal import CSteamworks
^ (in target 'Steamworks' from project 'steamworks-swift')
/Users/admin/builder/spi-builder-workspace/Sources/Steamworks/Generated/SteamNetworkingMessages.swift:9:17: note: Also imported here
internal import CSteamworks
^ (in target 'Steamworks' from project 'steamworks-swift')
/Users/admin/builder/spi-builder-workspace/Sources/Steamworks/Generated/SteamGameServer.swift:9:17: note: Also imported here
internal import CSteamworks
^ (in target 'Steamworks' from project 'steamworks-swift')
/Users/admin/builder/spi-builder-workspace/Sources/Steamworks/ManualTypes.swift:8:17: note: Also imported here
internal import CSteamworks
^ (in target 'Steamworks' from project 'steamworks-swift')
/Users/admin/builder/spi-builder-workspace/Sources/Steamworks/Generated/SteamNetworkingUtils.swift:9:17: note: Also imported here
internal import CSteamworks
^ (in target 'Steamworks' from project 'steamworks-swift')
/Users/admin/builder/spi-builder-workspace/Sources/Steamworks/Generated/SteamParentalSettings.swift:9:17: note: Also imported here
internal import CSteamworks
^ (in target 'Steamworks' from project 'steamworks-swift')
/Users/admin/builder/spi-builder-workspace/Sources/Steamworks/Generated/SteamTimeline.swift:9:17: note: Also imported here
internal import CSteamworks
^ (in target 'Steamworks' from project 'steamworks-swift')
/Users/admin/builder/spi-builder-workspace/Sources/Steamworks/Generated/SteamMatchmakingServers.swift:9:17: note: Also imported here
internal import CSteamworks
^ (in target 'Steamworks' from project 'steamworks-swift')
/Users/admin/builder/spi-builder-workspace/Sources/Steamworks/SteamGameServerAPI.swift:12:17: note: Also imported here
internal import CSteamworks
^ (in target 'Steamworks' from project 'steamworks-swift')
/Users/admin/builder/spi-builder-workspace/Sources/Steamworks/SteamMatchmakingServers+Manual.swift:8:17: note: Also imported here
internal import CSteamworks
^ (in target 'Steamworks' from project 'steamworks-swift')
/Users/admin/builder/spi-builder-workspace/Sources/Steamworks/Generated/SteamInput.swift:9:17: note: Also imported here
internal import CSteamworks
^ (in target 'Steamworks' from project 'steamworks-swift')
/Users/admin/builder/spi-builder-workspace/Sources/Steamworks/Generated/SteamUserStats.swift:9:17: note: Also imported here
internal import CSteamworks
^ (in target 'Steamworks' from project 'steamworks-swift')
/Users/admin/builder/spi-builder-workspace/Sources/Steamworks/Generated/SteamGameServerStats.swift:9:17: note: Also imported here
internal import CSteamworks
^ (in target 'Steamworks' from project 'steamworks-swift')
/Users/admin/builder/spi-builder-workspace/Sources/Steamworks/Generated/SteamParties.swift:9:17: note: Also imported here
internal import CSteamworks
^ (in target 'Steamworks' from project 'steamworks-swift')
/Users/admin/builder/spi-builder-workspace/Sources/Steamworks/Generated/SteamUtils.swift:9:17: note: Also imported here
internal import CSteamworks
^ (in target 'Steamworks' from project 'steamworks-swift')
/Users/admin/builder/spi-builder-workspace/Sources/Steamworks/Generated/Typedefs.swift:9:17: note: Also imported here
internal import CSteamworks
^ (in target 'Steamworks' from project 'steamworks-swift')
/Users/admin/builder/spi-builder-workspace/Sources/Steamworks/Generated/SteamNetworkingSockets.swift:9:17: note: Also imported here
internal import CSteamworks
^ (in target 'Steamworks' from project 'steamworks-swift')
/Users/admin/builder/spi-builder-workspace/Sources/Steamworks/Generated/SteamMatchmaking.swift:9:17: note: Also imported here
internal import CSteamworks
^ (in target 'Steamworks' from project 'steamworks-swift')
/Users/admin/builder/spi-builder-workspace/Sources/Steamworks/TypeUtils.swift:8:17: note: Also imported here
internal import CSteamworks
^ (in target 'Steamworks' from project 'steamworks-swift')
/Users/admin/builder/spi-builder-workspace/Sources/Steamworks/Generated/SteamUser.swift:9:17: note: Also imported here
internal import CSteamworks
^ (in target 'Steamworks' from project 'steamworks-swift')
/Users/admin/builder/spi-builder-workspace/Sources/Steamworks/Generated/SteamRemoteStorage.swift:9:17: note: Also imported here
internal import CSteamworks
^ (in target 'Steamworks' from project 'steamworks-swift')
/Users/admin/builder/spi-builder-workspace/Sources/Steamworks/SteamID.swift:8:17: note: Also imported here
internal import CSteamworks
^ (in target 'Steamworks' from project 'steamworks-swift')
/Users/admin/builder/spi-builder-workspace/Sources/Steamworks/Generated/SteamMusic.swift:9:17: note: Also imported here
internal import CSteamworks
^ (in target 'Steamworks' from project 'steamworks-swift')
/Users/admin/builder/spi-builder-workspace/Sources/Steamworks/ManualInterfaces.swift:8:17: note: Also imported here
internal import CSteamworks
^ (in target 'Steamworks' from project 'steamworks-swift')
/Users/admin/builder/spi-builder-workspace/Sources/Steamworks/Generated/Constants.swift:9:17: note: Also imported here
internal import CSteamworks
^ (in target 'Steamworks' from project 'steamworks-swift')
/Users/admin/builder/spi-builder-workspace/Sources/Steamworks/Generated/SteamScreenshots.swift:9:17: note: Also imported here
internal import CSteamworks
^ (in target 'Steamworks' from project 'steamworks-swift')
/Users/admin/builder/spi-builder-workspace/Sources/Steamworks/Generated/SteamUGC.swift:9:17: note: Also imported here
internal import CSteamworks
^ (in target 'Steamworks' from project 'steamworks-swift')
/Users/admin/builder/spi-builder-workspace/Sources/Steamworks/Generated/SteamNetworkingFakeUDPPort.swift:9:17: note: Also imported here
internal import CSteamworks
^ (in target 'Steamworks' from project 'steamworks-swift')
/Users/admin/builder/spi-builder-workspace/Sources/Steamworks/GameID.swift:8:17: note: Also imported here
internal import CSteamworks
^ (in target 'Steamworks' from project 'steamworks-swift')
/Users/admin/builder/spi-builder-workspace/Sources/Steamworks/SteamBaseAPI.swift:17:17: note: Also imported here
internal import CSteamworks
^ (in target 'Steamworks' from project 'steamworks-swift')
/Users/admin/builder/spi-builder-workspace/Sources/Steamworks/Generated/SteamInventory.swift:9:17: note: Also imported here
internal import CSteamworks
^ (in target 'Steamworks' from project 'steamworks-swift')
SwiftDriver Yams normal arm64 com.apple.xcode.tools.swift.compiler (in target 'Yams' from project 'Yams')
cd /Users/admin/builder/spi-builder-workspace/steamworks-swift.xcodeproj
builtin-SwiftDriver -- /Applications/Xcode-27.0.0.app/Contents/Developer/Toolchains/XcodeDefault.xctoolchain/usr/bin/swiftc -parse-as-library -module-name Yams -Onone @/Users/admin/builder/spi-builder-workspace/.derivedData/Build/Intermediates.noindex/Yams.build/Debug/Yams-t.build/Objects-normal/arm64/Yams.SwiftFileList -DSWIFT_PACKAGE -DDEBUG -DSWIFT_MODULE_RESOURCE_BUNDLE_UNAVAILABLE -Xcc -fmodule-map-file\=/Users/admin/builder/spi-builder-workspace/.dependencies/checkouts/Yams/Sources/CYaml/include/module.modulemap -DXcode -plugin-path /Applications/Xcode-27.0.0.app/Contents/Developer/Toolchains/XcodeDefault.xctoolchain/usr/lib/swift/host/plugins/testing -enable-experimental-feature DebugDescriptionMacro -sdk /Applications/Xcode-27.0.0.app/Contents/Developer/Platforms/MacOSX.platform/Developer/SDKs/MacOSX27.0.sdk -target arm64-apple-macos12.0 -g -module-cache-path /Users/admin/builder/spi-builder-workspace/.derivedData/ModuleCache.noindex -Xfrontend -serialize-debugging-options -profile-coverage-mapping -profile-generate -enable-testing -suppress-warnings -index-store-path /Users/admin/builder/spi-builder-workspace/.derivedData/Index.noindex/DataStore -Xcc -D_LIBCPP_HARDENING_MODE\=_LIBCPP_HARDENING_MODE_DEBUG -swift-version 6 -I /Users/admin/builder/spi-builder-workspace/.derivedData/Build/Products/Debug -Isystem /Applications/Xcode-27.0.0.app/Contents/Developer/Platforms/MacOSX.platform/Developer/usr/lib -F /Users/admin/builder/spi-builder-workspace/.derivedData/Build/Products/Debug/PackageFrameworks -F /Users/admin/builder/spi-builder-workspace/.derivedData/Build/Products/Debug -F /Applications/Xcode-27.0.0.app/Contents/Developer/Platforms/MacOSX.platform/Developer/Library/Frameworks -c -j10 -enable-batch-mode -incremental -Xcc -ivfsstatcache -Xcc /Users/admin/builder/spi-builder-workspace/.derivedData/SDKStatCaches.noindex/macosx27.0-26A425-e829b21a6f8c9b70876ba0858053c04489db99fe7804849a4777d653a8cfc1be.sdkstatcache -output-file-map /Users/admin/builder/spi-builder-workspace/.derivedData/Build/Intermediates.noindex/Yams.build/Debug/Yams-t.build/Objects-normal/arm64/Yams-OutputFileMap.json -save-temps -no-color-diagnostics -explicit-module-build -module-cache-path /Users/admin/builder/spi-builder-workspace/.derivedData/Build/Intermediates.noindex/SwiftExplicitPrecompiledModules -clang-scanner-module-cache-path /Users/admin/builder/spi-builder-workspace/.derivedData/ModuleCache.noindex -sdk-module-cache-path /Users/admin/builder/spi-builder-workspace/.derivedData/SDKExplicitPrecompiledModules -emit-dependencies -emit-module -emit-module-path /Users/admin/builder/spi-builder-workspace/.derivedData/Build/Intermediates.noindex/Yams.build/Debug/Yams-t.build/Objects-normal/arm64/Yams.swiftmodule -serialize-diagnostics -dependency-scan-serialize-diagnostics-path /Users/admin/builder/spi-builder-workspace/.derivedData/Build/Intermediates.noindex/Yams.build/Debug/Yams-t.build/Objects-normal/arm64/Yams-dependency-scan.dia -user-module-version 6.2.2 -validate-clang-modules-once -clang-build-session-file /Users/admin/builder/spi-builder-workspace/.derivedData/ModuleCache.noindex/Session.modulevalidation -Xcc -fmodules-prune-interval\=86400 -Xcc -fmodules-prune-after\=345600 -package-name yams -emit-const-values -const-gather-protocols-list /Users/admin/builder/spi-builder-workspace/.derivedData/Build/Intermediates.noindex/Yams.build/Debug/Yams-t.build/Objects-normal/arm64/Yams_const_extract_protocols.json -Xcc -I/Users/admin/builder/spi-builder-workspace/.dependencies/checkouts/Yams/Sources/CYaml/include -Xcc -I/Users/admin/builder/spi-builder-workspace/.derivedData/Build/Products/Debug/include -Xcc -I/Users/admin/builder/spi-builder-workspace/.derivedData/Build/Intermediates.noindex/Yams.build/Debug/Yams-t.build/DerivedSources-normal/arm64 -Xcc -I/Users/admin/builder/spi-builder-workspace/.derivedData/Build/Intermediates.noindex/Yams.build/Debug/Yams-t.build/DerivedSources/arm64 -Xcc -I/Users/admin/builder/spi-builder-workspace/.derivedData/Build/Intermediates.noindex/Yams.build/Debug/Yams-t.build/DerivedSources -Xcc -DSWIFT_PACKAGE -Xcc -DDEBUG\=1 -Xcc -DYAML_DECLARE_STATIC -emit-objc-header -emit-objc-header-path /Users/admin/builder/spi-builder-workspace/.derivedData/Build/Intermediates.noindex/Yams.build/Debug/Yams-t.build/Objects-normal/arm64/Yams-Swift.h -working-directory /Users/admin/builder/spi-builder-workspace/steamworks-swift.xcodeproj -experimental-emit-module-separately -disable-cmo
SwiftExplicitDependencyGeneratePcm arm64 /Users/admin/builder/spi-builder-workspace/.derivedData/SDKExplicitPrecompiledModules/IOKit-AIYQCBA4ZXMFP5K86J68K6PZX.pcm
PruneExplicitPrecompiledModules /Users/admin/builder/spi-builder-workspace/.derivedData/Build/Intermediates.noindex/SwiftExplicitPrecompiledModules
PruneExplicitPrecompiledModules /Users/admin/builder/spi-builder-workspace/.derivedData/Build/Intermediates.noindex/ExplicitPrecompiledModules
PruneExplicitPrecompiledModules /Users/admin/builder/spi-builder-workspace/.derivedData/SDKExplicitPrecompiledModules
--- xcodebuild: WARNING: Using the first of multiple matching destinations:
{ platform:macOS, arch:arm64, id:e08d0dea6c84dc6f50295f590cf1e046d12a5fad, name:My Mac }
{ platform:macOS, arch:arm64, variant:DriverKit, id:e08d0dea6c84dc6f50295f590cf1e046d12a5fad, name:My Mac }
** BUILD FAILED **
The following build commands failed:
SwiftDriver Steamworks normal arm64 com.apple.xcode.tools.swift.compiler (in target 'Steamworks' from project 'steamworks-swift')
Building project steamworks-swift with scheme swift-steamworks
(2 failures)
BUILD FAILURE 6.4 macosXcodebuild