Build Information
Failed to build xsys, reference main (084e2f), with Swift 6.4 for tvOS using Xcode 27.0 on 18 Sep 2026 00:03:39 UTC.
Build Command
env DEVELOPER_DIR=/Applications/Xcode-27.0.0-Release.Candidate.app xcrun xcodebuild -IDEClonedSourcePackagesDirPathOverride=$PWD/.dependencies -skipMacroValidation -skipPackagePluginValidation -derivedDataPath $PWD/.derivedData build -scheme xsys -destination generic/platform=tvOSBuild Log
========================================
RunAll
========================================
Builder version: 5.1.0
Interrupt handler set up.
========================================
Checkout
========================================
Clone URL: https://github.com/NozeIO/xsys.git
Reference: main
Initialized empty Git repository in /Users/admin/builder/spi-builder-workspace/.git/
From https://github.com/NozeIO/xsys
* branch main -> FETCH_HEAD
* [new branch] main -> origin/main
HEAD is now at 084e2ff More `@inlinable`
Cloned https://github.com/NozeIO/xsys.git
Revision (git rev-parse @):
084e2ff0667dd43f0a31868aa40463b287d2d9df
SUCCESS checkout https://github.com/NozeIO/xsys.git at main
========================================
Build
========================================
Selected platform: tvOS
Swift version: 6.4
Building package at path: $PWD
https://github.com/NozeIO/xsys.git
Command line invocation:
/Applications/Xcode-27.0.0-Release.Candidate.app/Contents/Developer/usr/bin/xcodebuild -IDEClonedSourcePackagesDirPathOverride=/Users/admin/builder/spi-builder-workspace/.dependencies -resolvePackageDependencies
Resolve Package Graph
Resolve Package Graph
Resolved source packages:
xsys: /Users/admin/builder/spi-builder-workspace
resolved source packages: xsys
2026-09-17 20:02:49.104 xcodebuild[563:3066] [MT] IDERunDestination: Supported platforms for the buildables in the current scheme is empty.
{
"dependencies" : [
],
"manifest_display_name" : "xsys",
"name" : "xsys",
"path" : "/Users/admin/builder/spi-builder-workspace",
"platforms" : [
],
"products" : [
{
"name" : "xsys",
"targets" : [
"xsys"
],
"type" : {
"library" : [
"automatic"
]
}
}
],
"targets" : [
{
"c99name" : "xsysTests",
"module_type" : "SwiftTarget",
"name" : "xsysTests",
"path" : "Tests/xsysTests",
"sources" : [
"XCTestManifests.swift",
"xsysTests.swift"
],
"target_dependencies" : [
"xsys"
],
"type" : "test"
},
{
"c99name" : "xsys",
"module_type" : "SwiftTarget",
"name" : "xsys",
"path" : "Sources/xsys",
"product_memberships" : [
"xsys"
],
"sources" : [
"Module.swift",
"POSIXError.swift",
"SocketAddress.swift",
"UUID.swift",
"dylib.swift",
"fd.swift",
"ioctl.swift",
"misc.swift",
"ntohs.swift",
"sockaddr_any.swift",
"socket.swift",
"time.swift",
"timespec.swift",
"timeval_any.swift"
],
"type" : "library"
}
],
"tools_version" : "5.0"
}
{
"workspace" : {
"name" : "xsys",
"schemes" : [
"xsys"
]
}
}
2026-09-17 20:03:30.267 xcodebuild[681:4166] [MT] IDERunDestination: Supported platforms for the buildables in the current scheme is empty.
Running build ...
env DEVELOPER_DIR=/Applications/Xcode-27.0.0-Release.Candidate.app xcrun xcodebuild -IDEClonedSourcePackagesDirPathOverride=$PWD/.dependencies -skipMacroValidation -skipPackagePluginValidation -derivedDataPath $PWD/.derivedData build -scheme xsys -destination generic/platform=tvOS
Command line invocation:
/Applications/Xcode-27.0.0-Release.Candidate.app/Contents/Developer/usr/bin/xcodebuild -IDEClonedSourcePackagesDirPathOverride=/Users/admin/builder/spi-builder-workspace/.dependencies -skipMacroValidation -skipPackagePluginValidation -derivedDataPath /Users/admin/builder/spi-builder-workspace/.derivedData build -scheme xsys -destination generic/platform=tvOS
Resolve Package Graph
Resolved source packages:
xsys: /Users/admin/builder/spi-builder-workspace
ComputePackagePrebuildTargetDependencyGraph
Prepare packages
CreateBuildRequest
SendProjectDescription
CreateBuildOperation
ComputeTargetDependencyGraph
note: Building targets in dependency order
note: Target dependency graph (2 targets)
Target 'xsys-product' in project 'xsys'
➜ Explicit dependency on target 'xsys' in project 'xsys'
Target 'xsys' in project 'xsys' (no dependencies)
GatherProvisioningInputs
CreateBuildDescription
ExecuteExternalTool /Applications/Xcode-27.0.0-Release.Candidate.app/Contents/Developer/Toolchains/XcodeDefault.xctoolchain/usr/bin/clang -v -E -dM -isysroot /Applications/Xcode-27.0.0-Release.Candidate.app/Contents/Developer/Platforms/AppleTVOS.platform/Developer/SDKs/AppleTVOS27.0.sdk -x c -c /dev/null
ExecuteExternalTool /Applications/Xcode-27.0.0-Release.Candidate.app/Contents/Developer/Toolchains/XcodeDefault.xctoolchain/usr/bin/swiftc --version
ExecuteExternalTool /Applications/Xcode-27.0.0-Release.Candidate.app/Contents/Developer/Toolchains/XcodeDefault.xctoolchain/usr/bin/ld -version_details
Build description signature: 21ebc88846bc031da4c74ce17bc9aa54
Build description path: /Users/admin/builder/spi-builder-workspace/.derivedData/Build/Intermediates.noindex/XCBuildData/21ebc88846bc031da4c74ce17bc9aa54.xcbuilddata
CreateBuildDirectory /Users/admin/builder/spi-builder-workspace/.derivedData/ModuleCache.noindex
cd /Users/admin/builder/spi-builder-workspace/.swiftpm/xcode
builtin-create-build-directory /Users/admin/builder/spi-builder-workspace/.derivedData/ModuleCache.noindex
CreateBuildDirectory /Users/admin/builder/spi-builder-workspace/.derivedData/SDKExplicitPrecompiledModules
cd /Users/admin/builder/spi-builder-workspace/.swiftpm/xcode
builtin-create-build-directory /Users/admin/builder/spi-builder-workspace/.derivedData/SDKExplicitPrecompiledModules
CreateBuildDirectory /Users/admin/builder/spi-builder-workspace/.derivedData/CompilationCache.noindex
cd /Users/admin/builder/spi-builder-workspace/.swiftpm/xcode
builtin-create-build-directory /Users/admin/builder/spi-builder-workspace/.derivedData/CompilationCache.noindex
CreateBuildDirectory /Users/admin/builder/spi-builder-workspace/.derivedData/Build/Products
cd /Users/admin/builder/spi-builder-workspace/.swiftpm/xcode
builtin-create-build-directory /Users/admin/builder/spi-builder-workspace/.derivedData/Build/Products
CreateBuildDirectory /Users/admin/builder/spi-builder-workspace/.derivedData/Build/Intermediates.noindex
cd /Users/admin/builder/spi-builder-workspace/.swiftpm/xcode
builtin-create-build-directory /Users/admin/builder/spi-builder-workspace/.derivedData/Build/Intermediates.noindex
ClangStatCache /Applications/Xcode-27.0.0-Release.Candidate.app/Contents/Developer/Toolchains/XcodeDefault.xctoolchain/usr/bin/clang-stat-cache /Applications/Xcode-27.0.0-Release.Candidate.app/Contents/Developer/Platforms/AppleTVOS.platform/Developer/SDKs/AppleTVOS27.0.sdk /Users/admin/builder/spi-builder-workspace/.derivedData/SDKStatCaches.noindex/appletvos27.0-24J360-e829b21a6f8c9b70876ba0858053c044b32bfd8d43560033f8d89884cdb90028.sdkstatcache
cd /Users/admin/builder/spi-builder-workspace/.swiftpm/xcode
/Applications/Xcode-27.0.0-Release.Candidate.app/Contents/Developer/Toolchains/XcodeDefault.xctoolchain/usr/bin/clang-stat-cache /Applications/Xcode-27.0.0-Release.Candidate.app/Contents/Developer/Platforms/AppleTVOS.platform/Developer/SDKs/AppleTVOS27.0.sdk -o /Users/admin/builder/spi-builder-workspace/.derivedData/SDKStatCaches.noindex/appletvos27.0-24J360-e829b21a6f8c9b70876ba0858053c044b32bfd8d43560033f8d89884cdb90028.sdkstatcache
CreateBuildDirectory /Users/admin/builder/spi-builder-workspace/.derivedData/Build/Intermediates.noindex/SwiftExplicitPrecompiledModules
cd /Users/admin/builder/spi-builder-workspace/.swiftpm/xcode
builtin-create-build-directory /Users/admin/builder/spi-builder-workspace/.derivedData/Build/Intermediates.noindex/SwiftExplicitPrecompiledModules
CreateBuildDirectory /Users/admin/builder/spi-builder-workspace/.derivedData/Build/Intermediates.noindex/PrecompiledHeaders
cd /Users/admin/builder/spi-builder-workspace/.swiftpm/xcode
builtin-create-build-directory /Users/admin/builder/spi-builder-workspace/.derivedData/Build/Intermediates.noindex/PrecompiledHeaders
CreateBuildDirectory /Users/admin/builder/spi-builder-workspace/.derivedData/Build/Intermediates.noindex/ExplicitPrecompiledModules
cd /Users/admin/builder/spi-builder-workspace/.swiftpm/xcode
builtin-create-build-directory /Users/admin/builder/spi-builder-workspace/.derivedData/Build/Intermediates.noindex/ExplicitPrecompiledModules
CreateBuildDirectory /Users/admin/builder/spi-builder-workspace/.derivedData/Build/Products/Debug-appletvos
cd /Users/admin/builder/spi-builder-workspace/.swiftpm/xcode
builtin-create-build-directory /Users/admin/builder/spi-builder-workspace/.derivedData/Build/Products/Debug-appletvos
CreateBuildDirectory /Users/admin/builder/spi-builder-workspace/.derivedData/Build/Intermediates.noindex/EagerLinkingTBDs/Debug-appletvos
cd /Users/admin/builder/spi-builder-workspace/.swiftpm/xcode
builtin-create-build-directory /Users/admin/builder/spi-builder-workspace/.derivedData/Build/Intermediates.noindex/EagerLinkingTBDs/Debug-appletvos
CreateBuildDirectory /Users/admin/builder/spi-builder-workspace/.derivedData/Build/Products/Debug-appletvos/PackageFrameworks
cd /Users/admin/builder/spi-builder-workspace/.swiftpm/xcode
builtin-create-build-directory /Users/admin/builder/spi-builder-workspace/.derivedData/Build/Products/Debug-appletvos/PackageFrameworks
WriteAuxiliaryFile /Users/admin/builder/spi-builder-workspace/.derivedData/Build/Intermediates.noindex/xsys.build/Debug-appletvos/xsys-t.build/xsys.DependencyMetadataFileList (in target 'xsys' from project 'xsys')
cd /Users/admin/builder/spi-builder-workspace
write-file /Users/admin/builder/spi-builder-workspace/.derivedData/Build/Intermediates.noindex/xsys.build/Debug-appletvos/xsys-t.build/xsys.DependencyMetadataFileList
WriteAuxiliaryFile /Users/admin/builder/spi-builder-workspace/.derivedData/Build/Intermediates.noindex/xsys.build/Debug-appletvos/xsys-t.build/xsys.DependencyStaticMetadataFileList (in target 'xsys' from project 'xsys')
cd /Users/admin/builder/spi-builder-workspace
write-file /Users/admin/builder/spi-builder-workspace/.derivedData/Build/Intermediates.noindex/xsys.build/Debug-appletvos/xsys-t.build/xsys.DependencyStaticMetadataFileList
WriteAuxiliaryFile /Users/admin/builder/spi-builder-workspace/.derivedData/Build/Intermediates.noindex/xsys.build/Debug-appletvos/xsys-t.build/xsys.modulemap (in target 'xsys' from project 'xsys')
cd /Users/admin/builder/spi-builder-workspace
write-file /Users/admin/builder/spi-builder-workspace/.derivedData/Build/Intermediates.noindex/xsys.build/Debug-appletvos/xsys-t.build/xsys.modulemap
WriteAuxiliaryFile /Users/admin/builder/spi-builder-workspace/.derivedData/Build/Intermediates.noindex/xsys.build/Debug-appletvos/xsys-t.build/Objects-normal/arm64/xsys_const_extract_protocols.json (in target 'xsys' from project 'xsys')
cd /Users/admin/builder/spi-builder-workspace
write-file /Users/admin/builder/spi-builder-workspace/.derivedData/Build/Intermediates.noindex/xsys.build/Debug-appletvos/xsys-t.build/Objects-normal/arm64/xsys_const_extract_protocols.json
WriteAuxiliaryFile /Users/admin/builder/spi-builder-workspace/.derivedData/Build/Intermediates.noindex/xsys.build/Debug-appletvos/xsys-t.build/Objects-normal/arm64/xsys.LinkFileList (in target 'xsys' from project 'xsys')
cd /Users/admin/builder/spi-builder-workspace
write-file /Users/admin/builder/spi-builder-workspace/.derivedData/Build/Intermediates.noindex/xsys.build/Debug-appletvos/xsys-t.build/Objects-normal/arm64/xsys.LinkFileList
WriteAuxiliaryFile /Users/admin/builder/spi-builder-workspace/.derivedData/Build/Intermediates.noindex/xsys.build/Debug-appletvos/xsys-t.build/Objects-normal/arm64/xsys.SwiftFileList (in target 'xsys' from project 'xsys')
cd /Users/admin/builder/spi-builder-workspace
write-file /Users/admin/builder/spi-builder-workspace/.derivedData/Build/Intermediates.noindex/xsys.build/Debug-appletvos/xsys-t.build/Objects-normal/arm64/xsys.SwiftFileList
WriteAuxiliaryFile /Users/admin/builder/spi-builder-workspace/.derivedData/Build/Intermediates.noindex/xsys.build/Debug-appletvos/xsys-t.build/Objects-normal/arm64/xsys-OutputFileMap.json (in target 'xsys' from project 'xsys')
cd /Users/admin/builder/spi-builder-workspace
write-file /Users/admin/builder/spi-builder-workspace/.derivedData/Build/Intermediates.noindex/xsys.build/Debug-appletvos/xsys-t.build/Objects-normal/arm64/xsys-OutputFileMap.json
WriteAuxiliaryFile /Users/admin/builder/spi-builder-workspace/.derivedData/Build/Intermediates.noindex/xsys.build/Debug-appletvos/xsys-t.build/Objects-normal/arm64/xsys.SwiftConstValuesFileList (in target 'xsys' from project 'xsys')
cd /Users/admin/builder/spi-builder-workspace
write-file /Users/admin/builder/spi-builder-workspace/.derivedData/Build/Intermediates.noindex/xsys.build/Debug-appletvos/xsys-t.build/Objects-normal/arm64/xsys.SwiftConstValuesFileList
Copy /Users/admin/builder/spi-builder-workspace/.derivedData/Build/Intermediates.noindex/GeneratedModuleMaps-appletvos/xsys.modulemap /Users/admin/builder/spi-builder-workspace/.derivedData/Build/Intermediates.noindex/xsys.build/Debug-appletvos/xsys-t.build/xsys.modulemap (in target 'xsys' from project 'xsys')
cd /Users/admin/builder/spi-builder-workspace
builtin-copy -exclude .DS_Store -exclude CVS -exclude .svn -exclude .git -exclude .hg -resolve-src-symlinks /Users/admin/builder/spi-builder-workspace/.derivedData/Build/Intermediates.noindex/xsys.build/Debug-appletvos/xsys-t.build/xsys.modulemap /Users/admin/builder/spi-builder-workspace/.derivedData/Build/Intermediates.noindex/GeneratedModuleMaps-appletvos
SwiftDriver xsys normal arm64 com.apple.xcode.tools.swift.compiler (in target 'xsys' from project 'xsys')
cd /Users/admin/builder/spi-builder-workspace/.swiftpm/xcode
builtin-SwiftDriver -- /Applications/Xcode-27.0.0-Release.Candidate.app/Contents/Developer/Toolchains/XcodeDefault.xctoolchain/usr/bin/swiftc -parse-as-library -module-name xsys -Onone @/Users/admin/builder/spi-builder-workspace/.derivedData/Build/Intermediates.noindex/xsys.build/Debug-appletvos/xsys-t.build/Objects-normal/arm64/xsys.SwiftFileList -DSWIFT_PACKAGE -DDEBUG -DSWIFT_MODULE_RESOURCE_BUNDLE_UNAVAILABLE -DXcode -plugin-path /Applications/Xcode-27.0.0-Release.Candidate.app/Contents/Developer/Toolchains/XcodeDefault.xctoolchain/usr/lib/swift/host/plugins/testing -enable-experimental-feature DebugDescriptionMacro -sdk /Applications/Xcode-27.0.0-Release.Candidate.app/Contents/Developer/Platforms/AppleTVOS.platform/Developer/SDKs/AppleTVOS27.0.sdk -target arm64-apple-tvos15.0 -g -module-cache-path /Users/admin/builder/spi-builder-workspace/.derivedData/ModuleCache.noindex -Xfrontend -serialize-debugging-options -profile-coverage-mapping -profile-generate -enable-testing -index-store-path /Users/admin/builder/spi-builder-workspace/.derivedData/Index.noindex/DataStore -Xcc -D_LIBCPP_HARDENING_MODE\=_LIBCPP_HARDENING_MODE_DEBUG -swift-version 5 -I /Users/admin/builder/spi-builder-workspace/.derivedData/Build/Products/Debug-appletvos -Isystem /Applications/Xcode-27.0.0-Release.Candidate.app/Contents/Developer/Platforms/AppleTVOS.platform/Developer/usr/lib -F /Users/admin/builder/spi-builder-workspace/.derivedData/Build/Products/Debug-appletvos -F /Applications/Xcode-27.0.0-Release.Candidate.app/Contents/Developer/Platforms/AppleTVOS.platform/Developer/Library/Frameworks -F /Applications/Xcode-27.0.0-Release.Candidate.app/Contents/Developer/Platforms/AppleTVOS.platform/Developer/SDKs/AppleTVOS27.0.sdk/Developer/Library/Frameworks -c -j10 -enable-batch-mode -incremental -Xcc -ivfsstatcache -Xcc /Users/admin/builder/spi-builder-workspace/.derivedData/SDKStatCaches.noindex/appletvos27.0-24J360-e829b21a6f8c9b70876ba0858053c044b32bfd8d43560033f8d89884cdb90028.sdkstatcache -output-file-map /Users/admin/builder/spi-builder-workspace/.derivedData/Build/Intermediates.noindex/xsys.build/Debug-appletvos/xsys-t.build/Objects-normal/arm64/xsys-OutputFileMap.json -save-temps -no-color-diagnostics -explicit-module-build -module-cache-path /Users/admin/builder/spi-builder-workspace/.derivedData/Build/Intermediates.noindex/SwiftExplicitPrecompiledModules -clang-scanner-module-cache-path /Users/admin/builder/spi-builder-workspace/.derivedData/ModuleCache.noindex -sdk-module-cache-path /Users/admin/builder/spi-builder-workspace/.derivedData/SDKExplicitPrecompiledModules -emit-dependencies -emit-module -emit-module-path /Users/admin/builder/spi-builder-workspace/.derivedData/Build/Intermediates.noindex/xsys.build/Debug-appletvos/xsys-t.build/Objects-normal/arm64/xsys.swiftmodule -serialize-diagnostics -dependency-scan-serialize-diagnostics-path /Users/admin/builder/spi-builder-workspace/.derivedData/Build/Intermediates.noindex/xsys.build/Debug-appletvos/xsys-t.build/Objects-normal/arm64/xsys-dependency-scan.dia -validate-clang-modules-once -clang-build-session-file /Users/admin/builder/spi-builder-workspace/.derivedData/ModuleCache.noindex/Session.modulevalidation -Xcc -fmodules-prune-interval\=86400 -Xcc -fmodules-prune-after\=345600 -emit-const-values -const-gather-protocols-list /Users/admin/builder/spi-builder-workspace/.derivedData/Build/Intermediates.noindex/xsys.build/Debug-appletvos/xsys-t.build/Objects-normal/arm64/xsys_const_extract_protocols.json -Xcc -I/Users/admin/builder/spi-builder-workspace/.derivedData/Build/Products/Debug-appletvos/include -Xcc -I/Users/admin/builder/spi-builder-workspace/.derivedData/Build/Intermediates.noindex/xsys.build/Debug-appletvos/xsys-t.build/DerivedSources-normal/arm64 -Xcc -I/Users/admin/builder/spi-builder-workspace/.derivedData/Build/Intermediates.noindex/xsys.build/Debug-appletvos/xsys-t.build/DerivedSources/arm64 -Xcc -I/Users/admin/builder/spi-builder-workspace/.derivedData/Build/Intermediates.noindex/xsys.build/Debug-appletvos/xsys-t.build/DerivedSources -Xcc -DSWIFT_PACKAGE -Xcc -DDEBUG\=1 -emit-objc-header -emit-objc-header-path /Users/admin/builder/spi-builder-workspace/.derivedData/Build/Intermediates.noindex/xsys.build/Debug-appletvos/xsys-t.build/Objects-normal/arm64/xsys-Swift.h -working-directory /Users/admin/builder/spi-builder-workspace/.swiftpm/xcode -experimental-emit-module-separately -disable-cmo
SwiftExplicitDependencyGeneratePcm arm64 /Users/admin/builder/spi-builder-workspace/.derivedData/SDKExplicitPrecompiledModules/ptrauth-8X2KEPL7CTRPS40TUB9APHPK6.pcm
SwiftExplicitDependencyGeneratePcm arm64 /Users/admin/builder/spi-builder-workspace/.derivedData/SDKExplicitPrecompiledModules/ptrcheck-2AZ6B5IBYD3RRRTFWN2ONASY3.pcm
SwiftExplicitDependencyGeneratePcm arm64 /Users/admin/builder/spi-builder-workspace/.derivedData/SDKExplicitPrecompiledModules/_AvailabilityInternal-BV2EDDP0MI5QJDDPEEV4D9D3V.pcm
SwiftExplicitDependencyGeneratePcm arm64 /Users/admin/builder/spi-builder-workspace/.derivedData/SDKExplicitPrecompiledModules/_Builtin_stdbool-AHRDH5EKLY6D04C5E42F3VCQI.pcm
SwiftExplicitDependencyGeneratePcm arm64 /Users/admin/builder/spi-builder-workspace/.derivedData/SDKExplicitPrecompiledModules/SwiftShims-8N4EXJ4RUJTR8K9OO3CMOH1EP.pcm
SwiftExplicitDependencyGeneratePcm arm64 /Users/admin/builder/spi-builder-workspace/.derivedData/SDKExplicitPrecompiledModules/_Builtin_float-8ZJAYZ85YBOAOP52Y9H6IUNP3.pcm
SwiftExplicitDependencyGeneratePcm arm64 /Users/admin/builder/spi-builder-workspace/.derivedData/SDKExplicitPrecompiledModules/_Builtin_stdarg-BO2OCAUYVAXDRVQWQ8ISKGNUQ.pcm
SwiftExplicitDependencyGeneratePcm arm64 /Users/admin/builder/spi-builder-workspace/.derivedData/SDKExplicitPrecompiledModules/_Builtin_stddef-9ZJZ6FDEZNKTZU8YLPMFT9RAQ.pcm
SwiftExplicitDependencyGeneratePcm arm64 /Users/admin/builder/spi-builder-workspace/.derivedData/SDKExplicitPrecompiledModules/_SwiftConcurrencyShims-BY5PD8KF1L5KF6F4Q69HE3TJ4.pcm
SwiftExplicitDependencyGeneratePcm arm64 /Users/admin/builder/spi-builder-workspace/.derivedData/SDKExplicitPrecompiledModules/_DarwinFoundation1-JOTYMOA1YZCIJ2NON6FQ848O.pcm
SwiftExplicitDependencyGeneratePcm arm64 /Users/admin/builder/spi-builder-workspace/.derivedData/SDKExplicitPrecompiledModules/_Builtin_limits-7JU2HP127LIT1X9E2V3D8WZ1.pcm
SwiftExplicitDependencyGeneratePcm arm64 /Users/admin/builder/spi-builder-workspace/.derivedData/SDKExplicitPrecompiledModules/_DarwinFoundation2-AOGAN1O02NKXRJN5V73AV3V3M.pcm
SwiftExplicitDependencyGeneratePcm arm64 /Users/admin/builder/spi-builder-workspace/.derivedData/SDKExplicitPrecompiledModules/_Builtin_stdint-6NFTB6IBKS143IVPGT1EKB7HO.pcm
SwiftExplicitDependencyGeneratePcm arm64 /Users/admin/builder/spi-builder-workspace/.derivedData/SDKExplicitPrecompiledModules/string_h-6EVHP7A717OUS5DMC78F79HWO.pcm
SwiftExplicitDependencyGeneratePcm arm64 /Users/admin/builder/spi-builder-workspace/.derivedData/SDKExplicitPrecompiledModules/sys_types-8GCAV1YMG5UUGHUID3CA20TCH.pcm
SwiftExplicitDependencyGeneratePcm arm64 /Users/admin/builder/spi-builder-workspace/.derivedData/SDKExplicitPrecompiledModules/_DarwinFoundation3-8SR3855WDFHQPR6G9GHOI2C07.pcm
SwiftExplicitDependencyGeneratePcm arm64 /Users/admin/builder/spi-builder-workspace/.derivedData/SDKExplicitPrecompiledModules/_Builtin_inttypes-6X1IQ3QK9KEVKXOK9Y79EW7J3.pcm
SwiftExplicitDependencyGeneratePcm arm64 /Users/admin/builder/spi-builder-workspace/.derivedData/SDKExplicitPrecompiledModules/Darwin-DBSQAVBBPC3D2OMU5ZI2RXMST.pcm
SwiftExplicitDependencyGeneratePcm arm64 /Users/admin/builder/spi-builder-workspace/.derivedData/SDKExplicitPrecompiledModules/ObjectiveC-5250FDCE56N8508OR6XUYDKZM.pcm
SwiftExplicitDependencyGeneratePcm arm64 /Users/admin/builder/spi-builder-workspace/.derivedData/SDKExplicitPrecompiledModules/os_object-E2DGZ0SX0TULQHULZRPO6OKNW.pcm
SwiftExplicitDependencyGeneratePcm arm64 /Users/admin/builder/spi-builder-workspace/.derivedData/SDKExplicitPrecompiledModules/os_workgroup-DBUFF7811DKMX7VPBOJPGGF1U.pcm
SwiftExplicitDependencyGeneratePcm arm64 /Users/admin/builder/spi-builder-workspace/.derivedData/SDKExplicitPrecompiledModules/Dispatch-1QL58A0V50C39KVAIC6C38SHL.pcm
SwiftExplicitDependencyGeneratePcm arm64 /Users/admin/builder/spi-builder-workspace/.derivedData/SDKExplicitPrecompiledModules/CoreFoundation-7TPJ7ENDC4L1A1ESHYI9TXS0D.pcm
SwiftExplicitDependencyGeneratePcm arm64 /Users/admin/builder/spi-builder-workspace/.derivedData/SDKExplicitPrecompiledModules/XPC-6O2DJFT3QUJ7QKTD3SNUB6PCR.pcm
SwiftExplicitDependencyGeneratePcm arm64 /Users/admin/builder/spi-builder-workspace/.derivedData/SDKExplicitPrecompiledModules/CFNetwork-2CUR2VK9S3S3WPFXPNXNUWYGN.pcm
SwiftExplicitDependencyGeneratePcm arm64 /Users/admin/builder/spi-builder-workspace/.derivedData/SDKExplicitPrecompiledModules/Security-8VMXEKVDA3MHUH9AOTP905DID.pcm
SwiftExplicitDependencyGeneratePcm arm64 /Users/admin/builder/spi-builder-workspace/.derivedData/SDKExplicitPrecompiledModules/Foundation-BSSIP64DIGUKMAYJOG1WPQ78X.pcm
SwiftEmitModule normal arm64 Emitting\ module\ for\ xsys (in target 'xsys' from project 'xsys')
/Users/admin/builder/spi-builder-workspace/Sources/xsys/POSIXError.swift:183:3: warning: extension declares a conformance of imported type 'POSIXErrorCode' to imported protocols 'Error', '_BridgedNSError', '_ObjectiveCBridgeableError'; this will not behave correctly if the owners of '_DarwinFoundation1' introduce this conformance in the future
181 | import Foundation // this is for POSIXError : Error
182 |
183 | extension POSIXErrorCode : Error {}
| |- warning: extension declares a conformance of imported type 'POSIXErrorCode' to imported protocols 'Error', '_BridgedNSError', '_ObjectiveCBridgeableError'; this will not behave correctly if the owners of '_DarwinFoundation1' introduce this conformance in the future
| `- note: add '@retroactive' to silence this warning
184 | #endif // MacOS
185 |
/Users/admin/builder/spi-builder-workspace/Sources/xsys/misc.swift:95:37: error: 'posix_spawn' is unavailable in tvOS
93 | public let getuid = Darwin.getuid
94 | public typealias pid_t = Darwin.pid_t
95 | public let posix_spawn = Darwin.posix_spawn
| `- error: 'posix_spawn' is unavailable in tvOS
96 | public let posix_spawnp = Darwin.posix_spawnp
97 | public let waitpid = Darwin.waitpid
/Applications/Xcode-27.0.0-Release.Candidate.app/Contents/Developer/Platforms/AppleTVOS.platform/Developer/SDKs/AppleTVOS27.0.sdk/usr/include/spawn.h:60:9: note: 'posix_spawn' has been explicitly marked unavailable here
58 | */
59 |
60 | int posix_spawn(pid_t * __restrict, const char * __restrict,
| `- note: 'posix_spawn' has been explicitly marked unavailable here
61 | const posix_spawn_file_actions_t *,
62 | const posix_spawnattr_t * __restrict,
/Users/admin/builder/spi-builder-workspace/Sources/xsys/timespec.swift:92:1: warning: extension declares a conformance of imported type 'timespec' to imported protocol 'CustomStringConvertible'; this will not behave correctly if the owners of '_DarwinFoundation2' introduce this conformance in the future
90 | }
91 |
92 | extension timespec: CustomStringConvertible {
| |- warning: extension declares a conformance of imported type 'timespec' to imported protocol 'CustomStringConvertible'; this will not behave correctly if the owners of '_DarwinFoundation2' introduce this conformance in the future
| `- note: add '@retroactive' to silence this warning
93 | @inlinable
94 | public var description : String {
/Users/admin/builder/spi-builder-workspace/Sources/xsys/timespec.swift:104:1: warning: extension declares a conformance of imported type 'timeval' to imported protocol 'CustomStringConvertible'; this will not behave correctly if the owners of '_DarwinFoundation2' introduce this conformance in the future
102 | }
103 |
104 | extension timeval: CustomStringConvertible {
| |- warning: extension declares a conformance of imported type 'timeval' to imported protocol 'CustomStringConvertible'; this will not behave correctly if the owners of '_DarwinFoundation2' introduce this conformance in the future
| `- note: add '@retroactive' to silence this warning
105 | @inlinable
106 | public var description : String {
Failed frontend command:
SwiftCompile normal arm64 (in target 'xsys' from project 'xsys')
cd /Users/admin/builder/spi-builder-workspace/.swiftpm/xcode
/Applications/Xcode-27.0.0-Release.Candidate.app/Contents/Developer/Toolchains/XcodeDefault.xctoolchain/usr/bin/swift-frontend -frontend -emit-module -experimental-skip-non-inlinable-function-bodies-without-types /Users/admin/builder/spi-builder-workspace/Sources/xsys/Module.swift /Users/admin/builder/spi-builder-workspace/Sources/xsys/POSIXError.swift /Users/admin/builder/spi-builder-workspace/Sources/xsys/SocketAddress.swift /Users/admin/builder/spi-builder-workspace/Sources/xsys/UUID.swift /Users/admin/builder/spi-builder-workspace/Sources/xsys/dylib.swift /Users/admin/builder/spi-builder-workspace/Sources/xsys/fd.swift /Users/admin/builder/spi-builder-workspace/Sources/xsys/ioctl.swift /Users/admin/builder/spi-builder-workspace/Sources/xsys/misc.swift /Users/admin/builder/spi-builder-workspace/Sources/xsys/ntohs.swift /Users/admin/builder/spi-builder-workspace/Sources/xsys/sockaddr_any.swift /Users/admin/builder/spi-builder-workspace/Sources/xsys/socket.swift /Users/admin/builder/spi-builder-workspace/Sources/xsys/time.swift /Users/admin/builder/spi-builder-workspace/Sources/xsys/timespec.swift /Users/admin/builder/spi-builder-workspace/Sources/xsys/timeval_any.swift -target arm64-apple-tvos15.0 -disable-cross-import-overlay-search -swift-module-cross-import Darwin /Applications/Xcode-27.0.0-Release.Candidate.app/Contents/Developer/Platforms/AppleTVOS.platform/Developer/SDKs/AppleTVOS.sdk/usr/include/Darwin.swiftcrossimport/xlocale.swiftoverlay -load-resolved-plugin /Applications/Xcode-27.0.0-Release.Candidate.app/Contents/Developer/Platforms/AppleTVOS.platform/Developer/usr/lib/swift/host/plugins/libFoundationMacros.dylib\#/Applications/Xcode-27.0.0-Release.Candidate.app/Contents/Developer/Platforms/AppleTVOS.platform/Developer/usr/bin/swift-plugin-server\#FoundationMacros -load-resolved-plugin /Applications/Xcode-27.0.0-Release.Candidate.app/Contents/Developer/Platforms/AppleTVOS.platform/Developer/usr/lib/swift/host/plugins/libObservationMacros.dylib\#/Applications/Xcode-27.0.0-Release.Candidate.app/Contents/Developer/Platforms/AppleTVOS.platform/Developer/usr/bin/swift-plugin-server\#ObservationMacros -load-resolved-plugin /Applications/Xcode-27.0.0-Release.Candidate.app/Contents/Developer/Platforms/AppleTVOS.platform/Developer/usr/lib/swift/host/plugins/libSwiftMacros.dylib\#/Applications/Xcode-27.0.0-Release.Candidate.app/Contents/Developer/Platforms/AppleTVOS.platform/Developer/usr/bin/swift-plugin-server\#SwiftMacros -disable-implicit-swift-modules -Xcc -fno-implicit-modules -Xcc -fno-implicit-module-maps -explicit-swift-module-map-file /Users/admin/builder/spi-builder-workspace/.derivedData/Build/Intermediates.noindex/xsys.build/Debug-appletvos/xsys-t.build/Objects-normal/arm64/xsys-dependencies-1.json -Xllvm -aarch64-use-tbi -enable-objc-interop -stack-check -sdk /Applications/Xcode-27.0.0-Release.Candidate.app/Contents/Developer/Platforms/AppleTVOS.platform/Developer/SDKs/AppleTVOS27.0.sdk -I /Users/admin/builder/spi-builder-workspace/.derivedData/Build/Products/Debug-appletvos -Isystem /Applications/Xcode-27.0.0-Release.Candidate.app/Contents/Developer/Platforms/AppleTVOS.platform/Developer/usr/lib -F /Users/admin/builder/spi-builder-workspace/.derivedData/Build/Products/Debug-appletvos -F /Applications/Xcode-27.0.0-Release.Candidate.app/Contents/Developer/Platforms/AppleTVOS.platform/Developer/Library/Frameworks -F /Applications/Xcode-27.0.0-Release.Candidate.app/Contents/Developer/Platforms/AppleTVOS.platform/Developer/SDKs/AppleTVOS27.0.sdk/Developer/Library/Frameworks -module-cache-path /Users/admin/builder/spi-builder-workspace/.derivedData/Build/Intermediates.noindex/SwiftExplicitPrecompiledModules -no-color-diagnostics -Xcc -fno-color-diagnostics -enable-testing -g -debug-info-format\=dwarf -dwarf-version\=4 -profile-generate -profile-coverage-mapping -swift-version 5 -Onone -D SWIFT_PACKAGE -D DEBUG -D SWIFT_MODULE_RESOURCE_BUNDLE_UNAVAILABLE -D Xcode -serialize-debugging-options -enable-experimental-feature DebugDescriptionMacro -empty-abi-descriptor -validate-clang-modules-once -clang-build-session-file /Users/admin/builder/spi-builder-workspace/.derivedData/ModuleCache.noindex/Session.modulevalidation -Xcc -working-directory -Xcc /Users/admin/builder/spi-builder-workspace/.swiftpm/xcode -enable-anonymous-context-mangled-names -file-compilation-dir /Users/admin/builder/spi-builder-workspace/.swiftpm/xcode -Xcc -D_LIBCPP_HARDENING_MODE\=_LIBCPP_HARDENING_MODE_DEBUG -Xcc -ivfsstatcache -Xcc /Users/admin/builder/spi-builder-workspace/.derivedData/SDKStatCaches.noindex/appletvos27.0-24J360-e829b21a6f8c9b70876ba0858053c044b32bfd8d43560033f8d89884cdb90028.sdkstatcache -Xcc -fmodules-prune-interval\=86400 -Xcc -fmodules-prune-after\=345600 -Xcc -I/Users/admin/builder/spi-builder-workspace/.derivedData/Build/Products/Debug-appletvos/include -Xcc -I/Users/admin/builder/spi-builder-workspace/.derivedData/Build/Intermediates.noindex/xsys.build/Debug-appletvos/xsys-t.build/DerivedSources-normal/arm64 -Xcc -I/Users/admin/builder/spi-builder-workspace/.derivedData/Build/Intermediates.noindex/xsys.build/Debug-appletvos/xsys-t.build/DerivedSources/arm64 -Xcc -I/Users/admin/builder/spi-builder-workspace/.derivedData/Build/Intermediates.noindex/xsys.build/Debug-appletvos/xsys-t.build/DerivedSources -Xcc -DSWIFT_PACKAGE -Xcc -DDEBUG\=1 -no-auto-bridging-header-chaining -module-name xsys -const-gather-protocols-file /Users/admin/builder/spi-builder-workspace/.derivedData/Build/Intermediates.noindex/xsys.build/Debug-appletvos/xsys-t.build/Objects-normal/arm64/xsys_const_extract_protocols.json -disable-clang-spi -clang-target arm64-apple-tvos27.0 -target-sdk-version 27.0 -target-sdk-name appletvos27.0 -in-process-plugin-server-path /Applications/Xcode-27.0.0-Release.Candidate.app/Contents/Developer/Toolchains/XcodeDefault.xctoolchain/usr/lib/swift/host/libSwiftInProcPluginServer.dylib -emit-module-doc-path /Users/admin/builder/spi-builder-workspace/.derivedData/Build/Intermediates.noindex/xsys.build/Debug-appletvos/xsys-t.build/Objects-normal/arm64/xsys.swiftdoc -emit-module-source-info-path /Users/admin/builder/spi-builder-workspace/.derivedData/Build/Intermediates.noindex/xsys.build/Debug-appletvos/xsys-t.build/Objects-normal/arm64/xsys.swiftsourceinfo -emit-objc-header-path /Users/admin/builder/spi-builder-workspace/.derivedData/Build/Intermediates.noindex/xsys.build/Debug-appletvos/xsys-t.build/Objects-normal/arm64/xsys-Swift.h -serialize-diagnostics-path /Users/admin/builder/spi-builder-workspace/.derivedData/Build/Intermediates.noindex/xsys.build/Debug-appletvos/xsys-t.build/Objects-normal/arm64/xsys-primary-emit-module.dia -emit-dependencies-path /Users/admin/builder/spi-builder-workspace/.derivedData/Build/Intermediates.noindex/xsys.build/Debug-appletvos/xsys-t.build/Objects-normal/arm64/xsys-primary-emit-module.d -parse-as-library -o /Users/admin/builder/spi-builder-workspace/.derivedData/Build/Intermediates.noindex/xsys.build/Debug-appletvos/xsys-t.build/Objects-normal/arm64/xsys.swiftmodule -emit-abi-descriptor-path /Users/admin/builder/spi-builder-workspace/.derivedData/Build/Intermediates.noindex/xsys.build/Debug-appletvos/xsys-t.build/Objects-normal/arm64/xsys.abi.json
SwiftCompile normal arm64 Compiling\ time.swift /Users/admin/builder/spi-builder-workspace/Sources/xsys/time.swift (in target 'xsys' from project 'xsys')
SwiftCompile normal arm64 /Users/admin/builder/spi-builder-workspace/Sources/xsys/time.swift (in target 'xsys' from project 'xsys')
cd /Users/admin/builder/spi-builder-workspace/.swiftpm/xcode
builtin-SwiftPerFileCompile time.swift
SwiftCompile normal arm64 Compiling\ socket.swift /Users/admin/builder/spi-builder-workspace/Sources/xsys/socket.swift (in target 'xsys' from project 'xsys')
SwiftCompile normal arm64 /Users/admin/builder/spi-builder-workspace/Sources/xsys/socket.swift (in target 'xsys' from project 'xsys')
cd /Users/admin/builder/spi-builder-workspace/.swiftpm/xcode
builtin-SwiftPerFileCompile socket.swift
SwiftCompile normal arm64 Compiling\ timespec.swift /Users/admin/builder/spi-builder-workspace/Sources/xsys/timespec.swift (in target 'xsys' from project 'xsys')
/Users/admin/builder/spi-builder-workspace/Sources/xsys/timespec.swift:92:1: warning: extension declares a conformance of imported type 'timespec' to imported protocol 'CustomStringConvertible'; this will not behave correctly if the owners of '_DarwinFoundation2' introduce this conformance in the future
90 | }
91 |
92 | extension timespec: CustomStringConvertible {
| |- warning: extension declares a conformance of imported type 'timespec' to imported protocol 'CustomStringConvertible'; this will not behave correctly if the owners of '_DarwinFoundation2' introduce this conformance in the future
| `- note: add '@retroactive' to silence this warning
93 | @inlinable
94 | public var description : String {
SwiftCompile normal arm64 /Users/admin/builder/spi-builder-workspace/Sources/xsys/timespec.swift (in target 'xsys' from project 'xsys')
cd /Users/admin/builder/spi-builder-workspace/.swiftpm/xcode
builtin-SwiftPerFileCompile timespec.swift
SwiftCompile normal arm64 Compiling\ timeval_any.swift /Users/admin/builder/spi-builder-workspace/Sources/xsys/timeval_any.swift (in target 'xsys' from project 'xsys')
SwiftCompile normal arm64 /Users/admin/builder/spi-builder-workspace/Sources/xsys/timeval_any.swift (in target 'xsys' from project 'xsys')
cd /Users/admin/builder/spi-builder-workspace/.swiftpm/xcode
builtin-SwiftPerFileCompile timeval_any.swift
SwiftCompile normal arm64 Compiling\ ioctl.swift,\ misc.swift /Users/admin/builder/spi-builder-workspace/Sources/xsys/ioctl.swift /Users/admin/builder/spi-builder-workspace/Sources/xsys/misc.swift (in target 'xsys' from project 'xsys')
SwiftCompile normal arm64 /Users/admin/builder/spi-builder-workspace/Sources/xsys/ioctl.swift (in target 'xsys' from project 'xsys')
cd /Users/admin/builder/spi-builder-workspace/.swiftpm/xcode
builtin-SwiftPerFileCompile ioctl.swift
SwiftCompile normal arm64 /Users/admin/builder/spi-builder-workspace/Sources/xsys/misc.swift (in target 'xsys' from project 'xsys')
cd /Users/admin/builder/spi-builder-workspace/.swiftpm/xcode
builtin-SwiftPerFileCompile misc.swift
SwiftCompile normal arm64 Compiling\ sockaddr_any.swift /Users/admin/builder/spi-builder-workspace/Sources/xsys/sockaddr_any.swift (in target 'xsys' from project 'xsys')
SwiftCompile normal arm64 /Users/admin/builder/spi-builder-workspace/Sources/xsys/sockaddr_any.swift (in target 'xsys' from project 'xsys')
cd /Users/admin/builder/spi-builder-workspace/.swiftpm/xcode
builtin-SwiftPerFileCompile sockaddr_any.swift
SwiftCompile normal arm64 Compiling\ dylib.swift,\ fd.swift /Users/admin/builder/spi-builder-workspace/Sources/xsys/dylib.swift /Users/admin/builder/spi-builder-workspace/Sources/xsys/fd.swift (in target 'xsys' from project 'xsys')
SwiftCompile normal arm64 /Users/admin/builder/spi-builder-workspace/Sources/xsys/dylib.swift (in target 'xsys' from project 'xsys')
cd /Users/admin/builder/spi-builder-workspace/.swiftpm/xcode
builtin-SwiftPerFileCompile dylib.swift
SwiftCompile normal arm64 /Users/admin/builder/spi-builder-workspace/Sources/xsys/fd.swift (in target 'xsys' from project 'xsys')
cd /Users/admin/builder/spi-builder-workspace/.swiftpm/xcode
builtin-SwiftPerFileCompile fd.swift
SwiftCompile normal arm64 Compiling\ SocketAddress.swift,\ UUID.swift /Users/admin/builder/spi-builder-workspace/Sources/xsys/SocketAddress.swift /Users/admin/builder/spi-builder-workspace/Sources/xsys/UUID.swift (in target 'xsys' from project 'xsys')
SwiftCompile normal arm64 /Users/admin/builder/spi-builder-workspace/Sources/xsys/SocketAddress.swift (in target 'xsys' from project 'xsys')
cd /Users/admin/builder/spi-builder-workspace/.swiftpm/xcode
builtin-SwiftPerFileCompile SocketAddress.swift
SwiftCompile normal arm64 /Users/admin/builder/spi-builder-workspace/Sources/xsys/UUID.swift (in target 'xsys' from project 'xsys')
cd /Users/admin/builder/spi-builder-workspace/.swiftpm/xcode
builtin-SwiftPerFileCompile UUID.swift
SwiftCompile normal arm64 Compiling\ ntohs.swift /Users/admin/builder/spi-builder-workspace/Sources/xsys/ntohs.swift (in target 'xsys' from project 'xsys')
SwiftCompile normal arm64 /Users/admin/builder/spi-builder-workspace/Sources/xsys/ntohs.swift (in target 'xsys' from project 'xsys')
cd /Users/admin/builder/spi-builder-workspace/.swiftpm/xcode
builtin-SwiftPerFileCompile ntohs.swift
SwiftCompile normal arm64 Compiling\ Module.swift,\ POSIXError.swift /Users/admin/builder/spi-builder-workspace/Sources/xsys/Module.swift /Users/admin/builder/spi-builder-workspace/Sources/xsys/POSIXError.swift (in target 'xsys' from project 'xsys')
SwiftCompile normal arm64 /Users/admin/builder/spi-builder-workspace/Sources/xsys/Module.swift (in target 'xsys' from project 'xsys')
cd /Users/admin/builder/spi-builder-workspace/.swiftpm/xcode
builtin-SwiftPerFileCompile Module.swift
SwiftCompile normal arm64 /Users/admin/builder/spi-builder-workspace/Sources/xsys/POSIXError.swift (in target 'xsys' from project 'xsys')
cd /Users/admin/builder/spi-builder-workspace/.swiftpm/xcode
builtin-SwiftPerFileCompile POSIXError.swift
PruneExplicitPrecompiledModules /Users/admin/builder/spi-builder-workspace/.derivedData/SDKExplicitPrecompiledModules
PruneExplicitPrecompiledModules /Users/admin/builder/spi-builder-workspace/.derivedData/Build/Intermediates.noindex/ExplicitPrecompiledModules
PruneExplicitPrecompiledModules /Users/admin/builder/spi-builder-workspace/.derivedData/Build/Intermediates.noindex/SwiftExplicitPrecompiledModules
2026-09-17 20:03:31.823 xcodebuild[682:4207] [MT] IDERunDestination: Supported platforms for the buildables in the current scheme is empty.
** BUILD FAILED **
The following build commands failed:
SwiftCompile normal arm64 (in target 'xsys' from project 'xsys')
SwiftEmitModule normal arm64 Emitting\ module\ for\ xsys (in target 'xsys' from project 'xsys')
Building workspace xsys with scheme xsys
(3 failures)
Command line invocation:
/Applications/Xcode-27.0.0-Release.Candidate.app/Contents/Developer/usr/bin/xcodebuild -IDEClonedSourcePackagesDirPathOverride=/Users/admin/builder/spi-builder-workspace/.dependencies -resolvePackageDependencies
Resolve Package Graph
Resolved source packages:
xsys: /Users/admin/builder/spi-builder-workspace
resolved source packages: xsys
2026-09-17 20:03:36.231 xcodebuild[734:4462] [MT] IDERunDestination: Supported platforms for the buildables in the current scheme is empty.
{
"dependencies" : [
],
"manifest_display_name" : "xsys",
"name" : "xsys",
"path" : "/Users/admin/builder/spi-builder-workspace",
"platforms" : [
],
"products" : [
{
"name" : "xsys",
"targets" : [
"xsys"
],
"type" : {
"library" : [
"automatic"
]
}
}
],
"targets" : [
{
"c99name" : "xsysTests",
"module_type" : "SwiftTarget",
"name" : "xsysTests",
"path" : "Tests/xsysTests",
"sources" : [
"XCTestManifests.swift",
"xsysTests.swift"
],
"target_dependencies" : [
"xsys"
],
"type" : "test"
},
{
"c99name" : "xsys",
"module_type" : "SwiftTarget",
"name" : "xsys",
"path" : "Sources/xsys",
"product_memberships" : [
"xsys"
],
"sources" : [
"Module.swift",
"POSIXError.swift",
"SocketAddress.swift",
"UUID.swift",
"dylib.swift",
"fd.swift",
"ioctl.swift",
"misc.swift",
"ntohs.swift",
"sockaddr_any.swift",
"socket.swift",
"time.swift",
"timespec.swift",
"timeval_any.swift"
],
"type" : "library"
}
],
"tools_version" : "5.0"
}
{
"workspace" : {
"name" : "xsys",
"schemes" : [
"xsys"
]
}
}
2026-09-17 20:03:37.447 xcodebuild[742:4526] [MT] IDERunDestination: Supported platforms for the buildables in the current scheme is empty.
Running build ...
env DEVELOPER_DIR=/Applications/Xcode-27.0.0-Release.Candidate.app xcrun xcodebuild -IDEClonedSourcePackagesDirPathOverride=$PWD/.dependencies -skipMacroValidation -skipPackagePluginValidation -derivedDataPath $PWD/.derivedData build -scheme xsys -destination generic/platform=tvOS
Command line invocation:
/Applications/Xcode-27.0.0-Release.Candidate.app/Contents/Developer/usr/bin/xcodebuild -IDEClonedSourcePackagesDirPathOverride=/Users/admin/builder/spi-builder-workspace/.dependencies -skipMacroValidation -skipPackagePluginValidation -derivedDataPath /Users/admin/builder/spi-builder-workspace/.derivedData build -scheme xsys -destination generic/platform=tvOS
Resolve Package Graph
Resolved source packages:
xsys: /Users/admin/builder/spi-builder-workspace
ComputePackagePrebuildTargetDependencyGraph
Prepare packages
CreateBuildRequest
SendProjectDescription
CreateBuildOperation
ComputeTargetDependencyGraph
note: Building targets in dependency order
note: Target dependency graph (2 targets)
Target 'xsys-product' in project 'xsys'
➜ Explicit dependency on target 'xsys' in project 'xsys'
Target 'xsys' in project 'xsys' (no dependencies)
GatherProvisioningInputs
CreateBuildDescription
ClangStatCache /Applications/Xcode-27.0.0-Release.Candidate.app/Contents/Developer/Toolchains/XcodeDefault.xctoolchain/usr/bin/clang-stat-cache /Applications/Xcode-27.0.0-Release.Candidate.app/Contents/Developer/Platforms/AppleTVOS.platform/Developer/SDKs/AppleTVOS27.0.sdk /Users/admin/builder/spi-builder-workspace/.derivedData/SDKStatCaches.noindex/appletvos27.0-24J360-e829b21a6f8c9b70876ba0858053c044b32bfd8d43560033f8d89884cdb90028.sdkstatcache
cd /Users/admin/builder/spi-builder-workspace/.swiftpm/xcode
/Applications/Xcode-27.0.0-Release.Candidate.app/Contents/Developer/Toolchains/XcodeDefault.xctoolchain/usr/bin/clang-stat-cache /Applications/Xcode-27.0.0-Release.Candidate.app/Contents/Developer/Platforms/AppleTVOS.platform/Developer/SDKs/AppleTVOS27.0.sdk -o /Users/admin/builder/spi-builder-workspace/.derivedData/SDKStatCaches.noindex/appletvos27.0-24J360-e829b21a6f8c9b70876ba0858053c044b32bfd8d43560033f8d89884cdb90028.sdkstatcache
SwiftDriver xsys normal arm64 com.apple.xcode.tools.swift.compiler (in target 'xsys' from project 'xsys')
cd /Users/admin/builder/spi-builder-workspace/.swiftpm/xcode
builtin-SwiftDriver -- /Applications/Xcode-27.0.0-Release.Candidate.app/Contents/Developer/Toolchains/XcodeDefault.xctoolchain/usr/bin/swiftc -parse-as-library -module-name xsys -Onone @/Users/admin/builder/spi-builder-workspace/.derivedData/Build/Intermediates.noindex/xsys.build/Debug-appletvos/xsys-t.build/Objects-normal/arm64/xsys.SwiftFileList -DSWIFT_PACKAGE -DDEBUG -DSWIFT_MODULE_RESOURCE_BUNDLE_UNAVAILABLE -DXcode -plugin-path /Applications/Xcode-27.0.0-Release.Candidate.app/Contents/Developer/Toolchains/XcodeDefault.xctoolchain/usr/lib/swift/host/plugins/testing -enable-experimental-feature DebugDescriptionMacro -sdk /Applications/Xcode-27.0.0-Release.Candidate.app/Contents/Developer/Platforms/AppleTVOS.platform/Developer/SDKs/AppleTVOS27.0.sdk -target arm64-apple-tvos15.0 -g -module-cache-path /Users/admin/builder/spi-builder-workspace/.derivedData/ModuleCache.noindex -Xfrontend -serialize-debugging-options -profile-coverage-mapping -profile-generate -enable-testing -index-store-path /Users/admin/builder/spi-builder-workspace/.derivedData/Index.noindex/DataStore -Xcc -D_LIBCPP_HARDENING_MODE\=_LIBCPP_HARDENING_MODE_DEBUG -swift-version 5 -I /Users/admin/builder/spi-builder-workspace/.derivedData/Build/Products/Debug-appletvos -Isystem /Applications/Xcode-27.0.0-Release.Candidate.app/Contents/Developer/Platforms/AppleTVOS.platform/Developer/usr/lib -F /Users/admin/builder/spi-builder-workspace/.derivedData/Build/Products/Debug-appletvos -F /Applications/Xcode-27.0.0-Release.Candidate.app/Contents/Developer/Platforms/AppleTVOS.platform/Developer/Library/Frameworks -F /Applications/Xcode-27.0.0-Release.Candidate.app/Contents/Developer/Platforms/AppleTVOS.platform/Developer/SDKs/AppleTVOS27.0.sdk/Developer/Library/Frameworks -c -j10 -enable-batch-mode -incremental -Xcc -ivfsstatcache -Xcc /Users/admin/builder/spi-builder-workspace/.derivedData/SDKStatCaches.noindex/appletvos27.0-24J360-e829b21a6f8c9b70876ba0858053c044b32bfd8d43560033f8d89884cdb90028.sdkstatcache -output-file-map /Users/admin/builder/spi-builder-workspace/.derivedData/Build/Intermediates.noindex/xsys.build/Debug-appletvos/xsys-t.build/Objects-normal/arm64/xsys-OutputFileMap.json -save-temps -no-color-diagnostics -explicit-module-build -module-cache-path /Users/admin/builder/spi-builder-workspace/.derivedData/Build/Intermediates.noindex/SwiftExplicitPrecompiledModules -clang-scanner-module-cache-path /Users/admin/builder/spi-builder-workspace/.derivedData/ModuleCache.noindex -sdk-module-cache-path /Users/admin/builder/spi-builder-workspace/.derivedData/SDKExplicitPrecompiledModules -emit-dependencies -emit-module -emit-module-path /Users/admin/builder/spi-builder-workspace/.derivedData/Build/Intermediates.noindex/xsys.build/Debug-appletvos/xsys-t.build/Objects-normal/arm64/xsys.swiftmodule -serialize-diagnostics -dependency-scan-serialize-diagnostics-path /Users/admin/builder/spi-builder-workspace/.derivedData/Build/Intermediates.noindex/xsys.build/Debug-appletvos/xsys-t.build/Objects-normal/arm64/xsys-dependency-scan.dia -validate-clang-modules-once -clang-build-session-file /Users/admin/builder/spi-builder-workspace/.derivedData/ModuleCache.noindex/Session.modulevalidation -Xcc -fmodules-prune-interval\=86400 -Xcc -fmodules-prune-after\=345600 -emit-const-values -const-gather-protocols-list /Users/admin/builder/spi-builder-workspace/.derivedData/Build/Intermediates.noindex/xsys.build/Debug-appletvos/xsys-t.build/Objects-normal/arm64/xsys_const_extract_protocols.json -Xcc -I/Users/admin/builder/spi-builder-workspace/.derivedData/Build/Products/Debug-appletvos/include -Xcc -I/Users/admin/builder/spi-builder-workspace/.derivedData/Build/Intermediates.noindex/xsys.build/Debug-appletvos/xsys-t.build/DerivedSources-normal/arm64 -Xcc -I/Users/admin/builder/spi-builder-workspace/.derivedData/Build/Intermediates.noindex/xsys.build/Debug-appletvos/xsys-t.build/DerivedSources/arm64 -Xcc -I/Users/admin/builder/spi-builder-workspace/.derivedData/Build/Intermediates.noindex/xsys.build/Debug-appletvos/xsys-t.build/DerivedSources -Xcc -DSWIFT_PACKAGE -Xcc -DDEBUG\=1 -emit-objc-header -emit-objc-header-path /Users/admin/builder/spi-builder-workspace/.derivedData/Build/Intermediates.noindex/xsys.build/Debug-appletvos/xsys-t.build/Objects-normal/arm64/xsys-Swift.h -working-directory /Users/admin/builder/spi-builder-workspace/.swiftpm/xcode -experimental-emit-module-separately -disable-cmo
SwiftCompile normal arm64 Compiling\ Module.swift,\ POSIXError.swift /Users/admin/builder/spi-builder-workspace/Sources/xsys/Module.swift /Users/admin/builder/spi-builder-workspace/Sources/xsys/POSIXError.swift (in target 'xsys' from project 'xsys')
SwiftCompile normal arm64 /Users/admin/builder/spi-builder-workspace/Sources/xsys/Module.swift (in target 'xsys' from project 'xsys')
cd /Users/admin/builder/spi-builder-workspace/.swiftpm/xcode
builtin-SwiftPerFileCompile Module.swift
SwiftCompile normal arm64 /Users/admin/builder/spi-builder-workspace/Sources/xsys/POSIXError.swift (in target 'xsys' from project 'xsys')
cd /Users/admin/builder/spi-builder-workspace/.swiftpm/xcode
builtin-SwiftPerFileCompile POSIXError.swift
SwiftCompile normal arm64 Compiling\ sockaddr_any.swift /Users/admin/builder/spi-builder-workspace/Sources/xsys/sockaddr_any.swift (in target 'xsys' from project 'xsys')
SwiftCompile normal arm64 /Users/admin/builder/spi-builder-workspace/Sources/xsys/sockaddr_any.swift (in target 'xsys' from project 'xsys')
cd /Users/admin/builder/spi-builder-workspace/.swiftpm/xcode
builtin-SwiftPerFileCompile sockaddr_any.swift
SwiftCompile normal arm64 Compiling\ ioctl.swift,\ misc.swift /Users/admin/builder/spi-builder-workspace/Sources/xsys/ioctl.swift /Users/admin/builder/spi-builder-workspace/Sources/xsys/misc.swift (in target 'xsys' from project 'xsys')
SwiftCompile normal arm64 /Users/admin/builder/spi-builder-workspace/Sources/xsys/ioctl.swift (in target 'xsys' from project 'xsys')
cd /Users/admin/builder/spi-builder-workspace/.swiftpm/xcode
builtin-SwiftPerFileCompile ioctl.swift
SwiftCompile normal arm64 /Users/admin/builder/spi-builder-workspace/Sources/xsys/misc.swift (in target 'xsys' from project 'xsys')
cd /Users/admin/builder/spi-builder-workspace/.swiftpm/xcode
builtin-SwiftPerFileCompile misc.swift
SwiftCompile normal arm64 Compiling\ SocketAddress.swift,\ UUID.swift /Users/admin/builder/spi-builder-workspace/Sources/xsys/SocketAddress.swift /Users/admin/builder/spi-builder-workspace/Sources/xsys/UUID.swift (in target 'xsys' from project 'xsys')
SwiftCompile normal arm64 /Users/admin/builder/spi-builder-workspace/Sources/xsys/SocketAddress.swift (in target 'xsys' from project 'xsys')
cd /Users/admin/builder/spi-builder-workspace/.swiftpm/xcode
builtin-SwiftPerFileCompile SocketAddress.swift
SwiftCompile normal arm64 /Users/admin/builder/spi-builder-workspace/Sources/xsys/UUID.swift (in target 'xsys' from project 'xsys')
cd /Users/admin/builder/spi-builder-workspace/.swiftpm/xcode
builtin-SwiftPerFileCompile UUID.swift
SwiftCompile normal arm64 Compiling\ ntohs.swift /Users/admin/builder/spi-builder-workspace/Sources/xsys/ntohs.swift (in target 'xsys' from project 'xsys')
SwiftCompile normal arm64 /Users/admin/builder/spi-builder-workspace/Sources/xsys/ntohs.swift (in target 'xsys' from project 'xsys')
cd /Users/admin/builder/spi-builder-workspace/.swiftpm/xcode
builtin-SwiftPerFileCompile ntohs.swift
SwiftCompile normal arm64 Compiling\ dylib.swift,\ fd.swift /Users/admin/builder/spi-builder-workspace/Sources/xsys/dylib.swift /Users/admin/builder/spi-builder-workspace/Sources/xsys/fd.swift (in target 'xsys' from project 'xsys')
SwiftCompile normal arm64 /Users/admin/builder/spi-builder-workspace/Sources/xsys/dylib.swift (in target 'xsys' from project 'xsys')
cd /Users/admin/builder/spi-builder-workspace/.swiftpm/xcode
builtin-SwiftPerFileCompile dylib.swift
SwiftCompile normal arm64 /Users/admin/builder/spi-builder-workspace/Sources/xsys/fd.swift (in target 'xsys' from project 'xsys')
cd /Users/admin/builder/spi-builder-workspace/.swiftpm/xcode
builtin-SwiftPerFileCompile fd.swift
SwiftCompile normal arm64 Compiling\ socket.swift /Users/admin/builder/spi-builder-workspace/Sources/xsys/socket.swift (in target 'xsys' from project 'xsys')
SwiftCompile normal arm64 /Users/admin/builder/spi-builder-workspace/Sources/xsys/socket.swift (in target 'xsys' from project 'xsys')
cd /Users/admin/builder/spi-builder-workspace/.swiftpm/xcode
builtin-SwiftPerFileCompile socket.swift
SwiftEmitModule normal arm64 Emitting\ module\ for\ xsys (in target 'xsys' from project 'xsys')
/Users/admin/builder/spi-builder-workspace/Sources/xsys/POSIXError.swift:183:3: warning: extension declares a conformance of imported type 'POSIXErrorCode' to imported protocols 'Error', '_BridgedNSError', '_ObjectiveCBridgeableError'; this will not behave correctly if the owners of '_DarwinFoundation1' introduce this conformance in the future
181 | import Foundation // this is for POSIXError : Error
182 |
183 | extension POSIXErrorCode : Error {}
| |- warning: extension declares a conformance of imported type 'POSIXErrorCode' to imported protocols 'Error', '_BridgedNSError', '_ObjectiveCBridgeableError'; this will not behave correctly if the owners of '_DarwinFoundation1' introduce this conformance in the future
| `- note: add '@retroactive' to silence this warning
184 | #endif // MacOS
185 |
/Users/admin/builder/spi-builder-workspace/Sources/xsys/misc.swift:95:37: error: 'posix_spawn' is unavailable in tvOS
93 | public let getuid = Darwin.getuid
94 | public typealias pid_t = Darwin.pid_t
95 | public let posix_spawn = Darwin.posix_spawn
| `- error: 'posix_spawn' is unavailable in tvOS
96 | public let posix_spawnp = Darwin.posix_spawnp
97 | public let waitpid = Darwin.waitpid
/Applications/Xcode-27.0.0-Release.Candidate.app/Contents/Developer/Platforms/AppleTVOS.platform/Developer/SDKs/AppleTVOS27.0.sdk/usr/include/spawn.h:60:9: note: 'posix_spawn' has been explicitly marked unavailable here
58 | */
59 |
60 | int posix_spawn(pid_t * __restrict, const char * __restrict,
| `- note: 'posix_spawn' has been explicitly marked unavailable here
61 | const posix_spawn_file_actions_t *,
62 | const posix_spawnattr_t * __restrict,
/Users/admin/builder/spi-builder-workspace/Sources/xsys/timespec.swift:92:1: warning: extension declares a conformance of imported type 'timespec' to imported protocol 'CustomStringConvertible'; this will not behave correctly if the owners of '_DarwinFoundation2' introduce this conformance in the future
90 | }
91 |
92 | extension timespec: CustomStringConvertible {
| |- warning: extension declares a conformance of imported type 'timespec' to imported protocol 'CustomStringConvertible'; this will not behave correctly if the owners of '_DarwinFoundation2' introduce this conformance in the future
| `- note: add '@retroactive' to silence this warning
93 | @inlinable
94 | public var description : String {
/Users/admin/builder/spi-builder-workspace/Sources/xsys/timespec.swift:104:1: warning: extension declares a conformance of imported type 'timeval' to imported protocol 'CustomStringConvertible'; this will not behave correctly if the owners of '_DarwinFoundation2' introduce this conformance in the future
102 | }
103 |
104 | extension timeval: CustomStringConvertible {
| |- warning: extension declares a conformance of imported type 'timeval' to imported protocol 'CustomStringConvertible'; this will not behave correctly if the owners of '_DarwinFoundation2' introduce this conformance in the future
| `- note: add '@retroactive' to silence this warning
105 | @inlinable
106 | public var description : String {
Failed frontend command:
/Applications/Xcode-27.0.0-Release.Candidate.app/Contents/Developer/Toolchains/XcodeDefault.xctoolchain/usr/bin/swift-frontend -frontend -emit-module -experimental-skip-non-inlinable-function-bodies-without-types /Users/admin/builder/spi-builder-workspace/Sources/xsys/Module.swift /Users/admin/builder/spi-builder-workspace/Sources/xsys/POSIXError.swift /Users/admin/builder/spi-builder-workspace/Sources/xsys/SocketAddress.swift /Users/admin/builder/spi-builder-workspace/Sources/xsys/UUID.swift /Users/admin/builder/spi-builder-workspace/Sources/xsys/dylib.swift /Users/admin/builder/spi-builder-workspace/Sources/xsys/fd.swift /Users/admin/builder/spi-builder-workspace/Sources/xsys/ioctl.swift /Users/admin/builder/spi-builder-workspace/Sources/xsys/misc.swift /Users/admin/builder/spi-builder-workspace/Sources/xsys/ntohs.swift /Users/admin/builder/spi-builder-workspace/Sources/xsys/sockaddr_any.swift /Users/admin/builder/spi-builder-workspace/Sources/xsys/socket.swift /Users/admin/builder/spi-builder-workspace/Sources/xsys/time.swift /Users/admin/builder/spi-builder-workspace/Sources/xsys/timespec.swift /Users/admin/builder/spi-builder-workspace/Sources/xsys/timeval_any.swift -target arm64-apple-tvos15.0 -disable-cross-import-overlay-search -swift-module-cross-import Darwin /Applications/Xcode-27.0.0-Release.Candidate.app/Contents/Developer/Platforms/AppleTVOS.platform/Developer/SDKs/AppleTVOS.sdk/usr/include/Darwin.swiftcrossimport/xlocale.swiftoverlay -load-resolved-plugin /Applications/Xcode-27.0.0-Release.Candidate.app/Contents/Developer/Platforms/AppleTVOS.platform/Developer/usr/lib/swift/host/plugins/libFoundationMacros.dylib\#/Applications/Xcode-27.0.0-Release.Candidate.app/Contents/Developer/Platforms/AppleTVOS.platform/Developer/usr/bin/swift-plugin-server\#FoundationMacros -load-resolved-plugin /Applications/Xcode-27.0.0-Release.Candidate.app/Contents/Developer/Platforms/AppleTVOS.platform/Developer/usr/lib/swift/host/plugins/libObservationMacros.dylib\#/Applications/Xcode-27.0.0-Release.Candidate.app/Contents/Developer/Platforms/AppleTVOS.platform/Developer/usr/bin/swift-plugin-server\#ObservationMacros -load-resolved-plugin /Applications/Xcode-27.0.0-Release.Candidate.app/Contents/Developer/Platforms/AppleTVOS.platform/Developer/usr/lib/swift/host/plugins/libSwiftMacros.dylib\#/Applications/Xcode-27.0.0-Release.Candidate.app/Contents/Developer/Platforms/AppleTVOS.platform/Developer/usr/bin/swift-plugin-server\#SwiftMacros -disable-implicit-swift-modules -Xcc -fno-implicit-modules -Xcc -fno-implicit-module-maps -explicit-swift-module-map-file /Users/admin/builder/spi-builder-workspace/.derivedData/Build/Intermediates.noindex/xsys.build/Debug-appletvos/xsys-t.build/Objects-normal/arm64/xsys-dependencies-1.json -Xllvm -aarch64-use-tbi -enable-objc-interop -stack-check -sdk /Applications/Xcode-27.0.0-Release.Candidate.app/Contents/Developer/Platforms/AppleTVOS.platform/Developer/SDKs/AppleTVOS27.0.sdk -I /Users/admin/builder/spi-builder-workspace/.derivedData/Build/Products/Debug-appletvos -Isystem /Applications/Xcode-27.0.0-Release.Candidate.app/Contents/Developer/Platforms/AppleTVOS.platform/Developer/usr/lib -F /Users/admin/builder/spi-builder-workspace/.derivedData/Build/Products/Debug-appletvos -F /Applications/Xcode-27.0.0-Release.Candidate.app/Contents/Developer/Platforms/AppleTVOS.platform/Developer/Library/Frameworks -F /Applications/Xcode-27.0.0-Release.Candidate.app/Contents/Developer/Platforms/AppleTVOS.platform/Developer/SDKs/AppleTVOS27.0.sdk/Developer/Library/Frameworks -module-cache-path /Users/admin/builder/spi-builder-workspace/.derivedData/Build/Intermediates.noindex/SwiftExplicitPrecompiledModules -no-color-diagnostics -Xcc -fno-color-diagnostics -enable-testing -g -debug-info-format\=dwarf -dwarf-version\=4 -profile-generate -profile-coverage-mapping -swift-version 5 -Onone -D SWIFT_PACKAGE -D DEBUG -D SWIFT_MODULE_RESOURCE_BUNDLE_UNAVAILABLE -D Xcode -serialize-debugging-options -enable-experimental-feature DebugDescriptionMacro -empty-abi-descriptor -validate-clang-modules-once -clang-build-session-file /Users/admin/builder/spi-builder-workspace/.derivedData/ModuleCache.noindex/Session.modulevalidation -Xcc -working-directory -Xcc /Users/admin/builder/spi-builder-workspace/.swiftpm/xcode -enable-anonymous-context-mangled-names -file-compilation-dir /Users/admin/builder/spi-builder-workspace/.swiftpm/xcode -Xcc -D_LIBCPP_HARDENING_MODE\=_LIBCPP_HARDENING_MODE_DEBUG -Xcc -ivfsstatcache -Xcc /Users/admin/builder/spi-builder-workspace/.derivedData/SDKStatCaches.noindex/appletvos27.0-24J360-e829b21a6f8c9b70876ba0858053c044b32bfd8d43560033f8d89884cdb90028.sdkstatcache -Xcc -fmodules-prune-interval\=86400 -Xcc -fmodules-prune-after\=345600 -Xcc -I/Users/admin/builder/spi-builder-workspace/.derivedData/Build/Products/Debug-appletvos/include -Xcc -I/Users/admin/builder/spi-builder-workspace/.derivedData/Build/Intermediates.noindex/xsys.build/Debug-appletvos/xsys-t.build/DerivedSources-normal/arm64 -Xcc -I/Users/admin/builder/spi-builder-workspace/.derivedData/Build/Intermediates.noindex/xsys.build/Debug-appletvos/xsys-t.build/DerivedSources/arm64 -Xcc -I/Users/admin/builder/spi-builder-workspace/.derivedData/Build/Intermediates.noindex/xsys.build/Debug-appletvos/xsys-t.build/DerivedSources -Xcc -DSWIFT_PACKAGE -Xcc -DDEBUG\=1 -no-auto-bridging-header-chaining -module-name xsys -const-gather-protocols-file /Users/admin/builder/spi-builder-workspace/.derivedData/Build/Intermediates.noindex/xsys.build/Debug-appletvos/xsys-t.build/Objects-normal/arm64/xsys_const_extract_protocols.json -disable-clang-spi -clang-target arm64-apple-tvos27.0 -target-sdk-version 27.0 -target-sdk-name appletvos27.0 -in-process-plugin-server-path /Applications/Xcode-27.0.0-Release.Candidate.app/Contents/Developer/Toolchains/XcodeDefault.xctoolchain/usr/lib/swift/host/libSwiftInProcPluginServer.dylib -emit-module-doc-path /Users/admin/builder/spi-builder-workspace/.derivedData/Build/Intermediates.noindex/xsys.build/Debug-appletvos/xsys-t.build/Objects-normal/arm64/xsys.swiftdoc -emit-module-source-info-path /Users/admin/builder/spi-builder-workspace/.derivedData/Build/Intermediates.noindex/xsys.build/Debug-appletvos/xsys-t.build/Objects-normal/arm64/xsys.swiftsourceinfo -emit-objc-header-path /Users/admin/builder/spi-builder-workspace/.derivedData/Build/Intermediates.noindex/xsys.build/Debug-appletvos/xsys-t.build/Objects-normal/arm64/xsys-Swift.h -serialize-diagnostics-path /Users/admin/builder/spi-builder-workspace/.derivedData/Build/Intermediates.noindex/xsys.build/Debug-appletvos/xsys-t.build/Objects-normal/arm64/xsys-primary-emit-module.dia -emit-dependencies-path /Users/admin/builder/spi-builder-workspace/.derivedData/Build/Intermediates.noindex/xsys.build/Debug-appletvos/xsys-t.build/Objects-normal/arm64/xsys-primary-emit-module.d -parse-as-library -o /Users/admin/builder/spi-builder-workspace/.derivedData/Build/Intermediates.noindex/xsys.build/Debug-appletvos/xsys-t.build/Objects-normal/arm64/xsys.swiftmodule -emit-abi-descriptor-path /Users/admin/builder/spi-builder-workspace/.derivedData/Build/Intermediates.noindex/xsys.build/Debug-appletvos/xsys-t.build/Objects-normal/arm64/xsys.abi.json
SwiftCompile normal arm64 (in target 'xsys' from project 'xsys')
cd /Users/admin/builder/spi-builder-workspace/.swiftpm/xcode
SwiftCompile normal arm64 Compiling\ timeval_any.swift /Users/admin/builder/spi-builder-workspace/Sources/xsys/timeval_any.swift (in target 'xsys' from project 'xsys')
SwiftCompile normal arm64 /Users/admin/builder/spi-builder-workspace/Sources/xsys/timeval_any.swift (in target 'xsys' from project 'xsys')
cd /Users/admin/builder/spi-builder-workspace/.swiftpm/xcode
builtin-SwiftPerFileCompile timeval_any.swift
SwiftCompile normal arm64 Compiling\ time.swift /Users/admin/builder/spi-builder-workspace/Sources/xsys/time.swift (in target 'xsys' from project 'xsys')
SwiftCompile normal arm64 /Users/admin/builder/spi-builder-workspace/Sources/xsys/time.swift (in target 'xsys' from project 'xsys')
cd /Users/admin/builder/spi-builder-workspace/.swiftpm/xcode
builtin-SwiftPerFileCompile time.swift
SwiftCompile normal arm64 Compiling\ timespec.swift /Users/admin/builder/spi-builder-workspace/Sources/xsys/timespec.swift (in target 'xsys' from project 'xsys')
SwiftCompile normal arm64 /Users/admin/builder/spi-builder-workspace/Sources/xsys/timespec.swift (in target 'xsys' from project 'xsys')
cd /Users/admin/builder/spi-builder-workspace/.swiftpm/xcode
builtin-SwiftPerFileCompile timespec.swift
PruneExplicitPrecompiledModules /Users/admin/builder/spi-builder-workspace/.derivedData/Build/Intermediates.noindex/SwiftExplicitPrecompiledModules
PruneExplicitPrecompiledModules /Users/admin/builder/spi-builder-workspace/.derivedData/SDKExplicitPrecompiledModules
PruneExplicitPrecompiledModules /Users/admin/builder/spi-builder-workspace/.derivedData/Build/Intermediates.noindex/ExplicitPrecompiledModules
2026-09-17 20:03:38.397 xcodebuild[743:4549] [MT] IDERunDestination: Supported platforms for the buildables in the current scheme is empty.
** BUILD FAILED **
The following build commands failed:
SwiftEmitModule normal arm64 Emitting\ module\ for\ xsys (in target 'xsys' from project 'xsys')
SwiftCompile normal arm64 (in target 'xsys' from project 'xsys')
Building workspace xsys with scheme xsys
(3 failures)
BUILD FAILURE 6.4 tvOS