Build Information
Failed to build WWHttpFetchTool, reference main (359ab7), with Swift 6.3 for watchOS using Xcode 26.4 on 28 Jun 2026 07:52:32 UTC.
Build Command
env DEVELOPER_DIR=/Applications/Xcode-26.4.0.app xcrun xcodebuild -IDEClonedSourcePackagesDirPathOverride=$PWD/.dependencies -skipMacroValidation -skipPackagePluginValidation -derivedDataPath $PWD/.derivedData build -scheme WWHttpFetchTool -destination generic/platform=watchOSBuild Log
========================================
RunAll
========================================
Builder version: undefined version: run 'make version' to update
Interrupt handler set up.
========================================
Checkout
========================================
Clone URL: https://github.com/William-Weng/WWHttpFetchTool.git
Reference: main
Initialized empty Git repository in /Users/admin/builder/spi-builder-workspace/.git/
From https://github.com/William-Weng/WWHttpFetchTool
* branch main -> FETCH_HEAD
* [new branch] main -> origin/main
HEAD is now at 359ab7c Update README.en.md
Cloned https://github.com/William-Weng/WWHttpFetchTool.git
Revision (git rev-parse @):
359ab7c87f7ce4bd27473d1aea5bf3a9d134fbcd
SUCCESS checkout https://github.com/William-Weng/WWHttpFetchTool.git at main
========================================
Build
========================================
Selected platform: watchOS
Swift version: 6.3
Building package at path: $PWD
https://github.com/William-Weng/WWHttpFetchTool.git
Command line invocation:
/Applications/Xcode-26.4.0.app/Contents/Developer/usr/bin/xcodebuild -IDEClonedSourcePackagesDirPathOverride=/Users/admin/builder/spi-builder-workspace/.dependencies -resolvePackageDependencies
Resolve Package Graph
Resolve Package Graph
Resolved source packages:
WWHttpFetchTool: /Users/admin/builder/spi-builder-workspace
resolved source packages: WWHttpFetchTool
2026-06-28 03:52:04.273 xcodebuild[575:3188] [MT] IDERunDestination: Supported platforms for the buildables in the current scheme is empty.
{
"dependencies" : [
],
"manifest_display_name" : "WWHttpFetchTool",
"name" : "WWHttpFetchTool",
"path" : "/Users/admin/builder/spi-builder-workspace",
"platforms" : [
{
"name" : "ios",
"version" : "26.0"
}
],
"products" : [
{
"name" : "WWHttpFetchTool",
"targets" : [
"WWHttpFetchTool"
],
"type" : {
"library" : [
"automatic"
]
}
}
],
"swift_languages_versions" : [
"6"
],
"targets" : [
{
"c99name" : "WWHttpFetchTool",
"module_type" : "SwiftTarget",
"name" : "WWHttpFetchTool",
"path" : "Sources/WWHttpFetchTool",
"product_memberships" : [
"WWHttpFetchTool"
],
"resources" : [
{
"path" : "/Users/admin/builder/spi-builder-workspace/Sources/WWHttpFetchTool/Privacy",
"rule" : {
"copy" : {
}
}
}
],
"sources" : [
"Utility/Error.swift",
"Utility/Service.swift",
"WWHttpFetchTool.swift"
],
"type" : "library"
}
],
"tools_version" : "6.2"
}
{
"workspace" : {
"name" : "spi-builder-workspace",
"schemes" : [
"WWHttpFetchTool"
]
}
}
2026-06-28 03:52:24.499 xcodebuild[737:4432] [MT] IDERunDestination: Supported platforms for the buildables in the current scheme is empty.
Running build ...
env DEVELOPER_DIR=/Applications/Xcode-26.4.0.app xcrun xcodebuild -IDEClonedSourcePackagesDirPathOverride=$PWD/.dependencies -skipMacroValidation -skipPackagePluginValidation -derivedDataPath $PWD/.derivedData build -scheme WWHttpFetchTool -destination generic/platform=watchOS
Command line invocation:
/Applications/Xcode-26.4.0.app/Contents/Developer/usr/bin/xcodebuild -IDEClonedSourcePackagesDirPathOverride=/Users/admin/builder/spi-builder-workspace/.dependencies -skipMacroValidation -skipPackagePluginValidation -derivedDataPath /Users/admin/builder/spi-builder-workspace/.derivedData build -scheme WWHttpFetchTool -destination generic/platform=watchOS
Resolve Package Graph
Resolved source packages:
WWHttpFetchTool: /Users/admin/builder/spi-builder-workspace
ComputePackagePrebuildTargetDependencyGraph
Prepare packages
CreateBuildRequest
SendProjectDescription
CreateBuildOperation
ComputeTargetDependencyGraph
note: Building targets in dependency order
note: Target dependency graph (3 targets)
Target 'WWHttpFetchTool' in project 'WWHttpFetchTool'
➜ Explicit dependency on target 'WWHttpFetchTool' in project 'WWHttpFetchTool'
➜ Explicit dependency on target 'WWHttpFetchTool_WWHttpFetchTool' in project 'WWHttpFetchTool'
Target 'WWHttpFetchTool' in project 'WWHttpFetchTool'
➜ Explicit dependency on target 'WWHttpFetchTool_WWHttpFetchTool' in project 'WWHttpFetchTool'
Target 'WWHttpFetchTool_WWHttpFetchTool' in project 'WWHttpFetchTool' (no dependencies)
GatherProvisioningInputs
CreateBuildDescription
ExecuteExternalTool /Applications/Xcode-26.4.0.app/Contents/Developer/Toolchains/XcodeDefault.xctoolchain/usr/bin/clang -v -E -dM -isysroot /Applications/Xcode-26.4.0.app/Contents/Developer/Platforms/WatchOS.platform/Developer/SDKs/WatchOS26.4.sdk -x c -c /dev/null
ExecuteExternalTool /Applications/Xcode-26.4.0.app/Contents/Developer/Toolchains/XcodeDefault.xctoolchain/usr/bin/swiftc --version
ExecuteExternalTool /Applications/Xcode-26.4.0.app/Contents/Developer/Toolchains/XcodeDefault.xctoolchain/usr/bin/ld -version_details
Build description signature: c0f2b9f9ecefa975d0b565bf3badfe20
Build description path: /Users/admin/builder/spi-builder-workspace/.derivedData/Build/Intermediates.noindex/XCBuildData/c0f2b9f9ecefa975d0b565bf3badfe20.xcbuilddata
CreateBuildDirectory /Users/admin/builder/spi-builder-workspace/.derivedData/Build/Products
cd /Users/admin/builder/spi-builder-workspace/.swiftpm/xcode
builtin-create-build-directory /Users/admin/builder/spi-builder-workspace/.derivedData/Build/Products
CreateBuildDirectory /Users/admin/builder/spi-builder-workspace/.derivedData/Build/Intermediates.noindex
cd /Users/admin/builder/spi-builder-workspace/.swiftpm/xcode
builtin-create-build-directory /Users/admin/builder/spi-builder-workspace/.derivedData/Build/Intermediates.noindex
ClangStatCache /Applications/Xcode-26.4.0.app/Contents/Developer/Toolchains/XcodeDefault.xctoolchain/usr/bin/clang-stat-cache /Applications/Xcode-26.4.0.app/Contents/Developer/Platforms/WatchOS.platform/Developer/SDKs/WatchOS26.4.sdk /Users/admin/builder/spi-builder-workspace/.derivedData/SDKStatCaches.noindex/watchos26.4-23T238-688ef53f1462e2c8f657fdc38a81448f9e51884a582f42380855760c9d4cc599.sdkstatcache
cd /Users/admin/builder/spi-builder-workspace/.swiftpm/xcode
/Applications/Xcode-26.4.0.app/Contents/Developer/Toolchains/XcodeDefault.xctoolchain/usr/bin/clang-stat-cache /Applications/Xcode-26.4.0.app/Contents/Developer/Platforms/WatchOS.platform/Developer/SDKs/WatchOS26.4.sdk -o /Users/admin/builder/spi-builder-workspace/.derivedData/SDKStatCaches.noindex/watchos26.4-23T238-688ef53f1462e2c8f657fdc38a81448f9e51884a582f42380855760c9d4cc599.sdkstatcache
CreateBuildDirectory /Users/admin/builder/spi-builder-workspace/.derivedData/Build/Intermediates.noindex/SwiftExplicitPrecompiledModules
cd /Users/admin/builder/spi-builder-workspace/.swiftpm/xcode
builtin-create-build-directory /Users/admin/builder/spi-builder-workspace/.derivedData/Build/Intermediates.noindex/SwiftExplicitPrecompiledModules
CreateBuildDirectory /Users/admin/builder/spi-builder-workspace/.derivedData/Build/Intermediates.noindex/ExplicitPrecompiledModules
cd /Users/admin/builder/spi-builder-workspace/.swiftpm/xcode
builtin-create-build-directory /Users/admin/builder/spi-builder-workspace/.derivedData/Build/Intermediates.noindex/ExplicitPrecompiledModules
CreateBuildDirectory /Users/admin/builder/spi-builder-workspace/.derivedData/Build/Intermediates.noindex/EagerLinkingTBDs/Debug-watchos
cd /Users/admin/builder/spi-builder-workspace/.swiftpm/xcode
builtin-create-build-directory /Users/admin/builder/spi-builder-workspace/.derivedData/Build/Intermediates.noindex/EagerLinkingTBDs/Debug-watchos
CreateBuildDirectory /Users/admin/builder/spi-builder-workspace/.derivedData/Build/Products/Debug-watchos
cd /Users/admin/builder/spi-builder-workspace/.swiftpm/xcode
builtin-create-build-directory /Users/admin/builder/spi-builder-workspace/.derivedData/Build/Products/Debug-watchos
CreateBuildDirectory /Users/admin/builder/spi-builder-workspace/.derivedData/Build/Products/Debug-watchos/PackageFrameworks
cd /Users/admin/builder/spi-builder-workspace/.swiftpm/xcode
builtin-create-build-directory /Users/admin/builder/spi-builder-workspace/.derivedData/Build/Products/Debug-watchos/PackageFrameworks
MkDir /Users/admin/builder/spi-builder-workspace/.derivedData/Build/Products/Debug-watchos/WWHttpFetchTool_WWHttpFetchTool.bundle (in target 'WWHttpFetchTool_WWHttpFetchTool' from project 'WWHttpFetchTool')
cd /Users/admin/builder/spi-builder-workspace
/bin/mkdir -p /Users/admin/builder/spi-builder-workspace/.derivedData/Build/Products/Debug-watchos/WWHttpFetchTool_WWHttpFetchTool.bundle
WriteAuxiliaryFile /Users/admin/builder/spi-builder-workspace/.derivedData/Build/Intermediates.noindex/WWHttpFetchTool.build/Debug-watchos/WWHttpFetchTool_WWHttpFetchTool.build/WWHttpFetchTool_WWHttpFetchTool.DependencyMetadataFileList (in target 'WWHttpFetchTool_WWHttpFetchTool' from project 'WWHttpFetchTool')
cd /Users/admin/builder/spi-builder-workspace
write-file /Users/admin/builder/spi-builder-workspace/.derivedData/Build/Intermediates.noindex/WWHttpFetchTool.build/Debug-watchos/WWHttpFetchTool_WWHttpFetchTool.build/WWHttpFetchTool_WWHttpFetchTool.DependencyMetadataFileList
WriteAuxiliaryFile /Users/admin/builder/spi-builder-workspace/.derivedData/Build/Intermediates.noindex/WWHttpFetchTool.build/Debug-watchos/WWHttpFetchTool_WWHttpFetchTool.build/WWHttpFetchTool_WWHttpFetchTool.DependencyStaticMetadataFileList (in target 'WWHttpFetchTool_WWHttpFetchTool' from project 'WWHttpFetchTool')
cd /Users/admin/builder/spi-builder-workspace
write-file /Users/admin/builder/spi-builder-workspace/.derivedData/Build/Intermediates.noindex/WWHttpFetchTool.build/Debug-watchos/WWHttpFetchTool_WWHttpFetchTool.build/WWHttpFetchTool_WWHttpFetchTool.DependencyStaticMetadataFileList
WriteAuxiliaryFile /Users/admin/builder/spi-builder-workspace/.derivedData/Build/Intermediates.noindex/WWHttpFetchTool.build/Debug-watchos/WWHttpFetchTool.build/WWHttpFetchTool.modulemap (in target 'WWHttpFetchTool' from project 'WWHttpFetchTool')
cd /Users/admin/builder/spi-builder-workspace
write-file /Users/admin/builder/spi-builder-workspace/.derivedData/Build/Intermediates.noindex/WWHttpFetchTool.build/Debug-watchos/WWHttpFetchTool.build/WWHttpFetchTool.modulemap
WriteAuxiliaryFile /Users/admin/builder/spi-builder-workspace/.derivedData/Build/Intermediates.noindex/WWHttpFetchTool.build/Debug-watchos/WWHttpFetchTool_WWHttpFetchTool.build/empty-WWHttpFetchTool_WWHttpFetchTool.plist (in target 'WWHttpFetchTool_WWHttpFetchTool' from project 'WWHttpFetchTool')
cd /Users/admin/builder/spi-builder-workspace
write-file /Users/admin/builder/spi-builder-workspace/.derivedData/Build/Intermediates.noindex/WWHttpFetchTool.build/Debug-watchos/WWHttpFetchTool_WWHttpFetchTool.build/empty-WWHttpFetchTool_WWHttpFetchTool.plist
WriteAuxiliaryFile /Users/admin/builder/spi-builder-workspace/.derivedData/Build/Intermediates.noindex/WWHttpFetchTool.build/Debug-watchos/WWHttpFetchTool.build/WWHttpFetchTool.DependencyMetadataFileList (in target 'WWHttpFetchTool' from project 'WWHttpFetchTool')
cd /Users/admin/builder/spi-builder-workspace
write-file /Users/admin/builder/spi-builder-workspace/.derivedData/Build/Intermediates.noindex/WWHttpFetchTool.build/Debug-watchos/WWHttpFetchTool.build/WWHttpFetchTool.DependencyMetadataFileList
WriteAuxiliaryFile /Users/admin/builder/spi-builder-workspace/.derivedData/Build/Intermediates.noindex/WWHttpFetchTool.build/Debug-watchos/WWHttpFetchTool.build/WWHttpFetchTool.DependencyStaticMetadataFileList (in target 'WWHttpFetchTool' from project 'WWHttpFetchTool')
cd /Users/admin/builder/spi-builder-workspace
write-file /Users/admin/builder/spi-builder-workspace/.derivedData/Build/Intermediates.noindex/WWHttpFetchTool.build/Debug-watchos/WWHttpFetchTool.build/WWHttpFetchTool.DependencyStaticMetadataFileList
WriteAuxiliaryFile /Users/admin/builder/spi-builder-workspace/.derivedData/Build/Intermediates.noindex/WWHttpFetchTool.build/Debug-watchos/WWHttpFetchTool.build/Objects-normal/arm64_32/WWHttpFetchTool.SwiftFileList (in target 'WWHttpFetchTool' from project 'WWHttpFetchTool')
cd /Users/admin/builder/spi-builder-workspace
write-file /Users/admin/builder/spi-builder-workspace/.derivedData/Build/Intermediates.noindex/WWHttpFetchTool.build/Debug-watchos/WWHttpFetchTool.build/Objects-normal/arm64_32/WWHttpFetchTool.SwiftFileList
WriteAuxiliaryFile /Users/admin/builder/spi-builder-workspace/.derivedData/Build/Intermediates.noindex/WWHttpFetchTool.build/Debug-watchos/WWHttpFetchTool.build/Objects-normal/arm64_32/WWHttpFetchTool_const_extract_protocols.json (in target 'WWHttpFetchTool' from project 'WWHttpFetchTool')
cd /Users/admin/builder/spi-builder-workspace
write-file /Users/admin/builder/spi-builder-workspace/.derivedData/Build/Intermediates.noindex/WWHttpFetchTool.build/Debug-watchos/WWHttpFetchTool.build/Objects-normal/arm64_32/WWHttpFetchTool_const_extract_protocols.json
WriteAuxiliaryFile /Users/admin/builder/spi-builder-workspace/.derivedData/Build/Intermediates.noindex/WWHttpFetchTool.build/Debug-watchos/WWHttpFetchTool.build/Objects-normal/arm64_32/WWHttpFetchTool.SwiftConstValuesFileList (in target 'WWHttpFetchTool' from project 'WWHttpFetchTool')
cd /Users/admin/builder/spi-builder-workspace
write-file /Users/admin/builder/spi-builder-workspace/.derivedData/Build/Intermediates.noindex/WWHttpFetchTool.build/Debug-watchos/WWHttpFetchTool.build/Objects-normal/arm64_32/WWHttpFetchTool.SwiftConstValuesFileList
WriteAuxiliaryFile /Users/admin/builder/spi-builder-workspace/.derivedData/Build/Intermediates.noindex/WWHttpFetchTool.build/Debug-watchos/WWHttpFetchTool.build/Objects-normal/arm64_32/WWHttpFetchTool.LinkFileList (in target 'WWHttpFetchTool' from project 'WWHttpFetchTool')
cd /Users/admin/builder/spi-builder-workspace
write-file /Users/admin/builder/spi-builder-workspace/.derivedData/Build/Intermediates.noindex/WWHttpFetchTool.build/Debug-watchos/WWHttpFetchTool.build/Objects-normal/arm64_32/WWHttpFetchTool.LinkFileList
WriteAuxiliaryFile /Users/admin/builder/spi-builder-workspace/.derivedData/Build/Intermediates.noindex/WWHttpFetchTool.build/Debug-watchos/WWHttpFetchTool.build/Objects-normal/arm64_32/WWHttpFetchTool-OutputFileMap.json (in target 'WWHttpFetchTool' from project 'WWHttpFetchTool')
cd /Users/admin/builder/spi-builder-workspace
write-file /Users/admin/builder/spi-builder-workspace/.derivedData/Build/Intermediates.noindex/WWHttpFetchTool.build/Debug-watchos/WWHttpFetchTool.build/Objects-normal/arm64_32/WWHttpFetchTool-OutputFileMap.json
WriteAuxiliaryFile /Users/admin/builder/spi-builder-workspace/.derivedData/Build/Intermediates.noindex/WWHttpFetchTool.build/Debug-watchos/WWHttpFetchTool.build/Objects-normal/arm64/WWHttpFetchTool.SwiftFileList (in target 'WWHttpFetchTool' from project 'WWHttpFetchTool')
cd /Users/admin/builder/spi-builder-workspace
write-file /Users/admin/builder/spi-builder-workspace/.derivedData/Build/Intermediates.noindex/WWHttpFetchTool.build/Debug-watchos/WWHttpFetchTool.build/Objects-normal/arm64/WWHttpFetchTool.SwiftFileList
WriteAuxiliaryFile /Users/admin/builder/spi-builder-workspace/.derivedData/Build/Intermediates.noindex/WWHttpFetchTool.build/Debug-watchos/WWHttpFetchTool.build/Objects-normal/arm64/WWHttpFetchTool_const_extract_protocols.json (in target 'WWHttpFetchTool' from project 'WWHttpFetchTool')
cd /Users/admin/builder/spi-builder-workspace
write-file /Users/admin/builder/spi-builder-workspace/.derivedData/Build/Intermediates.noindex/WWHttpFetchTool.build/Debug-watchos/WWHttpFetchTool.build/Objects-normal/arm64/WWHttpFetchTool_const_extract_protocols.json
WriteAuxiliaryFile /Users/admin/builder/spi-builder-workspace/.derivedData/Build/Intermediates.noindex/WWHttpFetchTool.build/Debug-watchos/WWHttpFetchTool.build/Objects-normal/arm64/WWHttpFetchTool.SwiftConstValuesFileList (in target 'WWHttpFetchTool' from project 'WWHttpFetchTool')
cd /Users/admin/builder/spi-builder-workspace
write-file /Users/admin/builder/spi-builder-workspace/.derivedData/Build/Intermediates.noindex/WWHttpFetchTool.build/Debug-watchos/WWHttpFetchTool.build/Objects-normal/arm64/WWHttpFetchTool.SwiftConstValuesFileList
WriteAuxiliaryFile /Users/admin/builder/spi-builder-workspace/.derivedData/Build/Intermediates.noindex/WWHttpFetchTool.build/Debug-watchos/WWHttpFetchTool.build/Objects-normal/arm64/WWHttpFetchTool.LinkFileList (in target 'WWHttpFetchTool' from project 'WWHttpFetchTool')
cd /Users/admin/builder/spi-builder-workspace
write-file /Users/admin/builder/spi-builder-workspace/.derivedData/Build/Intermediates.noindex/WWHttpFetchTool.build/Debug-watchos/WWHttpFetchTool.build/Objects-normal/arm64/WWHttpFetchTool.LinkFileList
WriteAuxiliaryFile /Users/admin/builder/spi-builder-workspace/.derivedData/Build/Intermediates.noindex/WWHttpFetchTool.build/Debug-watchos/WWHttpFetchTool.build/Objects-normal/arm64/WWHttpFetchTool-OutputFileMap.json (in target 'WWHttpFetchTool' from project 'WWHttpFetchTool')
cd /Users/admin/builder/spi-builder-workspace
write-file /Users/admin/builder/spi-builder-workspace/.derivedData/Build/Intermediates.noindex/WWHttpFetchTool.build/Debug-watchos/WWHttpFetchTool.build/Objects-normal/arm64/WWHttpFetchTool-OutputFileMap.json
WriteAuxiliaryFile /Users/admin/builder/spi-builder-workspace/.derivedData/Build/Intermediates.noindex/WWHttpFetchTool.build/Debug-watchos/WWHttpFetchTool.build/DerivedSources/resource_bundle_accessor.swift (in target 'WWHttpFetchTool' from project 'WWHttpFetchTool')
cd /Users/admin/builder/spi-builder-workspace
write-file /Users/admin/builder/spi-builder-workspace/.derivedData/Build/Intermediates.noindex/WWHttpFetchTool.build/Debug-watchos/WWHttpFetchTool.build/DerivedSources/resource_bundle_accessor.swift
Copy /Users/admin/builder/spi-builder-workspace/.derivedData/Build/Intermediates.noindex/GeneratedModuleMaps-watchos/WWHttpFetchTool.modulemap /Users/admin/builder/spi-builder-workspace/.derivedData/Build/Intermediates.noindex/WWHttpFetchTool.build/Debug-watchos/WWHttpFetchTool.build/WWHttpFetchTool.modulemap (in target 'WWHttpFetchTool' from project 'WWHttpFetchTool')
cd /Users/admin/builder/spi-builder-workspace
builtin-copy -exclude .DS_Store -exclude CVS -exclude .svn -exclude .git -exclude .hg -resolve-src-symlinks /Users/admin/builder/spi-builder-workspace/.derivedData/Build/Intermediates.noindex/WWHttpFetchTool.build/Debug-watchos/WWHttpFetchTool.build/WWHttpFetchTool.modulemap /Users/admin/builder/spi-builder-workspace/.derivedData/Build/Intermediates.noindex/GeneratedModuleMaps-watchos
ProcessInfoPlistFile /Users/admin/builder/spi-builder-workspace/.derivedData/Build/Products/Debug-watchos/WWHttpFetchTool_WWHttpFetchTool.bundle/Info.plist /Users/admin/builder/spi-builder-workspace/.derivedData/Build/Intermediates.noindex/WWHttpFetchTool.build/Debug-watchos/WWHttpFetchTool_WWHttpFetchTool.build/empty-WWHttpFetchTool_WWHttpFetchTool.plist (in target 'WWHttpFetchTool_WWHttpFetchTool' from project 'WWHttpFetchTool')
cd /Users/admin/builder/spi-builder-workspace
builtin-infoPlistUtility /Users/admin/builder/spi-builder-workspace/.derivedData/Build/Intermediates.noindex/WWHttpFetchTool.build/Debug-watchos/WWHttpFetchTool_WWHttpFetchTool.build/empty-WWHttpFetchTool_WWHttpFetchTool.plist -producttype com.apple.product-type.bundle -expandbuildsettings -format binary -platform watchos -o /Users/admin/builder/spi-builder-workspace/.derivedData/Build/Products/Debug-watchos/WWHttpFetchTool_WWHttpFetchTool.bundle/Info.plist
CpResource /Users/admin/builder/spi-builder-workspace/.derivedData/Build/Products/Debug-watchos/WWHttpFetchTool_WWHttpFetchTool.bundle/Privacy /Users/admin/builder/spi-builder-workspace/Sources/WWHttpFetchTool/Privacy (in target 'WWHttpFetchTool_WWHttpFetchTool' from project 'WWHttpFetchTool')
cd /Users/admin/builder/spi-builder-workspace
builtin-copy -exclude .DS_Store -exclude CVS -exclude .svn -exclude .git -exclude .hg -resolve-src-symlinks /Users/admin/builder/spi-builder-workspace/Sources/WWHttpFetchTool/Privacy /Users/admin/builder/spi-builder-workspace/.derivedData/Build/Products/Debug-watchos/WWHttpFetchTool_WWHttpFetchTool.bundle
RegisterExecutionPolicyException /Users/admin/builder/spi-builder-workspace/.derivedData/Build/Products/Debug-watchos/WWHttpFetchTool_WWHttpFetchTool.bundle (in target 'WWHttpFetchTool_WWHttpFetchTool' from project 'WWHttpFetchTool')
cd /Users/admin/builder/spi-builder-workspace
builtin-RegisterExecutionPolicyException /Users/admin/builder/spi-builder-workspace/.derivedData/Build/Products/Debug-watchos/WWHttpFetchTool_WWHttpFetchTool.bundle
Touch /Users/admin/builder/spi-builder-workspace/.derivedData/Build/Products/Debug-watchos/WWHttpFetchTool_WWHttpFetchTool.bundle (in target 'WWHttpFetchTool_WWHttpFetchTool' from project 'WWHttpFetchTool')
cd /Users/admin/builder/spi-builder-workspace
/usr/bin/touch -c /Users/admin/builder/spi-builder-workspace/.derivedData/Build/Products/Debug-watchos/WWHttpFetchTool_WWHttpFetchTool.bundle
SwiftDriver WWHttpFetchTool normal arm64 com.apple.xcode.tools.swift.compiler (in target 'WWHttpFetchTool' from project 'WWHttpFetchTool')
cd /Users/admin/builder/spi-builder-workspace/.swiftpm/xcode
builtin-SwiftDriver -- /Applications/Xcode-26.4.0.app/Contents/Developer/Toolchains/XcodeDefault.xctoolchain/usr/bin/swiftc -module-name WWHttpFetchTool -Onone @/Users/admin/builder/spi-builder-workspace/.derivedData/Build/Intermediates.noindex/WWHttpFetchTool.build/Debug-watchos/WWHttpFetchTool.build/Objects-normal/arm64/WWHttpFetchTool.SwiftFileList -DSWIFT_PACKAGE -DDEBUG -DSWIFT_MODULE_RESOURCE_BUNDLE_AVAILABLE -DXcode -plugin-path /Applications/Xcode-26.4.0.app/Contents/Developer/Toolchains/XcodeDefault.xctoolchain/usr/lib/swift/host/plugins/testing -enable-experimental-feature DebugDescriptionMacro -sdk /Applications/Xcode-26.4.0.app/Contents/Developer/Platforms/WatchOS.platform/Developer/SDKs/WatchOS26.4.sdk -target arm64-apple-watchos26.0 -g -module-cache-path /Users/admin/builder/spi-builder-workspace/.derivedData/ModuleCache.noindex -Xfrontend -serialize-debugging-options -enable-testing -index-store-path /Users/admin/builder/spi-builder-workspace/.derivedData/Index.noindex/DataStore -Xcc -D_LIBCPP_HARDENING_MODE\=_LIBCPP_HARDENING_MODE_DEBUG -swift-version 6 -I /Users/admin/builder/spi-builder-workspace/.derivedData/Build/Products/Debug-watchos -Isystem /Applications/Xcode-26.4.0.app/Contents/Developer/Platforms/WatchOS.platform/Developer/usr/lib -F /Users/admin/builder/spi-builder-workspace/.derivedData/Build/Products/Debug-watchos -F /Applications/Xcode-26.4.0.app/Contents/Developer/Platforms/WatchOS.platform/Developer/Library/Frameworks -F /Applications/Xcode-26.4.0.app/Contents/Developer/Platforms/WatchOS.platform/Developer/SDKs/WatchOS26.4.sdk/Developer/Library/Frameworks -c -j10 -enable-batch-mode -incremental -Xcc -ivfsstatcache -Xcc /Users/admin/builder/spi-builder-workspace/.derivedData/SDKStatCaches.noindex/watchos26.4-23T238-688ef53f1462e2c8f657fdc38a81448f9e51884a582f42380855760c9d4cc599.sdkstatcache -output-file-map /Users/admin/builder/spi-builder-workspace/.derivedData/Build/Intermediates.noindex/WWHttpFetchTool.build/Debug-watchos/WWHttpFetchTool.build/Objects-normal/arm64/WWHttpFetchTool-OutputFileMap.json -use-frontend-parseable-output -save-temps -no-color-diagnostics -explicit-module-build -module-cache-path /Users/admin/builder/spi-builder-workspace/.derivedData/Build/Intermediates.noindex/SwiftExplicitPrecompiledModules -clang-scanner-module-cache-path /Users/admin/builder/spi-builder-workspace/.derivedData/ModuleCache.noindex -sdk-module-cache-path /Users/admin/builder/spi-builder-workspace/.derivedData/ModuleCache.noindex -serialize-diagnostics -emit-dependencies -emit-module -emit-module-path /Users/admin/builder/spi-builder-workspace/.derivedData/Build/Intermediates.noindex/WWHttpFetchTool.build/Debug-watchos/WWHttpFetchTool.build/Objects-normal/arm64/WWHttpFetchTool.swiftmodule -validate-clang-modules-once -clang-build-session-file /Users/admin/builder/spi-builder-workspace/.derivedData/ModuleCache.noindex/Session.modulevalidation -package-name spi_builder_workspace -Xcc -I/Users/admin/builder/spi-builder-workspace/.derivedData/Build/Intermediates.noindex/WWHttpFetchTool.build/Debug-watchos/WWHttpFetchTool.build/swift-overrides.hmap -emit-const-values -Xfrontend -const-gather-protocols-file -Xfrontend /Users/admin/builder/spi-builder-workspace/.derivedData/Build/Intermediates.noindex/WWHttpFetchTool.build/Debug-watchos/WWHttpFetchTool.build/Objects-normal/arm64/WWHttpFetchTool_const_extract_protocols.json -Xcc -I/Users/admin/builder/spi-builder-workspace/.derivedData/Build/Products/Debug-watchos/include -Xcc -I/Users/admin/builder/spi-builder-workspace/.derivedData/Build/Intermediates.noindex/WWHttpFetchTool.build/Debug-watchos/WWHttpFetchTool.build/DerivedSources-normal/arm64 -Xcc -I/Users/admin/builder/spi-builder-workspace/.derivedData/Build/Intermediates.noindex/WWHttpFetchTool.build/Debug-watchos/WWHttpFetchTool.build/DerivedSources/arm64 -Xcc -I/Users/admin/builder/spi-builder-workspace/.derivedData/Build/Intermediates.noindex/WWHttpFetchTool.build/Debug-watchos/WWHttpFetchTool.build/DerivedSources -Xcc -DSWIFT_PACKAGE -Xcc -DDEBUG\=1 -emit-objc-header -emit-objc-header-path /Users/admin/builder/spi-builder-workspace/.derivedData/Build/Intermediates.noindex/WWHttpFetchTool.build/Debug-watchos/WWHttpFetchTool.build/Objects-normal/arm64/WWHttpFetchTool-Swift.h -working-directory /Users/admin/builder/spi-builder-workspace/.swiftpm/xcode -experimental-emit-module-separately -disable-cmo
/Users/admin/builder/spi-builder-workspace/Sources/WWHttpFetchTool/WWHttpFetchTool.swift:8:8: error: Unable to resolve module dependency: 'FoundationModels'
import FoundationModels
^ (in target 'WWHttpFetchTool' from project 'WWHttpFetchTool')
/Users/admin/builder/spi-builder-workspace/Sources/WWHttpFetchTool/WWHttpFetchTool.swift:8:8: note: A dependency of main module 'WWHttpFetchTool'
import FoundationModels
^ (in target 'WWHttpFetchTool' from project 'WWHttpFetchTool')
SwiftDriver WWHttpFetchTool normal arm64_32 com.apple.xcode.tools.swift.compiler (in target 'WWHttpFetchTool' from project 'WWHttpFetchTool')
cd /Users/admin/builder/spi-builder-workspace/.swiftpm/xcode
builtin-SwiftDriver -- /Applications/Xcode-26.4.0.app/Contents/Developer/Toolchains/XcodeDefault.xctoolchain/usr/bin/swiftc -module-name WWHttpFetchTool -Onone @/Users/admin/builder/spi-builder-workspace/.derivedData/Build/Intermediates.noindex/WWHttpFetchTool.build/Debug-watchos/WWHttpFetchTool.build/Objects-normal/arm64_32/WWHttpFetchTool.SwiftFileList -DSWIFT_PACKAGE -DDEBUG -DSWIFT_MODULE_RESOURCE_BUNDLE_AVAILABLE -DXcode -plugin-path /Applications/Xcode-26.4.0.app/Contents/Developer/Toolchains/XcodeDefault.xctoolchain/usr/lib/swift/host/plugins/testing -enable-experimental-feature DebugDescriptionMacro -sdk /Applications/Xcode-26.4.0.app/Contents/Developer/Platforms/WatchOS.platform/Developer/SDKs/WatchOS26.4.sdk -target arm64_32-apple-watchos26.0 -g -module-cache-path /Users/admin/builder/spi-builder-workspace/.derivedData/ModuleCache.noindex -Xfrontend -serialize-debugging-options -enable-testing -index-store-path /Users/admin/builder/spi-builder-workspace/.derivedData/Index.noindex/DataStore -Xcc -D_LIBCPP_HARDENING_MODE\=_LIBCPP_HARDENING_MODE_DEBUG -swift-version 6 -I /Users/admin/builder/spi-builder-workspace/.derivedData/Build/Products/Debug-watchos -Isystem /Applications/Xcode-26.4.0.app/Contents/Developer/Platforms/WatchOS.platform/Developer/usr/lib -F /Users/admin/builder/spi-builder-workspace/.derivedData/Build/Products/Debug-watchos -F /Applications/Xcode-26.4.0.app/Contents/Developer/Platforms/WatchOS.platform/Developer/Library/Frameworks -F /Applications/Xcode-26.4.0.app/Contents/Developer/Platforms/WatchOS.platform/Developer/SDKs/WatchOS26.4.sdk/Developer/Library/Frameworks -c -j10 -enable-batch-mode -incremental -Xcc -ivfsstatcache -Xcc /Users/admin/builder/spi-builder-workspace/.derivedData/SDKStatCaches.noindex/watchos26.4-23T238-688ef53f1462e2c8f657fdc38a81448f9e51884a582f42380855760c9d4cc599.sdkstatcache -output-file-map /Users/admin/builder/spi-builder-workspace/.derivedData/Build/Intermediates.noindex/WWHttpFetchTool.build/Debug-watchos/WWHttpFetchTool.build/Objects-normal/arm64_32/WWHttpFetchTool-OutputFileMap.json -use-frontend-parseable-output -save-temps -no-color-diagnostics -explicit-module-build -module-cache-path /Users/admin/builder/spi-builder-workspace/.derivedData/Build/Intermediates.noindex/SwiftExplicitPrecompiledModules -clang-scanner-module-cache-path /Users/admin/builder/spi-builder-workspace/.derivedData/ModuleCache.noindex -sdk-module-cache-path /Users/admin/builder/spi-builder-workspace/.derivedData/ModuleCache.noindex -serialize-diagnostics -emit-dependencies -emit-module -emit-module-path /Users/admin/builder/spi-builder-workspace/.derivedData/Build/Intermediates.noindex/WWHttpFetchTool.build/Debug-watchos/WWHttpFetchTool.build/Objects-normal/arm64_32/WWHttpFetchTool.swiftmodule -validate-clang-modules-once -clang-build-session-file /Users/admin/builder/spi-builder-workspace/.derivedData/ModuleCache.noindex/Session.modulevalidation -package-name spi_builder_workspace -Xcc -I/Users/admin/builder/spi-builder-workspace/.derivedData/Build/Intermediates.noindex/WWHttpFetchTool.build/Debug-watchos/WWHttpFetchTool.build/swift-overrides.hmap -emit-const-values -Xfrontend -const-gather-protocols-file -Xfrontend /Users/admin/builder/spi-builder-workspace/.derivedData/Build/Intermediates.noindex/WWHttpFetchTool.build/Debug-watchos/WWHttpFetchTool.build/Objects-normal/arm64_32/WWHttpFetchTool_const_extract_protocols.json -Xcc -I/Users/admin/builder/spi-builder-workspace/.derivedData/Build/Products/Debug-watchos/include -Xcc -I/Users/admin/builder/spi-builder-workspace/.derivedData/Build/Intermediates.noindex/WWHttpFetchTool.build/Debug-watchos/WWHttpFetchTool.build/DerivedSources-normal/arm64_32 -Xcc -I/Users/admin/builder/spi-builder-workspace/.derivedData/Build/Intermediates.noindex/WWHttpFetchTool.build/Debug-watchos/WWHttpFetchTool.build/DerivedSources/arm64_32 -Xcc -I/Users/admin/builder/spi-builder-workspace/.derivedData/Build/Intermediates.noindex/WWHttpFetchTool.build/Debug-watchos/WWHttpFetchTool.build/DerivedSources -Xcc -DSWIFT_PACKAGE -Xcc -DDEBUG\=1 -emit-objc-header -emit-objc-header-path /Users/admin/builder/spi-builder-workspace/.derivedData/Build/Intermediates.noindex/WWHttpFetchTool.build/Debug-watchos/WWHttpFetchTool.build/Objects-normal/arm64_32/WWHttpFetchTool-Swift.h -working-directory /Users/admin/builder/spi-builder-workspace/.swiftpm/xcode -experimental-emit-module-separately -disable-cmo
/Users/admin/builder/spi-builder-workspace/Sources/WWHttpFetchTool/WWHttpFetchTool.swift:8:8: error: Unable to resolve module dependency: 'FoundationModels'
import FoundationModels
^ (in target 'WWHttpFetchTool' from project 'WWHttpFetchTool')
/Users/admin/builder/spi-builder-workspace/Sources/WWHttpFetchTool/WWHttpFetchTool.swift:8:8: note: A dependency of main module 'WWHttpFetchTool'
import FoundationModels
^ (in target 'WWHttpFetchTool' from project 'WWHttpFetchTool')
2026-06-28 03:52:25.922 xcodebuild[745:4522] [MT] IDERunDestination: Supported platforms for the buildables in the current scheme is empty.
/Users/admin/builder/spi-builder-workspace/Sources/WWHttpFetchTool/WWHttpFetchTool.swift:8:8: error: unable to resolve module dependency: 'FoundationModels'
import FoundationModels
^
/Users/admin/builder/spi-builder-workspace/Sources/WWHttpFetchTool/WWHttpFetchTool.swift:8:8: note: a dependency of main module 'WWHttpFetchTool'
import FoundationModels
^
/Users/admin/builder/spi-builder-workspace/Sources/WWHttpFetchTool/WWHttpFetchTool.swift:8:8: error: unable to resolve module dependency: 'FoundationModels'
import FoundationModels
^
/Users/admin/builder/spi-builder-workspace/Sources/WWHttpFetchTool/WWHttpFetchTool.swift:8:8: note: a dependency of main module 'WWHttpFetchTool'
import FoundationModels
^
** BUILD FAILED **
The following build commands failed:
SwiftDriver WWHttpFetchTool normal arm64 com.apple.xcode.tools.swift.compiler (in target 'WWHttpFetchTool' from project 'WWHttpFetchTool')
SwiftDriver WWHttpFetchTool normal arm64_32 com.apple.xcode.tools.swift.compiler (in target 'WWHttpFetchTool' from project 'WWHttpFetchTool')
Building workspace spi-builder-workspace with scheme WWHttpFetchTool
(3 failures)
Command line invocation:
/Applications/Xcode-26.4.0.app/Contents/Developer/usr/bin/xcodebuild -IDEClonedSourcePackagesDirPathOverride=/Users/admin/builder/spi-builder-workspace/.dependencies -resolvePackageDependencies
Resolve Package Graph
Resolved source packages:
WWHttpFetchTool: /Users/admin/builder/spi-builder-workspace
resolved source packages: WWHttpFetchTool
2026-06-28 03:52:30.325 xcodebuild[763:4706] [MT] IDERunDestination: Supported platforms for the buildables in the current scheme is empty.
{
"dependencies" : [
],
"manifest_display_name" : "WWHttpFetchTool",
"name" : "WWHttpFetchTool",
"path" : "/Users/admin/builder/spi-builder-workspace",
"platforms" : [
{
"name" : "ios",
"version" : "26.0"
}
],
"products" : [
{
"name" : "WWHttpFetchTool",
"targets" : [
"WWHttpFetchTool"
],
"type" : {
"library" : [
"automatic"
]
}
}
],
"swift_languages_versions" : [
"6"
],
"targets" : [
{
"c99name" : "WWHttpFetchTool",
"module_type" : "SwiftTarget",
"name" : "WWHttpFetchTool",
"path" : "Sources/WWHttpFetchTool",
"product_memberships" : [
"WWHttpFetchTool"
],
"resources" : [
{
"path" : "/Users/admin/builder/spi-builder-workspace/Sources/WWHttpFetchTool/Privacy",
"rule" : {
"copy" : {
}
}
}
],
"sources" : [
"Utility/Error.swift",
"Utility/Service.swift",
"WWHttpFetchTool.swift"
],
"type" : "library"
}
],
"tools_version" : "6.2"
}
{
"workspace" : {
"name" : "spi-builder-workspace",
"schemes" : [
"WWHttpFetchTool"
]
}
}
2026-06-28 03:52:31.503 xcodebuild[773:4777] [MT] IDERunDestination: Supported platforms for the buildables in the current scheme is empty.
Running build ...
env DEVELOPER_DIR=/Applications/Xcode-26.4.0.app xcrun xcodebuild -IDEClonedSourcePackagesDirPathOverride=$PWD/.dependencies -skipMacroValidation -skipPackagePluginValidation -derivedDataPath $PWD/.derivedData build -scheme WWHttpFetchTool -destination generic/platform=watchOS
Command line invocation:
/Applications/Xcode-26.4.0.app/Contents/Developer/usr/bin/xcodebuild -IDEClonedSourcePackagesDirPathOverride=/Users/admin/builder/spi-builder-workspace/.dependencies -skipMacroValidation -skipPackagePluginValidation -derivedDataPath /Users/admin/builder/spi-builder-workspace/.derivedData build -scheme WWHttpFetchTool -destination generic/platform=watchOS
Resolve Package Graph
Resolved source packages:
WWHttpFetchTool: /Users/admin/builder/spi-builder-workspace
ComputePackagePrebuildTargetDependencyGraph
Prepare packages
CreateBuildRequest
SendProjectDescription
CreateBuildOperation
ComputeTargetDependencyGraph
note: Building targets in dependency order
note: Target dependency graph (3 targets)
Target 'WWHttpFetchTool' in project 'WWHttpFetchTool'
➜ Explicit dependency on target 'WWHttpFetchTool' in project 'WWHttpFetchTool'
➜ Explicit dependency on target 'WWHttpFetchTool_WWHttpFetchTool' in project 'WWHttpFetchTool'
Target 'WWHttpFetchTool' in project 'WWHttpFetchTool'
➜ Explicit dependency on target 'WWHttpFetchTool_WWHttpFetchTool' in project 'WWHttpFetchTool'
Target 'WWHttpFetchTool_WWHttpFetchTool' in project 'WWHttpFetchTool' (no dependencies)
GatherProvisioningInputs
CreateBuildDescription
ClangStatCache /Applications/Xcode-26.4.0.app/Contents/Developer/Toolchains/XcodeDefault.xctoolchain/usr/bin/clang-stat-cache /Applications/Xcode-26.4.0.app/Contents/Developer/Platforms/WatchOS.platform/Developer/SDKs/WatchOS26.4.sdk /Users/admin/builder/spi-builder-workspace/.derivedData/SDKStatCaches.noindex/watchos26.4-23T238-688ef53f1462e2c8f657fdc38a81448f9e51884a582f42380855760c9d4cc599.sdkstatcache
cd /Users/admin/builder/spi-builder-workspace/.swiftpm/xcode
/Applications/Xcode-26.4.0.app/Contents/Developer/Toolchains/XcodeDefault.xctoolchain/usr/bin/clang-stat-cache /Applications/Xcode-26.4.0.app/Contents/Developer/Platforms/WatchOS.platform/Developer/SDKs/WatchOS26.4.sdk -o /Users/admin/builder/spi-builder-workspace/.derivedData/SDKStatCaches.noindex/watchos26.4-23T238-688ef53f1462e2c8f657fdc38a81448f9e51884a582f42380855760c9d4cc599.sdkstatcache
SwiftDriver WWHttpFetchTool normal arm64_32 com.apple.xcode.tools.swift.compiler (in target 'WWHttpFetchTool' from project 'WWHttpFetchTool')
cd /Users/admin/builder/spi-builder-workspace/.swiftpm/xcode
builtin-SwiftDriver -- /Applications/Xcode-26.4.0.app/Contents/Developer/Toolchains/XcodeDefault.xctoolchain/usr/bin/swiftc -module-name WWHttpFetchTool -Onone @/Users/admin/builder/spi-builder-workspace/.derivedData/Build/Intermediates.noindex/WWHttpFetchTool.build/Debug-watchos/WWHttpFetchTool.build/Objects-normal/arm64_32/WWHttpFetchTool.SwiftFileList -DSWIFT_PACKAGE -DDEBUG -DSWIFT_MODULE_RESOURCE_BUNDLE_AVAILABLE -DXcode -plugin-path /Applications/Xcode-26.4.0.app/Contents/Developer/Toolchains/XcodeDefault.xctoolchain/usr/lib/swift/host/plugins/testing -enable-experimental-feature DebugDescriptionMacro -sdk /Applications/Xcode-26.4.0.app/Contents/Developer/Platforms/WatchOS.platform/Developer/SDKs/WatchOS26.4.sdk -target arm64_32-apple-watchos26.0 -g -module-cache-path /Users/admin/builder/spi-builder-workspace/.derivedData/ModuleCache.noindex -Xfrontend -serialize-debugging-options -enable-testing -index-store-path /Users/admin/builder/spi-builder-workspace/.derivedData/Index.noindex/DataStore -Xcc -D_LIBCPP_HARDENING_MODE\=_LIBCPP_HARDENING_MODE_DEBUG -swift-version 6 -I /Users/admin/builder/spi-builder-workspace/.derivedData/Build/Products/Debug-watchos -Isystem /Applications/Xcode-26.4.0.app/Contents/Developer/Platforms/WatchOS.platform/Developer/usr/lib -F /Users/admin/builder/spi-builder-workspace/.derivedData/Build/Products/Debug-watchos -F /Applications/Xcode-26.4.0.app/Contents/Developer/Platforms/WatchOS.platform/Developer/Library/Frameworks -F /Applications/Xcode-26.4.0.app/Contents/Developer/Platforms/WatchOS.platform/Developer/SDKs/WatchOS26.4.sdk/Developer/Library/Frameworks -c -j10 -enable-batch-mode -incremental -Xcc -ivfsstatcache -Xcc /Users/admin/builder/spi-builder-workspace/.derivedData/SDKStatCaches.noindex/watchos26.4-23T238-688ef53f1462e2c8f657fdc38a81448f9e51884a582f42380855760c9d4cc599.sdkstatcache -output-file-map /Users/admin/builder/spi-builder-workspace/.derivedData/Build/Intermediates.noindex/WWHttpFetchTool.build/Debug-watchos/WWHttpFetchTool.build/Objects-normal/arm64_32/WWHttpFetchTool-OutputFileMap.json -use-frontend-parseable-output -save-temps -no-color-diagnostics -explicit-module-build -module-cache-path /Users/admin/builder/spi-builder-workspace/.derivedData/Build/Intermediates.noindex/SwiftExplicitPrecompiledModules -clang-scanner-module-cache-path /Users/admin/builder/spi-builder-workspace/.derivedData/ModuleCache.noindex -sdk-module-cache-path /Users/admin/builder/spi-builder-workspace/.derivedData/ModuleCache.noindex -serialize-diagnostics -emit-dependencies -emit-module -emit-module-path /Users/admin/builder/spi-builder-workspace/.derivedData/Build/Intermediates.noindex/WWHttpFetchTool.build/Debug-watchos/WWHttpFetchTool.build/Objects-normal/arm64_32/WWHttpFetchTool.swiftmodule -validate-clang-modules-once -clang-build-session-file /Users/admin/builder/spi-builder-workspace/.derivedData/ModuleCache.noindex/Session.modulevalidation -package-name spi_builder_workspace -Xcc -I/Users/admin/builder/spi-builder-workspace/.derivedData/Build/Intermediates.noindex/WWHttpFetchTool.build/Debug-watchos/WWHttpFetchTool.build/swift-overrides.hmap -emit-const-values -Xfrontend -const-gather-protocols-file -Xfrontend /Users/admin/builder/spi-builder-workspace/.derivedData/Build/Intermediates.noindex/WWHttpFetchTool.build/Debug-watchos/WWHttpFetchTool.build/Objects-normal/arm64_32/WWHttpFetchTool_const_extract_protocols.json -Xcc -I/Users/admin/builder/spi-builder-workspace/.derivedData/Build/Products/Debug-watchos/include -Xcc -I/Users/admin/builder/spi-builder-workspace/.derivedData/Build/Intermediates.noindex/WWHttpFetchTool.build/Debug-watchos/WWHttpFetchTool.build/DerivedSources-normal/arm64_32 -Xcc -I/Users/admin/builder/spi-builder-workspace/.derivedData/Build/Intermediates.noindex/WWHttpFetchTool.build/Debug-watchos/WWHttpFetchTool.build/DerivedSources/arm64_32 -Xcc -I/Users/admin/builder/spi-builder-workspace/.derivedData/Build/Intermediates.noindex/WWHttpFetchTool.build/Debug-watchos/WWHttpFetchTool.build/DerivedSources -Xcc -DSWIFT_PACKAGE -Xcc -DDEBUG\=1 -emit-objc-header -emit-objc-header-path /Users/admin/builder/spi-builder-workspace/.derivedData/Build/Intermediates.noindex/WWHttpFetchTool.build/Debug-watchos/WWHttpFetchTool.build/Objects-normal/arm64_32/WWHttpFetchTool-Swift.h -working-directory /Users/admin/builder/spi-builder-workspace/.swiftpm/xcode -experimental-emit-module-separately -disable-cmo
/Users/admin/builder/spi-builder-workspace/Sources/WWHttpFetchTool/WWHttpFetchTool.swift:8:8: error: Unable to resolve module dependency: 'FoundationModels'
import FoundationModels
^ (in target 'WWHttpFetchTool' from project 'WWHttpFetchTool')
/Users/admin/builder/spi-builder-workspace/Sources/WWHttpFetchTool/WWHttpFetchTool.swift:8:8: note: A dependency of main module 'WWHttpFetchTool'
import FoundationModels
^ (in target 'WWHttpFetchTool' from project 'WWHttpFetchTool')
SwiftDriver WWHttpFetchTool normal arm64 com.apple.xcode.tools.swift.compiler (in target 'WWHttpFetchTool' from project 'WWHttpFetchTool')
cd /Users/admin/builder/spi-builder-workspace/.swiftpm/xcode
builtin-SwiftDriver -- /Applications/Xcode-26.4.0.app/Contents/Developer/Toolchains/XcodeDefault.xctoolchain/usr/bin/swiftc -module-name WWHttpFetchTool -Onone @/Users/admin/builder/spi-builder-workspace/.derivedData/Build/Intermediates.noindex/WWHttpFetchTool.build/Debug-watchos/WWHttpFetchTool.build/Objects-normal/arm64/WWHttpFetchTool.SwiftFileList -DSWIFT_PACKAGE -DDEBUG -DSWIFT_MODULE_RESOURCE_BUNDLE_AVAILABLE -DXcode -plugin-path /Applications/Xcode-26.4.0.app/Contents/Developer/Toolchains/XcodeDefault.xctoolchain/usr/lib/swift/host/plugins/testing -enable-experimental-feature DebugDescriptionMacro -sdk /Applications/Xcode-26.4.0.app/Contents/Developer/Platforms/WatchOS.platform/Developer/SDKs/WatchOS26.4.sdk -target arm64-apple-watchos26.0 -g -module-cache-path /Users/admin/builder/spi-builder-workspace/.derivedData/ModuleCache.noindex -Xfrontend -serialize-debugging-options -enable-testing -index-store-path /Users/admin/builder/spi-builder-workspace/.derivedData/Index.noindex/DataStore -Xcc -D_LIBCPP_HARDENING_MODE\=_LIBCPP_HARDENING_MODE_DEBUG -swift-version 6 -I /Users/admin/builder/spi-builder-workspace/.derivedData/Build/Products/Debug-watchos -Isystem /Applications/Xcode-26.4.0.app/Contents/Developer/Platforms/WatchOS.platform/Developer/usr/lib -F /Users/admin/builder/spi-builder-workspace/.derivedData/Build/Products/Debug-watchos -F /Applications/Xcode-26.4.0.app/Contents/Developer/Platforms/WatchOS.platform/Developer/Library/Frameworks -F /Applications/Xcode-26.4.0.app/Contents/Developer/Platforms/WatchOS.platform/Developer/SDKs/WatchOS26.4.sdk/Developer/Library/Frameworks -c -j10 -enable-batch-mode -incremental -Xcc -ivfsstatcache -Xcc /Users/admin/builder/spi-builder-workspace/.derivedData/SDKStatCaches.noindex/watchos26.4-23T238-688ef53f1462e2c8f657fdc38a81448f9e51884a582f42380855760c9d4cc599.sdkstatcache -output-file-map /Users/admin/builder/spi-builder-workspace/.derivedData/Build/Intermediates.noindex/WWHttpFetchTool.build/Debug-watchos/WWHttpFetchTool.build/Objects-normal/arm64/WWHttpFetchTool-OutputFileMap.json -use-frontend-parseable-output -save-temps -no-color-diagnostics -explicit-module-build -module-cache-path /Users/admin/builder/spi-builder-workspace/.derivedData/Build/Intermediates.noindex/SwiftExplicitPrecompiledModules -clang-scanner-module-cache-path /Users/admin/builder/spi-builder-workspace/.derivedData/ModuleCache.noindex -sdk-module-cache-path /Users/admin/builder/spi-builder-workspace/.derivedData/ModuleCache.noindex -serialize-diagnostics -emit-dependencies -emit-module -emit-module-path /Users/admin/builder/spi-builder-workspace/.derivedData/Build/Intermediates.noindex/WWHttpFetchTool.build/Debug-watchos/WWHttpFetchTool.build/Objects-normal/arm64/WWHttpFetchTool.swiftmodule -validate-clang-modules-once -clang-build-session-file /Users/admin/builder/spi-builder-workspace/.derivedData/ModuleCache.noindex/Session.modulevalidation -package-name spi_builder_workspace -Xcc -I/Users/admin/builder/spi-builder-workspace/.derivedData/Build/Intermediates.noindex/WWHttpFetchTool.build/Debug-watchos/WWHttpFetchTool.build/swift-overrides.hmap -emit-const-values -Xfrontend -const-gather-protocols-file -Xfrontend /Users/admin/builder/spi-builder-workspace/.derivedData/Build/Intermediates.noindex/WWHttpFetchTool.build/Debug-watchos/WWHttpFetchTool.build/Objects-normal/arm64/WWHttpFetchTool_const_extract_protocols.json -Xcc -I/Users/admin/builder/spi-builder-workspace/.derivedData/Build/Products/Debug-watchos/include -Xcc -I/Users/admin/builder/spi-builder-workspace/.derivedData/Build/Intermediates.noindex/WWHttpFetchTool.build/Debug-watchos/WWHttpFetchTool.build/DerivedSources-normal/arm64 -Xcc -I/Users/admin/builder/spi-builder-workspace/.derivedData/Build/Intermediates.noindex/WWHttpFetchTool.build/Debug-watchos/WWHttpFetchTool.build/DerivedSources/arm64 -Xcc -I/Users/admin/builder/spi-builder-workspace/.derivedData/Build/Intermediates.noindex/WWHttpFetchTool.build/Debug-watchos/WWHttpFetchTool.build/DerivedSources -Xcc -DSWIFT_PACKAGE -Xcc -DDEBUG\=1 -emit-objc-header -emit-objc-header-path /Users/admin/builder/spi-builder-workspace/.derivedData/Build/Intermediates.noindex/WWHttpFetchTool.build/Debug-watchos/WWHttpFetchTool.build/Objects-normal/arm64/WWHttpFetchTool-Swift.h -working-directory /Users/admin/builder/spi-builder-workspace/.swiftpm/xcode -experimental-emit-module-separately -disable-cmo
/Users/admin/builder/spi-builder-workspace/Sources/WWHttpFetchTool/WWHttpFetchTool.swift:8:8: error: Unable to resolve module dependency: 'FoundationModels'
import FoundationModels
^ (in target 'WWHttpFetchTool' from project 'WWHttpFetchTool')
/Users/admin/builder/spi-builder-workspace/Sources/WWHttpFetchTool/WWHttpFetchTool.swift:8:8: note: A dependency of main module 'WWHttpFetchTool'
import FoundationModels
^ (in target 'WWHttpFetchTool' from project 'WWHttpFetchTool')
2026-06-28 03:52:32.342 xcodebuild[776:4809] [MT] IDERunDestination: Supported platforms for the buildables in the current scheme is empty.
/Users/admin/builder/spi-builder-workspace/Sources/WWHttpFetchTool/WWHttpFetchTool.swift:8:8: error: unable to resolve module dependency: 'FoundationModels'
import FoundationModels
^
/Users/admin/builder/spi-builder-workspace/Sources/WWHttpFetchTool/WWHttpFetchTool.swift:8:8: error: unable to resolve module dependency: 'FoundationModels'
import FoundationModels
^
/Users/admin/builder/spi-builder-workspace/Sources/WWHttpFetchTool/WWHttpFetchTool.swift:8:8: note: a dependency of main module 'WWHttpFetchTool'
import FoundationModels
^
/Users/admin/builder/spi-builder-workspace/Sources/WWHttpFetchTool/WWHttpFetchTool.swift:8:8: note: a dependency of main module 'WWHttpFetchTool'
import FoundationModels
^
** BUILD FAILED **
The following build commands failed:
SwiftDriver WWHttpFetchTool normal arm64_32 com.apple.xcode.tools.swift.compiler (in target 'WWHttpFetchTool' from project 'WWHttpFetchTool')
SwiftDriver WWHttpFetchTool normal arm64 com.apple.xcode.tools.swift.compiler (in target 'WWHttpFetchTool' from project 'WWHttpFetchTool')
Building workspace spi-builder-workspace with scheme WWHttpFetchTool
(3 failures)
BUILD FAILURE 6.3 watchOS