The Swift Package Index logo.Swift Package Index

Build Information

Failed to build AsyncBluetooth, reference main (41c229), with Swift 6.1 for Android on 26 Jun 2026 14:39:21 UTC.

Build Command

bash -c docker run --pull=always --rm -v "checkouts-53886768-0":/host -w "$PWD" -e JAVA_HOME="/root/.sdkman/candidates/java/current" -e SPI_BUILD="1" -e SPI_PROCESSING="1" registry.gitlab.com/saguaro1/spi-images:android-6.1-latest swift build --swift-sdk aarch64-unknown-linux-android24 2>&1

Build Log

========================================
RunAll
========================================
Builder version: 0e64495ecc1688c3b3e031a5ef1348b5c05091ae
Interrupt handler set up.
========================================
Checkout
========================================
Clone URL: https://github.com/manolofdez/AsyncBluetooth.git
Reference: main
Initialized empty Git repository in /host/spi-builder-workspace/.git/
hint: Using 'master' as the name for the initial branch. This default branch name
hint: is subject to change. To configure the initial branch name to use in all
hint: of your new repositories, which will suppress this warning, call:
hint:
hint: 	git config --global init.defaultBranch <name>
hint:
hint: Names commonly chosen instead of 'master' are 'main', 'trunk' and
hint: 'development'. The just-created branch can be renamed via this command:
hint:
hint: 	git branch -m <name>
From https://github.com/manolofdez/AsyncBluetooth
 * branch            main       -> FETCH_HEAD
 * [new branch]      main       -> origin/main
HEAD is now at 41c229f [Maintenance] Fix auto-reconnection due to legacy API usage
Cloned https://github.com/manolofdez/AsyncBluetooth.git
Revision (git rev-parse @):
41c229ff655ae4d25b4db22c914fd200180dc08c
SUCCESS checkout https://github.com/manolofdez/AsyncBluetooth.git at main
========================================
Build
========================================
Selected platform:         android
Swift version:             6.1
Building package at path:  $PWD
https://github.com/manolofdez/AsyncBluetooth.git
https://github.com/manolofdez/AsyncBluetooth.git
WARNING: environment variable SUPPRESS_SWIFT_6_FLAGS is not set
Running build ...
bash -c docker run --pull=always --rm -v "checkouts-53886768-0":/host -w "$PWD" -e JAVA_HOME="/root/.sdkman/candidates/java/current" -e SPI_BUILD="1" -e SPI_PROCESSING="1" registry.gitlab.com/saguaro1/spi-images:android-6.1-latest swift build --swift-sdk aarch64-unknown-linux-android24 -Xswiftc -Xfrontend -Xswiftc -stats-output-dir -Xswiftc -Xfrontend -Xswiftc .stats -Xswiftc -strict-concurrency=complete -Xswiftc -enable-upcoming-feature -Xswiftc StrictConcurrency -Xswiftc -enable-upcoming-feature -Xswiftc DisableOutwardActorInference -Xswiftc -enable-upcoming-feature -Xswiftc GlobalActorIsolatedTypesUsability -Xswiftc -enable-upcoming-feature -Xswiftc InferSendableFromCaptures 2>&1
android-6.1-latest: Pulling from saguaro1/spi-images
Digest: sha256:365d9b14669f92fea0572234887def10439445c91d7e524c78a6579ad7294f11
Status: Image is up to date for registry.gitlab.com/saguaro1/spi-images:android-6.1-latest
Building for debugging...
[0/3] Copying PrivacyInfo.xcprivacy
[0/3] Write sources
[2/3] Write swift-version-24593BA9C3E375BF.txt
error: emit-module command failed with exit code 1 (use -v to see invocation)
[4/29] Emitting module AsyncBluetooth
/host/spi-builder-workspace/Sources/AsyncBluetooth.swift:4:8: error: no such module 'os.log'
 2 |
 3 | import Foundation
 4 | import os.log
   |        `- error: no such module 'os.log'
 5 |
 6 | public struct AsyncBluetooth {
[5/32] Compiling AsyncBluetooth FlushableExecutor.swift
/host/spi-builder-workspace/Sources/AsyncBluetooth.swift:4:8: error: no such module 'os.log'
 2 |
 3 | import Foundation
 4 | import os.log
   |        `- error: no such module 'os.log'
 5 |
 6 | public struct AsyncBluetooth {
[6/32] Compiling AsyncBluetooth ThreadSafeArray.swift
/host/spi-builder-workspace/Sources/AsyncBluetooth.swift:4:8: error: no such module 'os.log'
 2 |
 3 | import Foundation
 4 | import os.log
   |        `- error: no such module 'os.log'
 5 |
 6 | public struct AsyncBluetooth {
[7/32] Compiling AsyncBluetooth resource_bundle_accessor.swift
/host/spi-builder-workspace/Sources/AsyncBluetooth.swift:4:8: error: no such module 'os.log'
 2 |
 3 | import Foundation
 4 | import os.log
   |        `- error: no such module 'os.log'
 5 |
 6 | public struct AsyncBluetooth {
[8/32] Compiling AsyncBluetooth CentralManagerUtils.swift
/host/spi-builder-workspace/Sources/AsyncBluetooth.swift:4:8: error: no such module 'os.log'
 2 |
 3 | import Foundation
 4 | import os.log
   |        `- error: no such module 'os.log'
 5 |
 6 | public struct AsyncBluetooth {
[9/32] Compiling AsyncBluetooth AsyncExecutor+Flushable.swift
/host/spi-builder-workspace/Sources/AsyncBluetooth.swift:4:8: error: no such module 'os.log'
 2 |
 3 | import Foundation
 4 | import os.log
   |        `- error: no such module 'os.log'
 5 |
 6 | public struct AsyncBluetooth {
[10/32] Compiling AsyncBluetooth CBUUID+Sendable.swift
/host/spi-builder-workspace/Sources/AsyncBluetooth.swift:4:8: error: no such module 'os.log'
 2 |
 3 | import Foundation
 4 | import os.log
   |        `- error: no such module 'os.log'
 5 |
 6 | public struct AsyncBluetooth {
[11/32] Compiling AsyncBluetooth Service.swift
/host/spi-builder-workspace/Sources/AsyncBluetooth.swift:4:8: error: no such module 'os.log'
 2 |
 3 | import Foundation
 4 | import os.log
   |        `- error: no such module 'os.log'
 5 |
 6 | public struct AsyncBluetooth {
[12/32] Compiling AsyncBluetooth AsyncBluetoothLogging.swift
/host/spi-builder-workspace/Sources/AsyncBluetooth.swift:4:8: error: no such module 'os.log'
 2 |
 3 | import Foundation
 4 | import os.log
   |        `- error: no such module 'os.log'
 5 |
 6 | public struct AsyncBluetooth {
[13/32] Compiling AsyncBluetooth AsyncExecutorMap.swift
/host/spi-builder-workspace/Sources/AsyncBluetooth.swift:4:8: error: no such module 'os.log'
 2 |
 3 | import Foundation
 4 | import os.log
   |        `- error: no such module 'os.log'
 5 |
 6 | public struct AsyncBluetooth {
[14/32] Compiling AsyncBluetooth AsyncSerialExecutor.swift
/host/spi-builder-workspace/Sources/AsyncBluetooth.swift:4:8: error: no such module 'os.log'
 2 |
 3 | import Foundation
 4 | import os.log
   |        `- error: no such module 'os.log'
 5 |
 6 | public struct AsyncBluetooth {
[15/32] Compiling AsyncBluetooth AsyncSerialExecutorConstants.swift
/host/spi-builder-workspace/Sources/AsyncBluetooth.swift:4:8: error: no such module 'os.log'
 2 |
 3 | import Foundation
 4 | import os.log
   |        `- error: no such module 'os.log'
 5 |
 6 | public struct AsyncBluetooth {
[16/32] Compiling AsyncBluetooth CallbackUtils.swift
/host/spi-builder-workspace/Sources/AsyncBluetooth.swift:4:8: error: no such module 'os.log'
 2 |
 3 | import Foundation
 4 | import os.log
   |        `- error: no such module 'os.log'
 5 |
 6 | public struct AsyncBluetooth {
[17/32] Compiling AsyncBluetooth Peripheral+ReadWrite.swift
/host/spi-builder-workspace/Sources/AsyncBluetooth.swift:4:8: error: no such module 'os.log'
 2 |
 3 | import Foundation
 4 | import os.log
   |        `- error: no such module 'os.log'
 5 |
 6 | public struct AsyncBluetooth {
[18/32] Compiling AsyncBluetooth Peripheral.swift
/host/spi-builder-workspace/Sources/AsyncBluetooth.swift:4:8: error: no such module 'os.log'
 2 |
 3 | import Foundation
 4 | import os.log
   |        `- error: no such module 'os.log'
 5 |
 6 | public struct AsyncBluetooth {
[19/32] Compiling AsyncBluetooth PeripheralContext.swift
/host/spi-builder-workspace/Sources/AsyncBluetooth.swift:4:8: error: no such module 'os.log'
 2 |
 3 | import Foundation
 4 | import os.log
   |        `- error: no such module 'os.log'
 5 |
 6 | public struct AsyncBluetooth {
[20/32] Compiling AsyncBluetooth PeripheralDelegate.swift
/host/spi-builder-workspace/Sources/AsyncBluetooth.swift:4:8: error: no such module 'os.log'
 2 |
 3 | import Foundation
 4 | import os.log
   |        `- error: no such module 'os.log'
 5 |
 6 | public struct AsyncBluetooth {
[21/32] Compiling AsyncBluetooth CharacteristicValueUpdateEventData.swift
/host/spi-builder-workspace/Sources/AsyncBluetooth.swift:4:8: error: no such module 'os.log'
 2 |
 3 | import Foundation
 4 | import os.log
   |        `- error: no such module 'os.log'
 5 |
 6 | public struct AsyncBluetooth {
[22/32] Compiling AsyncBluetooth Descriptor.swift
/host/spi-builder-workspace/Sources/AsyncBluetooth.swift:4:8: error: no such module 'os.log'
 2 |
 3 | import Foundation
 4 | import os.log
   |        `- error: no such module 'os.log'
 5 |
 6 | public struct AsyncBluetooth {
[23/32] Compiling AsyncBluetooth Characteristic+DataConversion.swift
/host/spi-builder-workspace/Sources/AsyncBluetooth.swift:4:8: error: no such module 'os.log'
 2 |
 3 | import Foundation
 4 | import os.log
   |        `- error: no such module 'os.log'
 5 |
 6 | public struct AsyncBluetooth {
[24/32] Compiling AsyncBluetooth CharacteristicValueUpdateData+DataConversion.swift
/host/spi-builder-workspace/Sources/AsyncBluetooth.swift:4:8: error: no such module 'os.log'
 2 |
 3 | import Foundation
 4 | import os.log
   |        `- error: no such module 'os.log'
 5 |
 6 | public struct AsyncBluetooth {
[25/32] Compiling AsyncBluetooth ScanData.swift
/host/spi-builder-workspace/Sources/AsyncBluetooth.swift:4:8: error: no such module 'os.log'
 2 |
 3 | import Foundation
 4 | import os.log
   |        `- error: no such module 'os.log'
 5 |
 6 | public struct AsyncBluetooth {
[26/32] Compiling AsyncBluetooth PeripheralDataConvertible.swift
/host/spi-builder-workspace/Sources/AsyncBluetooth.swift:4:8: error: no such module 'os.log'
 2 |
 3 | import Foundation
 4 | import os.log
   |        `- error: no such module 'os.log'
 5 |
 6 | public struct AsyncBluetooth {
[27/32] Compiling AsyncBluetooth BluetoothError.swift
/host/spi-builder-workspace/Sources/AsyncBluetooth.swift:4:8: error: no such module 'os.log'
 2 |
 3 | import Foundation
 4 | import os.log
   |        `- error: no such module 'os.log'
 5 |
 6 | public struct AsyncBluetooth {
[28/32] Compiling AsyncBluetooth Characteristic.swift
/host/spi-builder-workspace/Sources/AsyncBluetooth.swift:4:8: error: no such module 'os.log'
 2 |
 3 | import Foundation
 4 | import os.log
   |        `- error: no such module 'os.log'
 5 |
 6 | public struct AsyncBluetooth {
[29/32] Compiling AsyncBluetooth AsyncBluetooth.swift
/host/spi-builder-workspace/Sources/AsyncBluetooth.swift:4:8: error: no such module 'os.log'
 2 |
 3 | import Foundation
 4 | import os.log
   |        `- error: no such module 'os.log'
 5 |
 6 | public struct AsyncBluetooth {
[30/32] Compiling AsyncBluetooth CentralManager.swift
/host/spi-builder-workspace/Sources/AsyncBluetooth.swift:4:8: error: no such module 'os.log'
 2 |
 3 | import Foundation
 4 | import os.log
   |        `- error: no such module 'os.log'
 5 |
 6 | public struct AsyncBluetooth {
[31/32] Compiling AsyncBluetooth CentralManagerContext.swift
/host/spi-builder-workspace/Sources/AsyncBluetooth.swift:4:8: error: no such module 'os.log'
 2 |
 3 | import Foundation
 4 | import os.log
   |        `- error: no such module 'os.log'
 5 |
 6 | public struct AsyncBluetooth {
[32/32] Compiling AsyncBluetooth CentralManagerEvent.swift
/host/spi-builder-workspace/Sources/AsyncBluetooth.swift:4:8: error: no such module 'os.log'
 2 |
 3 | import Foundation
 4 | import os.log
   |        `- error: no such module 'os.log'
 5 |
 6 | public struct AsyncBluetooth {
Running build ...
bash -c docker run --pull=always --rm -v "checkouts-53886768-0":/host -w "$PWD" -e JAVA_HOME="/root/.sdkman/candidates/java/current" -e SPI_BUILD="1" -e SPI_PROCESSING="1" registry.gitlab.com/saguaro1/spi-images:android-6.1-latest swift build --swift-sdk aarch64-unknown-linux-android24 2>&1
android-6.1-latest: Pulling from saguaro1/spi-images
Digest: sha256:365d9b14669f92fea0572234887def10439445c91d7e524c78a6579ad7294f11
Status: Image is up to date for registry.gitlab.com/saguaro1/spi-images:android-6.1-latest
[0/1] Planning build
Building for debugging...
[0/1] Write swift-version-24593BA9C3E375BF.txt
[2/27] Compiling AsyncBluetooth CharacteristicValueUpdateEventData.swift
/host/spi-builder-workspace/Sources/AsyncBluetooth.swift:4:8: error: no such module 'os.log'
 2 |
 3 | import Foundation
 4 | import os.log
   |        `- error: no such module 'os.log'
 5 |
 6 | public struct AsyncBluetooth {
[3/27] Compiling AsyncBluetooth Descriptor.swift
/host/spi-builder-workspace/Sources/AsyncBluetooth.swift:4:8: error: no such module 'os.log'
 2 |
 3 | import Foundation
 4 | import os.log
   |        `- error: no such module 'os.log'
 5 |
 6 | public struct AsyncBluetooth {
[4/27] Compiling AsyncBluetooth Characteristic+DataConversion.swift
/host/spi-builder-workspace/Sources/AsyncBluetooth.swift:4:8: error: no such module 'os.log'
 2 |
 3 | import Foundation
 4 | import os.log
   |        `- error: no such module 'os.log'
 5 |
 6 | public struct AsyncBluetooth {
[5/27] Compiling AsyncBluetooth CharacteristicValueUpdateData+DataConversion.swift
/host/spi-builder-workspace/Sources/AsyncBluetooth.swift:4:8: error: no such module 'os.log'
 2 |
 3 | import Foundation
 4 | import os.log
   |        `- error: no such module 'os.log'
 5 |
 6 | public struct AsyncBluetooth {
[6/30] Compiling AsyncBluetooth Service.swift
/host/spi-builder-workspace/Sources/AsyncBluetooth.swift:4:8: error: no such module 'os.log'
 2 |
 3 | import Foundation
 4 | import os.log
   |        `- error: no such module 'os.log'
 5 |
 6 | public struct AsyncBluetooth {
[7/30] Compiling AsyncBluetooth AsyncBluetoothLogging.swift
/host/spi-builder-workspace/Sources/AsyncBluetooth.swift:4:8: error: no such module 'os.log'
 2 |
 3 | import Foundation
 4 | import os.log
   |        `- error: no such module 'os.log'
 5 |
 6 | public struct AsyncBluetooth {
[8/30] Compiling AsyncBluetooth AsyncExecutorMap.swift
/host/spi-builder-workspace/Sources/AsyncBluetooth.swift:4:8: error: no such module 'os.log'
 2 |
 3 | import Foundation
 4 | import os.log
   |        `- error: no such module 'os.log'
 5 |
 6 | public struct AsyncBluetooth {
[9/30] Compiling AsyncBluetooth AsyncSerialExecutor.swift
/host/spi-builder-workspace/Sources/AsyncBluetooth.swift:4:8: error: no such module 'os.log'
 2 |
 3 | import Foundation
 4 | import os.log
   |        `- error: no such module 'os.log'
 5 |
 6 | public struct AsyncBluetooth {
[10/30] Compiling AsyncBluetooth AsyncSerialExecutorConstants.swift
/host/spi-builder-workspace/Sources/AsyncBluetooth.swift:4:8: error: no such module 'os.log'
 2 |
 3 | import Foundation
 4 | import os.log
   |        `- error: no such module 'os.log'
 5 |
 6 | public struct AsyncBluetooth {
[11/30] Compiling AsyncBluetooth CallbackUtils.swift
/host/spi-builder-workspace/Sources/AsyncBluetooth.swift:4:8: error: no such module 'os.log'
 2 |
 3 | import Foundation
 4 | import os.log
   |        `- error: no such module 'os.log'
 5 |
 6 | public struct AsyncBluetooth {
[12/30] Compiling AsyncBluetooth ScanData.swift
/host/spi-builder-workspace/Sources/AsyncBluetooth.swift:4:8: error: no such module 'os.log'
 2 |
 3 | import Foundation
 4 | import os.log
   |        `- error: no such module 'os.log'
 5 |
 6 | public struct AsyncBluetooth {
[13/30] Compiling AsyncBluetooth PeripheralDataConvertible.swift
/host/spi-builder-workspace/Sources/AsyncBluetooth.swift:4:8: error: no such module 'os.log'
 2 |
 3 | import Foundation
 4 | import os.log
   |        `- error: no such module 'os.log'
 5 |
 6 | public struct AsyncBluetooth {
[14/30] Compiling AsyncBluetooth BluetoothError.swift
/host/spi-builder-workspace/Sources/AsyncBluetooth.swift:4:8: error: no such module 'os.log'
 2 |
 3 | import Foundation
 4 | import os.log
   |        `- error: no such module 'os.log'
 5 |
 6 | public struct AsyncBluetooth {
[15/30] Compiling AsyncBluetooth Characteristic.swift
/host/spi-builder-workspace/Sources/AsyncBluetooth.swift:4:8: error: no such module 'os.log'
 2 |
 3 | import Foundation
 4 | import os.log
   |        `- error: no such module 'os.log'
 5 |
 6 | public struct AsyncBluetooth {
error: emit-module command failed with exit code 1 (use -v to see invocation)
[16/30] Emitting module AsyncBluetooth
/host/spi-builder-workspace/Sources/AsyncBluetooth.swift:4:8: error: no such module 'os.log'
 2 |
 3 | import Foundation
 4 | import os.log
   |        `- error: no such module 'os.log'
 5 |
 6 | public struct AsyncBluetooth {
[17/30] Compiling AsyncBluetooth CentralManagerUtils.swift
/host/spi-builder-workspace/Sources/AsyncBluetooth.swift:4:8: error: no such module 'os.log'
 2 |
 3 | import Foundation
 4 | import os.log
   |        `- error: no such module 'os.log'
 5 |
 6 | public struct AsyncBluetooth {
[18/30] Compiling AsyncBluetooth AsyncExecutor+Flushable.swift
/host/spi-builder-workspace/Sources/AsyncBluetooth.swift:4:8: error: no such module 'os.log'
 2 |
 3 | import Foundation
 4 | import os.log
   |        `- error: no such module 'os.log'
 5 |
 6 | public struct AsyncBluetooth {
[19/30] Compiling AsyncBluetooth CBUUID+Sendable.swift
/host/spi-builder-workspace/Sources/AsyncBluetooth.swift:4:8: error: no such module 'os.log'
 2 |
 3 | import Foundation
 4 | import os.log
   |        `- error: no such module 'os.log'
 5 |
 6 | public struct AsyncBluetooth {
[20/30] Compiling AsyncBluetooth Peripheral+ReadWrite.swift
/host/spi-builder-workspace/Sources/AsyncBluetooth.swift:4:8: error: no such module 'os.log'
 2 |
 3 | import Foundation
 4 | import os.log
   |        `- error: no such module 'os.log'
 5 |
 6 | public struct AsyncBluetooth {
[21/30] Compiling AsyncBluetooth Peripheral.swift
/host/spi-builder-workspace/Sources/AsyncBluetooth.swift:4:8: error: no such module 'os.log'
 2 |
 3 | import Foundation
 4 | import os.log
   |        `- error: no such module 'os.log'
 5 |
 6 | public struct AsyncBluetooth {
[22/30] Compiling AsyncBluetooth PeripheralContext.swift
/host/spi-builder-workspace/Sources/AsyncBluetooth.swift:4:8: error: no such module 'os.log'
 2 |
 3 | import Foundation
 4 | import os.log
   |        `- error: no such module 'os.log'
 5 |
 6 | public struct AsyncBluetooth {
[23/30] Compiling AsyncBluetooth PeripheralDelegate.swift
/host/spi-builder-workspace/Sources/AsyncBluetooth.swift:4:8: error: no such module 'os.log'
 2 |
 3 | import Foundation
 4 | import os.log
   |        `- error: no such module 'os.log'
 5 |
 6 | public struct AsyncBluetooth {
[24/30] Compiling AsyncBluetooth FlushableExecutor.swift
/host/spi-builder-workspace/Sources/AsyncBluetooth.swift:4:8: error: no such module 'os.log'
 2 |
 3 | import Foundation
 4 | import os.log
   |        `- error: no such module 'os.log'
 5 |
 6 | public struct AsyncBluetooth {
[25/30] Compiling AsyncBluetooth ThreadSafeArray.swift
/host/spi-builder-workspace/Sources/AsyncBluetooth.swift:4:8: error: no such module 'os.log'
 2 |
 3 | import Foundation
 4 | import os.log
   |        `- error: no such module 'os.log'
 5 |
 6 | public struct AsyncBluetooth {
[26/30] Compiling AsyncBluetooth resource_bundle_accessor.swift
/host/spi-builder-workspace/Sources/AsyncBluetooth.swift:4:8: error: no such module 'os.log'
 2 |
 3 | import Foundation
 4 | import os.log
   |        `- error: no such module 'os.log'
 5 |
 6 | public struct AsyncBluetooth {
[27/30] Compiling AsyncBluetooth AsyncBluetooth.swift
/host/spi-builder-workspace/Sources/AsyncBluetooth.swift:4:8: error: no such module 'os.log'
 2 |
 3 | import Foundation
 4 | import os.log
   |        `- error: no such module 'os.log'
 5 |
 6 | public struct AsyncBluetooth {
[28/30] Compiling AsyncBluetooth CentralManager.swift
/host/spi-builder-workspace/Sources/AsyncBluetooth.swift:4:8: error: no such module 'os.log'
 2 |
 3 | import Foundation
 4 | import os.log
   |        `- error: no such module 'os.log'
 5 |
 6 | public struct AsyncBluetooth {
[29/30] Compiling AsyncBluetooth CentralManagerContext.swift
/host/spi-builder-workspace/Sources/AsyncBluetooth.swift:4:8: error: no such module 'os.log'
 2 |
 3 | import Foundation
 4 | import os.log
   |        `- error: no such module 'os.log'
 5 |
 6 | public struct AsyncBluetooth {
[30/30] Compiling AsyncBluetooth CentralManagerEvent.swift
/host/spi-builder-workspace/Sources/AsyncBluetooth.swift:4:8: error: no such module 'os.log'
 2 |
 3 | import Foundation
 4 | import os.log
   |        `- error: no such module 'os.log'
 5 |
 6 | public struct AsyncBluetooth {
BUILD FAILURE 6.1 android