Build Information
Failed to build SwiftImportChecks, reference 0.1.14 (758ea9), with Swift 6.4 for watchOS using Xcode 27.0 on 24 Sep 2026 12:05:10 UTC.
Build Command
env DEVELOPER_DIR=/Applications/Xcode-27.0.0-Release.Candidate.app xcrun xcodebuild -IDEClonedSourcePackagesDirPathOverride=$PWD/.dependencies -skipMacroValidation -skipPackagePluginValidation -derivedDataPath $PWD/.derivedData build -scheme SwiftImportChecks -destination generic/platform=watchOSBuild Log
SwiftCompile normal arm64_32 /Users/admin/builder/spi-builder-workspace/.dependencies/checkouts/XcodeProj/Sources/XcodeProj/Objects/Project/PBXProject.swift (in target 'XcodeProj' from project 'XcodeProj')
cd /Users/admin/builder/spi-builder-workspace/.swiftpm/xcode
builtin-SwiftPerFileCompile PBXProject.swift
SwiftCompile normal arm64_32 /Users/admin/builder/spi-builder-workspace/.dependencies/checkouts/XcodeProj/Sources/XcodeProj/Objects/Sourcery/Equality.generated.swift (in target 'XcodeProj' from project 'XcodeProj')
cd /Users/admin/builder/spi-builder-workspace/.swiftpm/xcode
builtin-SwiftPerFileCompile Equality.generated.swift
SwiftCompile normal arm64_32 /Users/admin/builder/spi-builder-workspace/.dependencies/checkouts/XcodeProj/Sources/XcodeProj/Objects/Sourcery/Sourcery.swift (in target 'XcodeProj' from project 'XcodeProj')
cd /Users/admin/builder/spi-builder-workspace/.swiftpm/xcode
builtin-SwiftPerFileCompile Sourcery.swift
SwiftCompile normal arm64_32 /Users/admin/builder/spi-builder-workspace/.dependencies/checkouts/XcodeProj/Sources/XcodeProj/Objects/SwiftPackage/XCLocalSwiftPackageReference.swift (in target 'XcodeProj' from project 'XcodeProj')
cd /Users/admin/builder/spi-builder-workspace/.swiftpm/xcode
builtin-SwiftPerFileCompile XCLocalSwiftPackageReference.swift
SwiftCompile normal arm64_32 /Users/admin/builder/spi-builder-workspace/.dependencies/checkouts/XcodeProj/Sources/XcodeProj/Objects/SwiftPackage/XCRemoteSwiftPackageReference.swift (in target 'XcodeProj' from project 'XcodeProj')
cd /Users/admin/builder/spi-builder-workspace/.swiftpm/xcode
builtin-SwiftPerFileCompile XCRemoteSwiftPackageReference.swift
SwiftCompile normal arm64_32 /Users/admin/builder/spi-builder-workspace/.dependencies/checkouts/XcodeProj/Sources/XcodeProj/Objects/SwiftPackage/XCSwiftPackageProductDependency.swift (in target 'XcodeProj' from project 'XcodeProj')
cd /Users/admin/builder/spi-builder-workspace/.swiftpm/xcode
builtin-SwiftPerFileCompile XCSwiftPackageProductDependency.swift
SwiftCompile normal arm64_32 /Users/admin/builder/spi-builder-workspace/.dependencies/checkouts/XcodeProj/Sources/XcodeProj/Objects/Targets/PBXAggregateTarget.swift (in target 'XcodeProj' from project 'XcodeProj')
cd /Users/admin/builder/spi-builder-workspace/.swiftpm/xcode
builtin-SwiftPerFileCompile PBXAggregateTarget.swift
SwiftCompile normal arm64_32 /Users/admin/builder/spi-builder-workspace/.dependencies/checkouts/XcodeProj/Sources/XcodeProj/Objects/Targets/PBXLegacyTarget.swift (in target 'XcodeProj' from project 'XcodeProj')
cd /Users/admin/builder/spi-builder-workspace/.swiftpm/xcode
builtin-SwiftPerFileCompile PBXLegacyTarget.swift
SwiftCompile normal arm64_32 /Users/admin/builder/spi-builder-workspace/.dependencies/checkouts/XcodeProj/Sources/XcodeProj/Objects/Targets/PBXNativeTarget.swift (in target 'XcodeProj' from project 'XcodeProj')
cd /Users/admin/builder/spi-builder-workspace/.swiftpm/xcode
builtin-SwiftPerFileCompile PBXNativeTarget.swift
SwiftCompile normal arm64_32 /Users/admin/builder/spi-builder-workspace/.dependencies/checkouts/XcodeProj/Sources/XcodeProj/Objects/Targets/PBXProductType.swift (in target 'XcodeProj' from project 'XcodeProj')
cd /Users/admin/builder/spi-builder-workspace/.swiftpm/xcode
builtin-SwiftPerFileCompile PBXProductType.swift
SwiftDriverJobDiscovery normal arm64 Compiling RawSyntax.swift, RawSyntaxLayoutView.swift, RawSyntaxNodeProtocol.swift, RawSyntaxTokenView.swift, RawSyntaxNodes.swift (in target 'SwiftSyntax' from project 'SwiftSyntax')
PruneExplicitPrecompiledModules /Users/admin/builder/spi-builder-workspace/.derivedData/SDKExplicitPrecompiledModules
PruneExplicitPrecompiledModules /Users/admin/builder/spi-builder-workspace/.derivedData/Build/Intermediates.noindex/SwiftExplicitPrecompiledModules
PruneExplicitPrecompiledModules /Users/admin/builder/spi-builder-workspace/.derivedData/Build/Intermediates.noindex/ExplicitPrecompiledModules
2026-09-24 08:04:41.067 xcodebuild[944:5498] [MT] IDERunDestination: Supported platforms for the buildables in the current scheme is empty.
** BUILD FAILED **
The following build commands failed:
SwiftCompile normal arm64 Compiling\ Errors.swift,\ AEXML+XcodeFormat.swift,\ Array+Extras.swift,\ Bool+Extras.swift,\ KeyedDecodingContainer+Additions.swift,\ NSRecursiveLock+Sync.swift,\ Path+Extras.swift,\ String+Utils.swift,\ String+md5.swift,\ BuildPhase.swift,\ PBXBuildFile.swift /Users/admin/builder/spi-builder-workspace/.dependencies/checkouts/XcodeProj/Sources/XcodeProj/Errors/Errors.swift /Users/admin/builder/spi-builder-workspace/.dependencies/checkouts/XcodeProj/Sources/XcodeProj/Extensions/AEXML+XcodeFormat.swift /Users/admin/builder/spi-builder-workspace/.dependencies/checkouts/XcodeProj/Sources/XcodeProj/Extensions/Array+Extras.swift /Users/admin/builder/spi-builder-workspace/.dependencies/checkouts/XcodeProj/Sources/XcodeProj/Extensions/Bool+Extras.swift /Users/admin/builder/spi-builder-workspace/.dependencies/checkouts/XcodeProj/Sources/XcodeProj/Extensions/KeyedDecodingContainer+Additions.swift /Users/admin/builder/spi-builder-workspace/.dependencies/checkouts/XcodeProj/Sources/XcodeProj/Extensions/NSRecursiveLock+Sync.swift /Users/admin/builder/spi-builder-workspace/.dependencies/checkouts/XcodeProj/Sources/XcodeProj/Extensions/Path+Extras.swift /Users/admin/builder/spi-builder-workspace/.dependencies/checkouts/XcodeProj/Sources/XcodeProj/Extensions/String+Utils.swift /Users/admin/builder/spi-builder-workspace/.dependencies/checkouts/XcodeProj/Sources/XcodeProj/Extensions/String+md5.swift /Users/admin/builder/spi-builder-workspace/.dependencies/checkouts/XcodeProj/Sources/XcodeProj/Objects/BuildPhase/BuildPhase.swift /Users/admin/builder/spi-builder-workspace/.dependencies/checkouts/XcodeProj/Sources/XcodeProj/Objects/BuildPhase/PBXBuildFile.swift (in target 'XcodeProj' from project 'XcodeProj')
SwiftCompile normal arm64 /Users/admin/builder/spi-builder-workspace/.dependencies/checkouts/XcodeProj/Sources/XcodeProj/Extensions/Path+Extras.swift (in target 'XcodeProj' from project 'XcodeProj')
Building workspace SwiftImportChecks with scheme SwiftImportChecks
(3 failures)
Command line invocation:
/Applications/Xcode-27.0.0-Release.Candidate.app/Contents/Developer/usr/bin/xcodebuild -IDEClonedSourcePackagesDirPathOverride=/Users/admin/builder/spi-builder-workspace/.dependencies -resolvePackageDependencies
Resolve Package Graph
Resolved source packages:
XcodeProj: https://github.com/tuist/XcodeProj.git @ 8.27.7
PathKit: https://github.com/kylef/PathKit.git @ 1.0.1
swift-argument-parser: https://github.com/apple/swift-argument-parser @ 1.8.2
SwiftSyntax: https://github.com/apple/swift-syntax.git @ 508.0.1
Yams: https://github.com/jpsim/Yams.git @ 5.4.0
AEXML: https://github.com/tadija/AEXML.git @ 4.7.0
Spectre: https://github.com/kylef/Spectre.git @ 0.10.1
SwiftImportChecks: /Users/admin/builder/spi-builder-workspace
resolved source packages: XcodeProj, PathKit, swift-argument-parser, SwiftSyntax, Yams, AEXML, Spectre, SwiftImportChecks
2026-09-24 08:05:01.660 xcodebuild[1269:7129] [MT] IDERunDestination: Supported platforms for the buildables in the current scheme is empty.
{
"dependencies" : [
{
"identity" : "swift-argument-parser",
"requirement" : {
"range" : [
{
"lower_bound" : "1.2.0",
"upper_bound" : "2.0.0"
}
]
},
"type" : "sourceControl",
"url" : "https://github.com/apple/swift-argument-parser"
},
{
"identity" : "xcodeproj",
"requirement" : {
"range" : [
{
"lower_bound" : "8.8.0",
"upper_bound" : "9.0.0"
}
]
},
"type" : "sourceControl",
"url" : "https://github.com/tuist/XcodeProj.git"
},
{
"identity" : "swift-syntax",
"requirement" : {
"range" : [
{
"lower_bound" : "508.0.0",
"upper_bound" : "509.0.0"
}
]
},
"type" : "sourceControl",
"url" : "https://github.com/apple/swift-syntax.git"
},
{
"identity" : "yams",
"requirement" : {
"range" : [
{
"lower_bound" : "5.0.0",
"upper_bound" : "6.0.0"
}
]
},
"type" : "sourceControl",
"url" : "https://github.com/jpsim/Yams.git"
}
],
"manifest_display_name" : "SwiftImportChecks",
"name" : "SwiftImportChecks",
"path" : "/Users/admin/builder/spi-builder-workspace",
"platforms" : [
{
"name" : "macos",
"version" : "14.0"
}
],
"products" : [
{
"name" : "SwiftImportChecks",
"targets" : [
"SwiftImportChecks"
],
"type" : {
"executable" : null
}
}
],
"targets" : [
{
"c99name" : "SwiftImportChecksTests",
"module_type" : "SwiftTarget",
"name" : "SwiftImportChecksTests",
"path" : "Tests/SwiftImportChecksTests",
"product_dependencies" : [
"XcodeProj"
],
"resources" : [
{
"path" : "/Users/admin/builder/spi-builder-workspace/Tests/SwiftImportChecksTests/Example",
"rule" : {
"copy" : {
}
}
}
],
"sources" : [
"CompositionRootTests.swift",
"Configuration/ConfigErrorTests.swift",
"Configuration/ConfigFactoryTests.swift",
"Configuration/ConfigurationTests.swift",
"DiagramBuilder/DiagramBuilderTests.swift",
"Errors/ImplicitDependenciesErrorTests.swift",
"Errors/SwiftImportChecksErrorTests.swift",
"Extensions/StringExtensionsTests.swift",
"Extensions/XCodeProjError+Extension.swift",
"Mocks/ConfigFactoryMock.swift",
"Mocks/FileManagerMock.swift",
"Mocks/MockDiagramBuilder.swift",
"SPMParsing/PackagesParserTests.swift",
"SwiftImportChecksTests.swift",
"SwiftSyntaxParsing/SwiftFilesParserTests.swift"
],
"target_dependencies" : [
"SwiftImportChecks"
],
"type" : "test"
},
{
"c99name" : "SwiftImportChecks",
"module_type" : "SwiftTarget",
"name" : "SwiftImportChecks",
"path" : "Sources",
"product_dependencies" : [
"Yams",
"ArgumentParser",
"XcodeProj",
"SwiftSyntax",
"SwiftSyntaxParser"
],
"product_memberships" : [
"SwiftImportChecks"
],
"sources" : [
"CompositionRoot.swift",
"Configuration/ConfigError.swift",
"Configuration/ConfigFactory.swift",
"Configuration/Configuration.swift",
"Configuration/SystemImports.swift",
"DiagramBuilder/DiagramBuilder.swift",
"Errors/ImplicitDependenciesError.swift",
"Errors/SwiftImportChecksError.swift",
"Extensions/String+Extensions.swift",
"Extensions/URL+Extensions.swift",
"Protocols/FileManagerProtocol.swift",
"SPMParsing/PackageSwiftFileVisitor.swift",
"SPMParsing/PackagesParser.swift",
"SPMParsing/SwiftPackageFile.swift",
"SPMParsing/SwiftPackageTarget.swift",
"SwiftImportChecks.swift",
"SwiftSyntaxParsing/Comment.swift",
"SwiftSyntaxParsing/Node.swift",
"SwiftSyntaxParsing/Results.swift",
"SwiftSyntaxParsing/SwiftFile.swift",
"SwiftSyntaxParsing/SwiftFileVisitor.swift",
"SwiftSyntaxParsing/SwiftFilesParser.swift",
"SwiftSyntaxParsing/SwiftFunction.swift",
"SwiftSyntaxParsing/SwiftType.swift",
"XcodeProjectParsing/Target.swift",
"XcodeProjectParsing/TargetValidator.swift",
"XcodeProjectParsing/XcodeProjectParser.swift"
],
"type" : "executable"
}
],
"tools_version" : "6.0"
}
{
"workspace" : {
"name" : "SwiftImportChecks",
"schemes" : [
"SwiftImportChecks"
]
}
}
2026-09-24 08:05:04.253 xcodebuild[1286:7258] [MT] IDERunDestination: Supported platforms for the buildables in the current scheme is empty.
Running build ...
env DEVELOPER_DIR=/Applications/Xcode-27.0.0-Release.Candidate.app xcrun xcodebuild -IDEClonedSourcePackagesDirPathOverride=$PWD/.dependencies -skipMacroValidation -skipPackagePluginValidation -derivedDataPath $PWD/.derivedData build -scheme SwiftImportChecks -destination generic/platform=watchOS
Command line invocation:
/Applications/Xcode-27.0.0-Release.Candidate.app/Contents/Developer/usr/bin/xcodebuild -IDEClonedSourcePackagesDirPathOverride=/Users/admin/builder/spi-builder-workspace/.dependencies -skipMacroValidation -skipPackagePluginValidation -derivedDataPath /Users/admin/builder/spi-builder-workspace/.derivedData build -scheme SwiftImportChecks -destination generic/platform=watchOS
Resolve Package Graph
Resolved source packages:
SwiftSyntax: https://github.com/apple/swift-syntax.git @ 508.0.1
XcodeProj: https://github.com/tuist/XcodeProj.git @ 8.27.7
PathKit: https://github.com/kylef/PathKit.git @ 1.0.1
AEXML: https://github.com/tadija/AEXML.git @ 4.7.0
Spectre: https://github.com/kylef/Spectre.git @ 0.10.1
Yams: https://github.com/jpsim/Yams.git @ 5.4.0
swift-argument-parser: https://github.com/apple/swift-argument-parser @ 1.8.2
SwiftImportChecks: /Users/admin/builder/spi-builder-workspace
ComputePackagePrebuildTargetDependencyGraph
Prepare packages
CreateBuildRequest
SendProjectDescription
CreateBuildOperation
ComputeTargetDependencyGraph
note: Building targets in dependency order
note: Target dependency graph (19 targets)
Target 'SwiftImportChecks-product' in project 'SwiftImportChecks'
➜ Explicit dependency on target 'Yams-product' in project 'Yams'
➜ Explicit dependency on target 'ArgumentParser-product' in project 'swift-argument-parser'
➜ Explicit dependency on target 'XcodeProj-product' in project 'XcodeProj'
➜ Explicit dependency on target 'SwiftSyntax-product' in project 'SwiftSyntax'
➜ Explicit dependency on target 'SwiftSyntaxParser-product' in project 'SwiftSyntax'
Target 'SwiftSyntaxParser-product' in project 'SwiftSyntax'
➜ Explicit dependency on target 'SwiftSyntaxParser' in project 'SwiftSyntax'
➜ Explicit dependency on target 'SwiftSyntax' in project 'SwiftSyntax'
➜ Explicit dependency on target 'SwiftDiagnostics' in project 'SwiftSyntax'
➜ Explicit dependency on target 'SwiftParser' in project 'SwiftSyntax'
Target 'SwiftSyntaxParser' in project 'SwiftSyntax'
➜ Explicit dependency on target 'SwiftSyntax' in project 'SwiftSyntax'
➜ Explicit dependency on target 'SwiftDiagnostics' in project 'SwiftSyntax'
➜ Explicit dependency on target 'SwiftParser' in project 'SwiftSyntax'
Target 'SwiftParser' in project 'SwiftSyntax'
➜ Explicit dependency on target 'SwiftSyntax' in project 'SwiftSyntax'
➜ Explicit dependency on target 'SwiftDiagnostics' in project 'SwiftSyntax'
Target 'SwiftDiagnostics' in project 'SwiftSyntax'
➜ Explicit dependency on target 'SwiftSyntax' in project 'SwiftSyntax'
Target 'SwiftSyntax-product' in project 'SwiftSyntax'
➜ Explicit dependency on target 'SwiftSyntax' in project 'SwiftSyntax'
Target 'SwiftSyntax' in project 'SwiftSyntax' (no dependencies)
Target 'XcodeProj-product' in project 'XcodeProj'
➜ Explicit dependency on target 'XcodeProj' in project 'XcodeProj'
➜ Explicit dependency on target 'PathKit-product' in project 'PathKit'
➜ Explicit dependency on target 'AEXML-product' in project 'AEXML'
Target 'XcodeProj' in project 'XcodeProj'
➜ Explicit dependency on target 'PathKit-product' in project 'PathKit'
➜ Explicit dependency on target 'AEXML-product' in project 'AEXML'
Target 'AEXML-product' in project 'AEXML'
➜ Explicit dependency on target 'AEXML' in project 'AEXML'
Target 'AEXML' in project 'AEXML' (no dependencies)
Target 'PathKit-product' in project 'PathKit'
➜ Explicit dependency on target 'PathKit' in project 'PathKit'
Target 'PathKit' in project 'PathKit' (no dependencies)
Target 'ArgumentParser-product' in project 'swift-argument-parser'
➜ Explicit dependency on target 'ArgumentParser' in project 'swift-argument-parser'
➜ Explicit dependency on target 'ArgumentParserToolInfo' in project 'swift-argument-parser'
Target 'ArgumentParser' in project 'swift-argument-parser'
➜ Explicit dependency on target 'ArgumentParserToolInfo' in project 'swift-argument-parser'
Target 'ArgumentParserToolInfo' in project 'swift-argument-parser' (no dependencies)
Target 'Yams-product' in project 'Yams'
➜ Explicit dependency on target 'Yams' in project 'Yams'
➜ Explicit dependency on target 'CYaml' in project 'Yams'
Target 'Yams' in project 'Yams'
➜ Explicit dependency on target 'CYaml' in project 'Yams'
Target 'CYaml' in project 'Yams' (no dependencies)
GatherProvisioningInputs
CreateBuildDescription
ClangStatCache /Applications/Xcode-27.0.0-Release.Candidate.app/Contents/Developer/Toolchains/XcodeDefault.xctoolchain/usr/bin/clang-stat-cache /Applications/Xcode-27.0.0-Release.Candidate.app/Contents/Developer/Platforms/WatchOS.platform/Developer/SDKs/WatchOS27.0.sdk /Users/admin/builder/spi-builder-workspace/.derivedData/SDKStatCaches.noindex/watchos27.0-24R360-e829b21a6f8c9b70876ba0858053c04477534ef55a1706bf4c1112bbb242f0a2.sdkstatcache
cd /Users/admin/builder/spi-builder-workspace/.swiftpm/xcode
/Applications/Xcode-27.0.0-Release.Candidate.app/Contents/Developer/Toolchains/XcodeDefault.xctoolchain/usr/bin/clang-stat-cache /Applications/Xcode-27.0.0-Release.Candidate.app/Contents/Developer/Platforms/WatchOS.platform/Developer/SDKs/WatchOS27.0.sdk -o /Users/admin/builder/spi-builder-workspace/.derivedData/SDKStatCaches.noindex/watchos27.0-24R360-e829b21a6f8c9b70876ba0858053c04477534ef55a1706bf4c1112bbb242f0a2.sdkstatcache
SwiftDriver XcodeProj normal arm64 com.apple.xcode.tools.swift.compiler (in target 'XcodeProj' from project 'XcodeProj')
cd /Users/admin/builder/spi-builder-workspace/.swiftpm/xcode
builtin-SwiftDriver -- /Applications/Xcode-27.0.0-Release.Candidate.app/Contents/Developer/Toolchains/XcodeDefault.xctoolchain/usr/bin/swiftc -parse-as-library -module-name XcodeProj -Onone @/Users/admin/builder/spi-builder-workspace/.derivedData/Build/Intermediates.noindex/XcodeProj.build/Debug-watchos/XcodeProj-t.build/Objects-normal/arm64/XcodeProj.SwiftFileList -DSWIFT_PACKAGE -DDEBUG -DSWIFT_MODULE_RESOURCE_BUNDLE_UNAVAILABLE -DXcode -enable-experimental-feature StrictConcurrency -plugin-path /Applications/Xcode-27.0.0-Release.Candidate.app/Contents/Developer/Toolchains/XcodeDefault.xctoolchain/usr/lib/swift/host/plugins/testing -enable-experimental-feature DebugDescriptionMacro -sdk /Applications/Xcode-27.0.0-Release.Candidate.app/Contents/Developer/Platforms/WatchOS.platform/Developer/SDKs/WatchOS27.0.sdk -target arm64-apple-watchos9.0 -g -module-cache-path /Users/admin/builder/spi-builder-workspace/.derivedData/ModuleCache.noindex -Xfrontend -serialize-debugging-options -profile-coverage-mapping -profile-generate -enable-testing -suppress-warnings -index-store-path /Users/admin/builder/spi-builder-workspace/.derivedData/Index.noindex/DataStore -Xcc -D_LIBCPP_HARDENING_MODE\=_LIBCPP_HARDENING_MODE_DEBUG -swift-version 5 -I /Users/admin/builder/spi-builder-workspace/.derivedData/Build/Products/Debug-watchos -Isystem /Applications/Xcode-27.0.0-Release.Candidate.app/Contents/Developer/Platforms/WatchOS.platform/Developer/usr/lib -F /Users/admin/builder/spi-builder-workspace/.derivedData/Build/Products/Debug-watchos/PackageFrameworks -F /Users/admin/builder/spi-builder-workspace/.derivedData/Build/Products/Debug-watchos -F /Applications/Xcode-27.0.0-Release.Candidate.app/Contents/Developer/Platforms/WatchOS.platform/Developer/Library/Frameworks -F /Applications/Xcode-27.0.0-Release.Candidate.app/Contents/Developer/Platforms/WatchOS.platform/Developer/SDKs/WatchOS27.0.sdk/Developer/Library/Frameworks -c -j10 -enable-batch-mode -incremental -Xcc -ivfsstatcache -Xcc /Users/admin/builder/spi-builder-workspace/.derivedData/SDKStatCaches.noindex/watchos27.0-24R360-e829b21a6f8c9b70876ba0858053c04477534ef55a1706bf4c1112bbb242f0a2.sdkstatcache -output-file-map /Users/admin/builder/spi-builder-workspace/.derivedData/Build/Intermediates.noindex/XcodeProj.build/Debug-watchos/XcodeProj-t.build/Objects-normal/arm64/XcodeProj-OutputFileMap.json -save-temps -no-color-diagnostics -explicit-module-build -module-cache-path /Users/admin/builder/spi-builder-workspace/.derivedData/Build/Intermediates.noindex/SwiftExplicitPrecompiledModules -clang-scanner-module-cache-path /Users/admin/builder/spi-builder-workspace/.derivedData/ModuleCache.noindex -sdk-module-cache-path /Users/admin/builder/spi-builder-workspace/.derivedData/SDKExplicitPrecompiledModules -emit-dependencies -emit-module -emit-module-path /Users/admin/builder/spi-builder-workspace/.derivedData/Build/Intermediates.noindex/XcodeProj.build/Debug-watchos/XcodeProj-t.build/Objects-normal/arm64/XcodeProj.swiftmodule -serialize-diagnostics -dependency-scan-serialize-diagnostics-path /Users/admin/builder/spi-builder-workspace/.derivedData/Build/Intermediates.noindex/XcodeProj.build/Debug-watchos/XcodeProj-t.build/Objects-normal/arm64/XcodeProj-dependency-scan.dia -validate-clang-modules-once -clang-build-session-file /Users/admin/builder/spi-builder-workspace/.derivedData/ModuleCache.noindex/Session.modulevalidation -Xcc -fmodules-prune-interval\=86400 -Xcc -fmodules-prune-after\=345600 -package-name xcodeproj -emit-const-values -const-gather-protocols-list /Users/admin/builder/spi-builder-workspace/.derivedData/Build/Intermediates.noindex/XcodeProj.build/Debug-watchos/XcodeProj-t.build/Objects-normal/arm64/XcodeProj_const_extract_protocols.json -Xcc -I/Users/admin/builder/spi-builder-workspace/.derivedData/Build/Products/Debug-watchos/include -Xcc -I/Users/admin/builder/spi-builder-workspace/.derivedData/Build/Intermediates.noindex/XcodeProj.build/Debug-watchos/XcodeProj-t.build/DerivedSources-normal/arm64 -Xcc -I/Users/admin/builder/spi-builder-workspace/.derivedData/Build/Intermediates.noindex/XcodeProj.build/Debug-watchos/XcodeProj-t.build/DerivedSources/arm64 -Xcc -I/Users/admin/builder/spi-builder-workspace/.derivedData/Build/Intermediates.noindex/XcodeProj.build/Debug-watchos/XcodeProj-t.build/DerivedSources -Xcc -DSWIFT_PACKAGE -Xcc -DDEBUG\=1 -emit-objc-header -emit-objc-header-path /Users/admin/builder/spi-builder-workspace/.derivedData/Build/Intermediates.noindex/XcodeProj.build/Debug-watchos/XcodeProj-t.build/Objects-normal/arm64/XcodeProj-Swift.h -working-directory /Users/admin/builder/spi-builder-workspace/.swiftpm/xcode -experimental-emit-module-separately -disable-cmo
SwiftDriver XcodeProj normal arm64_32 com.apple.xcode.tools.swift.compiler (in target 'XcodeProj' from project 'XcodeProj')
cd /Users/admin/builder/spi-builder-workspace/.swiftpm/xcode
builtin-SwiftDriver -- /Applications/Xcode-27.0.0-Release.Candidate.app/Contents/Developer/Toolchains/XcodeDefault.xctoolchain/usr/bin/swiftc -parse-as-library -module-name XcodeProj -Onone @/Users/admin/builder/spi-builder-workspace/.derivedData/Build/Intermediates.noindex/XcodeProj.build/Debug-watchos/XcodeProj-t.build/Objects-normal/arm64_32/XcodeProj.SwiftFileList -DSWIFT_PACKAGE -DDEBUG -DSWIFT_MODULE_RESOURCE_BUNDLE_UNAVAILABLE -DXcode -enable-experimental-feature StrictConcurrency -plugin-path /Applications/Xcode-27.0.0-Release.Candidate.app/Contents/Developer/Toolchains/XcodeDefault.xctoolchain/usr/lib/swift/host/plugins/testing -enable-experimental-feature DebugDescriptionMacro -sdk /Applications/Xcode-27.0.0-Release.Candidate.app/Contents/Developer/Platforms/WatchOS.platform/Developer/SDKs/WatchOS27.0.sdk -target arm64_32-apple-watchos9.0 -g -module-cache-path /Users/admin/builder/spi-builder-workspace/.derivedData/ModuleCache.noindex -Xfrontend -serialize-debugging-options -profile-coverage-mapping -profile-generate -enable-testing -suppress-warnings -index-store-path /Users/admin/builder/spi-builder-workspace/.derivedData/Index.noindex/DataStore -Xcc -D_LIBCPP_HARDENING_MODE\=_LIBCPP_HARDENING_MODE_DEBUG -swift-version 5 -I /Users/admin/builder/spi-builder-workspace/.derivedData/Build/Products/Debug-watchos -Isystem /Applications/Xcode-27.0.0-Release.Candidate.app/Contents/Developer/Platforms/WatchOS.platform/Developer/usr/lib -F /Users/admin/builder/spi-builder-workspace/.derivedData/Build/Products/Debug-watchos/PackageFrameworks -F /Users/admin/builder/spi-builder-workspace/.derivedData/Build/Products/Debug-watchos -F /Applications/Xcode-27.0.0-Release.Candidate.app/Contents/Developer/Platforms/WatchOS.platform/Developer/Library/Frameworks -F /Applications/Xcode-27.0.0-Release.Candidate.app/Contents/Developer/Platforms/WatchOS.platform/Developer/SDKs/WatchOS27.0.sdk/Developer/Library/Frameworks -c -j10 -enable-batch-mode -incremental -Xcc -ivfsstatcache -Xcc /Users/admin/builder/spi-builder-workspace/.derivedData/SDKStatCaches.noindex/watchos27.0-24R360-e829b21a6f8c9b70876ba0858053c04477534ef55a1706bf4c1112bbb242f0a2.sdkstatcache -output-file-map /Users/admin/builder/spi-builder-workspace/.derivedData/Build/Intermediates.noindex/XcodeProj.build/Debug-watchos/XcodeProj-t.build/Objects-normal/arm64_32/XcodeProj-OutputFileMap.json -save-temps -no-color-diagnostics -explicit-module-build -module-cache-path /Users/admin/builder/spi-builder-workspace/.derivedData/Build/Intermediates.noindex/SwiftExplicitPrecompiledModules -clang-scanner-module-cache-path /Users/admin/builder/spi-builder-workspace/.derivedData/ModuleCache.noindex -sdk-module-cache-path /Users/admin/builder/spi-builder-workspace/.derivedData/SDKExplicitPrecompiledModules -emit-dependencies -emit-module -emit-module-path /Users/admin/builder/spi-builder-workspace/.derivedData/Build/Intermediates.noindex/XcodeProj.build/Debug-watchos/XcodeProj-t.build/Objects-normal/arm64_32/XcodeProj.swiftmodule -serialize-diagnostics -dependency-scan-serialize-diagnostics-path /Users/admin/builder/spi-builder-workspace/.derivedData/Build/Intermediates.noindex/XcodeProj.build/Debug-watchos/XcodeProj-t.build/Objects-normal/arm64_32/XcodeProj-dependency-scan.dia -validate-clang-modules-once -clang-build-session-file /Users/admin/builder/spi-builder-workspace/.derivedData/ModuleCache.noindex/Session.modulevalidation -Xcc -fmodules-prune-interval\=86400 -Xcc -fmodules-prune-after\=345600 -package-name xcodeproj -emit-const-values -const-gather-protocols-list /Users/admin/builder/spi-builder-workspace/.derivedData/Build/Intermediates.noindex/XcodeProj.build/Debug-watchos/XcodeProj-t.build/Objects-normal/arm64_32/XcodeProj_const_extract_protocols.json -Xcc -I/Users/admin/builder/spi-builder-workspace/.derivedData/Build/Products/Debug-watchos/include -Xcc -I/Users/admin/builder/spi-builder-workspace/.derivedData/Build/Intermediates.noindex/XcodeProj.build/Debug-watchos/XcodeProj-t.build/DerivedSources-normal/arm64_32 -Xcc -I/Users/admin/builder/spi-builder-workspace/.derivedData/Build/Intermediates.noindex/XcodeProj.build/Debug-watchos/XcodeProj-t.build/DerivedSources/arm64_32 -Xcc -I/Users/admin/builder/spi-builder-workspace/.derivedData/Build/Intermediates.noindex/XcodeProj.build/Debug-watchos/XcodeProj-t.build/DerivedSources -Xcc -DSWIFT_PACKAGE -Xcc -DDEBUG\=1 -emit-objc-header -emit-objc-header-path /Users/admin/builder/spi-builder-workspace/.derivedData/Build/Intermediates.noindex/XcodeProj.build/Debug-watchos/XcodeProj-t.build/Objects-normal/arm64_32/XcodeProj-Swift.h -working-directory /Users/admin/builder/spi-builder-workspace/.swiftpm/xcode -experimental-emit-module-separately -disable-cmo
SwiftDriver SwiftSyntax normal arm64_32 com.apple.xcode.tools.swift.compiler (in target 'SwiftSyntax' from project 'SwiftSyntax')
cd /Users/admin/builder/spi-builder-workspace/.swiftpm/xcode
builtin-SwiftDriver -- /Applications/Xcode-27.0.0-Release.Candidate.app/Contents/Developer/Toolchains/XcodeDefault.xctoolchain/usr/bin/swiftc -parse-as-library -module-name SwiftSyntax -Onone @/Users/admin/builder/spi-builder-workspace/.derivedData/Build/Intermediates.noindex/SwiftSyntax.build/Debug-watchos/SwiftSyntax-t.build/Objects-normal/arm64_32/SwiftSyntax.SwiftFileList -DSWIFT_PACKAGE -DDEBUG -DSWIFT_MODULE_RESOURCE_BUNDLE_UNAVAILABLE -DXcode -plugin-path /Applications/Xcode-27.0.0-Release.Candidate.app/Contents/Developer/Toolchains/XcodeDefault.xctoolchain/usr/lib/swift/host/plugins/testing -enable-experimental-feature DebugDescriptionMacro -sdk /Applications/Xcode-27.0.0-Release.Candidate.app/Contents/Developer/Platforms/WatchOS.platform/Developer/SDKs/WatchOS27.0.sdk -target arm64_32-apple-watchos9.0 -g -module-cache-path /Users/admin/builder/spi-builder-workspace/.derivedData/ModuleCache.noindex -Xfrontend -serialize-debugging-options -profile-coverage-mapping -profile-generate -enable-testing -suppress-warnings -index-store-path /Users/admin/builder/spi-builder-workspace/.derivedData/Index.noindex/DataStore -Xcc -D_LIBCPP_HARDENING_MODE\=_LIBCPP_HARDENING_MODE_DEBUG -swift-version 5 -I /Users/admin/builder/spi-builder-workspace/.derivedData/Build/Products/Debug-watchos -Isystem /Applications/Xcode-27.0.0-Release.Candidate.app/Contents/Developer/Platforms/WatchOS.platform/Developer/usr/lib -F /Users/admin/builder/spi-builder-workspace/.derivedData/Build/Products/Debug-watchos -F /Applications/Xcode-27.0.0-Release.Candidate.app/Contents/Developer/Platforms/WatchOS.platform/Developer/Library/Frameworks -F /Applications/Xcode-27.0.0-Release.Candidate.app/Contents/Developer/Platforms/WatchOS.platform/Developer/SDKs/WatchOS27.0.sdk/Developer/Library/Frameworks -c -j10 -enable-batch-mode -incremental -Xcc -ivfsstatcache -Xcc /Users/admin/builder/spi-builder-workspace/.derivedData/SDKStatCaches.noindex/watchos27.0-24R360-e829b21a6f8c9b70876ba0858053c04477534ef55a1706bf4c1112bbb242f0a2.sdkstatcache -output-file-map /Users/admin/builder/spi-builder-workspace/.derivedData/Build/Intermediates.noindex/SwiftSyntax.build/Debug-watchos/SwiftSyntax-t.build/Objects-normal/arm64_32/SwiftSyntax-OutputFileMap.json -save-temps -no-color-diagnostics -explicit-module-build -module-cache-path /Users/admin/builder/spi-builder-workspace/.derivedData/Build/Intermediates.noindex/SwiftExplicitPrecompiledModules -clang-scanner-module-cache-path /Users/admin/builder/spi-builder-workspace/.derivedData/ModuleCache.noindex -sdk-module-cache-path /Users/admin/builder/spi-builder-workspace/.derivedData/SDKExplicitPrecompiledModules -emit-dependencies -emit-module -emit-module-path /Users/admin/builder/spi-builder-workspace/.derivedData/Build/Intermediates.noindex/SwiftSyntax.build/Debug-watchos/SwiftSyntax-t.build/Objects-normal/arm64_32/SwiftSyntax.swiftmodule -serialize-diagnostics -dependency-scan-serialize-diagnostics-path /Users/admin/builder/spi-builder-workspace/.derivedData/Build/Intermediates.noindex/SwiftSyntax.build/Debug-watchos/SwiftSyntax-t.build/Objects-normal/arm64_32/SwiftSyntax-dependency-scan.dia -validate-clang-modules-once -clang-build-session-file /Users/admin/builder/spi-builder-workspace/.derivedData/ModuleCache.noindex/Session.modulevalidation -Xcc -fmodules-prune-interval\=86400 -Xcc -fmodules-prune-after\=345600 -emit-const-values -const-gather-protocols-list /Users/admin/builder/spi-builder-workspace/.derivedData/Build/Intermediates.noindex/SwiftSyntax.build/Debug-watchos/SwiftSyntax-t.build/Objects-normal/arm64_32/SwiftSyntax_const_extract_protocols.json -Xcc -I/Users/admin/builder/spi-builder-workspace/.derivedData/Build/Products/Debug-watchos/include -Xcc -I/Users/admin/builder/spi-builder-workspace/.derivedData/Build/Intermediates.noindex/SwiftSyntax.build/Debug-watchos/SwiftSyntax-t.build/DerivedSources-normal/arm64_32 -Xcc -I/Users/admin/builder/spi-builder-workspace/.derivedData/Build/Intermediates.noindex/SwiftSyntax.build/Debug-watchos/SwiftSyntax-t.build/DerivedSources/arm64_32 -Xcc -I/Users/admin/builder/spi-builder-workspace/.derivedData/Build/Intermediates.noindex/SwiftSyntax.build/Debug-watchos/SwiftSyntax-t.build/DerivedSources -Xcc -DSWIFT_PACKAGE -Xcc -DDEBUG\=1 -emit-objc-header -emit-objc-header-path /Users/admin/builder/spi-builder-workspace/.derivedData/Build/Intermediates.noindex/SwiftSyntax.build/Debug-watchos/SwiftSyntax-t.build/Objects-normal/arm64_32/SwiftSyntax-Swift.h -working-directory /Users/admin/builder/spi-builder-workspace/.swiftpm/xcode -experimental-emit-module-separately -disable-cmo
SwiftDriver SwiftSyntax normal arm64 com.apple.xcode.tools.swift.compiler (in target 'SwiftSyntax' from project 'SwiftSyntax')
cd /Users/admin/builder/spi-builder-workspace/.swiftpm/xcode
builtin-SwiftDriver -- /Applications/Xcode-27.0.0-Release.Candidate.app/Contents/Developer/Toolchains/XcodeDefault.xctoolchain/usr/bin/swiftc -parse-as-library -module-name SwiftSyntax -Onone @/Users/admin/builder/spi-builder-workspace/.derivedData/Build/Intermediates.noindex/SwiftSyntax.build/Debug-watchos/SwiftSyntax-t.build/Objects-normal/arm64/SwiftSyntax.SwiftFileList -DSWIFT_PACKAGE -DDEBUG -DSWIFT_MODULE_RESOURCE_BUNDLE_UNAVAILABLE -DXcode -plugin-path /Applications/Xcode-27.0.0-Release.Candidate.app/Contents/Developer/Toolchains/XcodeDefault.xctoolchain/usr/lib/swift/host/plugins/testing -enable-experimental-feature DebugDescriptionMacro -sdk /Applications/Xcode-27.0.0-Release.Candidate.app/Contents/Developer/Platforms/WatchOS.platform/Developer/SDKs/WatchOS27.0.sdk -target arm64-apple-watchos9.0 -g -module-cache-path /Users/admin/builder/spi-builder-workspace/.derivedData/ModuleCache.noindex -Xfrontend -serialize-debugging-options -profile-coverage-mapping -profile-generate -enable-testing -suppress-warnings -index-store-path /Users/admin/builder/spi-builder-workspace/.derivedData/Index.noindex/DataStore -Xcc -D_LIBCPP_HARDENING_MODE\=_LIBCPP_HARDENING_MODE_DEBUG -swift-version 5 -I /Users/admin/builder/spi-builder-workspace/.derivedData/Build/Products/Debug-watchos -Isystem /Applications/Xcode-27.0.0-Release.Candidate.app/Contents/Developer/Platforms/WatchOS.platform/Developer/usr/lib -F /Users/admin/builder/spi-builder-workspace/.derivedData/Build/Products/Debug-watchos -F /Applications/Xcode-27.0.0-Release.Candidate.app/Contents/Developer/Platforms/WatchOS.platform/Developer/Library/Frameworks -F /Applications/Xcode-27.0.0-Release.Candidate.app/Contents/Developer/Platforms/WatchOS.platform/Developer/SDKs/WatchOS27.0.sdk/Developer/Library/Frameworks -c -j10 -enable-batch-mode -incremental -Xcc -ivfsstatcache -Xcc /Users/admin/builder/spi-builder-workspace/.derivedData/SDKStatCaches.noindex/watchos27.0-24R360-e829b21a6f8c9b70876ba0858053c04477534ef55a1706bf4c1112bbb242f0a2.sdkstatcache -output-file-map /Users/admin/builder/spi-builder-workspace/.derivedData/Build/Intermediates.noindex/SwiftSyntax.build/Debug-watchos/SwiftSyntax-t.build/Objects-normal/arm64/SwiftSyntax-OutputFileMap.json -save-temps -no-color-diagnostics -explicit-module-build -module-cache-path /Users/admin/builder/spi-builder-workspace/.derivedData/Build/Intermediates.noindex/SwiftExplicitPrecompiledModules -clang-scanner-module-cache-path /Users/admin/builder/spi-builder-workspace/.derivedData/ModuleCache.noindex -sdk-module-cache-path /Users/admin/builder/spi-builder-workspace/.derivedData/SDKExplicitPrecompiledModules -emit-dependencies -emit-module -emit-module-path /Users/admin/builder/spi-builder-workspace/.derivedData/Build/Intermediates.noindex/SwiftSyntax.build/Debug-watchos/SwiftSyntax-t.build/Objects-normal/arm64/SwiftSyntax.swiftmodule -serialize-diagnostics -dependency-scan-serialize-diagnostics-path /Users/admin/builder/spi-builder-workspace/.derivedData/Build/Intermediates.noindex/SwiftSyntax.build/Debug-watchos/SwiftSyntax-t.build/Objects-normal/arm64/SwiftSyntax-dependency-scan.dia -validate-clang-modules-once -clang-build-session-file /Users/admin/builder/spi-builder-workspace/.derivedData/ModuleCache.noindex/Session.modulevalidation -Xcc -fmodules-prune-interval\=86400 -Xcc -fmodules-prune-after\=345600 -emit-const-values -const-gather-protocols-list /Users/admin/builder/spi-builder-workspace/.derivedData/Build/Intermediates.noindex/SwiftSyntax.build/Debug-watchos/SwiftSyntax-t.build/Objects-normal/arm64/SwiftSyntax_const_extract_protocols.json -Xcc -I/Users/admin/builder/spi-builder-workspace/.derivedData/Build/Products/Debug-watchos/include -Xcc -I/Users/admin/builder/spi-builder-workspace/.derivedData/Build/Intermediates.noindex/SwiftSyntax.build/Debug-watchos/SwiftSyntax-t.build/DerivedSources-normal/arm64 -Xcc -I/Users/admin/builder/spi-builder-workspace/.derivedData/Build/Intermediates.noindex/SwiftSyntax.build/Debug-watchos/SwiftSyntax-t.build/DerivedSources/arm64 -Xcc -I/Users/admin/builder/spi-builder-workspace/.derivedData/Build/Intermediates.noindex/SwiftSyntax.build/Debug-watchos/SwiftSyntax-t.build/DerivedSources -Xcc -DSWIFT_PACKAGE -Xcc -DDEBUG\=1 -emit-objc-header -emit-objc-header-path /Users/admin/builder/spi-builder-workspace/.derivedData/Build/Intermediates.noindex/SwiftSyntax.build/Debug-watchos/SwiftSyntax-t.build/Objects-normal/arm64/SwiftSyntax-Swift.h -working-directory /Users/admin/builder/spi-builder-workspace/.swiftpm/xcode -experimental-emit-module-separately -disable-cmo
SwiftDriver AEXML normal arm64_32 com.apple.xcode.tools.swift.compiler (in target 'AEXML' from project 'AEXML')
cd /Users/admin/builder/spi-builder-workspace/.swiftpm/xcode
builtin-SwiftDriver -- /Applications/Xcode-27.0.0-Release.Candidate.app/Contents/Developer/Toolchains/XcodeDefault.xctoolchain/usr/bin/swiftc -parse-as-library -module-name AEXML -Onone @/Users/admin/builder/spi-builder-workspace/.derivedData/Build/Intermediates.noindex/AEXML.build/Debug-watchos/AEXML-t.build/Objects-normal/arm64_32/AEXML.SwiftFileList -DSWIFT_PACKAGE -DDEBUG -DSWIFT_MODULE_RESOURCE_BUNDLE_UNAVAILABLE -DXcode -plugin-path /Applications/Xcode-27.0.0-Release.Candidate.app/Contents/Developer/Toolchains/XcodeDefault.xctoolchain/usr/lib/swift/host/plugins/testing -enable-experimental-feature DebugDescriptionMacro -sdk /Applications/Xcode-27.0.0-Release.Candidate.app/Contents/Developer/Platforms/WatchOS.platform/Developer/SDKs/WatchOS27.0.sdk -target arm64_32-apple-watchos9.0 -g -module-cache-path /Users/admin/builder/spi-builder-workspace/.derivedData/ModuleCache.noindex -Xfrontend -serialize-debugging-options -profile-coverage-mapping -profile-generate -enable-testing -suppress-warnings -index-store-path /Users/admin/builder/spi-builder-workspace/.derivedData/Index.noindex/DataStore -Xcc -D_LIBCPP_HARDENING_MODE\=_LIBCPP_HARDENING_MODE_DEBUG -swift-version 5 -I /Users/admin/builder/spi-builder-workspace/.derivedData/Build/Products/Debug-watchos -Isystem /Applications/Xcode-27.0.0-Release.Candidate.app/Contents/Developer/Platforms/WatchOS.platform/Developer/usr/lib -F /Users/admin/builder/spi-builder-workspace/.derivedData/Build/Products/Debug-watchos -F /Applications/Xcode-27.0.0-Release.Candidate.app/Contents/Developer/Platforms/WatchOS.platform/Developer/Library/Frameworks -F /Applications/Xcode-27.0.0-Release.Candidate.app/Contents/Developer/Platforms/WatchOS.platform/Developer/SDKs/WatchOS27.0.sdk/Developer/Library/Frameworks -c -j10 -enable-batch-mode -incremental -Xcc -ivfsstatcache -Xcc /Users/admin/builder/spi-builder-workspace/.derivedData/SDKStatCaches.noindex/watchos27.0-24R360-e829b21a6f8c9b70876ba0858053c04477534ef55a1706bf4c1112bbb242f0a2.sdkstatcache -output-file-map /Users/admin/builder/spi-builder-workspace/.derivedData/Build/Intermediates.noindex/AEXML.build/Debug-watchos/AEXML-t.build/Objects-normal/arm64_32/AEXML-OutputFileMap.json -save-temps -no-color-diagnostics -explicit-module-build -module-cache-path /Users/admin/builder/spi-builder-workspace/.derivedData/Build/Intermediates.noindex/SwiftExplicitPrecompiledModules -clang-scanner-module-cache-path /Users/admin/builder/spi-builder-workspace/.derivedData/ModuleCache.noindex -sdk-module-cache-path /Users/admin/builder/spi-builder-workspace/.derivedData/SDKExplicitPrecompiledModules -emit-dependencies -emit-module -emit-module-path /Users/admin/builder/spi-builder-workspace/.derivedData/Build/Intermediates.noindex/AEXML.build/Debug-watchos/AEXML-t.build/Objects-normal/arm64_32/AEXML.swiftmodule -serialize-diagnostics -dependency-scan-serialize-diagnostics-path /Users/admin/builder/spi-builder-workspace/.derivedData/Build/Intermediates.noindex/AEXML.build/Debug-watchos/AEXML-t.build/Objects-normal/arm64_32/AEXML-dependency-scan.dia -validate-clang-modules-once -clang-build-session-file /Users/admin/builder/spi-builder-workspace/.derivedData/ModuleCache.noindex/Session.modulevalidation -Xcc -fmodules-prune-interval\=86400 -Xcc -fmodules-prune-after\=345600 -package-name aexml -emit-const-values -const-gather-protocols-list /Users/admin/builder/spi-builder-workspace/.derivedData/Build/Intermediates.noindex/AEXML.build/Debug-watchos/AEXML-t.build/Objects-normal/arm64_32/AEXML_const_extract_protocols.json -Xcc -I/Users/admin/builder/spi-builder-workspace/.derivedData/Build/Products/Debug-watchos/include -Xcc -I/Users/admin/builder/spi-builder-workspace/.derivedData/Build/Intermediates.noindex/AEXML.build/Debug-watchos/AEXML-t.build/DerivedSources-normal/arm64_32 -Xcc -I/Users/admin/builder/spi-builder-workspace/.derivedData/Build/Intermediates.noindex/AEXML.build/Debug-watchos/AEXML-t.build/DerivedSources/arm64_32 -Xcc -I/Users/admin/builder/spi-builder-workspace/.derivedData/Build/Intermediates.noindex/AEXML.build/Debug-watchos/AEXML-t.build/DerivedSources -Xcc -DSWIFT_PACKAGE -Xcc -DDEBUG\=1 -emit-objc-header -emit-objc-header-path /Users/admin/builder/spi-builder-workspace/.derivedData/Build/Intermediates.noindex/AEXML.build/Debug-watchos/AEXML-t.build/Objects-normal/arm64_32/AEXML-Swift.h -working-directory /Users/admin/builder/spi-builder-workspace/.swiftpm/xcode -experimental-emit-module-separately -disable-cmo
ExtractAppIntentsMetadata (in target 'PathKit' from project 'PathKit')
cd /Users/admin/builder/spi-builder-workspace/.dependencies/checkouts/PathKit
/Applications/Xcode-27.0.0-Release.Candidate.app/Contents/Developer/Toolchains/XcodeDefault.xctoolchain/usr/bin/appintentsmetadataprocessor --toolchain-dir /var/run/com.apple.security.cryptexd/mnt/com.apple.MobileAsset.MetalToolchain-v27.1.266.1.oFkNpg/Metal.xctoolchain --module-name PathKit --sdk-root /Applications/Xcode-27.0.0-Release.Candidate.app/Contents/Developer/Platforms/WatchOS.platform/Developer/SDKs/WatchOS27.0.sdk --xcode-version 27A266a --platform-family watchOS --deployment-target 9.0 --bundle-identifier pathkit.PathKit --output /Users/admin/builder/spi-builder-workspace/.derivedData/Build/Products/Debug-watchos/PathKit.appintents --target-triple arm64-apple-watchos9.0 --target-triple arm64_32-apple-watchos9.0 --binary-file /Users/admin/builder/spi-builder-workspace/.derivedData/Build/Products/Debug-watchos/PathKit.o --dependency-file /Users/admin/builder/spi-builder-workspace/.derivedData/Build/Intermediates.noindex/PathKit.build/Debug-watchos/PathKit-t.build/Objects-normal/arm64/PathKit_dependency_info.dat --dependency-file /Users/admin/builder/spi-builder-workspace/.derivedData/Build/Intermediates.noindex/PathKit.build/Debug-watchos/PathKit-t.build/Objects-normal/arm64_32/PathKit_dependency_info.dat --stringsdata-file /Users/admin/builder/spi-builder-workspace/.derivedData/Build/Intermediates.noindex/PathKit.build/Debug-watchos/PathKit-t.build/Objects-normal/arm64/ExtractedAppShortcutsMetadata.stringsdata --stringsdata-file /Users/admin/builder/spi-builder-workspace/.derivedData/Build/Intermediates.noindex/PathKit.build/Debug-watchos/PathKit-t.build/Objects-normal/arm64_32/ExtractedAppShortcutsMetadata.stringsdata --source-file-list /Users/admin/builder/spi-builder-workspace/.derivedData/Build/Intermediates.noindex/PathKit.build/Debug-watchos/PathKit-t.build/Objects-normal/arm64/PathKit.SwiftFileList --source-file-list /Users/admin/builder/spi-builder-workspace/.derivedData/Build/Intermediates.noindex/PathKit.build/Debug-watchos/PathKit-t.build/Objects-normal/arm64_32/PathKit.SwiftFileList --metadata-file-list /Users/admin/builder/spi-builder-workspace/.derivedData/Build/Intermediates.noindex/PathKit.build/Debug-watchos/PathKit-t.build/PathKit.DependencyMetadataFileList --static-metadata-file-list /Users/admin/builder/spi-builder-workspace/.derivedData/Build/Intermediates.noindex/PathKit.build/Debug-watchos/PathKit-t.build/PathKit.DependencyStaticMetadataFileList --swift-const-vals-list /Users/admin/builder/spi-builder-workspace/.derivedData/Build/Intermediates.noindex/PathKit.build/Debug-watchos/PathKit-t.build/Objects-normal/arm64/PathKit.SwiftConstValuesFileList --swift-const-vals-list /Users/admin/builder/spi-builder-workspace/.derivedData/Build/Intermediates.noindex/PathKit.build/Debug-watchos/PathKit-t.build/Objects-normal/arm64_32/PathKit.SwiftConstValuesFileList --force --compile-time-extraction --deployment-aware-processing --no-app-shortcuts-localization
2026-09-24 08:05:07.823 appintentsmetadataprocessor[1308:7445] Starting appintentsmetadataprocessor export
2026-09-24 08:05:07.927 appintentsmetadataprocessor[1308:7445] Extracted no relevant App Intents symbols, skipping writing output
Ld /Users/admin/builder/spi-builder-workspace/.derivedData/Build/Intermediates.noindex/swift-argument-parser.build/Debug-watchos/ArgumentParserToolInfo-t.build/Objects-normal/arm64_32/Binary/ArgumentParserToolInfo.o normal arm64_32 (in target 'ArgumentParserToolInfo' from project 'swift-argument-parser')
cd /Users/admin/builder/spi-builder-workspace/.dependencies/checkouts/swift-argument-parser
/Applications/Xcode-27.0.0-Release.Candidate.app/Contents/Developer/Toolchains/XcodeDefault.xctoolchain/usr/bin/clang -Xlinker -reproducible -target arm64_32-apple-watchos9.0 -r -isysroot /Applications/Xcode-27.0.0-Release.Candidate.app/Contents/Developer/Platforms/WatchOS.platform/Developer/SDKs/WatchOS27.0.sdk -O0 -w -Xlinker -no_warn_duplicate_libraries -F/Users/admin/builder/spi-builder-workspace/.derivedData/Build/Intermediates.noindex/EagerLinkingTBDs/Debug-watchos -F/Users/admin/builder/spi-builder-workspace/.derivedData/Build/Products/Debug-watchos -iframework /Applications/Xcode-27.0.0-Release.Candidate.app/Contents/Developer/Platforms/WatchOS.platform/Developer/Library/Frameworks -iframework /Applications/Xcode-27.0.0-Release.Candidate.app/Contents/Developer/Platforms/WatchOS.platform/Developer/SDKs/WatchOS27.0.sdk/Developer/Library/Frameworks -filelist /Users/admin/builder/spi-builder-workspace/.derivedData/Build/Intermediates.noindex/swift-argument-parser.build/Debug-watchos/ArgumentParserToolInfo-t.build/Objects-normal/arm64_32/ArgumentParserToolInfo.LinkFileList -nostdlib -Xlinker -object_path_lto -Xlinker /Users/admin/builder/spi-builder-workspace/.derivedData/Build/Intermediates.noindex/swift-argument-parser.build/Debug-watchos/ArgumentParserToolInfo-t.build/Objects-normal/arm64_32/ArgumentParserToolInfo_lto.o -Xlinker -no_deduplicate -Xlinker -debug_variant -Xlinker -dependency_info -Xlinker /Users/admin/builder/spi-builder-workspace/.derivedData/Build/Intermediates.noindex/swift-argument-parser.build/Debug-watchos/ArgumentParserToolInfo-t.build/Objects-normal/arm64_32/ArgumentParserToolInfo_dependency_info.dat -fobjc-link-runtime -L/Applications/Xcode-27.0.0-Release.Candidate.app/Contents/Developer/Toolchains/XcodeDefault.xctoolchain/usr/lib/swift/watchos -L/usr/lib/swift -Xlinker -add_ast_path -Xlinker /Users/admin/builder/spi-builder-workspace/.derivedData/Build/Intermediates.noindex/swift-argument-parser.build/Debug-watchos/ArgumentParserToolInfo-t.build/Objects-normal/arm64_32/ArgumentParserToolInfo.swiftmodule -o /Users/admin/builder/spi-builder-workspace/.derivedData/Build/Intermediates.noindex/swift-argument-parser.build/Debug-watchos/ArgumentParserToolInfo-t.build/Objects-normal/arm64_32/Binary/ArgumentParserToolInfo.o
Ld /Users/admin/builder/spi-builder-workspace/.derivedData/Build/Intermediates.noindex/swift-argument-parser.build/Debug-watchos/ArgumentParserToolInfo-t.build/Objects-normal/arm64/Binary/ArgumentParserToolInfo.o normal arm64 (in target 'ArgumentParserToolInfo' from project 'swift-argument-parser')
cd /Users/admin/builder/spi-builder-workspace/.dependencies/checkouts/swift-argument-parser
/Applications/Xcode-27.0.0-Release.Candidate.app/Contents/Developer/Toolchains/XcodeDefault.xctoolchain/usr/bin/clang -Xlinker -reproducible -target arm64-apple-watchos9.0 -r -isysroot /Applications/Xcode-27.0.0-Release.Candidate.app/Contents/Developer/Platforms/WatchOS.platform/Developer/SDKs/WatchOS27.0.sdk -O0 -w -Xlinker -no_warn_duplicate_libraries -F/Users/admin/builder/spi-builder-workspace/.derivedData/Build/Intermediates.noindex/EagerLinkingTBDs/Debug-watchos -F/Users/admin/builder/spi-builder-workspace/.derivedData/Build/Products/Debug-watchos -iframework /Applications/Xcode-27.0.0-Release.Candidate.app/Contents/Developer/Platforms/WatchOS.platform/Developer/Library/Frameworks -iframework /Applications/Xcode-27.0.0-Release.Candidate.app/Contents/Developer/Platforms/WatchOS.platform/Developer/SDKs/WatchOS27.0.sdk/Developer/Library/Frameworks -filelist /Users/admin/builder/spi-builder-workspace/.derivedData/Build/Intermediates.noindex/swift-argument-parser.build/Debug-watchos/ArgumentParserToolInfo-t.build/Objects-normal/arm64/ArgumentParserToolInfo.LinkFileList -nostdlib -Xlinker -object_path_lto -Xlinker /Users/admin/builder/spi-builder-workspace/.derivedData/Build/Intermediates.noindex/swift-argument-parser.build/Debug-watchos/ArgumentParserToolInfo-t.build/Objects-normal/arm64/ArgumentParserToolInfo_lto.o -Xlinker -no_deduplicate -Xlinker -debug_variant -Xlinker -dependency_info -Xlinker /Users/admin/builder/spi-builder-workspace/.derivedData/Build/Intermediates.noindex/swift-argument-parser.build/Debug-watchos/ArgumentParserToolInfo-t.build/Objects-normal/arm64/ArgumentParserToolInfo_dependency_info.dat -fobjc-link-runtime -L/Applications/Xcode-27.0.0-Release.Candidate.app/Contents/Developer/Toolchains/XcodeDefault.xctoolchain/usr/lib/swift/watchos -L/usr/lib/swift -Xlinker -add_ast_path -Xlinker /Users/admin/builder/spi-builder-workspace/.derivedData/Build/Intermediates.noindex/swift-argument-parser.build/Debug-watchos/ArgumentParserToolInfo-t.build/Objects-normal/arm64/ArgumentParserToolInfo.swiftmodule -o /Users/admin/builder/spi-builder-workspace/.derivedData/Build/Intermediates.noindex/swift-argument-parser.build/Debug-watchos/ArgumentParserToolInfo-t.build/Objects-normal/arm64/Binary/ArgumentParserToolInfo.o
SwiftDriver SwiftDiagnostics normal arm64 com.apple.xcode.tools.swift.compiler (in target 'SwiftDiagnostics' from project 'SwiftSyntax')
cd /Users/admin/builder/spi-builder-workspace/.swiftpm/xcode
builtin-SwiftDriver -- /Applications/Xcode-27.0.0-Release.Candidate.app/Contents/Developer/Toolchains/XcodeDefault.xctoolchain/usr/bin/swiftc -parse-as-library -module-name SwiftDiagnostics -Onone @/Users/admin/builder/spi-builder-workspace/.derivedData/Build/Intermediates.noindex/SwiftSyntax.build/Debug-watchos/SwiftDiagnostics-t.build/Objects-normal/arm64/SwiftDiagnostics.SwiftFileList -DSWIFT_PACKAGE -DDEBUG -DSWIFT_MODULE_RESOURCE_BUNDLE_UNAVAILABLE -DXcode -plugin-path /Applications/Xcode-27.0.0-Release.Candidate.app/Contents/Developer/Toolchains/XcodeDefault.xctoolchain/usr/lib/swift/host/plugins/testing -enable-experimental-feature DebugDescriptionMacro -sdk /Applications/Xcode-27.0.0-Release.Candidate.app/Contents/Developer/Platforms/WatchOS.platform/Developer/SDKs/WatchOS27.0.sdk -target arm64-apple-watchos9.0 -g -module-cache-path /Users/admin/builder/spi-builder-workspace/.derivedData/ModuleCache.noindex -Xfrontend -serialize-debugging-options -profile-coverage-mapping -profile-generate -enable-testing -suppress-warnings -index-store-path /Users/admin/builder/spi-builder-workspace/.derivedData/Index.noindex/DataStore -Xcc -D_LIBCPP_HARDENING_MODE\=_LIBCPP_HARDENING_MODE_DEBUG -swift-version 5 -I /Users/admin/builder/spi-builder-workspace/.derivedData/Build/Products/Debug-watchos -Isystem /Applications/Xcode-27.0.0-Release.Candidate.app/Contents/Developer/Platforms/WatchOS.platform/Developer/usr/lib -F /Users/admin/builder/spi-builder-workspace/.derivedData/Build/Products/Debug-watchos/PackageFrameworks -F /Users/admin/builder/spi-builder-workspace/.derivedData/Build/Products/Debug-watchos -F /Applications/Xcode-27.0.0-Release.Candidate.app/Contents/Developer/Platforms/WatchOS.platform/Developer/Library/Frameworks -F /Applications/Xcode-27.0.0-Release.Candidate.app/Contents/Developer/Platforms/WatchOS.platform/Developer/SDKs/WatchOS27.0.sdk/Developer/Library/Frameworks -c -j10 -enable-batch-mode -incremental -Xcc -ivfsstatcache -Xcc /Users/admin/builder/spi-builder-workspace/.derivedData/SDKStatCaches.noindex/watchos27.0-24R360-e829b21a6f8c9b70876ba0858053c04477534ef55a1706bf4c1112bbb242f0a2.sdkstatcache -output-file-map /Users/admin/builder/spi-builder-workspace/.derivedData/Build/Intermediates.noindex/SwiftSyntax.build/Debug-watchos/SwiftDiagnostics-t.build/Objects-normal/arm64/SwiftDiagnostics-OutputFileMap.json -save-temps -no-color-diagnostics -explicit-module-build -module-cache-path /Users/admin/builder/spi-builder-workspace/.derivedData/Build/Intermediates.noindex/SwiftExplicitPrecompiledModules -clang-scanner-module-cache-path /Users/admin/builder/spi-builder-workspace/.derivedData/ModuleCache.noindex -sdk-module-cache-path /Users/admin/builder/spi-builder-workspace/.derivedData/SDKExplicitPrecompiledModules -emit-dependencies -emit-module -emit-module-path /Users/admin/builder/spi-builder-workspace/.derivedData/Build/Intermediates.noindex/SwiftSyntax.build/Debug-watchos/SwiftDiagnostics-t.build/Objects-normal/arm64/SwiftDiagnostics.swiftmodule -serialize-diagnostics -dependency-scan-serialize-diagnostics-path /Users/admin/builder/spi-builder-workspace/.derivedData/Build/Intermediates.noindex/SwiftSyntax.build/Debug-watchos/SwiftDiagnostics-t.build/Objects-normal/arm64/SwiftDiagnostics-dependency-scan.dia -validate-clang-modules-once -clang-build-session-file /Users/admin/builder/spi-builder-workspace/.derivedData/ModuleCache.noindex/Session.modulevalidation -Xcc -fmodules-prune-interval\=86400 -Xcc -fmodules-prune-after\=345600 -emit-const-values -const-gather-protocols-list /Users/admin/builder/spi-builder-workspace/.derivedData/Build/Intermediates.noindex/SwiftSyntax.build/Debug-watchos/SwiftDiagnostics-t.build/Objects-normal/arm64/SwiftDiagnostics_const_extract_protocols.json -Xcc -I/Users/admin/builder/spi-builder-workspace/.derivedData/Build/Products/Debug-watchos/include -Xcc -I/Users/admin/builder/spi-builder-workspace/.derivedData/Build/Intermediates.noindex/SwiftSyntax.build/Debug-watchos/SwiftDiagnostics-t.build/DerivedSources-normal/arm64 -Xcc -I/Users/admin/builder/spi-builder-workspace/.derivedData/Build/Intermediates.noindex/SwiftSyntax.build/Debug-watchos/SwiftDiagnostics-t.build/DerivedSources/arm64 -Xcc -I/Users/admin/builder/spi-builder-workspace/.derivedData/Build/Intermediates.noindex/SwiftSyntax.build/Debug-watchos/SwiftDiagnostics-t.build/DerivedSources -Xcc -DSWIFT_PACKAGE -Xcc -DDEBUG\=1 -emit-objc-header -emit-objc-header-path /Users/admin/builder/spi-builder-workspace/.derivedData/Build/Intermediates.noindex/SwiftSyntax.build/Debug-watchos/SwiftDiagnostics-t.build/Objects-normal/arm64/SwiftDiagnostics-Swift.h -working-directory /Users/admin/builder/spi-builder-workspace/.swiftpm/xcode -experimental-emit-module-separately -disable-cmo
SwiftDriver SwiftDiagnostics normal arm64_32 com.apple.xcode.tools.swift.compiler (in target 'SwiftDiagnostics' from project 'SwiftSyntax')
cd /Users/admin/builder/spi-builder-workspace/.swiftpm/xcode
builtin-SwiftDriver -- /Applications/Xcode-27.0.0-Release.Candidate.app/Contents/Developer/Toolchains/XcodeDefault.xctoolchain/usr/bin/swiftc -parse-as-library -module-name SwiftDiagnostics -Onone @/Users/admin/builder/spi-builder-workspace/.derivedData/Build/Intermediates.noindex/SwiftSyntax.build/Debug-watchos/SwiftDiagnostics-t.build/Objects-normal/arm64_32/SwiftDiagnostics.SwiftFileList -DSWIFT_PACKAGE -DDEBUG -DSWIFT_MODULE_RESOURCE_BUNDLE_UNAVAILABLE -DXcode -plugin-path /Applications/Xcode-27.0.0-Release.Candidate.app/Contents/Developer/Toolchains/XcodeDefault.xctoolchain/usr/lib/swift/host/plugins/testing -enable-experimental-feature DebugDescriptionMacro -sdk /Applications/Xcode-27.0.0-Release.Candidate.app/Contents/Developer/Platforms/WatchOS.platform/Developer/SDKs/WatchOS27.0.sdk -target arm64_32-apple-watchos9.0 -g -module-cache-path /Users/admin/builder/spi-builder-workspace/.derivedData/ModuleCache.noindex -Xfrontend -serialize-debugging-options -profile-coverage-mapping -profile-generate -enable-testing -suppress-warnings -index-store-path /Users/admin/builder/spi-builder-workspace/.derivedData/Index.noindex/DataStore -Xcc -D_LIBCPP_HARDENING_MODE\=_LIBCPP_HARDENING_MODE_DEBUG -swift-version 5 -I /Users/admin/builder/spi-builder-workspace/.derivedData/Build/Products/Debug-watchos -Isystem /Applications/Xcode-27.0.0-Release.Candidate.app/Contents/Developer/Platforms/WatchOS.platform/Developer/usr/lib -F /Users/admin/builder/spi-builder-workspace/.derivedData/Build/Products/Debug-watchos/PackageFrameworks -F /Users/admin/builder/spi-builder-workspace/.derivedData/Build/Products/Debug-watchos -F /Applications/Xcode-27.0.0-Release.Candidate.app/Contents/Developer/Platforms/WatchOS.platform/Developer/Library/Frameworks -F /Applications/Xcode-27.0.0-Release.Candidate.app/Contents/Developer/Platforms/WatchOS.platform/Developer/SDKs/WatchOS27.0.sdk/Developer/Library/Frameworks -c -j10 -enable-batch-mode -incremental -Xcc -ivfsstatcache -Xcc /Users/admin/builder/spi-builder-workspace/.derivedData/SDKStatCaches.noindex/watchos27.0-24R360-e829b21a6f8c9b70876ba0858053c04477534ef55a1706bf4c1112bbb242f0a2.sdkstatcache -output-file-map /Users/admin/builder/spi-builder-workspace/.derivedData/Build/Intermediates.noindex/SwiftSyntax.build/Debug-watchos/SwiftDiagnostics-t.build/Objects-normal/arm64_32/SwiftDiagnostics-OutputFileMap.json -save-temps -no-color-diagnostics -explicit-module-build -module-cache-path /Users/admin/builder/spi-builder-workspace/.derivedData/Build/Intermediates.noindex/SwiftExplicitPrecompiledModules -clang-scanner-module-cache-path /Users/admin/builder/spi-builder-workspace/.derivedData/ModuleCache.noindex -sdk-module-cache-path /Users/admin/builder/spi-builder-workspace/.derivedData/SDKExplicitPrecompiledModules -emit-dependencies -emit-module -emit-module-path /Users/admin/builder/spi-builder-workspace/.derivedData/Build/Intermediates.noindex/SwiftSyntax.build/Debug-watchos/SwiftDiagnostics-t.build/Objects-normal/arm64_32/SwiftDiagnostics.swiftmodule -serialize-diagnostics -dependency-scan-serialize-diagnostics-path /Users/admin/builder/spi-builder-workspace/.derivedData/Build/Intermediates.noindex/SwiftSyntax.build/Debug-watchos/SwiftDiagnostics-t.build/Objects-normal/arm64_32/SwiftDiagnostics-dependency-scan.dia -validate-clang-modules-once -clang-build-session-file /Users/admin/builder/spi-builder-workspace/.derivedData/ModuleCache.noindex/Session.modulevalidation -Xcc -fmodules-prune-interval\=86400 -Xcc -fmodules-prune-after\=345600 -emit-const-values -const-gather-protocols-list /Users/admin/builder/spi-builder-workspace/.derivedData/Build/Intermediates.noindex/SwiftSyntax.build/Debug-watchos/SwiftDiagnostics-t.build/Objects-normal/arm64_32/SwiftDiagnostics_const_extract_protocols.json -Xcc -I/Users/admin/builder/spi-builder-workspace/.derivedData/Build/Products/Debug-watchos/include -Xcc -I/Users/admin/builder/spi-builder-workspace/.derivedData/Build/Intermediates.noindex/SwiftSyntax.build/Debug-watchos/SwiftDiagnostics-t.build/DerivedSources-normal/arm64_32 -Xcc -I/Users/admin/builder/spi-builder-workspace/.derivedData/Build/Intermediates.noindex/SwiftSyntax.build/Debug-watchos/SwiftDiagnostics-t.build/DerivedSources/arm64_32 -Xcc -I/Users/admin/builder/spi-builder-workspace/.derivedData/Build/Intermediates.noindex/SwiftSyntax.build/Debug-watchos/SwiftDiagnostics-t.build/DerivedSources -Xcc -DSWIFT_PACKAGE -Xcc -DDEBUG\=1 -emit-objc-header -emit-objc-header-path /Users/admin/builder/spi-builder-workspace/.derivedData/Build/Intermediates.noindex/SwiftSyntax.build/Debug-watchos/SwiftDiagnostics-t.build/Objects-normal/arm64_32/SwiftDiagnostics-Swift.h -working-directory /Users/admin/builder/spi-builder-workspace/.swiftpm/xcode -experimental-emit-module-separately -disable-cmo
CreateUniversalBinary /Users/admin/builder/spi-builder-workspace/.derivedData/Build/Products/Debug-watchos/ArgumentParserToolInfo.o normal arm64\ arm64_32 (in target 'ArgumentParserToolInfo' from project 'swift-argument-parser')
cd /Users/admin/builder/spi-builder-workspace/.dependencies/checkouts/swift-argument-parser
/Applications/Xcode-27.0.0-Release.Candidate.app/Contents/Developer/Toolchains/XcodeDefault.xctoolchain/usr/bin/lipo -create /Users/admin/builder/spi-builder-workspace/.derivedData/Build/Intermediates.noindex/swift-argument-parser.build/Debug-watchos/ArgumentParserToolInfo-t.build/Objects-normal/arm64/Binary/ArgumentParserToolInfo.o /Users/admin/builder/spi-builder-workspace/.derivedData/Build/Intermediates.noindex/swift-argument-parser.build/Debug-watchos/ArgumentParserToolInfo-t.build/Objects-normal/arm64_32/Binary/ArgumentParserToolInfo.o -output /Users/admin/builder/spi-builder-workspace/.derivedData/Build/Products/Debug-watchos/ArgumentParserToolInfo.o
Ld /Users/admin/builder/spi-builder-workspace/.derivedData/Build/Intermediates.noindex/AEXML.build/Debug-watchos/AEXML-t.build/Objects-normal/arm64/Binary/AEXML.o normal arm64 (in target 'AEXML' from project 'AEXML')
cd /Users/admin/builder/spi-builder-workspace/.dependencies/checkouts/AEXML
/Applications/Xcode-27.0.0-Release.Candidate.app/Contents/Developer/Toolchains/XcodeDefault.xctoolchain/usr/bin/clang -Xlinker -reproducible -target arm64-apple-watchos9.0 -r -isysroot /Applications/Xcode-27.0.0-Release.Candidate.app/Contents/Developer/Platforms/WatchOS.platform/Developer/SDKs/WatchOS27.0.sdk -O0 -w -Xlinker -no_warn_duplicate_libraries -F/Users/admin/builder/spi-builder-workspace/.derivedData/Build/Intermediates.noindex/EagerLinkingTBDs/Debug-watchos -F/Users/admin/builder/spi-builder-workspace/.derivedData/Build/Products/Debug-watchos -iframework /Applications/Xcode-27.0.0-Release.Candidate.app/Contents/Developer/Platforms/WatchOS.platform/Developer/Library/Frameworks -iframework /Applications/Xcode-27.0.0-Release.Candidate.app/Contents/Developer/Platforms/WatchOS.platform/Developer/SDKs/WatchOS27.0.sdk/Developer/Library/Frameworks -filelist /Users/admin/builder/spi-builder-workspace/.derivedData/Build/Intermediates.noindex/AEXML.build/Debug-watchos/AEXML-t.build/Objects-normal/arm64/AEXML.LinkFileList -nostdlib -Xlinker -object_path_lto -Xlinker /Users/admin/builder/spi-builder-workspace/.derivedData/Build/Intermediates.noindex/AEXML.build/Debug-watchos/AEXML-t.build/Objects-normal/arm64/AEXML_lto.o -Xlinker -no_deduplicate -Xlinker -debug_variant -Xlinker -dependency_info -Xlinker /Users/admin/builder/spi-builder-workspace/.derivedData/Build/Intermediates.noindex/AEXML.build/Debug-watchos/AEXML-t.build/Objects-normal/arm64/AEXML_dependency_info.dat -fobjc-link-runtime -L/Applications/Xcode-27.0.0-Release.Candidate.app/Contents/Developer/Toolchains/XcodeDefault.xctoolchain/usr/lib/swift/watchos -L/usr/lib/swift -Xlinker -add_ast_path -Xlinker /Users/admin/builder/spi-builder-workspace/.derivedData/Build/Intermediates.noindex/AEXML.build/Debug-watchos/AEXML-t.build/Objects-normal/arm64/AEXML.swiftmodule -o /Users/admin/builder/spi-builder-workspace/.derivedData/Build/Intermediates.noindex/AEXML.build/Debug-watchos/AEXML-t.build/Objects-normal/arm64/Binary/AEXML.o
ExtractAppIntentsMetadata (in target 'ArgumentParserToolInfo' from project 'swift-argument-parser')
cd /Users/admin/builder/spi-builder-workspace/.dependencies/checkouts/swift-argument-parser
/Applications/Xcode-27.0.0-Release.Candidate.app/Contents/Developer/Toolchains/XcodeDefault.xctoolchain/usr/bin/appintentsmetadataprocessor --toolchain-dir /var/run/com.apple.security.cryptexd/mnt/com.apple.MobileAsset.MetalToolchain-v27.1.266.1.oFkNpg/Metal.xctoolchain --module-name ArgumentParserToolInfo --sdk-root /Applications/Xcode-27.0.0-Release.Candidate.app/Contents/Developer/Platforms/WatchOS.platform/Developer/SDKs/WatchOS27.0.sdk --xcode-version 27A266a --platform-family watchOS --deployment-target 9.0 --bundle-identifier swift-argument-parser.ArgumentParserToolInfo --output /Users/admin/builder/spi-builder-workspace/.derivedData/Build/Products/Debug-watchos/ArgumentParserToolInfo.appintents --target-triple arm64-apple-watchos9.0 --target-triple arm64_32-apple-watchos9.0 --binary-file /Users/admin/builder/spi-builder-workspace/.derivedData/Build/Products/Debug-watchos/ArgumentParserToolInfo.o --dependency-file /Users/admin/builder/spi-builder-workspace/.derivedData/Build/Intermediates.noindex/swift-argument-parser.build/Debug-watchos/ArgumentParserToolInfo-t.build/Objects-normal/arm64/ArgumentParserToolInfo_dependency_info.dat --dependency-file /Users/admin/builder/spi-builder-workspace/.derivedData/Build/Intermediates.noindex/swift-argument-parser.build/Debug-watchos/ArgumentParserToolInfo-t.build/Objects-normal/arm64_32/ArgumentParserToolInfo_dependency_info.dat --stringsdata-file /Users/admin/builder/spi-builder-workspace/.derivedData/Build/Intermediates.noindex/swift-argument-parser.build/Debug-watchos/ArgumentParserToolInfo-t.build/Objects-normal/arm64/ExtractedAppShortcutsMetadata.stringsdata --stringsdata-file /Users/admin/builder/spi-builder-workspace/.derivedData/Build/Intermediates.noindex/swift-argument-parser.build/Debug-watchos/ArgumentParserToolInfo-t.build/Objects-normal/arm64_32/ExtractedAppShortcutsMetadata.stringsdata --source-file-list /Users/admin/builder/spi-builder-workspace/.derivedData/Build/Intermediates.noindex/swift-argument-parser.build/Debug-watchos/ArgumentParserToolInfo-t.build/Objects-normal/arm64/ArgumentParserToolInfo.SwiftFileList --source-file-list /Users/admin/builder/spi-builder-workspace/.derivedData/Build/Intermediates.noindex/swift-argument-parser.build/Debug-watchos/ArgumentParserToolInfo-t.build/Objects-normal/arm64_32/ArgumentParserToolInfo.SwiftFileList --metadata-file-list /Users/admin/builder/spi-builder-workspace/.derivedData/Build/Intermediates.noindex/swift-argument-parser.build/Debug-watchos/ArgumentParserToolInfo-t.build/ArgumentParserToolInfo.DependencyMetadataFileList --static-metadata-file-list /Users/admin/builder/spi-builder-workspace/.derivedData/Build/Intermediates.noindex/swift-argument-parser.build/Debug-watchos/ArgumentParserToolInfo-t.build/ArgumentParserToolInfo.DependencyStaticMetadataFileList --swift-const-vals-list /Users/admin/builder/spi-builder-workspace/.derivedData/Build/Intermediates.noindex/swift-argument-parser.build/Debug-watchos/ArgumentParserToolInfo-t.build/Objects-normal/arm64/ArgumentParserToolInfo.SwiftConstValuesFileList --swift-const-vals-list /Users/admin/builder/spi-builder-workspace/.derivedData/Build/Intermediates.noindex/swift-argument-parser.build/Debug-watchos/ArgumentParserToolInfo-t.build/Objects-normal/arm64_32/ArgumentParserToolInfo.SwiftConstValuesFileList --force --compile-time-extraction --deployment-aware-processing --no-app-shortcuts-localization
2026-09-24 08:05:07.826 appintentsmetadataprocessor[1315:7470] Starting appintentsmetadataprocessor export
2026-09-24 08:05:07.927 appintentsmetadataprocessor[1315:7470] Extracted no relevant App Intents symbols, skipping writing output
SwiftDriver ArgumentParser normal arm64_32 com.apple.xcode.tools.swift.compiler (in target 'ArgumentParser' from project 'swift-argument-parser')
cd /Users/admin/builder/spi-builder-workspace/.swiftpm/xcode
builtin-SwiftDriver -- /Applications/Xcode-27.0.0-Release.Candidate.app/Contents/Developer/Toolchains/XcodeDefault.xctoolchain/usr/bin/swiftc -parse-as-library -module-name ArgumentParser -Onone @/Users/admin/builder/spi-builder-workspace/.derivedData/Build/Intermediates.noindex/swift-argument-parser.build/Debug-watchos/ArgumentParser-t.build/Objects-normal/arm64_32/ArgumentParser.SwiftFileList -DSWIFT_PACKAGE -DDEBUG -DSWIFT_MODULE_RESOURCE_BUNDLE_UNAVAILABLE -DXcode -plugin-path /Applications/Xcode-27.0.0-Release.Candidate.app/Contents/Developer/Toolchains/XcodeDefault.xctoolchain/usr/lib/swift/host/plugins/testing -enable-experimental-feature DebugDescriptionMacro -sdk /Applications/Xcode-27.0.0-Release.Candidate.app/Contents/Developer/Platforms/WatchOS.platform/Developer/SDKs/WatchOS27.0.sdk -target arm64_32-apple-watchos9.0 -g -module-cache-path /Users/admin/builder/spi-builder-workspace/.derivedData/ModuleCache.noindex -Xfrontend -serialize-debugging-options -profile-coverage-mapping -profile-generate -enable-testing -suppress-warnings -index-store-path /Users/admin/builder/spi-builder-workspace/.derivedData/Index.noindex/DataStore -Xcc -D_LIBCPP_HARDENING_MODE\=_LIBCPP_HARDENING_MODE_DEBUG -swift-version 6 -I /Users/admin/builder/spi-builder-workspace/.derivedData/Build/Products/Debug-watchos -Isystem /Applications/Xcode-27.0.0-Release.Candidate.app/Contents/Developer/Platforms/WatchOS.platform/Developer/usr/lib -F /Users/admin/builder/spi-builder-workspace/.derivedData/Build/Products/Debug-watchos/PackageFrameworks -F /Users/admin/builder/spi-builder-workspace/.derivedData/Build/Products/Debug-watchos -F /Applications/Xcode-27.0.0-Release.Candidate.app/Contents/Developer/Platforms/WatchOS.platform/Developer/Library/Frameworks -F /Applications/Xcode-27.0.0-Release.Candidate.app/Contents/Developer/Platforms/WatchOS.platform/Developer/SDKs/WatchOS27.0.sdk/Developer/Library/Frameworks -c -j10 -enable-batch-mode -incremental -Xcc -ivfsstatcache -Xcc /Users/admin/builder/spi-builder-workspace/.derivedData/SDKStatCaches.noindex/watchos27.0-24R360-e829b21a6f8c9b70876ba0858053c04477534ef55a1706bf4c1112bbb242f0a2.sdkstatcache -output-file-map /Users/admin/builder/spi-builder-workspace/.derivedData/Build/Intermediates.noindex/swift-argument-parser.build/Debug-watchos/ArgumentParser-t.build/Objects-normal/arm64_32/ArgumentParser-OutputFileMap.json -save-temps -no-color-diagnostics -explicit-module-build -module-cache-path /Users/admin/builder/spi-builder-workspace/.derivedData/Build/Intermediates.noindex/SwiftExplicitPrecompiledModules -clang-scanner-module-cache-path /Users/admin/builder/spi-builder-workspace/.derivedData/ModuleCache.noindex -sdk-module-cache-path /Users/admin/builder/spi-builder-workspace/.derivedData/SDKExplicitPrecompiledModules -emit-dependencies -emit-module -emit-module-path /Users/admin/builder/spi-builder-workspace/.derivedData/Build/Intermediates.noindex/swift-argument-parser.build/Debug-watchos/ArgumentParser-t.build/Objects-normal/arm64_32/ArgumentParser.swiftmodule -serialize-diagnostics -dependency-scan-serialize-diagnostics-path /Users/admin/builder/spi-builder-workspace/.derivedData/Build/Intermediates.noindex/swift-argument-parser.build/Debug-watchos/ArgumentParser-t.build/Objects-normal/arm64_32/ArgumentParser-dependency-scan.dia -user-module-version 1.8.2 -validate-clang-modules-once -clang-build-session-file /Users/admin/builder/spi-builder-workspace/.derivedData/ModuleCache.noindex/Session.modulevalidation -Xcc -fmodules-prune-interval\=86400 -Xcc -fmodules-prune-after\=345600 -package-name swift_argument_parser -emit-const-values -const-gather-protocols-list /Users/admin/builder/spi-builder-workspace/.derivedData/Build/Intermediates.noindex/swift-argument-parser.build/Debug-watchos/ArgumentParser-t.build/Objects-normal/arm64_32/ArgumentParser_const_extract_protocols.json -Xcc -I/Users/admin/builder/spi-builder-workspace/.derivedData/Build/Products/Debug-watchos/include -Xcc -I/Users/admin/builder/spi-builder-workspace/.derivedData/Build/Intermediates.noindex/swift-argument-parser.build/Debug-watchos/ArgumentParser-t.build/DerivedSources-normal/arm64_32 -Xcc -I/Users/admin/builder/spi-builder-workspace/.derivedData/Build/Intermediates.noindex/swift-argument-parser.build/Debug-watchos/ArgumentParser-t.build/DerivedSources/arm64_32 -Xcc -I/Users/admin/builder/spi-builder-workspace/.derivedData/Build/Intermediates.noindex/swift-argument-parser.build/Debug-watchos/ArgumentParser-t.build/DerivedSources -Xcc -DSWIFT_PACKAGE -Xcc -DDEBUG\=1 -emit-objc-header -emit-objc-header-path /Users/admin/builder/spi-builder-workspace/.derivedData/Build/Intermediates.noindex/swift-argument-parser.build/Debug-watchos/ArgumentParser-t.build/Objects-normal/arm64_32/ArgumentParser-Swift.h -working-directory /Users/admin/builder/spi-builder-workspace/.swiftpm/xcode -experimental-emit-module-separately -disable-cmo
SwiftDriver ArgumentParser normal arm64 com.apple.xcode.tools.swift.compiler (in target 'ArgumentParser' from project 'swift-argument-parser')
cd /Users/admin/builder/spi-builder-workspace/.swiftpm/xcode
builtin-SwiftDriver -- /Applications/Xcode-27.0.0-Release.Candidate.app/Contents/Developer/Toolchains/XcodeDefault.xctoolchain/usr/bin/swiftc -parse-as-library -module-name ArgumentParser -Onone @/Users/admin/builder/spi-builder-workspace/.derivedData/Build/Intermediates.noindex/swift-argument-parser.build/Debug-watchos/ArgumentParser-t.build/Objects-normal/arm64/ArgumentParser.SwiftFileList -DSWIFT_PACKAGE -DDEBUG -DSWIFT_MODULE_RESOURCE_BUNDLE_UNAVAILABLE -DXcode -plugin-path /Applications/Xcode-27.0.0-Release.Candidate.app/Contents/Developer/Toolchains/XcodeDefault.xctoolchain/usr/lib/swift/host/plugins/testing -enable-experimental-feature DebugDescriptionMacro -sdk /Applications/Xcode-27.0.0-Release.Candidate.app/Contents/Developer/Platforms/WatchOS.platform/Developer/SDKs/WatchOS27.0.sdk -target arm64-apple-watchos9.0 -g -module-cache-path /Users/admin/builder/spi-builder-workspace/.derivedData/ModuleCache.noindex -Xfrontend -serialize-debugging-options -profile-coverage-mapping -profile-generate -enable-testing -suppress-warnings -index-store-path /Users/admin/builder/spi-builder-workspace/.derivedData/Index.noindex/DataStore -Xcc -D_LIBCPP_HARDENING_MODE\=_LIBCPP_HARDENING_MODE_DEBUG -swift-version 6 -I /Users/admin/builder/spi-builder-workspace/.derivedData/Build/Products/Debug-watchos -Isystem /Applications/Xcode-27.0.0-Release.Candidate.app/Contents/Developer/Platforms/WatchOS.platform/Developer/usr/lib -F /Users/admin/builder/spi-builder-workspace/.derivedData/Build/Products/Debug-watchos/PackageFrameworks -F /Users/admin/builder/spi-builder-workspace/.derivedData/Build/Products/Debug-watchos -F /Applications/Xcode-27.0.0-Release.Candidate.app/Contents/Developer/Platforms/WatchOS.platform/Developer/Library/Frameworks -F /Applications/Xcode-27.0.0-Release.Candidate.app/Contents/Developer/Platforms/WatchOS.platform/Developer/SDKs/WatchOS27.0.sdk/Developer/Library/Frameworks -c -j10 -enable-batch-mode -incremental -Xcc -ivfsstatcache -Xcc /Users/admin/builder/spi-builder-workspace/.derivedData/SDKStatCaches.noindex/watchos27.0-24R360-e829b21a6f8c9b70876ba0858053c04477534ef55a1706bf4c1112bbb242f0a2.sdkstatcache -output-file-map /Users/admin/builder/spi-builder-workspace/.derivedData/Build/Intermediates.noindex/swift-argument-parser.build/Debug-watchos/ArgumentParser-t.build/Objects-normal/arm64/ArgumentParser-OutputFileMap.json -save-temps -no-color-diagnostics -explicit-module-build -module-cache-path /Users/admin/builder/spi-builder-workspace/.derivedData/Build/Intermediates.noindex/SwiftExplicitPrecompiledModules -clang-scanner-module-cache-path /Users/admin/builder/spi-builder-workspace/.derivedData/ModuleCache.noindex -sdk-module-cache-path /Users/admin/builder/spi-builder-workspace/.derivedData/SDKExplicitPrecompiledModules -emit-dependencies -emit-module -emit-module-path /Users/admin/builder/spi-builder-workspace/.derivedData/Build/Intermediates.noindex/swift-argument-parser.build/Debug-watchos/ArgumentParser-t.build/Objects-normal/arm64/ArgumentParser.swiftmodule -serialize-diagnostics -dependency-scan-serialize-diagnostics-path /Users/admin/builder/spi-builder-workspace/.derivedData/Build/Intermediates.noindex/swift-argument-parser.build/Debug-watchos/ArgumentParser-t.build/Objects-normal/arm64/ArgumentParser-dependency-scan.dia -user-module-version 1.8.2 -validate-clang-modules-once -clang-build-session-file /Users/admin/builder/spi-builder-workspace/.derivedData/ModuleCache.noindex/Session.modulevalidation -Xcc -fmodules-prune-interval\=86400 -Xcc -fmodules-prune-after\=345600 -package-name swift_argument_parser -emit-const-values -const-gather-protocols-list /Users/admin/builder/spi-builder-workspace/.derivedData/Build/Intermediates.noindex/swift-argument-parser.build/Debug-watchos/ArgumentParser-t.build/Objects-normal/arm64/ArgumentParser_const_extract_protocols.json -Xcc -I/Users/admin/builder/spi-builder-workspace/.derivedData/Build/Products/Debug-watchos/include -Xcc -I/Users/admin/builder/spi-builder-workspace/.derivedData/Build/Intermediates.noindex/swift-argument-parser.build/Debug-watchos/ArgumentParser-t.build/DerivedSources-normal/arm64 -Xcc -I/Users/admin/builder/spi-builder-workspace/.derivedData/Build/Intermediates.noindex/swift-argument-parser.build/Debug-watchos/ArgumentParser-t.build/DerivedSources/arm64 -Xcc -I/Users/admin/builder/spi-builder-workspace/.derivedData/Build/Intermediates.noindex/swift-argument-parser.build/Debug-watchos/ArgumentParser-t.build/DerivedSources -Xcc -DSWIFT_PACKAGE -Xcc -DDEBUG\=1 -emit-objc-header -emit-objc-header-path /Users/admin/builder/spi-builder-workspace/.derivedData/Build/Intermediates.noindex/swift-argument-parser.build/Debug-watchos/ArgumentParser-t.build/Objects-normal/arm64/ArgumentParser-Swift.h -working-directory /Users/admin/builder/spi-builder-workspace/.swiftpm/xcode -experimental-emit-module-separately -disable-cmo
Ld /Users/admin/builder/spi-builder-workspace/.derivedData/Build/Intermediates.noindex/Yams.build/Debug-watchos/Yams-t.build/Objects-normal/arm64_32/Binary/Yams.o normal arm64_32 (in target 'Yams' from project 'Yams')
cd /Users/admin/builder/spi-builder-workspace/.dependencies/checkouts/Yams
/Applications/Xcode-27.0.0-Release.Candidate.app/Contents/Developer/Toolchains/XcodeDefault.xctoolchain/usr/bin/clang -Xlinker -reproducible -target arm64_32-apple-watchos9.0 -r -isysroot /Applications/Xcode-27.0.0-Release.Candidate.app/Contents/Developer/Platforms/WatchOS.platform/Developer/SDKs/WatchOS27.0.sdk -O0 -w -Xlinker -no_warn_duplicate_libraries -F/Users/admin/builder/spi-builder-workspace/.derivedData/Build/Intermediates.noindex/EagerLinkingTBDs/Debug-watchos -F/Users/admin/builder/spi-builder-workspace/.derivedData/Build/Products/Debug-watchos/PackageFrameworks -F/Users/admin/builder/spi-builder-workspace/.derivedData/Build/Products/Debug-watchos -iframework /Applications/Xcode-27.0.0-Release.Candidate.app/Contents/Developer/Platforms/WatchOS.platform/Developer/Library/Frameworks -iframework /Applications/Xcode-27.0.0-Release.Candidate.app/Contents/Developer/Platforms/WatchOS.platform/Developer/SDKs/WatchOS27.0.sdk/Developer/Library/Frameworks -filelist /Users/admin/builder/spi-builder-workspace/.derivedData/Build/Intermediates.noindex/Yams.build/Debug-watchos/Yams-t.build/Objects-normal/arm64_32/Yams.LinkFileList -nostdlib -Xlinker -object_path_lto -Xlinker /Users/admin/builder/spi-builder-workspace/.derivedData/Build/Intermediates.noindex/Yams.build/Debug-watchos/Yams-t.build/Objects-normal/arm64_32/Yams_lto.o -Xlinker -no_deduplicate -Xlinker -debug_variant -Xlinker -dependency_info -Xlinker /Users/admin/builder/spi-builder-workspace/.derivedData/Build/Intermediates.noindex/Yams.build/Debug-watchos/Yams-t.build/Objects-normal/arm64_32/Yams_dependency_info.dat -fobjc-link-runtime -L/Applications/Xcode-27.0.0-Release.Candidate.app/Contents/Developer/Toolchains/XcodeDefault.xctoolchain/usr/lib/swift/watchos -L/usr/lib/swift -Xlinker -add_ast_path -Xlinker /Users/admin/builder/spi-builder-workspace/.derivedData/Build/Intermediates.noindex/Yams.build/Debug-watchos/Yams-t.build/Objects-normal/arm64_32/Yams.swiftmodule -o /Users/admin/builder/spi-builder-workspace/.derivedData/Build/Intermediates.noindex/Yams.build/Debug-watchos/Yams-t.build/Objects-normal/arm64_32/Binary/Yams.o
Ld /Users/admin/builder/spi-builder-workspace/.derivedData/Build/Intermediates.noindex/Yams.build/Debug-watchos/Yams-t.build/Objects-normal/arm64/Binary/Yams.o normal arm64 (in target 'Yams' from project 'Yams')
cd /Users/admin/builder/spi-builder-workspace/.dependencies/checkouts/Yams
/Applications/Xcode-27.0.0-Release.Candidate.app/Contents/Developer/Toolchains/XcodeDefault.xctoolchain/usr/bin/clang -Xlinker -reproducible -target arm64-apple-watchos9.0 -r -isysroot /Applications/Xcode-27.0.0-Release.Candidate.app/Contents/Developer/Platforms/WatchOS.platform/Developer/SDKs/WatchOS27.0.sdk -O0 -w -Xlinker -no_warn_duplicate_libraries -F/Users/admin/builder/spi-builder-workspace/.derivedData/Build/Intermediates.noindex/EagerLinkingTBDs/Debug-watchos -F/Users/admin/builder/spi-builder-workspace/.derivedData/Build/Products/Debug-watchos/PackageFrameworks -F/Users/admin/builder/spi-builder-workspace/.derivedData/Build/Products/Debug-watchos -iframework /Applications/Xcode-27.0.0-Release.Candidate.app/Contents/Developer/Platforms/WatchOS.platform/Developer/Library/Frameworks -iframework /Applications/Xcode-27.0.0-Release.Candidate.app/Contents/Developer/Platforms/WatchOS.platform/Developer/SDKs/WatchOS27.0.sdk/Developer/Library/Frameworks -filelist /Users/admin/builder/spi-builder-workspace/.derivedData/Build/Intermediates.noindex/Yams.build/Debug-watchos/Yams-t.build/Objects-normal/arm64/Yams.LinkFileList -nostdlib -Xlinker -object_path_lto -Xlinker /Users/admin/builder/spi-builder-workspace/.derivedData/Build/Intermediates.noindex/Yams.build/Debug-watchos/Yams-t.build/Objects-normal/arm64/Yams_lto.o -Xlinker -no_deduplicate -Xlinker -debug_variant -Xlinker -dependency_info -Xlinker /Users/admin/builder/spi-builder-workspace/.derivedData/Build/Intermediates.noindex/Yams.build/Debug-watchos/Yams-t.build/Objects-normal/arm64/Yams_dependency_info.dat -fobjc-link-runtime -L/Applications/Xcode-27.0.0-Release.Candidate.app/Contents/Developer/Toolchains/XcodeDefault.xctoolchain/usr/lib/swift/watchos -L/usr/lib/swift -Xlinker -add_ast_path -Xlinker /Users/admin/builder/spi-builder-workspace/.derivedData/Build/Intermediates.noindex/Yams.build/Debug-watchos/Yams-t.build/Objects-normal/arm64/Yams.swiftmodule -o /Users/admin/builder/spi-builder-workspace/.derivedData/Build/Intermediates.noindex/Yams.build/Debug-watchos/Yams-t.build/Objects-normal/arm64/Binary/Yams.o
SwiftEmitModule normal arm64_32 Emitting\ module\ for\ SwiftDiagnostics (in target 'SwiftDiagnostics' from project 'SwiftSyntax')
SwiftCompile normal arm64_32 (in target 'SwiftDiagnostics' from project 'SwiftSyntax')
cd /Users/admin/builder/spi-builder-workspace/.swiftpm/xcode
SwiftCompile normal arm64_32 Compiling\ FixIt.swift /Users/admin/builder/spi-builder-workspace/.dependencies/checkouts/swift-syntax/Sources/SwiftDiagnostics/FixIt.swift (in target 'SwiftDiagnostics' from project 'SwiftSyntax')
SwiftCompile normal arm64_32 /Users/admin/builder/spi-builder-workspace/.dependencies/checkouts/swift-syntax/Sources/SwiftDiagnostics/FixIt.swift (in target 'SwiftDiagnostics' from project 'SwiftSyntax')
cd /Users/admin/builder/spi-builder-workspace/.swiftpm/xcode
builtin-SwiftPerFileCompile FixIt.swift
SwiftEmitModule normal arm64 Emitting\ module\ for\ SwiftDiagnostics (in target 'SwiftDiagnostics' from project 'SwiftSyntax')
SwiftCompile normal arm64 (in target 'SwiftDiagnostics' from project 'SwiftSyntax')
cd /Users/admin/builder/spi-builder-workspace/.swiftpm/xcode
CreateUniversalBinary /Users/admin/builder/spi-builder-workspace/.derivedData/Build/Products/Debug-watchos/Yams.o normal arm64\ arm64_32 (in target 'Yams' from project 'Yams')
cd /Users/admin/builder/spi-builder-workspace/.dependencies/checkouts/Yams
/Applications/Xcode-27.0.0-Release.Candidate.app/Contents/Developer/Toolchains/XcodeDefault.xctoolchain/usr/bin/lipo -create /Users/admin/builder/spi-builder-workspace/.derivedData/Build/Intermediates.noindex/Yams.build/Debug-watchos/Yams-t.build/Objects-normal/arm64/Binary/Yams.o /Users/admin/builder/spi-builder-workspace/.derivedData/Build/Intermediates.noindex/Yams.build/Debug-watchos/Yams-t.build/Objects-normal/arm64_32/Binary/Yams.o -output /Users/admin/builder/spi-builder-workspace/.derivedData/Build/Products/Debug-watchos/Yams.o
SwiftDriverJobDiscovery normal arm64_32 Emitting module for SwiftDiagnostics (in target 'SwiftDiagnostics' from project 'SwiftSyntax')
SwiftDriver\ Compilation\ Requirements SwiftDiagnostics normal arm64_32 com.apple.xcode.tools.swift.compiler (in target 'SwiftDiagnostics' from project 'SwiftSyntax')
cd /Users/admin/builder/spi-builder-workspace/.swiftpm/xcode
builtin-Swift-Compilation-Requirements -- /Applications/Xcode-27.0.0-Release.Candidate.app/Contents/Developer/Toolchains/XcodeDefault.xctoolchain/usr/bin/swiftc -parse-as-library -module-name SwiftDiagnostics -Onone @/Users/admin/builder/spi-builder-workspace/.derivedData/Build/Intermediates.noindex/SwiftSyntax.build/Debug-watchos/SwiftDiagnostics-t.build/Objects-normal/arm64_32/SwiftDiagnostics.SwiftFileList -DSWIFT_PACKAGE -DDEBUG -DSWIFT_MODULE_RESOURCE_BUNDLE_UNAVAILABLE -DXcode -plugin-path /Applications/Xcode-27.0.0-Release.Candidate.app/Contents/Developer/Toolchains/XcodeDefault.xctoolchain/usr/lib/swift/host/plugins/testing -enable-experimental-feature DebugDescriptionMacro -sdk /Applications/Xcode-27.0.0-Release.Candidate.app/Contents/Developer/Platforms/WatchOS.platform/Developer/SDKs/WatchOS27.0.sdk -target arm64_32-apple-watchos9.0 -g -module-cache-path /Users/admin/builder/spi-builder-workspace/.derivedData/ModuleCache.noindex -Xfrontend -serialize-debugging-options -profile-coverage-mapping -profile-generate -enable-testing -suppress-warnings -index-store-path /Users/admin/builder/spi-builder-workspace/.derivedData/Index.noindex/DataStore -Xcc -D_LIBCPP_HARDENING_MODE\=_LIBCPP_HARDENING_MODE_DEBUG -swift-version 5 -I /Users/admin/builder/spi-builder-workspace/.derivedData/Build/Products/Debug-watchos -Isystem /Applications/Xcode-27.0.0-Release.Candidate.app/Contents/Developer/Platforms/WatchOS.platform/Developer/usr/lib -F /Users/admin/builder/spi-builder-workspace/.derivedData/Build/Products/Debug-watchos/PackageFrameworks -F /Users/admin/builder/spi-builder-workspace/.derivedData/Build/Products/Debug-watchos -F /Applications/Xcode-27.0.0-Release.Candidate.app/Contents/Developer/Platforms/WatchOS.platform/Developer/Library/Frameworks -F /Applications/Xcode-27.0.0-Release.Candidate.app/Contents/Developer/Platforms/WatchOS.platform/Developer/SDKs/WatchOS27.0.sdk/Developer/Library/Frameworks -c -j10 -enable-batch-mode -incremental -Xcc -ivfsstatcache -Xcc /Users/admin/builder/spi-builder-workspace/.derivedData/SDKStatCaches.noindex/watchos27.0-24R360-e829b21a6f8c9b70876ba0858053c04477534ef55a1706bf4c1112bbb242f0a2.sdkstatcache -output-file-map /Users/admin/builder/spi-builder-workspace/.derivedData/Build/Intermediates.noindex/SwiftSyntax.build/Debug-watchos/SwiftDiagnostics-t.build/Objects-normal/arm64_32/SwiftDiagnostics-OutputFileMap.json -save-temps -no-color-diagnostics -explicit-module-build -module-cache-path /Users/admin/builder/spi-builder-workspace/.derivedData/Build/Intermediates.noindex/SwiftExplicitPrecompiledModules -clang-scanner-module-cache-path /Users/admin/builder/spi-builder-workspace/.derivedData/ModuleCache.noindex -sdk-module-cache-path /Users/admin/builder/spi-builder-workspace/.derivedData/SDKExplicitPrecompiledModules -emit-dependencies -emit-module -emit-module-path /Users/admin/builder/spi-builder-workspace/.derivedData/Build/Intermediates.noindex/SwiftSyntax.build/Debug-watchos/SwiftDiagnostics-t.build/Objects-normal/arm64_32/SwiftDiagnostics.swiftmodule -serialize-diagnostics -dependency-scan-serialize-diagnostics-path /Users/admin/builder/spi-builder-workspace/.derivedData/Build/Intermediates.noindex/SwiftSyntax.build/Debug-watchos/SwiftDiagnostics-t.build/Objects-normal/arm64_32/SwiftDiagnostics-dependency-scan.dia -validate-clang-modules-once -clang-build-session-file /Users/admin/builder/spi-builder-workspace/.derivedData/ModuleCache.noindex/Session.modulevalidation -Xcc -fmodules-prune-interval\=86400 -Xcc -fmodules-prune-after\=345600 -emit-const-values -const-gather-protocols-list /Users/admin/builder/spi-builder-workspace/.derivedData/Build/Intermediates.noindex/SwiftSyntax.build/Debug-watchos/SwiftDiagnostics-t.build/Objects-normal/arm64_32/SwiftDiagnostics_const_extract_protocols.json -Xcc -I/Users/admin/builder/spi-builder-workspace/.derivedData/Build/Products/Debug-watchos/include -Xcc -I/Users/admin/builder/spi-builder-workspace/.derivedData/Build/Intermediates.noindex/SwiftSyntax.build/Debug-watchos/SwiftDiagnostics-t.build/DerivedSources-normal/arm64_32 -Xcc -I/Users/admin/builder/spi-builder-workspace/.derivedData/Build/Intermediates.noindex/SwiftSyntax.build/Debug-watchos/SwiftDiagnostics-t.build/DerivedSources/arm64_32 -Xcc -I/Users/admin/builder/spi-builder-workspace/.derivedData/Build/Intermediates.noindex/SwiftSyntax.build/Debug-watchos/SwiftDiagnostics-t.build/DerivedSources -Xcc -DSWIFT_PACKAGE -Xcc -DDEBUG\=1 -emit-objc-header -emit-objc-header-path /Users/admin/builder/spi-builder-workspace/.derivedData/Build/Intermediates.noindex/SwiftSyntax.build/Debug-watchos/SwiftDiagnostics-t.build/Objects-normal/arm64_32/SwiftDiagnostics-Swift.h -working-directory /Users/admin/builder/spi-builder-workspace/.swiftpm/xcode -experimental-emit-module-separately -disable-cmo
SwiftDriverJobDiscovery normal arm64 Emitting module for SwiftDiagnostics (in target 'SwiftDiagnostics' from project 'SwiftSyntax')
SwiftDriver\ Compilation\ Requirements SwiftDiagnostics normal arm64 com.apple.xcode.tools.swift.compiler (in target 'SwiftDiagnostics' from project 'SwiftSyntax')
cd /Users/admin/builder/spi-builder-workspace/.swiftpm/xcode
builtin-Swift-Compilation-Requirements -- /Applications/Xcode-27.0.0-Release.Candidate.app/Contents/Developer/Toolchains/XcodeDefault.xctoolchain/usr/bin/swiftc -parse-as-library -module-name SwiftDiagnostics -Onone @/Users/admin/builder/spi-builder-workspace/.derivedData/Build/Intermediates.noindex/SwiftSyntax.build/Debug-watchos/SwiftDiagnostics-t.build/Objects-normal/arm64/SwiftDiagnostics.SwiftFileList -DSWIFT_PACKAGE -DDEBUG -DSWIFT_MODULE_RESOURCE_BUNDLE_UNAVAILABLE -DXcode -plugin-path /Applications/Xcode-27.0.0-Release.Candidate.app/Contents/Developer/Toolchains/XcodeDefault.xctoolchain/usr/lib/swift/host/plugins/testing -enable-experimental-feature DebugDescriptionMacro -sdk /Applications/Xcode-27.0.0-Release.Candidate.app/Contents/Developer/Platforms/WatchOS.platform/Developer/SDKs/WatchOS27.0.sdk -target arm64-apple-watchos9.0 -g -module-cache-path /Users/admin/builder/spi-builder-workspace/.derivedData/ModuleCache.noindex -Xfrontend -serialize-debugging-options -profile-coverage-mapping -profile-generate -enable-testing -suppress-warnings -index-store-path /Users/admin/builder/spi-builder-workspace/.derivedData/Index.noindex/DataStore -Xcc -D_LIBCPP_HARDENING_MODE\=_LIBCPP_HARDENING_MODE_DEBUG -swift-version 5 -I /Users/admin/builder/spi-builder-workspace/.derivedData/Build/Products/Debug-watchos -Isystem /Applications/Xcode-27.0.0-Release.Candidate.app/Contents/Developer/Platforms/WatchOS.platform/Developer/usr/lib -F /Users/admin/builder/spi-builder-workspace/.derivedData/Build/Products/Debug-watchos/PackageFrameworks -F /Users/admin/builder/spi-builder-workspace/.derivedData/Build/Products/Debug-watchos -F /Applications/Xcode-27.0.0-Release.Candidate.app/Contents/Developer/Platforms/WatchOS.platform/Developer/Library/Frameworks -F /Applications/Xcode-27.0.0-Release.Candidate.app/Contents/Developer/Platforms/WatchOS.platform/Developer/SDKs/WatchOS27.0.sdk/Developer/Library/Frameworks -c -j10 -enable-batch-mode -incremental -Xcc -ivfsstatcache -Xcc /Users/admin/builder/spi-builder-workspace/.derivedData/SDKStatCaches.noindex/watchos27.0-24R360-e829b21a6f8c9b70876ba0858053c04477534ef55a1706bf4c1112bbb242f0a2.sdkstatcache -output-file-map /Users/admin/builder/spi-builder-workspace/.derivedData/Build/Intermediates.noindex/SwiftSyntax.build/Debug-watchos/SwiftDiagnostics-t.build/Objects-normal/arm64/SwiftDiagnostics-OutputFileMap.json -save-temps -no-color-diagnostics -explicit-module-build -module-cache-path /Users/admin/builder/spi-builder-workspace/.derivedData/Build/Intermediates.noindex/SwiftExplicitPrecompiledModules -clang-scanner-module-cache-path /Users/admin/builder/spi-builder-workspace/.derivedData/ModuleCache.noindex -sdk-module-cache-path /Users/admin/builder/spi-builder-workspace/.derivedData/SDKExplicitPrecompiledModules -emit-dependencies -emit-module -emit-module-path /Users/admin/builder/spi-builder-workspace/.derivedData/Build/Intermediates.noindex/SwiftSyntax.build/Debug-watchos/SwiftDiagnostics-t.build/Objects-normal/arm64/SwiftDiagnostics.swiftmodule -serialize-diagnostics -dependency-scan-serialize-diagnostics-path /Users/admin/builder/spi-builder-workspace/.derivedData/Build/Intermediates.noindex/SwiftSyntax.build/Debug-watchos/SwiftDiagnostics-t.build/Objects-normal/arm64/SwiftDiagnostics-dependency-scan.dia -validate-clang-modules-once -clang-build-session-file /Users/admin/builder/spi-builder-workspace/.derivedData/ModuleCache.noindex/Session.modulevalidation -Xcc -fmodules-prune-interval\=86400 -Xcc -fmodules-prune-after\=345600 -emit-const-values -const-gather-protocols-list /Users/admin/builder/spi-builder-workspace/.derivedData/Build/Intermediates.noindex/SwiftSyntax.build/Debug-watchos/SwiftDiagnostics-t.build/Objects-normal/arm64/SwiftDiagnostics_const_extract_protocols.json -Xcc -I/Users/admin/builder/spi-builder-workspace/.derivedData/Build/Products/Debug-watchos/include -Xcc -I/Users/admin/builder/spi-builder-workspace/.derivedData/Build/Intermediates.noindex/SwiftSyntax.build/Debug-watchos/SwiftDiagnostics-t.build/DerivedSources-normal/arm64 -Xcc -I/Users/admin/builder/spi-builder-workspace/.derivedData/Build/Intermediates.noindex/SwiftSyntax.build/Debug-watchos/SwiftDiagnostics-t.build/DerivedSources/arm64 -Xcc -I/Users/admin/builder/spi-builder-workspace/.derivedData/Build/Intermediates.noindex/SwiftSyntax.build/Debug-watchos/SwiftDiagnostics-t.build/DerivedSources -Xcc -DSWIFT_PACKAGE -Xcc -DDEBUG\=1 -emit-objc-header -emit-objc-header-path /Users/admin/builder/spi-builder-workspace/.derivedData/Build/Intermediates.noindex/SwiftSyntax.build/Debug-watchos/SwiftDiagnostics-t.build/Objects-normal/arm64/SwiftDiagnostics-Swift.h -working-directory /Users/admin/builder/spi-builder-workspace/.swiftpm/xcode -experimental-emit-module-separately -disable-cmo
SwiftCompile normal arm64 Compiling\ Message.swift /Users/admin/builder/spi-builder-workspace/.dependencies/checkouts/swift-syntax/Sources/SwiftDiagnostics/Message.swift (in target 'SwiftDiagnostics' from project 'SwiftSyntax')
SwiftCompile normal arm64 /Users/admin/builder/spi-builder-workspace/.dependencies/checkouts/swift-syntax/Sources/SwiftDiagnostics/Message.swift (in target 'SwiftDiagnostics' from project 'SwiftSyntax')
cd /Users/admin/builder/spi-builder-workspace/.swiftpm/xcode
builtin-SwiftPerFileCompile Message.swift
SwiftMergeGeneratedHeaders /Users/admin/builder/spi-builder-workspace/.derivedData/Build/Intermediates.noindex/GeneratedModuleMaps-watchos/SwiftDiagnostics-Swift.h /Users/admin/builder/spi-builder-workspace/.derivedData/Build/Intermediates.noindex/SwiftSyntax.build/Debug-watchos/SwiftDiagnostics-t.build/Objects-normal/arm64/SwiftDiagnostics-Swift.h /Users/admin/builder/spi-builder-workspace/.derivedData/Build/Intermediates.noindex/SwiftSyntax.build/Debug-watchos/SwiftDiagnostics-t.build/Objects-normal/arm64_32/SwiftDiagnostics-Swift.h (in target 'SwiftDiagnostics' from project 'SwiftSyntax')
cd /Users/admin/builder/spi-builder-workspace/.dependencies/checkouts/swift-syntax
builtin-swiftHeaderTool -arch arm64 /Users/admin/builder/spi-builder-workspace/.derivedData/Build/Intermediates.noindex/SwiftSyntax.build/Debug-watchos/SwiftDiagnostics-t.build/Objects-normal/arm64/SwiftDiagnostics-Swift.h -arch arm64_32 /Users/admin/builder/spi-builder-workspace/.derivedData/Build/Intermediates.noindex/SwiftSyntax.build/Debug-watchos/SwiftDiagnostics-t.build/Objects-normal/arm64_32/SwiftDiagnostics-Swift.h -o /Users/admin/builder/spi-builder-workspace/.derivedData/Build/Intermediates.noindex/GeneratedModuleMaps-watchos/SwiftDiagnostics-Swift.h
SwiftDriverJobDiscovery normal arm64_32 Compiling FixIt.swift (in target 'SwiftDiagnostics' from project 'SwiftSyntax')
Copy /Users/admin/builder/spi-builder-workspace/.derivedData/Build/Products/Debug-watchos/SwiftDiagnostics.swiftmodule/arm64_32-apple-watchos.swiftmodule /Users/admin/builder/spi-builder-workspace/.derivedData/Build/Intermediates.noindex/SwiftSyntax.build/Debug-watchos/SwiftDiagnostics-t.build/Objects-normal/arm64_32/SwiftDiagnostics.swiftmodule (in target 'SwiftDiagnostics' from project 'SwiftSyntax')
cd /Users/admin/builder/spi-builder-workspace/.dependencies/checkouts/swift-syntax
builtin-copy -exclude .DS_Store -exclude CVS -exclude .svn -exclude .git -exclude .hg -resolve-src-symlinks -rename /Users/admin/builder/spi-builder-workspace/.derivedData/Build/Intermediates.noindex/SwiftSyntax.build/Debug-watchos/SwiftDiagnostics-t.build/Objects-normal/arm64_32/SwiftDiagnostics.swiftmodule /Users/admin/builder/spi-builder-workspace/.derivedData/Build/Products/Debug-watchos/SwiftDiagnostics.swiftmodule/arm64_32-apple-watchos.swiftmodule
Copy /Users/admin/builder/spi-builder-workspace/.derivedData/Build/Products/Debug-watchos/SwiftDiagnostics.swiftmodule/arm64_32-apple-watchos.swiftdoc /Users/admin/builder/spi-builder-workspace/.derivedData/Build/Intermediates.noindex/SwiftSyntax.build/Debug-watchos/SwiftDiagnostics-t.build/Objects-normal/arm64_32/SwiftDiagnostics.swiftdoc (in target 'SwiftDiagnostics' from project 'SwiftSyntax')
cd /Users/admin/builder/spi-builder-workspace/.dependencies/checkouts/swift-syntax
builtin-copy -exclude .DS_Store -exclude CVS -exclude .svn -exclude .git -exclude .hg -resolve-src-symlinks -rename /Users/admin/builder/spi-builder-workspace/.derivedData/Build/Intermediates.noindex/SwiftSyntax.build/Debug-watchos/SwiftDiagnostics-t.build/Objects-normal/arm64_32/SwiftDiagnostics.swiftdoc /Users/admin/builder/spi-builder-workspace/.derivedData/Build/Products/Debug-watchos/SwiftDiagnostics.swiftmodule/arm64_32-apple-watchos.swiftdoc
Copy /Users/admin/builder/spi-builder-workspace/.derivedData/Build/Products/Debug-watchos/SwiftDiagnostics.swiftmodule/arm64_32-apple-watchos.abi.json /Users/admin/builder/spi-builder-workspace/.derivedData/Build/Intermediates.noindex/SwiftSyntax.build/Debug-watchos/SwiftDiagnostics-t.build/Objects-normal/arm64_32/SwiftDiagnostics.abi.json (in target 'SwiftDiagnostics' from project 'SwiftSyntax')
cd /Users/admin/builder/spi-builder-workspace/.dependencies/checkouts/swift-syntax
builtin-copy -exclude .DS_Store -exclude CVS -exclude .svn -exclude .git -exclude .hg -resolve-src-symlinks -rename /Users/admin/builder/spi-builder-workspace/.derivedData/Build/Intermediates.noindex/SwiftSyntax.build/Debug-watchos/SwiftDiagnostics-t.build/Objects-normal/arm64_32/SwiftDiagnostics.abi.json /Users/admin/builder/spi-builder-workspace/.derivedData/Build/Products/Debug-watchos/SwiftDiagnostics.swiftmodule/arm64_32-apple-watchos.abi.json
Copy /Users/admin/builder/spi-builder-workspace/.derivedData/Build/Products/Debug-watchos/SwiftDiagnostics.swiftmodule/arm64-apple-watchos.swiftmodule /Users/admin/builder/spi-builder-workspace/.derivedData/Build/Intermediates.noindex/SwiftSyntax.build/Debug-watchos/SwiftDiagnostics-t.build/Objects-normal/arm64/SwiftDiagnostics.swiftmodule (in target 'SwiftDiagnostics' from project 'SwiftSyntax')
cd /Users/admin/builder/spi-builder-workspace/.dependencies/checkouts/swift-syntax
builtin-copy -exclude .DS_Store -exclude CVS -exclude .svn -exclude .git -exclude .hg -resolve-src-symlinks -rename /Users/admin/builder/spi-builder-workspace/.derivedData/Build/Intermediates.noindex/SwiftSyntax.build/Debug-watchos/SwiftDiagnostics-t.build/Objects-normal/arm64/SwiftDiagnostics.swiftmodule /Users/admin/builder/spi-builder-workspace/.derivedData/Build/Products/Debug-watchos/SwiftDiagnostics.swiftmodule/arm64-apple-watchos.swiftmodule
Copy /Users/admin/builder/spi-builder-workspace/.derivedData/Build/Products/Debug-watchos/SwiftDiagnostics.swiftmodule/arm64-apple-watchos.swiftdoc /Users/admin/builder/spi-builder-workspace/.derivedData/Build/Intermediates.noindex/SwiftSyntax.build/Debug-watchos/SwiftDiagnostics-t.build/Objects-normal/arm64/SwiftDiagnostics.swiftdoc (in target 'SwiftDiagnostics' from project 'SwiftSyntax')
cd /Users/admin/builder/spi-builder-workspace/.dependencies/checkouts/swift-syntax
builtin-copy -exclude .DS_Store -exclude CVS -exclude .svn -exclude .git -exclude .hg -resolve-src-symlinks -rename /Users/admin/builder/spi-builder-workspace/.derivedData/Build/Intermediates.noindex/SwiftSyntax.build/Debug-watchos/SwiftDiagnostics-t.build/Objects-normal/arm64/SwiftDiagnostics.swiftdoc /Users/admin/builder/spi-builder-workspace/.derivedData/Build/Products/Debug-watchos/SwiftDiagnostics.swiftmodule/arm64-apple-watchos.swiftdoc
Copy /Users/admin/builder/spi-builder-workspace/.derivedData/Build/Products/Debug-watchos/SwiftDiagnostics.swiftmodule/arm64-apple-watchos.abi.json /Users/admin/builder/spi-builder-workspace/.derivedData/Build/Intermediates.noindex/SwiftSyntax.build/Debug-watchos/SwiftDiagnostics-t.build/Objects-normal/arm64/SwiftDiagnostics.abi.json (in target 'SwiftDiagnostics' from project 'SwiftSyntax')
cd /Users/admin/builder/spi-builder-workspace/.dependencies/checkouts/swift-syntax
builtin-copy -exclude .DS_Store -exclude CVS -exclude .svn -exclude .git -exclude .hg -resolve-src-symlinks -rename /Users/admin/builder/spi-builder-workspace/.derivedData/Build/Intermediates.noindex/SwiftSyntax.build/Debug-watchos/SwiftDiagnostics-t.build/Objects-normal/arm64/SwiftDiagnostics.abi.json /Users/admin/builder/spi-builder-workspace/.derivedData/Build/Products/Debug-watchos/SwiftDiagnostics.swiftmodule/arm64-apple-watchos.abi.json
Copy /Users/admin/builder/spi-builder-workspace/.derivedData/Build/Products/Debug-watchos/SwiftDiagnostics.swiftmodule/Project/arm64_32-apple-watchos.swiftsourceinfo /Users/admin/builder/spi-builder-workspace/.derivedData/Build/Intermediates.noindex/SwiftSyntax.build/Debug-watchos/SwiftDiagnostics-t.build/Objects-normal/arm64_32/SwiftDiagnostics.swiftsourceinfo (in target 'SwiftDiagnostics' from project 'SwiftSyntax')
cd /Users/admin/builder/spi-builder-workspace/.dependencies/checkouts/swift-syntax
builtin-copy -exclude .DS_Store -exclude CVS -exclude .svn -exclude .git -exclude .hg -resolve-src-symlinks -rename /Users/admin/builder/spi-builder-workspace/.derivedData/Build/Intermediates.noindex/SwiftSyntax.build/Debug-watchos/SwiftDiagnostics-t.build/Objects-normal/arm64_32/SwiftDiagnostics.swiftsourceinfo /Users/admin/builder/spi-builder-workspace/.derivedData/Build/Products/Debug-watchos/SwiftDiagnostics.swiftmodule/Project/arm64_32-apple-watchos.swiftsourceinfo
Copy /Users/admin/builder/spi-builder-workspace/.derivedData/Build/Products/Debug-watchos/SwiftDiagnostics.swiftmodule/Project/arm64-apple-watchos.swiftsourceinfo /Users/admin/builder/spi-builder-workspace/.derivedData/Build/Intermediates.noindex/SwiftSyntax.build/Debug-watchos/SwiftDiagnostics-t.build/Objects-normal/arm64/SwiftDiagnostics.swiftsourceinfo (in target 'SwiftDiagnostics' from project 'SwiftSyntax')
cd /Users/admin/builder/spi-builder-workspace/.dependencies/checkouts/swift-syntax
builtin-copy -exclude .DS_Store -exclude CVS -exclude .svn -exclude .git -exclude .hg -resolve-src-symlinks -rename /Users/admin/builder/spi-builder-workspace/.derivedData/Build/Intermediates.noindex/SwiftSyntax.build/Debug-watchos/SwiftDiagnostics-t.build/Objects-normal/arm64/SwiftDiagnostics.swiftsourceinfo /Users/admin/builder/spi-builder-workspace/.derivedData/Build/Products/Debug-watchos/SwiftDiagnostics.swiftmodule/Project/arm64-apple-watchos.swiftsourceinfo
SwiftCompile normal arm64_32 Compiling\ Diagnostic.swift /Users/admin/builder/spi-builder-workspace/.dependencies/checkouts/swift-syntax/Sources/SwiftDiagnostics/Diagnostic.swift (in target 'SwiftDiagnostics' from project 'SwiftSyntax')
SwiftCompile normal arm64_32 /Users/admin/builder/spi-builder-workspace/.dependencies/checkouts/swift-syntax/Sources/SwiftDiagnostics/Diagnostic.swift (in target 'SwiftDiagnostics' from project 'SwiftSyntax')
cd /Users/admin/builder/spi-builder-workspace/.swiftpm/xcode
builtin-SwiftPerFileCompile Diagnostic.swift
SwiftCompile normal arm64 Compiling\ Diagnostic.swift /Users/admin/builder/spi-builder-workspace/.dependencies/checkouts/swift-syntax/Sources/SwiftDiagnostics/Diagnostic.swift (in target 'SwiftDiagnostics' from project 'SwiftSyntax')
SwiftCompile normal arm64 /Users/admin/builder/spi-builder-workspace/.dependencies/checkouts/swift-syntax/Sources/SwiftDiagnostics/Diagnostic.swift (in target 'SwiftDiagnostics' from project 'SwiftSyntax')
cd /Users/admin/builder/spi-builder-workspace/.swiftpm/xcode
builtin-SwiftPerFileCompile Diagnostic.swift
SwiftCompile normal arm64_32 Compiling\ DiagnosticsFormatter.swift /Users/admin/builder/spi-builder-workspace/.dependencies/checkouts/swift-syntax/Sources/SwiftDiagnostics/DiagnosticsFormatter.swift (in target 'SwiftDiagnostics' from project 'SwiftSyntax')
SwiftCompile normal arm64_32 /Users/admin/builder/spi-builder-workspace/.dependencies/checkouts/swift-syntax/Sources/SwiftDiagnostics/DiagnosticsFormatter.swift (in target 'SwiftDiagnostics' from project 'SwiftSyntax')
cd /Users/admin/builder/spi-builder-workspace/.swiftpm/xcode
builtin-SwiftPerFileCompile DiagnosticsFormatter.swift
SwiftEmitModule normal arm64_32 Emitting\ module\ for\ AEXML (in target 'AEXML' from project 'AEXML')
SwiftCompile normal arm64_32 (in target 'AEXML' from project 'AEXML')
cd /Users/admin/builder/spi-builder-workspace/.swiftpm/xcode
SwiftDriverJobDiscovery normal arm64 Compiling Message.swift (in target 'SwiftDiagnostics' from project 'SwiftSyntax')
SwiftCompile normal arm64 Compiling\ DiagnosticsFormatter.swift /Users/admin/builder/spi-builder-workspace/.dependencies/checkouts/swift-syntax/Sources/SwiftDiagnostics/DiagnosticsFormatter.swift (in target 'SwiftDiagnostics' from project 'SwiftSyntax')
SwiftCompile normal arm64 /Users/admin/builder/spi-builder-workspace/.dependencies/checkouts/swift-syntax/Sources/SwiftDiagnostics/DiagnosticsFormatter.swift (in target 'SwiftDiagnostics' from project 'SwiftSyntax')
cd /Users/admin/builder/spi-builder-workspace/.swiftpm/xcode
builtin-SwiftPerFileCompile DiagnosticsFormatter.swift
SwiftCompile normal arm64_32 Compiling\ Message.swift /Users/admin/builder/spi-builder-workspace/.dependencies/checkouts/swift-syntax/Sources/SwiftDiagnostics/Message.swift (in target 'SwiftDiagnostics' from project 'SwiftSyntax')
SwiftCompile normal arm64_32 /Users/admin/builder/spi-builder-workspace/.dependencies/checkouts/swift-syntax/Sources/SwiftDiagnostics/Message.swift (in target 'SwiftDiagnostics' from project 'SwiftSyntax')
cd /Users/admin/builder/spi-builder-workspace/.swiftpm/xcode
builtin-SwiftPerFileCompile Message.swift
SwiftDriverJobDiscovery normal arm64_32 Compiling Diagnostic.swift (in target 'SwiftDiagnostics' from project 'SwiftSyntax')
SwiftDriverJobDiscovery normal arm64 Compiling Diagnostic.swift (in target 'SwiftDiagnostics' from project 'SwiftSyntax')
SwiftDriverJobDiscovery normal arm64_32 Compiling Message.swift (in target 'SwiftDiagnostics' from project 'SwiftSyntax')
SwiftCompile normal arm64 Compiling\ FixIt.swift /Users/admin/builder/spi-builder-workspace/.dependencies/checkouts/swift-syntax/Sources/SwiftDiagnostics/FixIt.swift (in target 'SwiftDiagnostics' from project 'SwiftSyntax')
SwiftCompile normal arm64 /Users/admin/builder/spi-builder-workspace/.dependencies/checkouts/swift-syntax/Sources/SwiftDiagnostics/FixIt.swift (in target 'SwiftDiagnostics' from project 'SwiftSyntax')
cd /Users/admin/builder/spi-builder-workspace/.swiftpm/xcode
builtin-SwiftPerFileCompile FixIt.swift
SwiftDriverJobDiscovery normal arm64_32 Compiling DiagnosticsFormatter.swift (in target 'SwiftDiagnostics' from project 'SwiftSyntax')
SwiftCompile normal arm64_32 Compiling\ Note.swift /Users/admin/builder/spi-builder-workspace/.dependencies/checkouts/swift-syntax/Sources/SwiftDiagnostics/Note.swift (in target 'SwiftDiagnostics' from project 'SwiftSyntax')
SwiftCompile normal arm64_32 /Users/admin/builder/spi-builder-workspace/.dependencies/checkouts/swift-syntax/Sources/SwiftDiagnostics/Note.swift (in target 'SwiftDiagnostics' from project 'SwiftSyntax')
cd /Users/admin/builder/spi-builder-workspace/.swiftpm/xcode
builtin-SwiftPerFileCompile Note.swift
SwiftCompile normal arm64 Compiling\ Note.swift /Users/admin/builder/spi-builder-workspace/.dependencies/checkouts/swift-syntax/Sources/SwiftDiagnostics/Note.swift (in target 'SwiftDiagnostics' from project 'SwiftSyntax')
SwiftCompile normal arm64 /Users/admin/builder/spi-builder-workspace/.dependencies/checkouts/swift-syntax/Sources/SwiftDiagnostics/Note.swift (in target 'SwiftDiagnostics' from project 'SwiftSyntax')
cd /Users/admin/builder/spi-builder-workspace/.swiftpm/xcode
builtin-SwiftPerFileCompile Note.swift
SwiftCompile normal arm64_32 Compiling\ Error.swift /Users/admin/builder/spi-builder-workspace/.dependencies/checkouts/AEXML/Sources/AEXML/Error.swift (in target 'AEXML' from project 'AEXML')
SwiftCompile normal arm64_32 /Users/admin/builder/spi-builder-workspace/.dependencies/checkouts/AEXML/Sources/AEXML/Error.swift (in target 'AEXML' from project 'AEXML')
cd /Users/admin/builder/spi-builder-workspace/.swiftpm/xcode
builtin-SwiftPerFileCompile Error.swift
SwiftEmitModule normal arm64 Emitting\ module\ for\ SwiftSyntax (in target 'SwiftSyntax' from project 'SwiftSyntax')
SwiftCompile normal arm64 (in target 'SwiftSyntax' from project 'SwiftSyntax')
cd /Users/admin/builder/spi-builder-workspace/.swiftpm/xcode
SwiftDriverJobDiscovery normal arm64 Compiling FixIt.swift (in target 'SwiftDiagnostics' from project 'SwiftSyntax')
SwiftCompile normal arm64 Compiling\ Misc.swift,\ SyntaxAnyVisitor.swift,\ SyntaxBaseNodes.swift,\ SyntaxEnum.swift /Users/admin/builder/spi-builder-workspace/.dependencies/checkouts/swift-syntax/Sources/SwiftSyntax/generated/Misc.swift /Users/admin/builder/spi-builder-workspace/.dependencies/checkouts/swift-syntax/Sources/SwiftSyntax/generated/SyntaxAnyVisitor.swift /Users/admin/builder/spi-builder-workspace/.dependencies/checkouts/swift-syntax/Sources/SwiftSyntax/generated/SyntaxBaseNodes.swift /Users/admin/builder/spi-builder-workspace/.dependencies/checkouts/swift-syntax/Sources/SwiftSyntax/generated/SyntaxEnum.swift (in target 'SwiftSyntax' from project 'SwiftSyntax')
SwiftCompile normal arm64 /Users/admin/builder/spi-builder-workspace/.dependencies/checkouts/swift-syntax/Sources/SwiftSyntax/generated/Misc.swift (in target 'SwiftSyntax' from project 'SwiftSyntax')
cd /Users/admin/builder/spi-builder-workspace/.swiftpm/xcode
builtin-SwiftPerFileCompile Misc.swift
SwiftCompile normal arm64 /Users/admin/builder/spi-builder-workspace/.dependencies/checkouts/swift-syntax/Sources/SwiftSyntax/generated/SyntaxAnyVisitor.swift (in target 'SwiftSyntax' from project 'SwiftSyntax')
cd /Users/admin/builder/spi-builder-workspace/.swiftpm/xcode
builtin-SwiftPerFileCompile SyntaxAnyVisitor.swift
SwiftCompile normal arm64 /Users/admin/builder/spi-builder-workspace/.dependencies/checkouts/swift-syntax/Sources/SwiftSyntax/generated/SyntaxBaseNodes.swift (in target 'SwiftSyntax' from project 'SwiftSyntax')
cd /Users/admin/builder/spi-builder-workspace/.swiftpm/xcode
builtin-SwiftPerFileCompile SyntaxBaseNodes.swift
SwiftCompile normal arm64 /Users/admin/builder/spi-builder-workspace/.dependencies/checkouts/swift-syntax/Sources/SwiftSyntax/generated/SyntaxEnum.swift (in target 'SwiftSyntax' from project 'SwiftSyntax')
cd /Users/admin/builder/spi-builder-workspace/.swiftpm/xcode
builtin-SwiftPerFileCompile SyntaxEnum.swift
SwiftCompile normal arm64 Compiling\ AbsolutePosition.swift,\ BumpPtrAllocator.swift,\ CommonAncestor.swift,\ IncrementalParseTransition.swift,\ MemoryLayout.swift /Users/admin/builder/spi-builder-workspace/.dependencies/checkouts/swift-syntax/Sources/SwiftSyntax/AbsolutePosition.swift /Users/admin/builder/spi-builder-workspace/.dependencies/checkouts/swift-syntax/Sources/SwiftSyntax/BumpPtrAllocator.swift /Users/admin/builder/spi-builder-workspace/.dependencies/checkouts/swift-syntax/Sources/SwiftSyntax/CommonAncestor.swift /Users/admin/builder/spi-builder-workspace/.dependencies/checkouts/swift-syntax/Sources/SwiftSyntax/IncrementalParseTransition.swift /Users/admin/builder/spi-builder-workspace/.dependencies/checkouts/swift-syntax/Sources/SwiftSyntax/MemoryLayout.swift (in target 'SwiftSyntax' from project 'SwiftSyntax')
SwiftCompile normal arm64 /Users/admin/builder/spi-builder-workspace/.dependencies/checkouts/swift-syntax/Sources/SwiftSyntax/AbsolutePosition.swift (in target 'SwiftSyntax' from project 'SwiftSyntax')
cd /Users/admin/builder/spi-builder-workspace/.swiftpm/xcode
builtin-SwiftPerFileCompile AbsolutePosition.swift
SwiftCompile normal arm64 /Users/admin/builder/spi-builder-workspace/.dependencies/checkouts/swift-syntax/Sources/SwiftSyntax/BumpPtrAllocator.swift (in target 'SwiftSyntax' from project 'SwiftSyntax')
cd /Users/admin/builder/spi-builder-workspace/.swiftpm/xcode
builtin-SwiftPerFileCompile BumpPtrAllocator.swift
SwiftCompile normal arm64 /Users/admin/builder/spi-builder-workspace/.dependencies/checkouts/swift-syntax/Sources/SwiftSyntax/CommonAncestor.swift (in target 'SwiftSyntax' from project 'SwiftSyntax')
cd /Users/admin/builder/spi-builder-workspace/.swiftpm/xcode
builtin-SwiftPerFileCompile CommonAncestor.swift
SwiftCompile normal arm64 /Users/admin/builder/spi-builder-workspace/.dependencies/checkouts/swift-syntax/Sources/SwiftSyntax/IncrementalParseTransition.swift (in target 'SwiftSyntax' from project 'SwiftSyntax')
cd /Users/admin/builder/spi-builder-workspace/.swiftpm/xcode
builtin-SwiftPerFileCompile IncrementalParseTransition.swift
SwiftCompile normal arm64 /Users/admin/builder/spi-builder-workspace/.dependencies/checkouts/swift-syntax/Sources/SwiftSyntax/MemoryLayout.swift (in target 'SwiftSyntax' from project 'SwiftSyntax')
cd /Users/admin/builder/spi-builder-workspace/.swiftpm/xcode
builtin-SwiftPerFileCompile MemoryLayout.swift
SwiftDriverJobDiscovery normal arm64 Compiling DiagnosticsFormatter.swift (in target 'SwiftDiagnostics' from project 'SwiftSyntax')
SwiftEmitModule normal arm64_32 Emitting\ module\ for\ SwiftSyntax (in target 'SwiftSyntax' from project 'SwiftSyntax')
SwiftCompile normal arm64_32 (in target 'SwiftSyntax' from project 'SwiftSyntax')
cd /Users/admin/builder/spi-builder-workspace/.swiftpm/xcode
SwiftDriverJobDiscovery normal arm64_32 Compiling Note.swift (in target 'SwiftDiagnostics' from project 'SwiftSyntax')
SwiftCompile normal arm64 Compiling\ RawSyntaxValidation.swift,\ SourceLength.swift,\ SourceLocation.swift,\ SourcePresence.swift /Users/admin/builder/spi-builder-workspace/.dependencies/checkouts/swift-syntax/Sources/SwiftSyntax/Raw/gyb_generated/RawSyntaxValidation.swift /Users/admin/builder/spi-builder-workspace/.dependencies/checkouts/swift-syntax/Sources/SwiftSyntax/SourceLength.swift /Users/admin/builder/spi-builder-workspace/.dependencies/checkouts/swift-syntax/Sources/SwiftSyntax/SourceLocation.swift /Users/admin/builder/spi-builder-workspace/.dependencies/checkouts/swift-syntax/Sources/SwiftSyntax/SourcePresence.swift (in target 'SwiftSyntax' from project 'SwiftSyntax')
SwiftCompile normal arm64 /Users/admin/builder/spi-builder-workspace/.dependencies/checkouts/swift-syntax/Sources/SwiftSyntax/Raw/gyb_generated/RawSyntaxValidation.swift (in target 'SwiftSyntax' from project 'SwiftSyntax')
cd /Users/admin/builder/spi-builder-workspace/.swiftpm/xcode
builtin-SwiftPerFileCompile RawSyntaxValidation.swift
SwiftCompile normal arm64 /Users/admin/builder/spi-builder-workspace/.dependencies/checkouts/swift-syntax/Sources/SwiftSyntax/SourceLength.swift (in target 'SwiftSyntax' from project 'SwiftSyntax')
cd /Users/admin/builder/spi-builder-workspace/.swiftpm/xcode
builtin-SwiftPerFileCompile SourceLength.swift
SwiftCompile normal arm64 /Users/admin/builder/spi-builder-workspace/.dependencies/checkouts/swift-syntax/Sources/SwiftSyntax/SourceLocation.swift (in target 'SwiftSyntax' from project 'SwiftSyntax')
cd /Users/admin/builder/spi-builder-workspace/.swiftpm/xcode
builtin-SwiftPerFileCompile SourceLocation.swift
SwiftCompile normal arm64 /Users/admin/builder/spi-builder-workspace/.dependencies/checkouts/swift-syntax/Sources/SwiftSyntax/SourcePresence.swift (in target 'SwiftSyntax' from project 'SwiftSyntax')
cd /Users/admin/builder/spi-builder-workspace/.swiftpm/xcode
builtin-SwiftPerFileCompile SourcePresence.swift
SwiftCompile normal arm64_32 Compiling\ RawSyntax.swift,\ RawSyntaxLayoutView.swift,\ RawSyntaxNodeProtocol.swift,\ RawSyntaxTokenView.swift,\ RawSyntaxNodes.swift /Users/admin/builder/spi-builder-workspace/.dependencies/checkouts/swift-syntax/Sources/SwiftSyntax/Raw/RawSyntax.swift /Users/admin/builder/spi-builder-workspace/.dependencies/checkouts/swift-syntax/Sources/SwiftSyntax/Raw/RawSyntaxLayoutView.swift /Users/admin/builder/spi-builder-workspace/.dependencies/checkouts/swift-syntax/Sources/SwiftSyntax/Raw/RawSyntaxNodeProtocol.swift /Users/admin/builder/spi-builder-workspace/.dependencies/checkouts/swift-syntax/Sources/SwiftSyntax/Raw/RawSyntaxTokenView.swift /Users/admin/builder/spi-builder-workspace/.dependencies/checkouts/swift-syntax/Sources/SwiftSyntax/Raw/gyb_generated/RawSyntaxNodes.swift (in target 'SwiftSyntax' from project 'SwiftSyntax')
SwiftCompile normal arm64_32 /Users/admin/builder/spi-builder-workspace/.dependencies/checkouts/swift-syntax/Sources/SwiftSyntax/Raw/RawSyntax.swift (in target 'SwiftSyntax' from project 'SwiftSyntax')
cd /Users/admin/builder/spi-builder-workspace/.swiftpm/xcode
builtin-SwiftPerFileCompile RawSyntax.swift
SwiftCompile normal arm64_32 /Users/admin/builder/spi-builder-workspace/.dependencies/checkouts/swift-syntax/Sources/SwiftSyntax/Raw/RawSyntaxLayoutView.swift (in target 'SwiftSyntax' from project 'SwiftSyntax')
cd /Users/admin/builder/spi-builder-workspace/.swiftpm/xcode
builtin-SwiftPerFileCompile RawSyntaxLayoutView.swift
SwiftCompile normal arm64_32 /Users/admin/builder/spi-builder-workspace/.dependencies/checkouts/swift-syntax/Sources/SwiftSyntax/Raw/RawSyntaxNodeProtocol.swift (in target 'SwiftSyntax' from project 'SwiftSyntax')
cd /Users/admin/builder/spi-builder-workspace/.swiftpm/xcode
builtin-SwiftPerFileCompile RawSyntaxNodeProtocol.swift
SwiftCompile normal arm64_32 /Users/admin/builder/spi-builder-workspace/.dependencies/checkouts/swift-syntax/Sources/SwiftSyntax/Raw/RawSyntaxTokenView.swift (in target 'SwiftSyntax' from project 'SwiftSyntax')
cd /Users/admin/builder/spi-builder-workspace/.swiftpm/xcode
builtin-SwiftPerFileCompile RawSyntaxTokenView.swift
SwiftCompile normal arm64_32 /Users/admin/builder/spi-builder-workspace/.dependencies/checkouts/swift-syntax/Sources/SwiftSyntax/Raw/gyb_generated/RawSyntaxNodes.swift (in target 'SwiftSyntax' from project 'SwiftSyntax')
cd /Users/admin/builder/spi-builder-workspace/.swiftpm/xcode
builtin-SwiftPerFileCompile RawSyntaxNodes.swift
SwiftCompile normal arm64 Compiling\ SyntaxOtherNodes.swift,\ SyntaxText.swift,\ SyntaxTreeViewMode.swift,\ Utils.swift /Users/admin/builder/spi-builder-workspace/.dependencies/checkouts/swift-syntax/Sources/SwiftSyntax/SyntaxOtherNodes.swift /Users/admin/builder/spi-builder-workspace/.dependencies/checkouts/swift-syntax/Sources/SwiftSyntax/SyntaxText.swift /Users/admin/builder/spi-builder-workspace/.dependencies/checkouts/swift-syntax/Sources/SwiftSyntax/SyntaxTreeViewMode.swift /Users/admin/builder/spi-builder-workspace/.dependencies/checkouts/swift-syntax/Sources/SwiftSyntax/Utils.swift (in target 'SwiftSyntax' from project 'SwiftSyntax')
SwiftCompile normal arm64 /Users/admin/builder/spi-builder-workspace/.dependencies/checkouts/swift-syntax/Sources/SwiftSyntax/SyntaxOtherNodes.swift (in target 'SwiftSyntax' from project 'SwiftSyntax')
cd /Users/admin/builder/spi-builder-workspace/.swiftpm/xcode
builtin-SwiftPerFileCompile SyntaxOtherNodes.swift
SwiftCompile normal arm64 /Users/admin/builder/spi-builder-workspace/.dependencies/checkouts/swift-syntax/Sources/SwiftSyntax/SyntaxText.swift (in target 'SwiftSyntax' from project 'SwiftSyntax')
cd /Users/admin/builder/spi-builder-workspace/.swiftpm/xcode
builtin-SwiftPerFileCompile SyntaxText.swift
SwiftCompile normal arm64 /Users/admin/builder/spi-builder-workspace/.dependencies/checkouts/swift-syntax/Sources/SwiftSyntax/SyntaxTreeViewMode.swift (in target 'SwiftSyntax' from project 'SwiftSyntax')
cd /Users/admin/builder/spi-builder-workspace/.swiftpm/xcode
builtin-SwiftPerFileCompile SyntaxTreeViewMode.swift
SwiftCompile normal arm64 /Users/admin/builder/spi-builder-workspace/.dependencies/checkouts/swift-syntax/Sources/SwiftSyntax/Utils.swift (in target 'SwiftSyntax' from project 'SwiftSyntax')
cd /Users/admin/builder/spi-builder-workspace/.swiftpm/xcode
builtin-SwiftPerFileCompile Utils.swift
SwiftCompile normal arm64 Compiling\ Syntax.swift,\ SyntaxArena.swift,\ SyntaxChildren.swift,\ SyntaxData.swift /Users/admin/builder/spi-builder-workspace/.dependencies/checkouts/swift-syntax/Sources/SwiftSyntax/Syntax.swift /Users/admin/builder/spi-builder-workspace/.dependencies/checkouts/swift-syntax/Sources/SwiftSyntax/SyntaxArena.swift /Users/admin/builder/spi-builder-workspace/.dependencies/checkouts/swift-syntax/Sources/SwiftSyntax/SyntaxChildren.swift /Users/admin/builder/spi-builder-workspace/.dependencies/checkouts/swift-syntax/Sources/SwiftSyntax/SyntaxData.swift (in target 'SwiftSyntax' from project 'SwiftSyntax')
SwiftCompile normal arm64 /Users/admin/builder/spi-builder-workspace/.dependencies/checkouts/swift-syntax/Sources/SwiftSyntax/Syntax.swift (in target 'SwiftSyntax' from project 'SwiftSyntax')
cd /Users/admin/builder/spi-builder-workspace/.swiftpm/xcode
builtin-SwiftPerFileCompile Syntax.swift
SwiftCompile normal arm64 /Users/admin/builder/spi-builder-workspace/.dependencies/checkouts/swift-syntax/Sources/SwiftSyntax/SyntaxArena.swift (in target 'SwiftSyntax' from project 'SwiftSyntax')
cd /Users/admin/builder/spi-builder-workspace/.swiftpm/xcode
builtin-SwiftPerFileCompile SyntaxArena.swift
SwiftCompile normal arm64 /Users/admin/builder/spi-builder-workspace/.dependencies/checkouts/swift-syntax/Sources/SwiftSyntax/SyntaxChildren.swift (in target 'SwiftSyntax' from project 'SwiftSyntax')
cd /Users/admin/builder/spi-builder-workspace/.swiftpm/xcode
builtin-SwiftPerFileCompile SyntaxChildren.swift
SwiftCompile normal arm64 /Users/admin/builder/spi-builder-workspace/.dependencies/checkouts/swift-syntax/Sources/SwiftSyntax/SyntaxData.swift (in target 'SwiftSyntax' from project 'SwiftSyntax')
cd /Users/admin/builder/spi-builder-workspace/.swiftpm/xcode
builtin-SwiftPerFileCompile SyntaxData.swift
SwiftEmitModule normal arm64_32 Emitting\ module\ for\ XcodeProj (in target 'XcodeProj' from project 'XcodeProj')
SwiftCompile normal arm64_32 (in target 'XcodeProj' from project 'XcodeProj')
cd /Users/admin/builder/spi-builder-workspace/.swiftpm/xcode
SwiftExplicitDependencyGeneratePcm arm64_32 /Users/admin/builder/spi-builder-workspace/.derivedData/SDKExplicitPrecompiledModules/ptrcheck-EAZ3I917ZFA9H6ZCL6PGLG4TR.pcm
SwiftDriverJobDiscovery normal arm64 Compiling Note.swift (in target 'SwiftDiagnostics' from project 'SwiftSyntax')
SwiftDriverJobDiscovery normal arm64_32 Compiling Error.swift (in target 'AEXML' from project 'AEXML')
SwiftEmitModule normal arm64 Emitting\ module\ for\ XcodeProj (in target 'XcodeProj' from project 'XcodeProj')
SwiftCompile normal arm64 (in target 'XcodeProj' from project 'XcodeProj')
cd /Users/admin/builder/spi-builder-workspace/.swiftpm/xcode
SwiftExplicitDependencyGeneratePcm arm64 /Users/admin/builder/spi-builder-workspace/.derivedData/SDKExplicitPrecompiledModules/ptrcheck-8K07997SIHO7YGY7UQ3LOQ3TJ.pcm
SwiftDriverJobDiscovery normal arm64 Compiling AbsolutePosition.swift, BumpPtrAllocator.swift, CommonAncestor.swift, IncrementalParseTransition.swift, MemoryLayout.swift (in target 'SwiftSyntax' from project 'SwiftSyntax')
SwiftExplicitDependencyGeneratePcm arm64 /Users/admin/builder/spi-builder-workspace/.derivedData/SDKExplicitPrecompiledModules/_Builtin_stdbool-B692L2PMR118794VVYBG37897.pcm
SwiftDriverJobDiscovery normal arm64 Compiling SyntaxOtherNodes.swift, SyntaxText.swift, SyntaxTreeViewMode.swift, Utils.swift (in target 'SwiftSyntax' from project 'SwiftSyntax')
SwiftExplicitDependencyGeneratePcm arm64_32 /Users/admin/builder/spi-builder-workspace/.derivedData/SDKExplicitPrecompiledModules/_Builtin_stddef-2F9BFIPBQ5EWNSK5G7G7V4EKL.pcm
SwiftExplicitDependencyGeneratePcm arm64 /Users/admin/builder/spi-builder-workspace/.derivedData/SDKExplicitPrecompiledModules/_Builtin_stdarg-3X4KLXUYEI0UGBILP4X7D0CYW.pcm
SwiftExplicitDependencyGeneratePcm arm64_32 /Users/admin/builder/spi-builder-workspace/.derivedData/SDKExplicitPrecompiledModules/_Builtin_stdarg-EYJP6DFYQL9GJLH1TJ84A8MHV.pcm
SwiftExplicitDependencyGeneratePcm arm64 /Users/admin/builder/spi-builder-workspace/.derivedData/SDKExplicitPrecompiledModules/_Builtin_stddef-5OH846KKUPSJJT7GCX9XU1TKG.pcm
SwiftExplicitDependencyGeneratePcm arm64 /Users/admin/builder/spi-builder-workspace/.derivedData/SDKExplicitPrecompiledModules/_Builtin_float-E4M4A8689VXF1T7P7BV56IKBT.pcm
SwiftExplicitDependencyGeneratePcm arm64 /Users/admin/builder/spi-builder-workspace/.derivedData/SDKExplicitPrecompiledModules/ptrauth-C7VQASAJ967Q4Q6SRD4I3CFWZ.pcm
SwiftExplicitDependencyGeneratePcm arm64_32 /Users/admin/builder/spi-builder-workspace/.derivedData/SDKExplicitPrecompiledModules/ptrauth-EW7YZZ7LEZE1QZF2T8148IPSA.pcm
SwiftExplicitDependencyGeneratePcm arm64_32 /Users/admin/builder/spi-builder-workspace/.derivedData/SDKExplicitPrecompiledModules/_Builtin_float-372PLGDQ1U3B6Z5EA5DJMDORJ.pcm
SwiftExplicitDependencyGeneratePcm arm64_32 /Users/admin/builder/spi-builder-workspace/.derivedData/SDKExplicitPrecompiledModules/_AvailabilityInternal-22ZP1ILSQW16KHXZS5GBZHOCS.pcm
SwiftExplicitDependencyGeneratePcm arm64 /Users/admin/builder/spi-builder-workspace/.derivedData/SDKExplicitPrecompiledModules/_AvailabilityInternal-42EVAC8Q6P1ZT6G3A168N97G4.pcm
SwiftExplicitDependencyGeneratePcm arm64_32 /Users/admin/builder/spi-builder-workspace/.derivedData/SDKExplicitPrecompiledModules/_Builtin_stdbool-84ZA1VDW90AGWZ2LF5KOCM8DZ.pcm
SwiftDriverJobDiscovery normal arm64 Compiling Syntax.swift, SyntaxArena.swift, SyntaxChildren.swift, SyntaxData.swift (in target 'SwiftSyntax' from project 'SwiftSyntax')
SwiftCompile normal arm64_32 Compiling\ XCScheme+TestParallelization.swift,\ XCScheme+TestPlanReference.swift,\ XCScheme+TestableReference.swift,\ XCScheme.swift,\ XCSchemeManagement.swift,\ BuildSettingsProvider.swift,\ CommentedString.swift,\ Decoders.swift,\ JSONDecoding.swift,\ PBXBatchUpdater.swift /Users/admin/builder/spi-builder-workspace/.dependencies/checkouts/XcodeProj/Sources/XcodeProj/Scheme/XCScheme+TestParallelization.swift /Users/admin/builder/spi-builder-workspace/.dependencies/checkouts/XcodeProj/Sources/XcodeProj/Scheme/XCScheme+TestPlanReference.swift /Users/admin/builder/spi-builder-workspace/.dependencies/checkouts/XcodeProj/Sources/XcodeProj/Scheme/XCScheme+TestableReference.swift /Users/admin/builder/spi-builder-workspace/.dependencies/checkouts/XcodeProj/Sources/XcodeProj/Scheme/XCScheme.swift /Users/admin/builder/spi-builder-workspace/.dependencies/checkouts/XcodeProj/Sources/XcodeProj/Scheme/XCSchemeManagement.swift /Users/admin/builder/spi-builder-workspace/.dependencies/checkouts/XcodeProj/Sources/XcodeProj/Utils/BuildSettingsProvider.swift /Users/admin/builder/spi-builder-workspace/.dependencies/checkouts/XcodeProj/Sources/XcodeProj/Utils/CommentedString.swift /Users/admin/builder/spi-builder-workspace/.dependencies/checkouts/XcodeProj/Sources/XcodeProj/Utils/Decoders.swift /Users/admin/builder/spi-builder-workspace/.dependencies/checkouts/XcodeProj/Sources/XcodeProj/Utils/JSONDecoding.swift /Users/admin/builder/spi-builder-workspace/.dependencies/checkouts/XcodeProj/Sources/XcodeProj/Utils/PBXBatchUpdater.swift (in target 'XcodeProj' from project 'XcodeProj')
SwiftCompile normal arm64_32 /Users/admin/builder/spi-builder-workspace/.dependencies/checkouts/XcodeProj/Sources/XcodeProj/Scheme/XCScheme+TestParallelization.swift (in target 'XcodeProj' from project 'XcodeProj')
cd /Users/admin/builder/spi-builder-workspace/.swiftpm/xcode
builtin-SwiftPerFileCompile XCScheme+TestParallelization.swift
SwiftCompile normal arm64_32 /Users/admin/builder/spi-builder-workspace/.dependencies/checkouts/XcodeProj/Sources/XcodeProj/Scheme/XCScheme+TestPlanReference.swift (in target 'XcodeProj' from project 'XcodeProj')
cd /Users/admin/builder/spi-builder-workspace/.swiftpm/xcode
builtin-SwiftPerFileCompile XCScheme+TestPlanReference.swift
SwiftCompile normal arm64_32 /Users/admin/builder/spi-builder-workspace/.dependencies/checkouts/XcodeProj/Sources/XcodeProj/Scheme/XCScheme+TestableReference.swift (in target 'XcodeProj' from project 'XcodeProj')
cd /Users/admin/builder/spi-builder-workspace/.swiftpm/xcode
builtin-SwiftPerFileCompile XCScheme+TestableReference.swift
SwiftCompile normal arm64_32 /Users/admin/builder/spi-builder-workspace/.dependencies/checkouts/XcodeProj/Sources/XcodeProj/Scheme/XCScheme.swift (in target 'XcodeProj' from project 'XcodeProj')
cd /Users/admin/builder/spi-builder-workspace/.swiftpm/xcode
builtin-SwiftPerFileCompile XCScheme.swift
SwiftCompile normal arm64_32 /Users/admin/builder/spi-builder-workspace/.dependencies/checkouts/XcodeProj/Sources/XcodeProj/Scheme/XCSchemeManagement.swift (in target 'XcodeProj' from project 'XcodeProj')
cd /Users/admin/builder/spi-builder-workspace/.swiftpm/xcode
builtin-SwiftPerFileCompile XCSchemeManagement.swift
SwiftCompile normal arm64_32 /Users/admin/builder/spi-builder-workspace/.dependencies/checkouts/XcodeProj/Sources/XcodeProj/Utils/BuildSettingsProvider.swift (in target 'XcodeProj' from project 'XcodeProj')
cd /Users/admin/builder/spi-builder-workspace/.swiftpm/xcode
builtin-SwiftPerFileCompile BuildSettingsProvider.swift
SwiftCompile normal arm64_32 /Users/admin/builder/spi-builder-workspace/.dependencies/checkouts/XcodeProj/Sources/XcodeProj/Utils/CommentedString.swift (in target 'XcodeProj' from project 'XcodeProj')
cd /Users/admin/builder/spi-builder-workspace/.swiftpm/xcode
builtin-SwiftPerFileCompile CommentedString.swift
SwiftCompile normal arm64_32 /Users/admin/builder/spi-builder-workspace/.dependencies/checkouts/XcodeProj/Sources/XcodeProj/Utils/Decoders.swift (in target 'XcodeProj' from project 'XcodeProj')
cd /Users/admin/builder/spi-builder-workspace/.swiftpm/xcode
builtin-SwiftPerFileCompile Decoders.swift
SwiftCompile normal arm64_32 /Users/admin/builder/spi-builder-workspace/.dependencies/checkouts/XcodeProj/Sources/XcodeProj/Utils/JSONDecoding.swift (in target 'XcodeProj' from project 'XcodeProj')
cd /Users/admin/builder/spi-builder-workspace/.swiftpm/xcode
builtin-SwiftPerFileCompile JSONDecoding.swift
SwiftCompile normal arm64_32 /Users/admin/builder/spi-builder-workspace/.dependencies/checkouts/XcodeProj/Sources/XcodeProj/Utils/PBXBatchUpdater.swift (in target 'XcodeProj' from project 'XcodeProj')
cd /Users/admin/builder/spi-builder-workspace/.swiftpm/xcode
builtin-SwiftPerFileCompile PBXBatchUpdater.swift
SwiftExplicitDependencyGeneratePcm arm64_32 /Users/admin/builder/spi-builder-workspace/.derivedData/SDKExplicitPrecompiledModules/_DarwinFoundation1-5SNIO0SFHX9KJZTLQGIPAPXUZ.pcm
SwiftExplicitDependencyGeneratePcm arm64 /Users/admin/builder/spi-builder-workspace/.derivedData/SDKExplicitPrecompiledModules/_DarwinFoundation1-7YQ9TVI7XTOGQU9OADRXP33D1.pcm
SwiftCompile normal arm64_32 Compiling\ PlistDecoding.swift,\ PlistValue.swift,\ ReferenceGenerator.swift,\ XCConfig.swift,\ XCWorkspace.swift,\ XCWorkspaceData.swift,\ XCWorkspaceDataElement.swift,\ XCWorkspaceDataElementLocationType.swift,\ XCWorkspaceDataFileRef.swift,\ XCWorkspaceDataGroup.swift /Users/admin/builder/spi-builder-workspace/.dependencies/checkouts/XcodeProj/Sources/XcodeProj/Utils/PlistDecoding.swift /Users/admin/builder/spi-builder-workspace/.dependencies/checkouts/XcodeProj/Sources/XcodeProj/Utils/PlistValue.swift /Users/admin/builder/spi-builder-workspace/.dependencies/checkouts/XcodeProj/Sources/XcodeProj/Utils/ReferenceGenerator.swift /Users/admin/builder/spi-builder-workspace/.dependencies/checkouts/XcodeProj/Sources/XcodeProj/Utils/XCConfig.swift /Users/admin/builder/spi-builder-workspace/.dependencies/checkouts/XcodeProj/Sources/XcodeProj/Workspace/XCWorkspace.swift /Users/admin/builder/spi-builder-workspace/.dependencies/checkouts/XcodeProj/Sources/XcodeProj/Workspace/XCWorkspaceData.swift /Users/admin/builder/spi-builder-workspace/.dependencies/checkouts/XcodeProj/Sources/XcodeProj/Workspace/XCWorkspaceDataElement.swift /Users/admin/builder/spi-builder-workspace/.dependencies/checkouts/XcodeProj/Sources/XcodeProj/Workspace/XCWorkspaceDataElementLocationType.swift /Users/admin/builder/spi-builder-workspace/.dependencies/checkouts/XcodeProj/Sources/XcodeProj/Workspace/XCWorkspaceDataFileRef.swift /Users/admin/builder/spi-builder-workspace/.dependencies/checkouts/XcodeProj/Sources/XcodeProj/Workspace/XCWorkspaceDataGroup.swift (in target 'XcodeProj' from project 'XcodeProj')
SwiftCompile normal arm64_32 /Users/admin/builder/spi-builder-workspace/.dependencies/checkouts/XcodeProj/Sources/XcodeProj/Utils/PlistDecoding.swift (in target 'XcodeProj' from project 'XcodeProj')
cd /Users/admin/builder/spi-builder-workspace/.swiftpm/xcode
builtin-SwiftPerFileCompile PlistDecoding.swift
SwiftCompile normal arm64_32 /Users/admin/builder/spi-builder-workspace/.dependencies/checkouts/XcodeProj/Sources/XcodeProj/Utils/PlistValue.swift (in target 'XcodeProj' from project 'XcodeProj')
cd /Users/admin/builder/spi-builder-workspace/.swiftpm/xcode
builtin-SwiftPerFileCompile PlistValue.swift
SwiftCompile normal arm64_32 /Users/admin/builder/spi-builder-workspace/.dependencies/checkouts/XcodeProj/Sources/XcodeProj/Utils/ReferenceGenerator.swift (in target 'XcodeProj' from project 'XcodeProj')
cd /Users/admin/builder/spi-builder-workspace/.swiftpm/xcode
builtin-SwiftPerFileCompile ReferenceGenerator.swift
SwiftCompile normal arm64_32 /Users/admin/builder/spi-builder-workspace/.dependencies/checkouts/XcodeProj/Sources/XcodeProj/Utils/XCConfig.swift (in target 'XcodeProj' from project 'XcodeProj')
cd /Users/admin/builder/spi-builder-workspace/.swiftpm/xcode
builtin-SwiftPerFileCompile XCConfig.swift
SwiftCompile normal arm64_32 /Users/admin/builder/spi-builder-workspace/.dependencies/checkouts/XcodeProj/Sources/XcodeProj/Workspace/XCWorkspace.swift (in target 'XcodeProj' from project 'XcodeProj')
cd /Users/admin/builder/spi-builder-workspace/.swiftpm/xcode
builtin-SwiftPerFileCompile XCWorkspace.swift
SwiftCompile normal arm64_32 /Users/admin/builder/spi-builder-workspace/.dependencies/checkouts/XcodeProj/Sources/XcodeProj/Workspace/XCWorkspaceData.swift (in target 'XcodeProj' from project 'XcodeProj')
cd /Users/admin/builder/spi-builder-workspace/.swiftpm/xcode
builtin-SwiftPerFileCompile XCWorkspaceData.swift
SwiftCompile normal arm64_32 /Users/admin/builder/spi-builder-workspace/.dependencies/checkouts/XcodeProj/Sources/XcodeProj/Workspace/XCWorkspaceDataElement.swift (in target 'XcodeProj' from project 'XcodeProj')
cd /Users/admin/builder/spi-builder-workspace/.swiftpm/xcode
builtin-SwiftPerFileCompile XCWorkspaceDataElement.swift
SwiftCompile normal arm64_32 /Users/admin/builder/spi-builder-workspace/.dependencies/checkouts/XcodeProj/Sources/XcodeProj/Workspace/XCWorkspaceDataElementLocationType.swift (in target 'XcodeProj' from project 'XcodeProj')
cd /Users/admin/builder/spi-builder-workspace/.swiftpm/xcode
builtin-SwiftPerFileCompile XCWorkspaceDataElementLocationType.swift
SwiftCompile normal arm64_32 /Users/admin/builder/spi-builder-workspace/.dependencies/checkouts/XcodeProj/Sources/XcodeProj/Workspace/XCWorkspaceDataFileRef.swift (in target 'XcodeProj' from project 'XcodeProj')
cd /Users/admin/builder/spi-builder-workspace/.swiftpm/xcode
builtin-SwiftPerFileCompile XCWorkspaceDataFileRef.swift
SwiftCompile normal arm64_32 /Users/admin/builder/spi-builder-workspace/.dependencies/checkouts/XcodeProj/Sources/XcodeProj/Workspace/XCWorkspaceDataGroup.swift (in target 'XcodeProj' from project 'XcodeProj')
cd /Users/admin/builder/spi-builder-workspace/.swiftpm/xcode
builtin-SwiftPerFileCompile XCWorkspaceDataGroup.swift
SwiftExplicitDependencyGeneratePcm arm64_32 /Users/admin/builder/spi-builder-workspace/.derivedData/SDKExplicitPrecompiledModules/_DarwinFoundation2-FP2Q8F1Q2HR151SBYKTU6Q8B.pcm
SwiftExplicitDependencyGeneratePcm arm64 /Users/admin/builder/spi-builder-workspace/.derivedData/SDKExplicitPrecompiledModules/_DarwinFoundation2-CUPL4FH2SA95GMALQP4M6O8UA.pcm
SwiftExplicitDependencyGeneratePcm arm64_32 /Users/admin/builder/spi-builder-workspace/.derivedData/SDKExplicitPrecompiledModules/_Builtin_stdint-6IWJLTRH2WB6RCG4THPA65RDS.pcm
SwiftExplicitDependencyGeneratePcm arm64_32 /Users/admin/builder/spi-builder-workspace/.derivedData/SDKExplicitPrecompiledModules/sys_types-65NN51P1G7GN2GUAUPC53JJ7N.pcm
SwiftExplicitDependencyGeneratePcm arm64_32 /Users/admin/builder/spi-builder-workspace/.derivedData/SDKExplicitPrecompiledModules/_Builtin_stdatomic-D2FE5M7JS5NQA5JDADVERWJM4.pcm
SwiftExplicitDependencyGeneratePcm arm64_32 /Users/admin/builder/spi-builder-workspace/.derivedData/SDKExplicitPrecompiledModules/_DarwinFoundation3-3YOBOPIW2MF1LRNQH7JBUBY4G.pcm
SwiftExplicitDependencyGeneratePcm arm64 /Users/admin/builder/spi-builder-workspace/.derivedData/SDKExplicitPrecompiledModules/string_h-4N9Z22C0HUO8GV7GFPCLZRZA2.pcm
SwiftExplicitDependencyGeneratePcm arm64 /Users/admin/builder/spi-builder-workspace/.derivedData/SDKExplicitPrecompiledModules/_Builtin_stdint-6TUACK4YPMARFT56PLIO388SJ.pcm
SwiftExplicitDependencyGeneratePcm arm64 /Users/admin/builder/spi-builder-workspace/.derivedData/SDKExplicitPrecompiledModules/sys_types-9KPVYINL86WUSHF45TU8PWZZ1.pcm
SwiftExplicitDependencyGeneratePcm arm64 /Users/admin/builder/spi-builder-workspace/.derivedData/SDKExplicitPrecompiledModules/_Builtin_limits-75TRA1C7IHYOFCG3KJXQVTHJ4.pcm
SwiftExplicitDependencyGeneratePcm arm64 /Users/admin/builder/spi-builder-workspace/.derivedData/SDKExplicitPrecompiledModules/_Builtin_stdatomic-25T9UW3XDYID74302F31PX0RP.pcm
SwiftExplicitDependencyGeneratePcm arm64 /Users/admin/builder/spi-builder-workspace/.derivedData/SDKExplicitPrecompiledModules/_DarwinFoundation3-EJXZKD8LN9EYM9OWP9VLJ49PK.pcm
SwiftExplicitDependencyGeneratePcm arm64_32 /Users/admin/builder/spi-builder-workspace/.derivedData/SDKExplicitPrecompiledModules/_Builtin_limits-AQMEC9CLG0FZQN6TLGDQ6WF78.pcm
SwiftExplicitDependencyGeneratePcm arm64_32 /Users/admin/builder/spi-builder-workspace/.derivedData/SDKExplicitPrecompiledModules/_Builtin_inttypes-BPZJ68HW1IMYWSHROAZ0IMUJP.pcm
SwiftExplicitDependencyGeneratePcm arm64_32 /Users/admin/builder/spi-builder-workspace/.derivedData/SDKExplicitPrecompiledModules/string_h-8QY7P4ZQXQAF14WVDITTM4R70.pcm
SwiftCompile normal arm64 Compiling\ XCScheme+LaunchAction.swift,\ XCScheme+LocationScenarioReference.swift,\ XCScheme+PathRunnable.swift,\ XCScheme+ProfileAction.swift,\ XCScheme+RemoteRunnable.swift,\ XCScheme+Runnable.swift,\ XCScheme+SerialAction.swift,\ XCScheme+StoreKitConfigurationFileReference.swift,\ XCScheme+TestAction.swift,\ XCScheme+TestItem.swift /Users/admin/builder/spi-builder-workspace/.dependencies/checkouts/XcodeProj/Sources/XcodeProj/Scheme/XCScheme+LaunchAction.swift /Users/admin/builder/spi-builder-workspace/.dependencies/checkouts/XcodeProj/Sources/XcodeProj/Scheme/XCScheme+LocationScenarioReference.swift /Users/admin/builder/spi-builder-workspace/.dependencies/checkouts/XcodeProj/Sources/XcodeProj/Scheme/XCScheme+PathRunnable.swift /Users/admin/builder/spi-builder-workspace/.dependencies/checkouts/XcodeProj/Sources/XcodeProj/Scheme/XCScheme+ProfileAction.swift /Users/admin/builder/spi-builder-workspace/.dependencies/checkouts/XcodeProj/Sources/XcodeProj/Scheme/XCScheme+RemoteRunnable.swift /Users/admin/builder/spi-builder-workspace/.dependencies/checkouts/XcodeProj/Sources/XcodeProj/Scheme/XCScheme+Runnable.swift /Users/admin/builder/spi-builder-workspace/.dependencies/checkouts/XcodeProj/Sources/XcodeProj/Scheme/XCScheme+SerialAction.swift /Users/admin/builder/spi-builder-workspace/.dependencies/checkouts/XcodeProj/Sources/XcodeProj/Scheme/XCScheme+StoreKitConfigurationFileReference.swift /Users/admin/builder/spi-builder-workspace/.dependencies/checkouts/XcodeProj/Sources/XcodeProj/Scheme/XCScheme+TestAction.swift /Users/admin/builder/spi-builder-workspace/.dependencies/checkouts/XcodeProj/Sources/XcodeProj/Scheme/XCScheme+TestItem.swift (in target 'XcodeProj' from project 'XcodeProj')
SwiftCompile normal arm64 /Users/admin/builder/spi-builder-workspace/.dependencies/checkouts/XcodeProj/Sources/XcodeProj/Scheme/XCScheme+LaunchAction.swift (in target 'XcodeProj' from project 'XcodeProj')
cd /Users/admin/builder/spi-builder-workspace/.swiftpm/xcode
builtin-SwiftPerFileCompile XCScheme+LaunchAction.swift
SwiftCompile normal arm64 /Users/admin/builder/spi-builder-workspace/.dependencies/checkouts/XcodeProj/Sources/XcodeProj/Scheme/XCScheme+LocationScenarioReference.swift (in target 'XcodeProj' from project 'XcodeProj')
cd /Users/admin/builder/spi-builder-workspace/.swiftpm/xcode
builtin-SwiftPerFileCompile XCScheme+LocationScenarioReference.swift
SwiftCompile normal arm64 /Users/admin/builder/spi-builder-workspace/.dependencies/checkouts/XcodeProj/Sources/XcodeProj/Scheme/XCScheme+PathRunnable.swift (in target 'XcodeProj' from project 'XcodeProj')
cd /Users/admin/builder/spi-builder-workspace/.swiftpm/xcode
builtin-SwiftPerFileCompile XCScheme+PathRunnable.swift
SwiftCompile normal arm64 /Users/admin/builder/spi-builder-workspace/.dependencies/checkouts/XcodeProj/Sources/XcodeProj/Scheme/XCScheme+ProfileAction.swift (in target 'XcodeProj' from project 'XcodeProj')
cd /Users/admin/builder/spi-builder-workspace/.swiftpm/xcode
builtin-SwiftPerFileCompile XCScheme+ProfileAction.swift
SwiftCompile normal arm64 /Users/admin/builder/spi-builder-workspace/.dependencies/checkouts/XcodeProj/Sources/XcodeProj/Scheme/XCScheme+RemoteRunnable.swift (in target 'XcodeProj' from project 'XcodeProj')
cd /Users/admin/builder/spi-builder-workspace/.swiftpm/xcode
builtin-SwiftPerFileCompile XCScheme+RemoteRunnable.swift
SwiftCompile normal arm64 /Users/admin/builder/spi-builder-workspace/.dependencies/checkouts/XcodeProj/Sources/XcodeProj/Scheme/XCScheme+Runnable.swift (in target 'XcodeProj' from project 'XcodeProj')
cd /Users/admin/builder/spi-builder-workspace/.swiftpm/xcode
builtin-SwiftPerFileCompile XCScheme+Runnable.swift
SwiftCompile normal arm64 /Users/admin/builder/spi-builder-workspace/.dependencies/checkouts/XcodeProj/Sources/XcodeProj/Scheme/XCScheme+SerialAction.swift (in target 'XcodeProj' from project 'XcodeProj')
cd /Users/admin/builder/spi-builder-workspace/.swiftpm/xcode
builtin-SwiftPerFileCompile XCScheme+SerialAction.swift
SwiftCompile normal arm64 /Users/admin/builder/spi-builder-workspace/.dependencies/checkouts/XcodeProj/Sources/XcodeProj/Scheme/XCScheme+StoreKitConfigurationFileReference.swift (in target 'XcodeProj' from project 'XcodeProj')
cd /Users/admin/builder/spi-builder-workspace/.swiftpm/xcode
builtin-SwiftPerFileCompile XCScheme+StoreKitConfigurationFileReference.swift
SwiftCompile normal arm64 /Users/admin/builder/spi-builder-workspace/.dependencies/checkouts/XcodeProj/Sources/XcodeProj/Scheme/XCScheme+TestAction.swift (in target 'XcodeProj' from project 'XcodeProj')
cd /Users/admin/builder/spi-builder-workspace/.swiftpm/xcode
builtin-SwiftPerFileCompile XCScheme+TestAction.swift
SwiftCompile normal arm64 /Users/admin/builder/spi-builder-workspace/.dependencies/checkouts/XcodeProj/Sources/XcodeProj/Scheme/XCScheme+TestItem.swift (in target 'XcodeProj' from project 'XcodeProj')
cd /Users/admin/builder/spi-builder-workspace/.swiftpm/xcode
builtin-SwiftPerFileCompile XCScheme+TestItem.swift
SwiftExplicitDependencyGeneratePcm arm64_32 /Users/admin/builder/spi-builder-workspace/.derivedData/SDKExplicitPrecompiledModules/Darwin-10D35ZJWCWG7LJAF579U7I5V7.pcm
SwiftExplicitDependencyGeneratePcm arm64 /Users/admin/builder/spi-builder-workspace/.derivedData/SDKExplicitPrecompiledModules/_Builtin_inttypes-86YTNV5YADPJXFMJ82N3R4GWQ.pcm
SwiftCompile normal arm64_32 Compiling\ XCScheme+LaunchAction.swift,\ XCScheme+LocationScenarioReference.swift,\ XCScheme+PathRunnable.swift,\ XCScheme+ProfileAction.swift,\ XCScheme+RemoteRunnable.swift,\ XCScheme+Runnable.swift,\ XCScheme+SerialAction.swift,\ XCScheme+StoreKitConfigurationFileReference.swift,\ XCScheme+TestAction.swift,\ XCScheme+TestItem.swift /Users/admin/builder/spi-builder-workspace/.dependencies/checkouts/XcodeProj/Sources/XcodeProj/Scheme/XCScheme+LaunchAction.swift /Users/admin/builder/spi-builder-workspace/.dependencies/checkouts/XcodeProj/Sources/XcodeProj/Scheme/XCScheme+LocationScenarioReference.swift /Users/admin/builder/spi-builder-workspace/.dependencies/checkouts/XcodeProj/Sources/XcodeProj/Scheme/XCScheme+PathRunnable.swift /Users/admin/builder/spi-builder-workspace/.dependencies/checkouts/XcodeProj/Sources/XcodeProj/Scheme/XCScheme+ProfileAction.swift /Users/admin/builder/spi-builder-workspace/.dependencies/checkouts/XcodeProj/Sources/XcodeProj/Scheme/XCScheme+RemoteRunnable.swift /Users/admin/builder/spi-builder-workspace/.dependencies/checkouts/XcodeProj/Sources/XcodeProj/Scheme/XCScheme+Runnable.swift /Users/admin/builder/spi-builder-workspace/.dependencies/checkouts/XcodeProj/Sources/XcodeProj/Scheme/XCScheme+SerialAction.swift /Users/admin/builder/spi-builder-workspace/.dependencies/checkouts/XcodeProj/Sources/XcodeProj/Scheme/XCScheme+StoreKitConfigurationFileReference.swift /Users/admin/builder/spi-builder-workspace/.dependencies/checkouts/XcodeProj/Sources/XcodeProj/Scheme/XCScheme+TestAction.swift /Users/admin/builder/spi-builder-workspace/.dependencies/checkouts/XcodeProj/Sources/XcodeProj/Scheme/XCScheme+TestItem.swift (in target 'XcodeProj' from project 'XcodeProj')
SwiftCompile normal arm64_32 /Users/admin/builder/spi-builder-workspace/.dependencies/checkouts/XcodeProj/Sources/XcodeProj/Scheme/XCScheme+LaunchAction.swift (in target 'XcodeProj' from project 'XcodeProj')
cd /Users/admin/builder/spi-builder-workspace/.swiftpm/xcode
builtin-SwiftPerFileCompile XCScheme+LaunchAction.swift
SwiftCompile normal arm64_32 /Users/admin/builder/spi-builder-workspace/.dependencies/checkouts/XcodeProj/Sources/XcodeProj/Scheme/XCScheme+LocationScenarioReference.swift (in target 'XcodeProj' from project 'XcodeProj')
cd /Users/admin/builder/spi-builder-workspace/.swiftpm/xcode
builtin-SwiftPerFileCompile XCScheme+LocationScenarioReference.swift
SwiftCompile normal arm64_32 /Users/admin/builder/spi-builder-workspace/.dependencies/checkouts/XcodeProj/Sources/XcodeProj/Scheme/XCScheme+PathRunnable.swift (in target 'XcodeProj' from project 'XcodeProj')
cd /Users/admin/builder/spi-builder-workspace/.swiftpm/xcode
builtin-SwiftPerFileCompile XCScheme+PathRunnable.swift
SwiftCompile normal arm64_32 /Users/admin/builder/spi-builder-workspace/.dependencies/checkouts/XcodeProj/Sources/XcodeProj/Scheme/XCScheme+ProfileAction.swift (in target 'XcodeProj' from project 'XcodeProj')
cd /Users/admin/builder/spi-builder-workspace/.swiftpm/xcode
builtin-SwiftPerFileCompile XCScheme+ProfileAction.swift
SwiftCompile normal arm64_32 /Users/admin/builder/spi-builder-workspace/.dependencies/checkouts/XcodeProj/Sources/XcodeProj/Scheme/XCScheme+RemoteRunnable.swift (in target 'XcodeProj' from project 'XcodeProj')
cd /Users/admin/builder/spi-builder-workspace/.swiftpm/xcode
builtin-SwiftPerFileCompile XCScheme+RemoteRunnable.swift
SwiftCompile normal arm64_32 /Users/admin/builder/spi-builder-workspace/.dependencies/checkouts/XcodeProj/Sources/XcodeProj/Scheme/XCScheme+Runnable.swift (in target 'XcodeProj' from project 'XcodeProj')
cd /Users/admin/builder/spi-builder-workspace/.swiftpm/xcode
builtin-SwiftPerFileCompile XCScheme+Runnable.swift
SwiftCompile normal arm64_32 /Users/admin/builder/spi-builder-workspace/.dependencies/checkouts/XcodeProj/Sources/XcodeProj/Scheme/XCScheme+SerialAction.swift (in target 'XcodeProj' from project 'XcodeProj')
cd /Users/admin/builder/spi-builder-workspace/.swiftpm/xcode
builtin-SwiftPerFileCompile XCScheme+SerialAction.swift
SwiftCompile normal arm64_32 /Users/admin/builder/spi-builder-workspace/.dependencies/checkouts/XcodeProj/Sources/XcodeProj/Scheme/XCScheme+StoreKitConfigurationFileReference.swift (in target 'XcodeProj' from project 'XcodeProj')
cd /Users/admin/builder/spi-builder-workspace/.swiftpm/xcode
builtin-SwiftPerFileCompile XCScheme+StoreKitConfigurationFileReference.swift
SwiftCompile normal arm64_32 /Users/admin/builder/spi-builder-workspace/.dependencies/checkouts/XcodeProj/Sources/XcodeProj/Scheme/XCScheme+TestAction.swift (in target 'XcodeProj' from project 'XcodeProj')
cd /Users/admin/builder/spi-builder-workspace/.swiftpm/xcode
builtin-SwiftPerFileCompile XCScheme+TestAction.swift
SwiftCompile normal arm64_32 /Users/admin/builder/spi-builder-workspace/.dependencies/checkouts/XcodeProj/Sources/XcodeProj/Scheme/XCScheme+TestItem.swift (in target 'XcodeProj' from project 'XcodeProj')
cd /Users/admin/builder/spi-builder-workspace/.swiftpm/xcode
builtin-SwiftPerFileCompile XCScheme+TestItem.swift
SwiftExplicitDependencyGeneratePcm arm64 /Users/admin/builder/spi-builder-workspace/.derivedData/SDKExplicitPrecompiledModules/Darwin-CSB8C43KELVSFIQVR0803IZPN.pcm
SwiftDriverJobDiscovery normal arm64 Compiling Misc.swift, SyntaxAnyVisitor.swift, SyntaxBaseNodes.swift, SyntaxEnum.swift (in target 'SwiftSyntax' from project 'SwiftSyntax')
SwiftCompile normal arm64_32 Compiling\ PBXProject.swift,\ Equality.generated.swift,\ Sourcery.swift,\ XCLocalSwiftPackageReference.swift,\ XCRemoteSwiftPackageReference.swift,\ XCSwiftPackageProductDependency.swift,\ PBXAggregateTarget.swift,\ PBXLegacyTarget.swift,\ PBXNativeTarget.swift,\ PBXProductType.swift /Users/admin/builder/spi-builder-workspace/.dependencies/checkouts/XcodeProj/Sources/XcodeProj/Objects/Project/PBXProject.swift /Users/admin/builder/spi-builder-workspace/.dependencies/checkouts/XcodeProj/Sources/XcodeProj/Objects/Sourcery/Equality.generated.swift /Users/admin/builder/spi-builder-workspace/.dependencies/checkouts/XcodeProj/Sources/XcodeProj/Objects/Sourcery/Sourcery.swift /Users/admin/builder/spi-builder-workspace/.dependencies/checkouts/XcodeProj/Sources/XcodeProj/Objects/SwiftPackage/XCLocalSwiftPackageReference.swift /Users/admin/builder/spi-builder-workspace/.dependencies/checkouts/XcodeProj/Sources/XcodeProj/Objects/SwiftPackage/XCRemoteSwiftPackageReference.swift /Users/admin/builder/spi-builder-workspace/.dependencies/checkouts/XcodeProj/Sources/XcodeProj/Objects/SwiftPackage/XCSwiftPackageProductDependency.swift /Users/admin/builder/spi-builder-workspace/.dependencies/checkouts/XcodeProj/Sources/XcodeProj/Objects/Targets/PBXAggregateTarget.swift /Users/admin/builder/spi-builder-workspace/.dependencies/checkouts/XcodeProj/Sources/XcodeProj/Objects/Targets/PBXLegacyTarget.swift /Users/admin/builder/spi-builder-workspace/.dependencies/checkouts/XcodeProj/Sources/XcodeProj/Objects/Targets/PBXNativeTarget.swift /Users/admin/builder/spi-builder-workspace/.dependencies/checkouts/XcodeProj/Sources/XcodeProj/Objects/Targets/PBXProductType.swift (in target 'XcodeProj' from project 'XcodeProj')
SwiftCompile normal arm64_32 /Users/admin/builder/spi-builder-workspace/.dependencies/checkouts/XcodeProj/Sources/XcodeProj/Objects/Project/PBXProject.swift (in target 'XcodeProj' from project 'XcodeProj')
cd /Users/admin/builder/spi-builder-workspace/.swiftpm/xcode
builtin-SwiftPerFileCompile PBXProject.swift
SwiftCompile normal arm64_32 /Users/admin/builder/spi-builder-workspace/.dependencies/checkouts/XcodeProj/Sources/XcodeProj/Objects/Sourcery/Equality.generated.swift (in target 'XcodeProj' from project 'XcodeProj')
cd /Users/admin/builder/spi-builder-workspace/.swiftpm/xcode
builtin-SwiftPerFileCompile Equality.generated.swift
SwiftCompile normal arm64_32 /Users/admin/builder/spi-builder-workspace/.dependencies/checkouts/XcodeProj/Sources/XcodeProj/Objects/Sourcery/Sourcery.swift (in target 'XcodeProj' from project 'XcodeProj')
cd /Users/admin/builder/spi-builder-workspace/.swiftpm/xcode
builtin-SwiftPerFileCompile Sourcery.swift
SwiftCompile normal arm64_32 /Users/admin/builder/spi-builder-workspace/.dependencies/checkouts/XcodeProj/Sources/XcodeProj/Objects/SwiftPackage/XCLocalSwiftPackageReference.swift (in target 'XcodeProj' from project 'XcodeProj')
cd /Users/admin/builder/spi-builder-workspace/.swiftpm/xcode
builtin-SwiftPerFileCompile XCLocalSwiftPackageReference.swift
SwiftCompile normal arm64_32 /Users/admin/builder/spi-builder-workspace/.dependencies/checkouts/XcodeProj/Sources/XcodeProj/Objects/SwiftPackage/XCRemoteSwiftPackageReference.swift (in target 'XcodeProj' from project 'XcodeProj')
cd /Users/admin/builder/spi-builder-workspace/.swiftpm/xcode
builtin-SwiftPerFileCompile XCRemoteSwiftPackageReference.swift
SwiftCompile normal arm64_32 /Users/admin/builder/spi-builder-workspace/.dependencies/checkouts/XcodeProj/Sources/XcodeProj/Objects/SwiftPackage/XCSwiftPackageProductDependency.swift (in target 'XcodeProj' from project 'XcodeProj')
cd /Users/admin/builder/spi-builder-workspace/.swiftpm/xcode
builtin-SwiftPerFileCompile XCSwiftPackageProductDependency.swift
SwiftCompile normal arm64_32 /Users/admin/builder/spi-builder-workspace/.dependencies/checkouts/XcodeProj/Sources/XcodeProj/Objects/Targets/PBXAggregateTarget.swift (in target 'XcodeProj' from project 'XcodeProj')
cd /Users/admin/builder/spi-builder-workspace/.swiftpm/xcode
builtin-SwiftPerFileCompile PBXAggregateTarget.swift
SwiftCompile normal arm64_32 /Users/admin/builder/spi-builder-workspace/.dependencies/checkouts/XcodeProj/Sources/XcodeProj/Objects/Targets/PBXLegacyTarget.swift (in target 'XcodeProj' from project 'XcodeProj')
cd /Users/admin/builder/spi-builder-workspace/.swiftpm/xcode
builtin-SwiftPerFileCompile PBXLegacyTarget.swift
SwiftCompile normal arm64_32 /Users/admin/builder/spi-builder-workspace/.dependencies/checkouts/XcodeProj/Sources/XcodeProj/Objects/Targets/PBXNativeTarget.swift (in target 'XcodeProj' from project 'XcodeProj')
cd /Users/admin/builder/spi-builder-workspace/.swiftpm/xcode
builtin-SwiftPerFileCompile PBXNativeTarget.swift
SwiftCompile normal arm64_32 /Users/admin/builder/spi-builder-workspace/.dependencies/checkouts/XcodeProj/Sources/XcodeProj/Objects/Targets/PBXProductType.swift (in target 'XcodeProj' from project 'XcodeProj')
cd /Users/admin/builder/spi-builder-workspace/.swiftpm/xcode
builtin-SwiftPerFileCompile PBXProductType.swift
SwiftExplicitDependencyGeneratePcm arm64_32 /Users/admin/builder/spi-builder-workspace/.derivedData/SDKExplicitPrecompiledModules/MachO-F47JQRYVH1SLPOQSJD8RK9MSX.pcm
SwiftDriverJobDiscovery normal arm64_32 Compiling PlistDecoding.swift, PlistValue.swift, ReferenceGenerator.swift, XCConfig.swift, XCWorkspace.swift, XCWorkspaceData.swift, XCWorkspaceDataElement.swift, XCWorkspaceDataElementLocationType.swift, XCWorkspaceDataFileRef.swift, XCWorkspaceDataGroup.swift (in target 'XcodeProj' from project 'XcodeProj')
SwiftExplicitDependencyGeneratePcm arm64_32 /Users/admin/builder/spi-builder-workspace/.derivedData/SDKExplicitPrecompiledModules/ObjectiveC-71AGZNHLBMR2QK817EJNUN54E.pcm
SwiftDriverJobDiscovery normal arm64_32 Compiling XCScheme+TestParallelization.swift, XCScheme+TestPlanReference.swift, XCScheme+TestableReference.swift, XCScheme.swift, XCSchemeManagement.swift, BuildSettingsProvider.swift, CommentedString.swift, Decoders.swift, JSONDecoding.swift, PBXBatchUpdater.swift (in target 'XcodeProj' from project 'XcodeProj')
SwiftCompile normal arm64 Compiling\ Errors.swift,\ AEXML+XcodeFormat.swift,\ Array+Extras.swift,\ Bool+Extras.swift,\ KeyedDecodingContainer+Additions.swift,\ NSRecursiveLock+Sync.swift,\ Path+Extras.swift,\ String+Utils.swift,\ String+md5.swift,\ BuildPhase.swift,\ PBXBuildFile.swift /Users/admin/builder/spi-builder-workspace/.dependencies/checkouts/XcodeProj/Sources/XcodeProj/Errors/Errors.swift /Users/admin/builder/spi-builder-workspace/.dependencies/checkouts/XcodeProj/Sources/XcodeProj/Extensions/AEXML+XcodeFormat.swift /Users/admin/builder/spi-builder-workspace/.dependencies/checkouts/XcodeProj/Sources/XcodeProj/Extensions/Array+Extras.swift /Users/admin/builder/spi-builder-workspace/.dependencies/checkouts/XcodeProj/Sources/XcodeProj/Extensions/Bool+Extras.swift /Users/admin/builder/spi-builder-workspace/.dependencies/checkouts/XcodeProj/Sources/XcodeProj/Extensions/KeyedDecodingContainer+Additions.swift /Users/admin/builder/spi-builder-workspace/.dependencies/checkouts/XcodeProj/Sources/XcodeProj/Extensions/NSRecursiveLock+Sync.swift /Users/admin/builder/spi-builder-workspace/.dependencies/checkouts/XcodeProj/Sources/XcodeProj/Extensions/Path+Extras.swift /Users/admin/builder/spi-builder-workspace/.dependencies/checkouts/XcodeProj/Sources/XcodeProj/Extensions/String+Utils.swift /Users/admin/builder/spi-builder-workspace/.dependencies/checkouts/XcodeProj/Sources/XcodeProj/Extensions/String+md5.swift /Users/admin/builder/spi-builder-workspace/.dependencies/checkouts/XcodeProj/Sources/XcodeProj/Objects/BuildPhase/BuildPhase.swift /Users/admin/builder/spi-builder-workspace/.dependencies/checkouts/XcodeProj/Sources/XcodeProj/Objects/BuildPhase/PBXBuildFile.swift (in target 'XcodeProj' from project 'XcodeProj')
/Users/admin/builder/spi-builder-workspace/.dependencies/checkouts/XcodeProj/Sources/XcodeProj/Extensions/Path+Extras.swift:12:16: error: cannot find 'Glibc' in scope
10 | return Darwin.glob(pattern, flags, errfunc, vector_ptr)
11 | #else
12 | return Glibc.glob(pattern, flags, errfunc, vector_ptr)
| `- error: cannot find 'Glibc' in scope
13 | #endif
14 | }
Failed frontend command:
/Applications/Xcode-27.0.0-Release.Candidate.app/Contents/Developer/Toolchains/XcodeDefault.xctoolchain/usr/bin/swift-frontend -frontend -c -primary-file /Users/admin/builder/spi-builder-workspace/.dependencies/checkouts/XcodeProj/Sources/XcodeProj/Errors/Errors.swift -primary-file /Users/admin/builder/spi-builder-workspace/.dependencies/checkouts/XcodeProj/Sources/XcodeProj/Extensions/AEXML+XcodeFormat.swift -primary-file /Users/admin/builder/spi-builder-workspace/.dependencies/checkouts/XcodeProj/Sources/XcodeProj/Extensions/Array+Extras.swift -primary-file /Users/admin/builder/spi-builder-workspace/.dependencies/checkouts/XcodeProj/Sources/XcodeProj/Extensions/Bool+Extras.swift -primary-file /Users/admin/builder/spi-builder-workspace/.dependencies/checkouts/XcodeProj/Sources/XcodeProj/Extensions/KeyedDecodingContainer+Additions.swift -primary-file /Users/admin/builder/spi-builder-workspace/.dependencies/checkouts/XcodeProj/Sources/XcodeProj/Extensions/NSRecursiveLock+Sync.swift -primary-file /Users/admin/builder/spi-builder-workspace/.dependencies/checkouts/XcodeProj/Sources/XcodeProj/Extensions/Path+Extras.swift -primary-file /Users/admin/builder/spi-builder-workspace/.dependencies/checkouts/XcodeProj/Sources/XcodeProj/Extensions/String+Utils.swift -primary-file /Users/admin/builder/spi-builder-workspace/.dependencies/checkouts/XcodeProj/Sources/XcodeProj/Extensions/String+md5.swift -primary-file /Users/admin/builder/spi-builder-workspace/.dependencies/checkouts/XcodeProj/Sources/XcodeProj/Objects/BuildPhase/BuildPhase.swift -primary-file /Users/admin/builder/spi-builder-workspace/.dependencies/checkouts/XcodeProj/Sources/XcodeProj/Objects/BuildPhase/PBXBuildFile.swift /Users/admin/builder/spi-builder-workspace/.dependencies/checkouts/XcodeProj/Sources/XcodeProj/Objects/BuildPhase/PBXBuildPhase.swift /Users/admin/builder/spi-builder-workspace/.dependencies/checkouts/XcodeProj/Sources/XcodeProj/Objects/BuildPhase/PBXBuildRule.swift /Users/admin/builder/spi-builder-workspace/.dependencies/checkouts/XcodeProj/Sources/XcodeProj/Objects/BuildPhase/PBXCopyFilesBuildPhase.swift /Users/admin/builder/spi-builder-workspace/.dependencies/checkouts/XcodeProj/Sources/XcodeProj/Objects/BuildPhase/PBXFrameworksBuildPhase.swift /Users/admin/builder/spi-builder-workspace/.dependencies/checkouts/XcodeProj/Sources/XcodeProj/Objects/BuildPhase/PBXHeadersBuildPhase.swift /Users/admin/builder/spi-builder-workspace/.dependencies/checkouts/XcodeProj/Sources/XcodeProj/Objects/BuildPhase/PBXResourcesBuildPhase.swift /Users/admin/builder/spi-builder-workspace/.dependencies/checkouts/XcodeProj/Sources/XcodeProj/Objects/BuildPhase/PBXRezBuildPhase.swift /Users/admin/builder/spi-builder-workspace/.dependencies/checkouts/XcodeProj/Sources/XcodeProj/Objects/BuildPhase/PBXShellScriptBuildPhase.swift /Users/admin/builder/spi-builder-workspace/.dependencies/checkouts/XcodeProj/Sources/XcodeProj/Objects/BuildPhase/PBXSourcesBuildPhase.swift /Users/admin/builder/spi-builder-workspace/.dependencies/checkouts/XcodeProj/Sources/XcodeProj/Objects/Configuration/BuildSettings.swift /Users/admin/builder/spi-builder-workspace/.dependencies/checkouts/XcodeProj/Sources/XcodeProj/Objects/Configuration/XCBuildConfiguration.swift /Users/admin/builder/spi-builder-workspace/.dependencies/checkouts/XcodeProj/Sources/XcodeProj/Objects/Configuration/XCConfigurationList.swift /Users/admin/builder/spi-builder-workspace/.dependencies/checkouts/XcodeProj/Sources/XcodeProj/Objects/Files/PBXContainerItem.swift /Users/admin/builder/spi-builder-workspace/.dependencies/checkouts/XcodeProj/Sources/XcodeProj/Objects/Files/PBXContainerItemProxy.swift /Users/admin/builder/spi-builder-workspace/.dependencies/checkouts/XcodeProj/Sources/XcodeProj/Objects/Files/PBXFileElement.swift /Users/admin/builder/spi-builder-workspace/.dependencies/checkouts/XcodeProj/Sources/XcodeProj/Objects/Files/PBXFileReference.swift /Users/admin/builder/spi-builder-workspace/.dependencies/checkouts/XcodeProj/Sources/XcodeProj/Objects/Files/PBXFileSystemSynchronizedBuildFileExceptionSet.swift /Users/admin/builder/spi-builder-workspace/.dependencies/checkouts/XcodeProj/Sources/XcodeProj/Objects/Files/PBXFileSystemSynchronizedExceptionSet.swift /Users/admin/builder/spi-builder-workspace/.dependencies/checkouts/XcodeProj/Sources/XcodeProj/Objects/Files/PBXFileSystemSynchronizedGroupBuildPhaseMembershipExceptionSet.swift /Users/admin/builder/spi-builder-workspace/.dependencies/checkouts/XcodeProj/Sources/XcodeProj/Objects/Files/PBXFileSystemSynchronizedRootGroup.swift /Users/admin/builder/spi-builder-workspace/.dependencies/checkouts/XcodeProj/Sources/XcodeProj/Objects/Files/PBXGroup.swift /Users/admin/builder/spi-builder-workspace/.dependencies/checkouts/XcodeProj/Sources/XcodeProj/Objects/Files/PBXSourceTree.swift /Users/admin/builder/spi-builder-workspace/.dependencies/checkouts/XcodeProj/Sources/XcodeProj/Objects/Files/PBXVariantGroup.swift /Users/admin/builder/spi-builder-workspace/.dependencies/checkouts/XcodeProj/Sources/XcodeProj/Objects/Files/XCVersionGroup.swift /Users/admin/builder/spi-builder-workspace/.dependencies/checkouts/XcodeProj/Sources/XcodeProj/Objects/Project/PBXObject.swift /Users/admin/builder/spi-builder-workspace/.dependencies/checkouts/XcodeProj/Sources/XcodeProj/Objects/Project/PBXObjectDictionaryEntry.swift /Users/admin/builder/spi-builder-workspace/.dependencies/checkouts/XcodeProj/Sources/XcodeProj/Objects/Project/PBXObjectReference.swift /Users/admin/builder/spi-builder-workspace/.dependencies/checkouts/XcodeProj/Sources/XcodeProj/Objects/Project/PBXObjects.swift /Users/admin/builder/spi-builder-workspace/.dependencies/checkouts/XcodeProj/Sources/XcodeProj/Objects/Project/PBXOutputSettings.swift /Users/admin/builder/spi-builder-workspace/.dependencies/checkouts/XcodeProj/Sources/XcodeProj/Objects/Project/PBXProj.swift /Users/admin/builder/spi-builder-workspace/.dependencies/checkouts/XcodeProj/Sources/XcodeProj/Objects/Project/PBXProjEncoder.swift /Users/admin/builder/spi-builder-workspace/.dependencies/checkouts/XcodeProj/Sources/XcodeProj/Objects/Project/PBXProject.swift /Users/admin/builder/spi-builder-workspace/.dependencies/checkouts/XcodeProj/Sources/XcodeProj/Objects/Sourcery/Equality.generated.swift /Users/admin/builder/spi-builder-workspace/.dependencies/checkouts/XcodeProj/Sources/XcodeProj/Objects/Sourcery/Sourcery.swift /Users/admin/builder/spi-builder-workspace/.dependencies/checkouts/XcodeProj/Sources/XcodeProj/Objects/SwiftPackage/XCLocalSwiftPackageReference.swift /Users/admin/builder/spi-builder-workspace/.dependencies/checkouts/XcodeProj/Sources/XcodeProj/Objects/SwiftPackage/XCRemoteSwiftPackageReference.swift /Users/admin/builder/spi-builder-workspace/.dependencies/checkouts/XcodeProj/Sources/XcodeProj/Objects/SwiftPackage/XCSwiftPackageProductDependency.swift /Users/admin/builder/spi-builder-workspace/.dependencies/checkouts/XcodeProj/Sources/XcodeProj/Objects/Targets/PBXAggregateTarget.swift /Users/admin/builder/spi-builder-workspace/.dependencies/checkouts/XcodeProj/Sources/XcodeProj/Objects/Targets/PBXLegacyTarget.swift /Users/admin/builder/spi-builder-workspace/.dependencies/checkouts/XcodeProj/Sources/XcodeProj/Objects/Targets/PBXNativeTarget.swift /Users/admin/builder/spi-builder-workspace/.dependencies/checkouts/XcodeProj/Sources/XcodeProj/Objects/Targets/PBXProductType.swift /Users/admin/builder/spi-builder-workspace/.dependencies/checkouts/XcodeProj/Sources/XcodeProj/Objects/Targets/PBXReferenceProxy.swift /Users/admin/builder/spi-builder-workspace/.dependencies/checkouts/XcodeProj/Sources/XcodeProj/Objects/Targets/PBXTarget.swift /Users/admin/builder/spi-builder-workspace/.dependencies/checkouts/XcodeProj/Sources/XcodeProj/Objects/Targets/PBXTargetDependency.swift /Users/admin/builder/spi-builder-workspace/.dependencies/checkouts/XcodeProj/Sources/XcodeProj/Project/WorkspaceSettings.swift /Users/admin/builder/spi-builder-workspace/.dependencies/checkouts/XcodeProj/Sources/XcodeProj/Project/XCBreakpointList.swift /Users/admin/builder/spi-builder-workspace/.dependencies/checkouts/XcodeProj/Sources/XcodeProj/Project/XCDebugger.swift /Users/admin/builder/spi-builder-workspace/.dependencies/checkouts/XcodeProj/Sources/XcodeProj/Project/XCSharedData.swift /Users/admin/builder/spi-builder-workspace/.dependencies/checkouts/XcodeProj/Sources/XcodeProj/Project/XCUserData.swift /Users/admin/builder/spi-builder-workspace/.dependencies/checkouts/XcodeProj/Sources/XcodeProj/Project/Xcode.swift /Users/admin/builder/spi-builder-workspace/.dependencies/checkouts/XcodeProj/Sources/XcodeProj/Project/XcodeProj.swift /Users/admin/builder/spi-builder-workspace/.dependencies/checkouts/XcodeProj/Sources/XcodeProj/Protocols/Writable.swift /Users/admin/builder/spi-builder-workspace/.dependencies/checkouts/XcodeProj/Sources/XcodeProj/Scheme/XCScheme+AditionalOption.swift /Users/admin/builder/spi-builder-workspace/.dependencies/checkouts/XcodeProj/Sources/XcodeProj/Scheme/XCScheme+AnalyzeAction.swift /Users/admin/builder/spi-builder-workspace/.dependencies/checkouts/XcodeProj/Sources/XcodeProj/Scheme/XCScheme+ArchiveAction.swift /Users/admin/builder/spi-builder-workspace/.dependencies/checkouts/XcodeProj/Sources/XcodeProj/Scheme/XCScheme+BuildAction.swift /Users/admin/builder/spi-builder-workspace/.dependencies/checkouts/XcodeProj/Sources/XcodeProj/Scheme/XCScheme+BuildableProductRunnable.swift /Users/admin/builder/spi-builder-workspace/.dependencies/checkouts/XcodeProj/Sources/XcodeProj/Scheme/XCScheme+BuildableReference.swift /Users/admin/builder/spi-builder-workspace/.dependencies/checkouts/XcodeProj/Sources/XcodeProj/Scheme/XCScheme+CommandLineArguments.swift /Users/admin/builder/spi-builder-workspace/.dependencies/checkouts/XcodeProj/Sources/XcodeProj/Scheme/XCScheme+EnvironmentVariable.swift /Users/admin/builder/spi-builder-workspace/.dependencies/checkouts/XcodeProj/Sources/XcodeProj/Scheme/XCScheme+ExecutionAction.swift /Users/admin/builder/spi-builder-workspace/.dependencies/checkouts/XcodeProj/Sources/XcodeProj/Scheme/XCScheme+LaunchAction.swift /Users/admin/builder/spi-builder-workspace/.dependencies/checkouts/XcodeProj/Sources/XcodeProj/Scheme/XCScheme+LocationScenarioReference.swift /Users/admin/builder/spi-builder-workspace/.dependencies/checkouts/XcodeProj/Sources/XcodeProj/Scheme/XCScheme+PathRunnable.swift /Users/admin/builder/spi-builder-workspace/.dependencies/checkouts/XcodeProj/Sources/XcodeProj/Scheme/XCScheme+ProfileAction.swift /Users/admin/builder/spi-builder-workspace/.dependencies/checkouts/XcodeProj/Sources/XcodeProj/Scheme/XCScheme+RemoteRunnable.swift /Users/admin/builder/spi-builder-workspace/.dependencies/checkouts/XcodeProj/Sources/XcodeProj/Scheme/XCScheme+Runnable.swift /Users/admin/builder/spi-builder-workspace/.dependencies/checkouts/XcodeProj/Sources/XcodeProj/Scheme/XCScheme+SerialAction.swift /Users/admin/builder/spi-builder-workspace/.dependencies/checkouts/XcodeProj/Sources/XcodeProj/Scheme/XCScheme+StoreKitConfigurationFileReference.swift /Users/admin/builder/spi-builder-workspace/.dependencies/checkouts/XcodeProj/Sources/XcodeProj/Scheme/XCScheme+TestAction.swift /Users/admin/builder/spi-builder-workspace/.dependencies/checkouts/XcodeProj/Sources/XcodeProj/Scheme/XCScheme+TestItem.swift /Users/admin/builder/spi-builder-workspace/.dependencies/checkouts/XcodeProj/Sources/XcodeProj/Scheme/XCScheme+TestParallelization.swift /Users/admin/builder/spi-builder-workspace/.dependencies/checkouts/XcodeProj/Sources/XcodeProj/Scheme/XCScheme+TestPlanReference.swift /Users/admin/builder/spi-builder-workspace/.dependencies/checkouts/XcodeProj/Sources/XcodeProj/Scheme/XCScheme+TestableReference.swift /Users/admin/builder/spi-builder-workspace/.dependencies/checkouts/XcodeProj/Sources/XcodeProj/Scheme/XCScheme.swift /Users/admin/builder/spi-builder-workspace/.dependencies/checkouts/XcodeProj/Sources/XcodeProj/Scheme/XCSchemeManagement.swift /Users/admin/builder/spi-builder-workspace/.dependencies/checkouts/XcodeProj/Sources/XcodeProj/Utils/BuildSettingsProvider.swift /Users/admin/builder/spi-builder-workspace/.dependencies/checkouts/XcodeProj/Sources/XcodeProj/Utils/CommentedString.swift /Users/admin/builder/spi-builder-workspace/.dependencies/checkouts/XcodeProj/Sources/XcodeProj/Utils/Decoders.swift /Users/admin/builder/spi-builder-workspace/.dependencies/checkouts/XcodeProj/Sources/XcodeProj/Utils/JSONDecoding.swift /Users/admin/builder/spi-builder-workspace/.dependencies/checkouts/XcodeProj/Sources/XcodeProj/Utils/PBXBatchUpdater.swift /Users/admin/builder/spi-builder-workspace/.dependencies/checkouts/XcodeProj/Sources/XcodeProj/Utils/PlistDecoding.swift /Users/admin/builder/spi-builder-workspace/.dependencies/checkouts/XcodeProj/Sources/XcodeProj/Utils/PlistValue.swift /Users/admin/builder/spi-builder-workspace/.dependencies/checkouts/XcodeProj/Sources/XcodeProj/Utils/ReferenceGenerator.swift /Users/admin/builder/spi-builder-workspace/.dependencies/checkouts/XcodeProj/Sources/XcodeProj/Utils/XCConfig.swift /Users/admin/builder/spi-builder-workspace/.dependencies/checkouts/XcodeProj/Sources/XcodeProj/Workspace/XCWorkspace.swift /Users/admin/builder/spi-builder-workspace/.dependencies/checkouts/XcodeProj/Sources/XcodeProj/Workspace/XCWorkspaceData.swift /Users/admin/builder/spi-builder-workspace/.dependencies/checkouts/XcodeProj/Sources/XcodeProj/Workspace/XCWorkspaceDataElement.swift /Users/admin/builder/spi-builder-workspace/.dependencies/checkouts/XcodeProj/Sources/XcodeProj/Workspace/XCWorkspaceDataElementLocationType.swift /Users/admin/builder/spi-builder-workspace/.dependencies/checkouts/XcodeProj/Sources/XcodeProj/Workspace/XCWorkspaceDataFileRef.swift /Users/admin/builder/spi-builder-workspace/.dependencies/checkouts/XcodeProj/Sources/XcodeProj/Workspace/XCWorkspaceDataGroup.swift -supplementary-output-file-map /Users/admin/builder/spi-builder-workspace/.derivedData/Build/Intermediates.noindex/XcodeProj.build/Debug-watchos/XcodeProj-t.build/Objects-normal/arm64/supplementaryOutputs-44 -target arm64-apple-watchos9.0 -module-can-import-version CryptoKit 383.4.1 0 -disable-cross-import-overlay-search -load-resolved-plugin /Applications/Xcode-27.0.0-Release.Candidate.app/Contents/Developer/Platforms/WatchOS.platform/Developer/usr/lib/swift/host/plugins/libFoundationMacros.dylib\#/Applications/Xcode-27.0.0-Release.Candidate.app/Contents/Developer/Platforms/WatchOS.platform/Developer/usr/bin/swift-plugin-server\#FoundationMacros -load-resolved-plugin /Applications/Xcode-27.0.0-Release.Candidate.app/Contents/Developer/Platforms/WatchOS.platform/Developer/usr/lib/swift/host/plugins/libObservationMacros.dylib\#/Applications/Xcode-27.0.0-Release.Candidate.app/Contents/Developer/Platforms/WatchOS.platform/Developer/usr/bin/swift-plugin-server\#ObservationMacros -load-resolved-plugin /Applications/Xcode-27.0.0-Release.Candidate.app/Contents/Developer/Platforms/WatchOS.platform/Developer/usr/lib/swift/host/plugins/libSwiftMacros.dylib\#/Applications/Xcode-27.0.0-Release.Candidate.app/Contents/Developer/Platforms/WatchOS.platform/Developer/usr/bin/swift-plugin-server\#SwiftMacros -disable-implicit-swift-modules -Xcc -fno-implicit-modules -Xcc -fno-implicit-module-maps -explicit-swift-module-map-file /Users/admin/builder/spi-builder-workspace/.derivedData/Build/Intermediates.noindex/XcodeProj.build/Debug-watchos/XcodeProj-t.build/Objects-normal/arm64/XcodeProj-dependencies-1.json -Xllvm -aarch64-use-tbi -enable-objc-interop -stack-check -sdk /Applications/Xcode-27.0.0-Release.Candidate.app/Contents/Developer/Platforms/WatchOS.platform/Developer/SDKs/WatchOS27.0.sdk -I /Users/admin/builder/spi-builder-workspace/.derivedData/Build/Products/Debug-watchos -Isystem /Applications/Xcode-27.0.0-Release.Candidate.app/Contents/Developer/Platforms/WatchOS.platform/Developer/usr/lib -F /Users/admin/builder/spi-builder-workspace/.derivedData/Build/Products/Debug-watchos/PackageFrameworks -F /Users/admin/builder/spi-builder-workspace/.derivedData/Build/Products/Debug-watchos -F /Applications/Xcode-27.0.0-Release.Candidate.app/Contents/Developer/Platforms/WatchOS.platform/Developer/Library/Frameworks -F /Applications/Xcode-27.0.0-Release.Candidate.app/Contents/Developer/Platforms/WatchOS.platform/Developer/SDKs/WatchOS27.0.sdk/Developer/Library/Frameworks -module-cache-path /Users/admin/builder/spi-builder-workspace/.derivedData/Build/Intermediates.noindex/SwiftExplicitPrecompiledModules -no-color-diagnostics -Xcc -fno-color-diagnostics -enable-testing -g -debug-info-format\=dwarf -dwarf-version\=4 -suppress-warnings -profile-generate -profile-coverage-mapping -swift-version 5 -Onone -D SWIFT_PACKAGE -D DEBUG -D SWIFT_MODULE_RESOURCE_BUNDLE_UNAVAILABLE -D Xcode -serialize-debugging-options -enable-experimental-feature StrictConcurrency -enable-experimental-feature DebugDescriptionMacro -empty-abi-descriptor -validate-clang-modules-once -clang-build-session-file /Users/admin/builder/spi-builder-workspace/.derivedData/ModuleCache.noindex/Session.modulevalidation -Xcc -working-directory -Xcc /Users/admin/builder/spi-builder-workspace/.swiftpm/xcode -enable-anonymous-context-mangled-names -file-compilation-dir /Users/admin/builder/spi-builder-workspace/.swiftpm/xcode -Xcc -D_LIBCPP_HARDENING_MODE\=_LIBCPP_HARDENING_MODE_DEBUG -Xcc -ivfsstatcache -Xcc /Users/admin/builder/spi-builder-workspace/.derivedData/SDKStatCaches.noindex/watchos27.0-24R360-e829b21a6f8c9b70876ba0858053c04477534ef55a1706bf4c1112bbb242f0a2.sdkstatcache -Xcc -fmodules-prune-interval\=86400 -Xcc -fmodules-prune-after\=345600 -Xcc -I/Users/admin/builder/spi-builder-workspace/.derivedData/Build/Products/Debug-watchos/include -Xcc -I/Users/admin/builder/spi-builder-workspace/.derivedData/Build/Intermediates.noindex/XcodeProj.build/Debug-watchos/XcodeProj-t.build/DerivedSources-normal/arm64 -Xcc -I/Users/admin/builder/spi-builder-workspace/.derivedData/Build/Intermediates.noindex/XcodeProj.build/Debug-watchos/XcodeProj-t.build/DerivedSources/arm64 -Xcc -I/Users/admin/builder/spi-builder-workspace/.derivedData/Build/Intermediates.noindex/XcodeProj.build/Debug-watchos/XcodeProj-t.build/DerivedSources -Xcc -DSWIFT_PACKAGE -Xcc -DDEBUG\=1 -no-auto-bridging-header-chaining -module-name XcodeProj -package-name xcodeproj -const-gather-protocols-file /Users/admin/builder/spi-builder-workspace/.derivedData/Build/Intermediates.noindex/XcodeProj.build/Debug-watchos/XcodeProj-t.build/Objects-normal/arm64/XcodeProj_const_extract_protocols.json -disable-clang-spi -clang-target arm64-apple-watchos27.0 -target-sdk-version 27.0 -target-sdk-name watchos27.0 -in-process-plugin-server-path /Applications/Xcode-27.0.0-Release.Candidate.app/Contents/Developer/Toolchains/XcodeDefault.xctoolchain/usr/lib/swift/host/libSwiftInProcPluginServer.dylib -parse-as-library -o /Users/admin/builder/spi-builder-workspace/.derivedData/Build/Intermediates.noindex/XcodeProj.build/Debug-watchos/XcodeProj-t.build/Objects-normal/arm64/Errors.o -o /Users/admin/builder/spi-builder-workspace/.derivedData/Build/Intermediates.noindex/XcodeProj.build/Debug-watchos/XcodeProj-t.build/Objects-normal/arm64/AEXML+XcodeFormat.o -o /Users/admin/builder/spi-builder-workspace/.derivedData/Build/Intermediates.noindex/XcodeProj.build/Debug-watchos/XcodeProj-t.build/Objects-normal/arm64/Array+Extras.o -o /Users/admin/builder/spi-builder-workspace/.derivedData/Build/Intermediates.noindex/XcodeProj.build/Debug-watchos/XcodeProj-t.build/Objects-normal/arm64/Bool+Extras.o -o /Users/admin/builder/spi-builder-workspace/.derivedData/Build/Intermediates.noindex/XcodeProj.build/Debug-watchos/XcodeProj-t.build/Objects-normal/arm64/KeyedDecodingContainer+Additions.o -o /Users/admin/builder/spi-builder-workspace/.derivedData/Build/Intermediates.noindex/XcodeProj.build/Debug-watchos/XcodeProj-t.build/Objects-normal/arm64/NSRecursiveLock+Sync.o -o /Users/admin/builder/spi-builder-workspace/.derivedData/Build/Intermediates.noindex/XcodeProj.build/Debug-watchos/XcodeProj-t.build/Objects-normal/arm64/Path+Extras.o -o /Users/admin/builder/spi-builder-workspace/.derivedData/Build/Intermediates.noindex/XcodeProj.build/Debug-watchos/XcodeProj-t.build/Objects-normal/arm64/String+Utils.o -o /Users/admin/builder/spi-builder-workspace/.derivedData/Build/Intermediates.noindex/XcodeProj.build/Debug-watchos/XcodeProj-t.build/Objects-normal/arm64/String+md5.o -o /Users/admin/builder/spi-builder-workspace/.derivedData/Build/Intermediates.noindex/XcodeProj.build/Debug-watchos/XcodeProj-t.build/Objects-normal/arm64/BuildPhase.o -o /Users/admin/builder/spi-builder-workspace/.derivedData/Build/Intermediates.noindex/XcodeProj.build/Debug-watchos/XcodeProj-t.build/Objects-normal/arm64/PBXBuildFile.o -debug-module-path /Users/admin/builder/spi-builder-workspace/.derivedData/Build/Intermediates.noindex/XcodeProj.build/Debug-watchos/XcodeProj-t.build/Objects-normal/arm64/XcodeProj.swiftmodule -index-unit-output-path /XcodeProj.build/Debug-watchos/XcodeProj-t.build/Objects-normal/arm64/Errors.o -index-unit-output-path /XcodeProj.build/Debug-watchos/XcodeProj-t.build/Objects-normal/arm64/AEXML+XcodeFormat.o -index-unit-output-path /XcodeProj.build/Debug-watchos/XcodeProj-t.build/Objects-normal/arm64/Array+Extras.o -index-unit-output-path /XcodeProj.build/Debug-watchos/XcodeProj-t.build/Objects-normal/arm64/Bool+Extras.o -index-unit-output-path /XcodeProj.build/Debug-watchos/XcodeProj-t.build/Objects-normal/arm64/KeyedDecodingContainer+Additions.o -index-unit-output-path /XcodeProj.build/Debug-watchos/XcodeProj-t.build/Objects-normal/arm64/NSRecursiveLock+Sync.o -index-unit-output-path /XcodeProj.build/Debug-watchos/XcodeProj-t.build/Objects-normal/arm64/Path+Extras.o -index-unit-output-path /XcodeProj.build/Debug-watchos/XcodeProj-t.build/Objects-normal/arm64/String+Utils.o -index-unit-output-path /XcodeProj.build/Debug-watchos/XcodeProj-t.build/Objects-normal/arm64/String+md5.o -index-unit-output-path /XcodeProj.build/Debug-watchos/XcodeProj-t.build/Objects-normal/arm64/BuildPhase.o -index-unit-output-path /XcodeProj.build/Debug-watchos/XcodeProj-t.build/Objects-normal/arm64/PBXBuildFile.o -index-store-path /Users/admin/builder/spi-builder-workspace/.derivedData/Index.noindex/DataStore -index-system-modules
SwiftCompile normal arm64 /Users/admin/builder/spi-builder-workspace/.dependencies/checkouts/XcodeProj/Sources/XcodeProj/Errors/Errors.swift (in target 'XcodeProj' from project 'XcodeProj')
cd /Users/admin/builder/spi-builder-workspace/.swiftpm/xcode
builtin-SwiftPerFileCompile Errors.swift
SwiftCompile normal arm64 /Users/admin/builder/spi-builder-workspace/.dependencies/checkouts/XcodeProj/Sources/XcodeProj/Extensions/AEXML+XcodeFormat.swift (in target 'XcodeProj' from project 'XcodeProj')
cd /Users/admin/builder/spi-builder-workspace/.swiftpm/xcode
builtin-SwiftPerFileCompile AEXML+XcodeFormat.swift
SwiftCompile normal arm64 /Users/admin/builder/spi-builder-workspace/.dependencies/checkouts/XcodeProj/Sources/XcodeProj/Extensions/Array+Extras.swift (in target 'XcodeProj' from project 'XcodeProj')
cd /Users/admin/builder/spi-builder-workspace/.swiftpm/xcode
builtin-SwiftPerFileCompile Array+Extras.swift
SwiftCompile normal arm64 /Users/admin/builder/spi-builder-workspace/.dependencies/checkouts/XcodeProj/Sources/XcodeProj/Extensions/Bool+Extras.swift (in target 'XcodeProj' from project 'XcodeProj')
cd /Users/admin/builder/spi-builder-workspace/.swiftpm/xcode
builtin-SwiftPerFileCompile Bool+Extras.swift
SwiftCompile normal arm64 /Users/admin/builder/spi-builder-workspace/.dependencies/checkouts/XcodeProj/Sources/XcodeProj/Extensions/KeyedDecodingContainer+Additions.swift (in target 'XcodeProj' from project 'XcodeProj')
cd /Users/admin/builder/spi-builder-workspace/.swiftpm/xcode
builtin-SwiftPerFileCompile KeyedDecodingContainer+Additions.swift
SwiftCompile normal arm64 /Users/admin/builder/spi-builder-workspace/.dependencies/checkouts/XcodeProj/Sources/XcodeProj/Extensions/NSRecursiveLock+Sync.swift (in target 'XcodeProj' from project 'XcodeProj')
cd /Users/admin/builder/spi-builder-workspace/.swiftpm/xcode
builtin-SwiftPerFileCompile NSRecursiveLock+Sync.swift
SwiftCompile normal arm64 /Users/admin/builder/spi-builder-workspace/.dependencies/checkouts/XcodeProj/Sources/XcodeProj/Extensions/Path+Extras.swift (in target 'XcodeProj' from project 'XcodeProj')
cd /Users/admin/builder/spi-builder-workspace/.swiftpm/xcode
builtin-SwiftPerFileCompile Path+Extras.swift
SwiftCompile normal arm64 /Users/admin/builder/spi-builder-workspace/.dependencies/checkouts/XcodeProj/Sources/XcodeProj/Extensions/String+Utils.swift (in target 'XcodeProj' from project 'XcodeProj')
cd /Users/admin/builder/spi-builder-workspace/.swiftpm/xcode
builtin-SwiftPerFileCompile String+Utils.swift
SwiftCompile normal arm64 /Users/admin/builder/spi-builder-workspace/.dependencies/checkouts/XcodeProj/Sources/XcodeProj/Extensions/String+md5.swift (in target 'XcodeProj' from project 'XcodeProj')
cd /Users/admin/builder/spi-builder-workspace/.swiftpm/xcode
builtin-SwiftPerFileCompile String+md5.swift
SwiftCompile normal arm64 /Users/admin/builder/spi-builder-workspace/.dependencies/checkouts/XcodeProj/Sources/XcodeProj/Objects/BuildPhase/BuildPhase.swift (in target 'XcodeProj' from project 'XcodeProj')
cd /Users/admin/builder/spi-builder-workspace/.swiftpm/xcode
builtin-SwiftPerFileCompile BuildPhase.swift
SwiftCompile normal arm64 /Users/admin/builder/spi-builder-workspace/.dependencies/checkouts/XcodeProj/Sources/XcodeProj/Objects/BuildPhase/PBXBuildFile.swift (in target 'XcodeProj' from project 'XcodeProj')
cd /Users/admin/builder/spi-builder-workspace/.swiftpm/xcode
builtin-SwiftPerFileCompile PBXBuildFile.swift
SwiftCompile normal arm64 Compiling\ PBXReferenceProxy.swift,\ PBXTarget.swift,\ PBXTargetDependency.swift,\ WorkspaceSettings.swift,\ XCBreakpointList.swift,\ XCDebugger.swift,\ XCSharedData.swift,\ XCUserData.swift,\ Xcode.swift,\ XcodeProj.swift /Users/admin/builder/spi-builder-workspace/.dependencies/checkouts/XcodeProj/Sources/XcodeProj/Objects/Targets/PBXReferenceProxy.swift /Users/admin/builder/spi-builder-workspace/.dependencies/checkouts/XcodeProj/Sources/XcodeProj/Objects/Targets/PBXTarget.swift /Users/admin/builder/spi-builder-workspace/.dependencies/checkouts/XcodeProj/Sources/XcodeProj/Objects/Targets/PBXTargetDependency.swift /Users/admin/builder/spi-builder-workspace/.dependencies/checkouts/XcodeProj/Sources/XcodeProj/Project/WorkspaceSettings.swift /Users/admin/builder/spi-builder-workspace/.dependencies/checkouts/XcodeProj/Sources/XcodeProj/Project/XCBreakpointList.swift /Users/admin/builder/spi-builder-workspace/.dependencies/checkouts/XcodeProj/Sources/XcodeProj/Project/XCDebugger.swift /Users/admin/builder/spi-builder-workspace/.dependencies/checkouts/XcodeProj/Sources/XcodeProj/Project/XCSharedData.swift /Users/admin/builder/spi-builder-workspace/.dependencies/checkouts/XcodeProj/Sources/XcodeProj/Project/XCUserData.swift /Users/admin/builder/spi-builder-workspace/.dependencies/checkouts/XcodeProj/Sources/XcodeProj/Project/Xcode.swift /Users/admin/builder/spi-builder-workspace/.dependencies/checkouts/XcodeProj/Sources/XcodeProj/Project/XcodeProj.swift (in target 'XcodeProj' from project 'XcodeProj')
SwiftCompile normal arm64 /Users/admin/builder/spi-builder-workspace/.dependencies/checkouts/XcodeProj/Sources/XcodeProj/Objects/Targets/PBXReferenceProxy.swift (in target 'XcodeProj' from project 'XcodeProj')
cd /Users/admin/builder/spi-builder-workspace/.swiftpm/xcode
builtin-SwiftPerFileCompile PBXReferenceProxy.swift
SwiftCompile normal arm64 /Users/admin/builder/spi-builder-workspace/.dependencies/checkouts/XcodeProj/Sources/XcodeProj/Objects/Targets/PBXTarget.swift (in target 'XcodeProj' from project 'XcodeProj')
cd /Users/admin/builder/spi-builder-workspace/.swiftpm/xcode
builtin-SwiftPerFileCompile PBXTarget.swift
SwiftCompile normal arm64 /Users/admin/builder/spi-builder-workspace/.dependencies/checkouts/XcodeProj/Sources/XcodeProj/Objects/Targets/PBXTargetDependency.swift (in target 'XcodeProj' from project 'XcodeProj')
cd /Users/admin/builder/spi-builder-workspace/.swiftpm/xcode
builtin-SwiftPerFileCompile PBXTargetDependency.swift
SwiftCompile normal arm64 /Users/admin/builder/spi-builder-workspace/.dependencies/checkouts/XcodeProj/Sources/XcodeProj/Project/WorkspaceSettings.swift (in target 'XcodeProj' from project 'XcodeProj')
cd /Users/admin/builder/spi-builder-workspace/.swiftpm/xcode
builtin-SwiftPerFileCompile WorkspaceSettings.swift
SwiftCompile normal arm64 /Users/admin/builder/spi-builder-workspace/.dependencies/checkouts/XcodeProj/Sources/XcodeProj/Project/XCBreakpointList.swift (in target 'XcodeProj' from project 'XcodeProj')
cd /Users/admin/builder/spi-builder-workspace/.swiftpm/xcode
builtin-SwiftPerFileCompile XCBreakpointList.swift
SwiftCompile normal arm64 /Users/admin/builder/spi-builder-workspace/.dependencies/checkouts/XcodeProj/Sources/XcodeProj/Project/XCDebugger.swift (in target 'XcodeProj' from project 'XcodeProj')
cd /Users/admin/builder/spi-builder-workspace/.swiftpm/xcode
builtin-SwiftPerFileCompile XCDebugger.swift
SwiftCompile normal arm64 /Users/admin/builder/spi-builder-workspace/.dependencies/checkouts/XcodeProj/Sources/XcodeProj/Project/XCSharedData.swift (in target 'XcodeProj' from project 'XcodeProj')
cd /Users/admin/builder/spi-builder-workspace/.swiftpm/xcode
builtin-SwiftPerFileCompile XCSharedData.swift
SwiftCompile normal arm64 /Users/admin/builder/spi-builder-workspace/.dependencies/checkouts/XcodeProj/Sources/XcodeProj/Project/XCUserData.swift (in target 'XcodeProj' from project 'XcodeProj')
cd /Users/admin/builder/spi-builder-workspace/.swiftpm/xcode
builtin-SwiftPerFileCompile XCUserData.swift
SwiftCompile normal arm64 /Users/admin/builder/spi-builder-workspace/.dependencies/checkouts/XcodeProj/Sources/XcodeProj/Project/Xcode.swift (in target 'XcodeProj' from project 'XcodeProj')
cd /Users/admin/builder/spi-builder-workspace/.swiftpm/xcode
builtin-SwiftPerFileCompile Xcode.swift
SwiftCompile normal arm64 /Users/admin/builder/spi-builder-workspace/.dependencies/checkouts/XcodeProj/Sources/XcodeProj/Project/XcodeProj.swift (in target 'XcodeProj' from project 'XcodeProj')
cd /Users/admin/builder/spi-builder-workspace/.swiftpm/xcode
builtin-SwiftPerFileCompile XcodeProj.swift
SwiftExplicitDependencyGeneratePcm arm64_32 /Users/admin/builder/spi-builder-workspace/.derivedData/SDKExplicitPrecompiledModules/os_object-CTXVQBCWDOH6JHUXIFDUOWFRL.pcm
SwiftExplicitDependencyGeneratePcm arm64 /Users/admin/builder/spi-builder-workspace/.derivedData/SDKExplicitPrecompiledModules/MachO-4RYXFVY68ZDEUZYFMVL57WEKU.pcm
SwiftExplicitDependencyGeneratePcm arm64_32 /Users/admin/builder/spi-builder-workspace/.derivedData/SDKExplicitPrecompiledModules/os_workgroup-9L9R05BT5LTFRZ2NM68BZTVV2.pcm
SwiftExplicitDependencyGeneratePcm arm64 /Users/admin/builder/spi-builder-workspace/.derivedData/SDKExplicitPrecompiledModules/ObjectiveC-22CZPC4WYQC9G8T393WT2KKLW.pcm
SwiftExplicitDependencyGeneratePcm arm64_32 /Users/admin/builder/spi-builder-workspace/.derivedData/SDKExplicitPrecompiledModules/Dispatch-CGIMI9KQKHNRQHR2IECIPRG14.pcm
SwiftDriverJobDiscovery normal arm64 Compiling RawSyntaxValidation.swift, SourceLength.swift, SourceLocation.swift, SourcePresence.swift (in target 'SwiftSyntax' from project 'SwiftSyntax')
SwiftCompile normal arm64_32 Compiling\ PBXSourceTree.swift,\ PBXVariantGroup.swift,\ XCVersionGroup.swift,\ PBXObject.swift,\ PBXObjectDictionaryEntry.swift,\ PBXObjectReference.swift,\ PBXObjects.swift,\ PBXOutputSettings.swift,\ PBXProj.swift,\ PBXProjEncoder.swift /Users/admin/builder/spi-builder-workspace/.dependencies/checkouts/XcodeProj/Sources/XcodeProj/Objects/Files/PBXSourceTree.swift /Users/admin/builder/spi-builder-workspace/.dependencies/checkouts/XcodeProj/Sources/XcodeProj/Objects/Files/PBXVariantGroup.swift /Users/admin/builder/spi-builder-workspace/.dependencies/checkouts/XcodeProj/Sources/XcodeProj/Objects/Files/XCVersionGroup.swift /Users/admin/builder/spi-builder-workspace/.dependencies/checkouts/XcodeProj/Sources/XcodeProj/Objects/Project/PBXObject.swift /Users/admin/builder/spi-builder-workspace/.dependencies/checkouts/XcodeProj/Sources/XcodeProj/Objects/Project/PBXObjectDictionaryEntry.swift /Users/admin/builder/spi-builder-workspace/.dependencies/checkouts/XcodeProj/Sources/XcodeProj/Objects/Project/PBXObjectReference.swift /Users/admin/builder/spi-builder-workspace/.dependencies/checkouts/XcodeProj/Sources/XcodeProj/Objects/Project/PBXObjects.swift /Users/admin/builder/spi-builder-workspace/.dependencies/checkouts/XcodeProj/Sources/XcodeProj/Objects/Project/PBXOutputSettings.swift /Users/admin/builder/spi-builder-workspace/.dependencies/checkouts/XcodeProj/Sources/XcodeProj/Objects/Project/PBXProj.swift /Users/admin/builder/spi-builder-workspace/.dependencies/checkouts/XcodeProj/Sources/XcodeProj/Objects/Project/PBXProjEncoder.swift (in target 'XcodeProj' from project 'XcodeProj')
SwiftCompile normal arm64_32 /Users/admin/builder/spi-builder-workspace/.dependencies/checkouts/XcodeProj/Sources/XcodeProj/Objects/Files/PBXSourceTree.swift (in target 'XcodeProj' from project 'XcodeProj')
cd /Users/admin/builder/spi-builder-workspace/.swiftpm/xcode
builtin-SwiftPerFileCompile PBXSourceTree.swift
SwiftCompile normal arm64_32 /Users/admin/builder/spi-builder-workspace/.dependencies/checkouts/XcodeProj/Sources/XcodeProj/Objects/Files/PBXVariantGroup.swift (in target 'XcodeProj' from project 'XcodeProj')
cd /Users/admin/builder/spi-builder-workspace/.swiftpm/xcode
builtin-SwiftPerFileCompile PBXVariantGroup.swift
SwiftCompile normal arm64_32 /Users/admin/builder/spi-builder-workspace/.dependencies/checkouts/XcodeProj/Sources/XcodeProj/Objects/Files/XCVersionGroup.swift (in target 'XcodeProj' from project 'XcodeProj')
cd /Users/admin/builder/spi-builder-workspace/.swiftpm/xcode
builtin-SwiftPerFileCompile XCVersionGroup.swift
SwiftCompile normal arm64_32 /Users/admin/builder/spi-builder-workspace/.dependencies/checkouts/XcodeProj/Sources/XcodeProj/Objects/Project/PBXObject.swift (in target 'XcodeProj' from project 'XcodeProj')
cd /Users/admin/builder/spi-builder-workspace/.swiftpm/xcode
builtin-SwiftPerFileCompile PBXObject.swift
SwiftCompile normal arm64_32 /Users/admin/builder/spi-builder-workspace/.dependencies/checkouts/XcodeProj/Sources/XcodeProj/Objects/Project/PBXObjectDictionaryEntry.swift (in target 'XcodeProj' from project 'XcodeProj')
cd /Users/admin/builder/spi-builder-workspace/.swiftpm/xcode
builtin-SwiftPerFileCompile PBXObjectDictionaryEntry.swift
SwiftCompile normal arm64_32 /Users/admin/builder/spi-builder-workspace/.dependencies/checkouts/XcodeProj/Sources/XcodeProj/Objects/Project/PBXObjectReference.swift (in target 'XcodeProj' from project 'XcodeProj')
cd /Users/admin/builder/spi-builder-workspace/.swiftpm/xcode
builtin-SwiftPerFileCompile PBXObjectReference.swift
SwiftCompile normal arm64_32 /Users/admin/builder/spi-builder-workspace/.dependencies/checkouts/XcodeProj/Sources/XcodeProj/Objects/Project/PBXObjects.swift (in target 'XcodeProj' from project 'XcodeProj')
cd /Users/admin/builder/spi-builder-workspace/.swiftpm/xcode
builtin-SwiftPerFileCompile PBXObjects.swift
SwiftCompile normal arm64_32 /Users/admin/builder/spi-builder-workspace/.dependencies/checkouts/XcodeProj/Sources/XcodeProj/Objects/Project/PBXOutputSettings.swift (in target 'XcodeProj' from project 'XcodeProj')
cd /Users/admin/builder/spi-builder-workspace/.swiftpm/xcode
builtin-SwiftPerFileCompile PBXOutputSettings.swift
SwiftCompile normal arm64_32 /Users/admin/builder/spi-builder-workspace/.dependencies/checkouts/XcodeProj/Sources/XcodeProj/Objects/Project/PBXProj.swift (in target 'XcodeProj' from project 'XcodeProj')
cd /Users/admin/builder/spi-builder-workspace/.swiftpm/xcode
builtin-SwiftPerFileCompile PBXProj.swift
SwiftCompile normal arm64_32 /Users/admin/builder/spi-builder-workspace/.dependencies/checkouts/XcodeProj/Sources/XcodeProj/Objects/Project/PBXProjEncoder.swift (in target 'XcodeProj' from project 'XcodeProj')
cd /Users/admin/builder/spi-builder-workspace/.swiftpm/xcode
builtin-SwiftPerFileCompile PBXProjEncoder.swift
SwiftExplicitDependencyGeneratePcm arm64 /Users/admin/builder/spi-builder-workspace/.derivedData/SDKExplicitPrecompiledModules/os_object-6KYGGZ4DPVZ3BBAZ6QICZN8LI.pcm
SwiftExplicitDependencyGeneratePcm arm64_32 /Users/admin/builder/spi-builder-workspace/.derivedData/SDKExplicitPrecompiledModules/CoreFoundation-76B9WJP9MDYT33HZQVSNNZQZD.pcm
PruneExplicitPrecompiledModules /Users/admin/builder/spi-builder-workspace/.derivedData/Build/Intermediates.noindex/SwiftExplicitPrecompiledModules
PruneExplicitPrecompiledModules /Users/admin/builder/spi-builder-workspace/.derivedData/SDKExplicitPrecompiledModules
PruneExplicitPrecompiledModules /Users/admin/builder/spi-builder-workspace/.derivedData/Build/Intermediates.noindex/ExplicitPrecompiledModules
2026-09-24 08:05:06.547 xcodebuild[1296:7340] [MT] IDERunDestination: Supported platforms for the buildables in the current scheme is empty.
** BUILD FAILED **
The following build commands failed:
SwiftCompile normal arm64 Compiling\ Errors.swift,\ AEXML+XcodeFormat.swift,\ Array+Extras.swift,\ Bool+Extras.swift,\ KeyedDecodingContainer+Additions.swift,\ NSRecursiveLock+Sync.swift,\ Path+Extras.swift,\ String+Utils.swift,\ String+md5.swift,\ BuildPhase.swift,\ PBXBuildFile.swift /Users/admin/builder/spi-builder-workspace/.dependencies/checkouts/XcodeProj/Sources/XcodeProj/Errors/Errors.swift /Users/admin/builder/spi-builder-workspace/.dependencies/checkouts/XcodeProj/Sources/XcodeProj/Extensions/AEXML+XcodeFormat.swift /Users/admin/builder/spi-builder-workspace/.dependencies/checkouts/XcodeProj/Sources/XcodeProj/Extensions/Array+Extras.swift /Users/admin/builder/spi-builder-workspace/.dependencies/checkouts/XcodeProj/Sources/XcodeProj/Extensions/Bool+Extras.swift /Users/admin/builder/spi-builder-workspace/.dependencies/checkouts/XcodeProj/Sources/XcodeProj/Extensions/KeyedDecodingContainer+Additions.swift /Users/admin/builder/spi-builder-workspace/.dependencies/checkouts/XcodeProj/Sources/XcodeProj/Extensions/NSRecursiveLock+Sync.swift /Users/admin/builder/spi-builder-workspace/.dependencies/checkouts/XcodeProj/Sources/XcodeProj/Extensions/Path+Extras.swift /Users/admin/builder/spi-builder-workspace/.dependencies/checkouts/XcodeProj/Sources/XcodeProj/Extensions/String+Utils.swift /Users/admin/builder/spi-builder-workspace/.dependencies/checkouts/XcodeProj/Sources/XcodeProj/Extensions/String+md5.swift /Users/admin/builder/spi-builder-workspace/.dependencies/checkouts/XcodeProj/Sources/XcodeProj/Objects/BuildPhase/BuildPhase.swift /Users/admin/builder/spi-builder-workspace/.dependencies/checkouts/XcodeProj/Sources/XcodeProj/Objects/BuildPhase/PBXBuildFile.swift (in target 'XcodeProj' from project 'XcodeProj')
SwiftCompile normal arm64 /Users/admin/builder/spi-builder-workspace/.dependencies/checkouts/XcodeProj/Sources/XcodeProj/Extensions/Path+Extras.swift (in target 'XcodeProj' from project 'XcodeProj')
Building workspace SwiftImportChecks with scheme SwiftImportChecks
(3 failures)
BUILD FAILURE 6.4 watchOS