Build Information
Failed to build ScClient, reference master (e97629), with Swift 6.4 for visionOS using Xcode 27.0 on 15 Sep 2026 22:50:54 UTC.
Build Command
env DEVELOPER_DIR=/Applications/Xcode-27.0.0-Release.Candidate.app xcrun xcodebuild -IDEClonedSourcePackagesDirPathOverride=$PWD/.dependencies -skipMacroValidation -skipPackagePluginValidation -derivedDataPath $PWD/.derivedData build -scheme ScClient-Package -destination generic/platform=xrOSBuild Log
========================================
RunAll
========================================
Builder version: 5.1.0
Interrupt handler set up.
========================================
Checkout
========================================
Clone URL: https://github.com/sacOO7/socketcluster-client-swift.git
Reference: master
Initialized empty Git repository in /Users/admin/builder/spi-builder-workspace/.git/
From https://github.com/sacOO7/socketcluster-client-swift
* branch master -> FETCH_HEAD
* [new branch] master -> origin/master
HEAD is now at e97629e [sachin][updated readme and podspec]
Cloned https://github.com/sacOO7/socketcluster-client-swift.git
Revision (git rev-parse @):
e97629e8cebfd7acf0b882856464a063327e4174
SUCCESS checkout https://github.com/sacOO7/socketcluster-client-swift.git at master
========================================
Build
========================================
Selected platform: visionOS
Swift version: 6.4
Building package at path: $PWD
https://github.com/sacOO7/socketcluster-client-swift.git
Command line invocation:
/Applications/Xcode-27.0.0-Release.Candidate.app/Contents/Developer/usr/bin/xcodebuild -IDEClonedSourcePackagesDirPathOverride=/Users/admin/builder/spi-builder-workspace/.dependencies -resolvePackageDependencies
Resolve Package Graph
Fetching from https://github.com/ReactiveX/RxSwift.git
Fetching from https://github.com/Quick/Quick.git
Fetching from https://github.com/Quick/Nimble.git
Fetching from https://github.com/daltoniam/Starscream.git
Fetching from https://github.com/alibaba/HandyJSON.git
Fetching from https://github.com/apple/swift-nio-zlib-support.git
Creating working copy of package ‘Nimble’
Checking out 8.0.2 of package ‘Nimble’
Creating working copy of package ‘Quick’
Checking out 2.2.0 of package ‘Quick’
Creating working copy of package ‘RxSwift’
Checking out 5.1.3 of package ‘RxSwift’
Creating working copy of package ‘Starscream’
Checking out 3.1.1 of package ‘Starscream’
Creating working copy of package ‘swift-nio-zlib-support’
Checking out 1.0.0 of package ‘swift-nio-zlib-support’
Creating working copy of package ‘HandyJSON’
Checking out 5.0.1 of package ‘HandyJSON’
ignoring declared target(s) 'swift-nio-zlib-support' in the system packagecouldn't find pc file for zlibResolve Package Graph
ignoring declared target(s) 'swift-nio-zlib-support' in the system packagecouldn't find pc file for zlib
Resolved source packages:
HandyJSON: https://github.com/alibaba/HandyJSON.git @ 5.0.1
Quick: https://github.com/Quick/Quick.git @ 2.2.0
RxSwift: https://github.com/ReactiveX/RxSwift.git @ 5.1.3
swift-nio-zlib-support: https://github.com/apple/swift-nio-zlib-support.git @ 1.0.0
Starscream: https://github.com/daltoniam/Starscream.git @ 3.1.1
ScClient: /Users/admin/builder/spi-builder-workspace
Nimble: https://github.com/Quick/Nimble.git @ 8.0.2
resolved source packages: HandyJSON, Quick, RxSwift, swift-nio-zlib-support, Starscream, ScClient, Nimble
2026-09-15 18:49:55.699 xcodebuild[530:3047] [MT] IDERunDestination: Supported platforms for the buildables in the current scheme is empty.
{
"dependencies" : [
{
"identity" : "starscream",
"requirement" : {
"exact" : [
"3.1.1"
]
},
"type" : "sourceControl",
"url" : "https://github.com/daltoniam/Starscream.git"
},
{
"identity" : "handyjson",
"requirement" : {
"exact" : [
"5.0.1"
]
},
"type" : "sourceControl",
"url" : "https://github.com/alibaba/HandyJSON.git"
},
{
"identity" : "quick",
"requirement" : {
"exact" : [
"2.2.0"
]
},
"type" : "sourceControl",
"url" : "https://github.com/Quick/Quick.git"
},
{
"identity" : "nimble",
"requirement" : {
"exact" : [
"8.0.2"
]
},
"type" : "sourceControl",
"url" : "https://github.com/Quick/Nimble.git"
},
{
"identity" : "rxswift",
"requirement" : {
"range" : [
{
"lower_bound" : "5.0.0",
"upper_bound" : "6.0.0"
}
]
},
"type" : "sourceControl",
"url" : "https://github.com/ReactiveX/RxSwift.git"
}
],
"manifest_display_name" : "ScClient",
"name" : "ScClient",
"path" : "/Users/admin/builder/spi-builder-workspace",
"platforms" : [
],
"products" : [
{
"name" : "ScClient",
"targets" : [
"ScClient"
],
"type" : {
"library" : [
"automatic"
]
}
},
{
"name" : "Main",
"targets" : [
"Main"
],
"type" : {
"executable" : null
}
}
],
"targets" : [
{
"c99name" : "Unit",
"module_type" : "SwiftTarget",
"name" : "Unit",
"path" : "Tests/Unit",
"sources" : [
"ClientUtilsTest.swift",
"MiscellaneousTest.swift",
"ParserTest.swift",
"UtilsTest.swift"
],
"target_dependencies" : [
"ScClient"
],
"type" : "test"
},
{
"c99name" : "ScClient",
"module_type" : "SwiftTarget",
"name" : "ScClient",
"path" : "Sources/ScClient",
"product_dependencies" : [
"Starscream",
"HandyJSON"
],
"product_memberships" : [
"ScClient",
"Main"
],
"sources" : [
"Emitter/Listener.swift",
"Models/Event.swift",
"Parser/Parser.swift",
"Utils/AtomicInteger.swift",
"Utils/ClientUtils.swift",
"Utils/Miscellaneous.swift",
"client.swift"
],
"type" : "library"
},
{
"c99name" : "Main",
"module_type" : "SwiftTarget",
"name" : "Main",
"path" : "Sources/Main",
"product_memberships" : [
"Main"
],
"sources" : [
"main.swift"
],
"target_dependencies" : [
"ScClient"
],
"type" : "executable"
},
{
"c99name" : "Integration",
"module_type" : "SwiftTarget",
"name" : "Integration",
"path" : "Tests/Integration",
"product_dependencies" : [
"Quick",
"Nimble",
"RxSwift"
],
"sources" : [
"EmitReceiveTest.swift",
"PubSubTest.swift",
"SetUp/ClientBuilder.swift",
"SetUp/ClientConfig.swift",
"SetUp/ClientPool.swift",
"SetUp/ClientPoolExecutor.swift"
],
"target_dependencies" : [
"ScClient"
],
"type" : "test"
}
],
"tools_version" : "4.0"
}
{
"workspace" : {
"name" : "ScClient",
"schemes" : [
"Main",
"ScClient",
"ScClient-Package"
]
}
}
2026-09-15 18:50:37.337 xcodebuild[919:5335] [MT] IDERunDestination: Supported platforms for the buildables in the current scheme is empty.
{
"workspace" : {
"name" : "ScClient",
"schemes" : [
"Main",
"ScClient",
"ScClient-Package"
]
}
}
2026-09-15 18:50:38.681 xcodebuild[922:5383] [MT] IDERunDestination: Supported platforms for the buildables in the current scheme is empty.
Running build ...
env DEVELOPER_DIR=/Applications/Xcode-27.0.0-Release.Candidate.app xcrun xcodebuild -IDEClonedSourcePackagesDirPathOverride=$PWD/.dependencies -skipMacroValidation -skipPackagePluginValidation -derivedDataPath $PWD/.derivedData build -scheme ScClient-Package -destination generic/platform=xrOS
Command line invocation:
/Applications/Xcode-27.0.0-Release.Candidate.app/Contents/Developer/usr/bin/xcodebuild -IDEClonedSourcePackagesDirPathOverride=/Users/admin/builder/spi-builder-workspace/.dependencies -skipMacroValidation -skipPackagePluginValidation -derivedDataPath /Users/admin/builder/spi-builder-workspace/.derivedData build -scheme ScClient-Package -destination generic/platform=xrOS
Resolve Package Graph
ignoring declared target(s) 'swift-nio-zlib-support' in the system packagecouldn't find pc file for zlib
Resolve Package Graph
ignoring declared target(s) 'swift-nio-zlib-support' in the system packagecouldn't find pc file for zlib
Resolved source packages:
swift-nio-zlib-support: https://github.com/apple/swift-nio-zlib-support.git @ 1.0.0
Starscream: https://github.com/daltoniam/Starscream.git @ 3.1.1
RxSwift: https://github.com/ReactiveX/RxSwift.git @ 5.1.3
Nimble: https://github.com/Quick/Nimble.git @ 8.0.2
Quick: https://github.com/Quick/Quick.git @ 2.2.0
HandyJSON: https://github.com/alibaba/HandyJSON.git @ 5.0.1
ScClient: /Users/admin/builder/spi-builder-workspace
ComputePackagePrebuildTargetDependencyGraph
Prepare packages
CreateBuildRequest
SendProjectDescription
CreateBuildOperation
ComputeTargetDependencyGraph
note: Building targets in dependency order
note: Target dependency graph (8 targets)
Target 'Main-product' in project 'ScClient'
➜ Explicit dependency on target 'ScClient' in project 'ScClient'
➜ Explicit dependency on target 'Starscream-product' in project 'Starscream'
➜ Explicit dependency on target 'HandyJSON-product' in project 'HandyJSON'
Target 'ScClient-product' in project 'ScClient'
➜ Explicit dependency on target 'ScClient' in project 'ScClient'
➜ Explicit dependency on target 'Starscream-product' in project 'Starscream'
➜ Explicit dependency on target 'HandyJSON-product' in project 'HandyJSON'
Target 'ScClient' in project 'ScClient'
➜ Explicit dependency on target 'Starscream-product' in project 'Starscream'
➜ Explicit dependency on target 'HandyJSON-product' in project 'HandyJSON'
Target 'HandyJSON-product' in project 'HandyJSON'
➜ Explicit dependency on target 'HandyJSON' in project 'HandyJSON'
Target 'HandyJSON' in project 'HandyJSON' (no dependencies)
Target 'Starscream-product' in project 'Starscream'
➜ Explicit dependency on target 'Starscream' in project 'Starscream'
Target 'Starscream' in project 'Starscream'
➜ Explicit dependency on target 'swift-nio-zlib-support' in project 'swift-nio-zlib-support'
Target 'swift-nio-zlib-support' in project 'swift-nio-zlib-support' (no dependencies)
GatherProvisioningInputs
CreateBuildDescription
ExecuteExternalTool /Applications/Xcode-27.0.0-Release.Candidate.app/Contents/Developer/Toolchains/XcodeDefault.xctoolchain/usr/bin/swiftc --version
ExecuteExternalTool /Applications/Xcode-27.0.0-Release.Candidate.app/Contents/Developer/Toolchains/XcodeDefault.xctoolchain/usr/bin/clang -v -E -dM -isysroot /Applications/Xcode-27.0.0-Release.Candidate.app/Contents/Developer/Platforms/XROS.platform/Developer/SDKs/XROS27.0.sdk -x c -c /dev/null
ExecuteExternalTool /Applications/Xcode-27.0.0-Release.Candidate.app/Contents/Developer/Toolchains/XcodeDefault.xctoolchain/usr/bin/ld -version_details
Build description signature: 1ae6498e0df4b2ed899ba8f9d6c06c46
Build description path: /Users/admin/builder/spi-builder-workspace/.derivedData/Build/Intermediates.noindex/XCBuildData/1ae6498e0df4b2ed899ba8f9d6c06c46.xcbuilddata
CreateBuildDirectory /Users/admin/builder/spi-builder-workspace/.derivedData/ModuleCache.noindex
cd /Users/admin/builder/spi-builder-workspace/.swiftpm/xcode
builtin-create-build-directory /Users/admin/builder/spi-builder-workspace/.derivedData/ModuleCache.noindex
CreateBuildDirectory /Users/admin/builder/spi-builder-workspace/.derivedData/CompilationCache.noindex
cd /Users/admin/builder/spi-builder-workspace/.swiftpm/xcode
builtin-create-build-directory /Users/admin/builder/spi-builder-workspace/.derivedData/CompilationCache.noindex
CreateBuildDirectory /Users/admin/builder/spi-builder-workspace/.derivedData/SDKExplicitPrecompiledModules
cd /Users/admin/builder/spi-builder-workspace/.swiftpm/xcode
builtin-create-build-directory /Users/admin/builder/spi-builder-workspace/.derivedData/SDKExplicitPrecompiledModules
ClangStatCache /Applications/Xcode-27.0.0-Release.Candidate.app/Contents/Developer/Toolchains/XcodeDefault.xctoolchain/usr/bin/clang-stat-cache /Applications/Xcode-27.0.0-Release.Candidate.app/Contents/Developer/Platforms/XROS.platform/Developer/SDKs/XROS27.0.sdk /Users/admin/builder/spi-builder-workspace/.derivedData/SDKStatCaches.noindex/xros27.0-24M361-e829b21a6f8c9b70876ba0858053c044735bd543db762f57723cac368afd1ce4.sdkstatcache
cd /Users/admin/builder/spi-builder-workspace/.swiftpm/xcode
/Applications/Xcode-27.0.0-Release.Candidate.app/Contents/Developer/Toolchains/XcodeDefault.xctoolchain/usr/bin/clang-stat-cache /Applications/Xcode-27.0.0-Release.Candidate.app/Contents/Developer/Platforms/XROS.platform/Developer/SDKs/XROS27.0.sdk -o /Users/admin/builder/spi-builder-workspace/.derivedData/SDKStatCaches.noindex/xros27.0-24M361-e829b21a6f8c9b70876ba0858053c044735bd543db762f57723cac368afd1ce4.sdkstatcache
CreateBuildDirectory /Users/admin/builder/spi-builder-workspace/.derivedData/Build/Products
cd /Users/admin/builder/spi-builder-workspace/.swiftpm/xcode
builtin-create-build-directory /Users/admin/builder/spi-builder-workspace/.derivedData/Build/Products
CreateBuildDirectory /Users/admin/builder/spi-builder-workspace/.derivedData/Build/Intermediates.noindex
cd /Users/admin/builder/spi-builder-workspace/.swiftpm/xcode
builtin-create-build-directory /Users/admin/builder/spi-builder-workspace/.derivedData/Build/Intermediates.noindex
CreateBuildDirectory /Users/admin/builder/spi-builder-workspace/.derivedData/Build/Intermediates.noindex/SwiftExplicitPrecompiledModules
cd /Users/admin/builder/spi-builder-workspace/.swiftpm/xcode
builtin-create-build-directory /Users/admin/builder/spi-builder-workspace/.derivedData/Build/Intermediates.noindex/SwiftExplicitPrecompiledModules
CreateBuildDirectory /Users/admin/builder/spi-builder-workspace/.derivedData/Build/Intermediates.noindex/PrecompiledHeaders
cd /Users/admin/builder/spi-builder-workspace/.swiftpm/xcode
builtin-create-build-directory /Users/admin/builder/spi-builder-workspace/.derivedData/Build/Intermediates.noindex/PrecompiledHeaders
CreateBuildDirectory /Users/admin/builder/spi-builder-workspace/.derivedData/Build/Intermediates.noindex/ExplicitPrecompiledModules
cd /Users/admin/builder/spi-builder-workspace/.swiftpm/xcode
builtin-create-build-directory /Users/admin/builder/spi-builder-workspace/.derivedData/Build/Intermediates.noindex/ExplicitPrecompiledModules
CreateBuildDirectory /Users/admin/builder/spi-builder-workspace/.derivedData/Build/Intermediates.noindex/EagerLinkingTBDs/Debug-xros
cd /Users/admin/builder/spi-builder-workspace/.swiftpm/xcode
builtin-create-build-directory /Users/admin/builder/spi-builder-workspace/.derivedData/Build/Intermediates.noindex/EagerLinkingTBDs/Debug-xros
CreateBuildDirectory /Users/admin/builder/spi-builder-workspace/.derivedData/Build/Products/Debug-xros
cd /Users/admin/builder/spi-builder-workspace/.swiftpm/xcode
builtin-create-build-directory /Users/admin/builder/spi-builder-workspace/.derivedData/Build/Products/Debug-xros
CreateBuildDirectory /Users/admin/builder/spi-builder-workspace/.derivedData/Build/Products/Debug-xros/PackageFrameworks
cd /Users/admin/builder/spi-builder-workspace/.swiftpm/xcode
builtin-create-build-directory /Users/admin/builder/spi-builder-workspace/.derivedData/Build/Products/Debug-xros/PackageFrameworks
WriteAuxiliaryFile /Users/admin/builder/spi-builder-workspace/.derivedData/Build/Intermediates.noindex/Starscream.build/Debug-xros/Starscream-t.build/Starscream.DependencyStaticMetadataFileList (in target 'Starscream' from project 'Starscream')
cd /Users/admin/builder/spi-builder-workspace/.dependencies/checkouts/Starscream
write-file /Users/admin/builder/spi-builder-workspace/.derivedData/Build/Intermediates.noindex/Starscream.build/Debug-xros/Starscream-t.build/Starscream.DependencyStaticMetadataFileList
WriteAuxiliaryFile /Users/admin/builder/spi-builder-workspace/.derivedData/Build/Intermediates.noindex/Starscream.build/Debug-xros/Starscream-t.build/Starscream.DependencyMetadataFileList (in target 'Starscream' from project 'Starscream')
cd /Users/admin/builder/spi-builder-workspace/.dependencies/checkouts/Starscream
write-file /Users/admin/builder/spi-builder-workspace/.derivedData/Build/Intermediates.noindex/Starscream.build/Debug-xros/Starscream-t.build/Starscream.DependencyMetadataFileList
WriteAuxiliaryFile /Users/admin/builder/spi-builder-workspace/.derivedData/Build/Intermediates.noindex/Starscream.build/Debug-xros/Starscream-t.build/Starscream.modulemap (in target 'Starscream' from project 'Starscream')
cd /Users/admin/builder/spi-builder-workspace/.dependencies/checkouts/Starscream
write-file /Users/admin/builder/spi-builder-workspace/.derivedData/Build/Intermediates.noindex/Starscream.build/Debug-xros/Starscream-t.build/Starscream.modulemap
WriteAuxiliaryFile /Users/admin/builder/spi-builder-workspace/.derivedData/Build/Intermediates.noindex/Starscream.build/Debug-xros/Starscream-t.build/Objects-normal/arm64/Starscream_const_extract_protocols.json (in target 'Starscream' from project 'Starscream')
cd /Users/admin/builder/spi-builder-workspace/.dependencies/checkouts/Starscream
write-file /Users/admin/builder/spi-builder-workspace/.derivedData/Build/Intermediates.noindex/Starscream.build/Debug-xros/Starscream-t.build/Objects-normal/arm64/Starscream_const_extract_protocols.json
WriteAuxiliaryFile /Users/admin/builder/spi-builder-workspace/.derivedData/Build/Intermediates.noindex/Starscream.build/Debug-xros/Starscream-t.build/Objects-normal/arm64/Starscream.SwiftFileList (in target 'Starscream' from project 'Starscream')
cd /Users/admin/builder/spi-builder-workspace/.dependencies/checkouts/Starscream
write-file /Users/admin/builder/spi-builder-workspace/.derivedData/Build/Intermediates.noindex/Starscream.build/Debug-xros/Starscream-t.build/Objects-normal/arm64/Starscream.SwiftFileList
WriteAuxiliaryFile /Users/admin/builder/spi-builder-workspace/.derivedData/Build/Intermediates.noindex/Starscream.build/Debug-xros/Starscream-t.build/Objects-normal/arm64/Starscream-OutputFileMap.json (in target 'Starscream' from project 'Starscream')
cd /Users/admin/builder/spi-builder-workspace/.dependencies/checkouts/Starscream
write-file /Users/admin/builder/spi-builder-workspace/.derivedData/Build/Intermediates.noindex/Starscream.build/Debug-xros/Starscream-t.build/Objects-normal/arm64/Starscream-OutputFileMap.json
WriteAuxiliaryFile /Users/admin/builder/spi-builder-workspace/.derivedData/Build/Intermediates.noindex/Starscream.build/Debug-xros/Starscream-t.build/Objects-normal/arm64/Starscream.SwiftConstValuesFileList (in target 'Starscream' from project 'Starscream')
cd /Users/admin/builder/spi-builder-workspace/.dependencies/checkouts/Starscream
write-file /Users/admin/builder/spi-builder-workspace/.derivedData/Build/Intermediates.noindex/Starscream.build/Debug-xros/Starscream-t.build/Objects-normal/arm64/Starscream.SwiftConstValuesFileList
WriteAuxiliaryFile /Users/admin/builder/spi-builder-workspace/.derivedData/Build/Intermediates.noindex/Starscream.build/Debug-xros/Starscream-t.build/Objects-normal/arm64/Starscream.LinkFileList (in target 'Starscream' from project 'Starscream')
cd /Users/admin/builder/spi-builder-workspace/.dependencies/checkouts/Starscream
write-file /Users/admin/builder/spi-builder-workspace/.derivedData/Build/Intermediates.noindex/Starscream.build/Debug-xros/Starscream-t.build/Objects-normal/arm64/Starscream.LinkFileList
WriteAuxiliaryFile /Users/admin/builder/spi-builder-workspace/.derivedData/Build/Intermediates.noindex/ScClient.build/Debug-xros/ScClient-t.build/ScClient.modulemap (in target 'ScClient' from project 'ScClient')
cd /Users/admin/builder/spi-builder-workspace
write-file /Users/admin/builder/spi-builder-workspace/.derivedData/Build/Intermediates.noindex/ScClient.build/Debug-xros/ScClient-t.build/ScClient.modulemap
WriteAuxiliaryFile /Users/admin/builder/spi-builder-workspace/.derivedData/Build/Intermediates.noindex/ScClient.build/Debug-xros/ScClient-t.build/ScClient.DependencyStaticMetadataFileList (in target 'ScClient' from project 'ScClient')
cd /Users/admin/builder/spi-builder-workspace
write-file /Users/admin/builder/spi-builder-workspace/.derivedData/Build/Intermediates.noindex/ScClient.build/Debug-xros/ScClient-t.build/ScClient.DependencyStaticMetadataFileList
WriteAuxiliaryFile /Users/admin/builder/spi-builder-workspace/.derivedData/Build/Intermediates.noindex/ScClient.build/Debug-xros/ScClient-t.build/ScClient.DependencyMetadataFileList (in target 'ScClient' from project 'ScClient')
cd /Users/admin/builder/spi-builder-workspace
write-file /Users/admin/builder/spi-builder-workspace/.derivedData/Build/Intermediates.noindex/ScClient.build/Debug-xros/ScClient-t.build/ScClient.DependencyMetadataFileList
WriteAuxiliaryFile /Users/admin/builder/spi-builder-workspace/.derivedData/Build/Intermediates.noindex/ScClient.build/Debug-xros/ScClient-t.build/Objects-normal/arm64/ScClient_const_extract_protocols.json (in target 'ScClient' from project 'ScClient')
cd /Users/admin/builder/spi-builder-workspace
write-file /Users/admin/builder/spi-builder-workspace/.derivedData/Build/Intermediates.noindex/ScClient.build/Debug-xros/ScClient-t.build/Objects-normal/arm64/ScClient_const_extract_protocols.json
WriteAuxiliaryFile /Users/admin/builder/spi-builder-workspace/.derivedData/Build/Intermediates.noindex/ScClient.build/Debug-xros/ScClient-t.build/Objects-normal/arm64/ScClient.SwiftFileList (in target 'ScClient' from project 'ScClient')
cd /Users/admin/builder/spi-builder-workspace
write-file /Users/admin/builder/spi-builder-workspace/.derivedData/Build/Intermediates.noindex/ScClient.build/Debug-xros/ScClient-t.build/Objects-normal/arm64/ScClient.SwiftFileList
WriteAuxiliaryFile /Users/admin/builder/spi-builder-workspace/.derivedData/Build/Intermediates.noindex/ScClient.build/Debug-xros/ScClient-t.build/Objects-normal/arm64/ScClient.SwiftConstValuesFileList (in target 'ScClient' from project 'ScClient')
cd /Users/admin/builder/spi-builder-workspace
write-file /Users/admin/builder/spi-builder-workspace/.derivedData/Build/Intermediates.noindex/ScClient.build/Debug-xros/ScClient-t.build/Objects-normal/arm64/ScClient.SwiftConstValuesFileList
WriteAuxiliaryFile /Users/admin/builder/spi-builder-workspace/.derivedData/Build/Intermediates.noindex/ScClient.build/Debug-xros/ScClient-t.build/Objects-normal/arm64/ScClient.LinkFileList (in target 'ScClient' from project 'ScClient')
cd /Users/admin/builder/spi-builder-workspace
write-file /Users/admin/builder/spi-builder-workspace/.derivedData/Build/Intermediates.noindex/ScClient.build/Debug-xros/ScClient-t.build/Objects-normal/arm64/ScClient.LinkFileList
WriteAuxiliaryFile /Users/admin/builder/spi-builder-workspace/.derivedData/Build/Intermediates.noindex/ScClient.build/Debug-xros/ScClient-t.build/Objects-normal/arm64/ScClient-OutputFileMap.json (in target 'ScClient' from project 'ScClient')
cd /Users/admin/builder/spi-builder-workspace
write-file /Users/admin/builder/spi-builder-workspace/.derivedData/Build/Intermediates.noindex/ScClient.build/Debug-xros/ScClient-t.build/Objects-normal/arm64/ScClient-OutputFileMap.json
Copy /Users/admin/builder/spi-builder-workspace/.derivedData/Build/Intermediates.noindex/GeneratedModuleMaps-xros/Starscream.modulemap /Users/admin/builder/spi-builder-workspace/.derivedData/Build/Intermediates.noindex/Starscream.build/Debug-xros/Starscream-t.build/Starscream.modulemap (in target 'Starscream' from project 'Starscream')
cd /Users/admin/builder/spi-builder-workspace/.dependencies/checkouts/Starscream
builtin-copy -exclude .DS_Store -exclude CVS -exclude .svn -exclude .git -exclude .hg -resolve-src-symlinks /Users/admin/builder/spi-builder-workspace/.derivedData/Build/Intermediates.noindex/Starscream.build/Debug-xros/Starscream-t.build/Starscream.modulemap /Users/admin/builder/spi-builder-workspace/.derivedData/Build/Intermediates.noindex/GeneratedModuleMaps-xros
WriteAuxiliaryFile /Users/admin/builder/spi-builder-workspace/.derivedData/Build/Intermediates.noindex/ScClient.build/Debug-xros/Main-p.build/Objects-normal/arm64/Main_const_extract_protocols.json (in target 'Main-product' from project 'ScClient')
cd /Users/admin/builder/spi-builder-workspace
write-file /Users/admin/builder/spi-builder-workspace/.derivedData/Build/Intermediates.noindex/ScClient.build/Debug-xros/Main-p.build/Objects-normal/arm64/Main_const_extract_protocols.json
Copy /Users/admin/builder/spi-builder-workspace/.derivedData/Build/Intermediates.noindex/GeneratedModuleMaps-xros/ScClient.modulemap /Users/admin/builder/spi-builder-workspace/.derivedData/Build/Intermediates.noindex/ScClient.build/Debug-xros/ScClient-t.build/ScClient.modulemap (in target 'ScClient' from project 'ScClient')
cd /Users/admin/builder/spi-builder-workspace
builtin-copy -exclude .DS_Store -exclude CVS -exclude .svn -exclude .git -exclude .hg -resolve-src-symlinks /Users/admin/builder/spi-builder-workspace/.derivedData/Build/Intermediates.noindex/ScClient.build/Debug-xros/ScClient-t.build/ScClient.modulemap /Users/admin/builder/spi-builder-workspace/.derivedData/Build/Intermediates.noindex/GeneratedModuleMaps-xros
WriteAuxiliaryFile /Users/admin/builder/spi-builder-workspace/.derivedData/Build/Intermediates.noindex/ScClient.build/Debug-xros/Main-p.build/Objects-normal/arm64/Main.SwiftFileList (in target 'Main-product' from project 'ScClient')
cd /Users/admin/builder/spi-builder-workspace
write-file /Users/admin/builder/spi-builder-workspace/.derivedData/Build/Intermediates.noindex/ScClient.build/Debug-xros/Main-p.build/Objects-normal/arm64/Main.SwiftFileList
WriteAuxiliaryFile /Users/admin/builder/spi-builder-workspace/.derivedData/Build/Intermediates.noindex/ScClient.build/Debug-xros/Main-p.build/Objects-normal/arm64/Main.LinkFileList (in target 'Main-product' from project 'ScClient')
cd /Users/admin/builder/spi-builder-workspace
write-file /Users/admin/builder/spi-builder-workspace/.derivedData/Build/Intermediates.noindex/ScClient.build/Debug-xros/Main-p.build/Objects-normal/arm64/Main.LinkFileList
WriteAuxiliaryFile /Users/admin/builder/spi-builder-workspace/.derivedData/Build/Intermediates.noindex/ScClient.build/Debug-xros/Main-p.build/Objects-normal/arm64/Main-OutputFileMap.json (in target 'Main-product' from project 'ScClient')
cd /Users/admin/builder/spi-builder-workspace
write-file /Users/admin/builder/spi-builder-workspace/.derivedData/Build/Intermediates.noindex/ScClient.build/Debug-xros/Main-p.build/Objects-normal/arm64/Main-OutputFileMap.json
WriteAuxiliaryFile /Users/admin/builder/spi-builder-workspace/.derivedData/Build/Intermediates.noindex/ScClient.build/Debug-xros/Main-p.build/Main.DependencyStaticMetadataFileList (in target 'Main-product' from project 'ScClient')
cd /Users/admin/builder/spi-builder-workspace
write-file /Users/admin/builder/spi-builder-workspace/.derivedData/Build/Intermediates.noindex/ScClient.build/Debug-xros/Main-p.build/Main.DependencyStaticMetadataFileList
WriteAuxiliaryFile /Users/admin/builder/spi-builder-workspace/.derivedData/Build/Intermediates.noindex/ScClient.build/Debug-xros/Main-p.build/Main.DependencyMetadataFileList (in target 'Main-product' from project 'ScClient')
cd /Users/admin/builder/spi-builder-workspace
write-file /Users/admin/builder/spi-builder-workspace/.derivedData/Build/Intermediates.noindex/ScClient.build/Debug-xros/Main-p.build/Main.DependencyMetadataFileList
WriteAuxiliaryFile /Users/admin/builder/spi-builder-workspace/.derivedData/Build/Intermediates.noindex/HandyJSON.build/Debug-xros/HandyJSON-t.build/Objects-normal/arm64/HandyJSON_const_extract_protocols.json (in target 'HandyJSON' from project 'HandyJSON')
cd /Users/admin/builder/spi-builder-workspace/.dependencies/checkouts/HandyJSON
write-file /Users/admin/builder/spi-builder-workspace/.derivedData/Build/Intermediates.noindex/HandyJSON.build/Debug-xros/HandyJSON-t.build/Objects-normal/arm64/HandyJSON_const_extract_protocols.json
WriteAuxiliaryFile /Users/admin/builder/spi-builder-workspace/.derivedData/Build/Intermediates.noindex/HandyJSON.build/Debug-xros/HandyJSON-t.build/Objects-normal/arm64/HandyJSON.SwiftFileList (in target 'HandyJSON' from project 'HandyJSON')
cd /Users/admin/builder/spi-builder-workspace/.dependencies/checkouts/HandyJSON
write-file /Users/admin/builder/spi-builder-workspace/.derivedData/Build/Intermediates.noindex/HandyJSON.build/Debug-xros/HandyJSON-t.build/Objects-normal/arm64/HandyJSON.SwiftFileList
WriteAuxiliaryFile /Users/admin/builder/spi-builder-workspace/.derivedData/Build/Intermediates.noindex/HandyJSON.build/Debug-xros/HandyJSON-t.build/Objects-normal/arm64/HandyJSON.SwiftConstValuesFileList (in target 'HandyJSON' from project 'HandyJSON')
cd /Users/admin/builder/spi-builder-workspace/.dependencies/checkouts/HandyJSON
write-file /Users/admin/builder/spi-builder-workspace/.derivedData/Build/Intermediates.noindex/HandyJSON.build/Debug-xros/HandyJSON-t.build/Objects-normal/arm64/HandyJSON.SwiftConstValuesFileList
WriteAuxiliaryFile /Users/admin/builder/spi-builder-workspace/.derivedData/Build/Intermediates.noindex/HandyJSON.build/Debug-xros/HandyJSON-t.build/Objects-normal/arm64/HandyJSON.LinkFileList (in target 'HandyJSON' from project 'HandyJSON')
cd /Users/admin/builder/spi-builder-workspace/.dependencies/checkouts/HandyJSON
write-file /Users/admin/builder/spi-builder-workspace/.derivedData/Build/Intermediates.noindex/HandyJSON.build/Debug-xros/HandyJSON-t.build/Objects-normal/arm64/HandyJSON.LinkFileList
WriteAuxiliaryFile /Users/admin/builder/spi-builder-workspace/.derivedData/Build/Intermediates.noindex/HandyJSON.build/Debug-xros/HandyJSON-t.build/Objects-normal/arm64/HandyJSON-OutputFileMap.json (in target 'HandyJSON' from project 'HandyJSON')
cd /Users/admin/builder/spi-builder-workspace/.dependencies/checkouts/HandyJSON
write-file /Users/admin/builder/spi-builder-workspace/.derivedData/Build/Intermediates.noindex/HandyJSON.build/Debug-xros/HandyJSON-t.build/Objects-normal/arm64/HandyJSON-OutputFileMap.json
WriteAuxiliaryFile /Users/admin/builder/spi-builder-workspace/.derivedData/Build/Intermediates.noindex/HandyJSON.build/Debug-xros/HandyJSON-t.build/HandyJSON.modulemap (in target 'HandyJSON' from project 'HandyJSON')
cd /Users/admin/builder/spi-builder-workspace/.dependencies/checkouts/HandyJSON
write-file /Users/admin/builder/spi-builder-workspace/.derivedData/Build/Intermediates.noindex/HandyJSON.build/Debug-xros/HandyJSON-t.build/HandyJSON.modulemap
WriteAuxiliaryFile /Users/admin/builder/spi-builder-workspace/.derivedData/Build/Intermediates.noindex/HandyJSON.build/Debug-xros/HandyJSON-t.build/HandyJSON.DependencyStaticMetadataFileList (in target 'HandyJSON' from project 'HandyJSON')
cd /Users/admin/builder/spi-builder-workspace/.dependencies/checkouts/HandyJSON
write-file /Users/admin/builder/spi-builder-workspace/.derivedData/Build/Intermediates.noindex/HandyJSON.build/Debug-xros/HandyJSON-t.build/HandyJSON.DependencyStaticMetadataFileList
WriteAuxiliaryFile /Users/admin/builder/spi-builder-workspace/.derivedData/Build/Intermediates.noindex/HandyJSON.build/Debug-xros/HandyJSON-t.build/HandyJSON.DependencyMetadataFileList (in target 'HandyJSON' from project 'HandyJSON')
cd /Users/admin/builder/spi-builder-workspace/.dependencies/checkouts/HandyJSON
write-file /Users/admin/builder/spi-builder-workspace/.derivedData/Build/Intermediates.noindex/HandyJSON.build/Debug-xros/HandyJSON-t.build/HandyJSON.DependencyMetadataFileList
Copy /Users/admin/builder/spi-builder-workspace/.derivedData/Build/Intermediates.noindex/GeneratedModuleMaps-xros/HandyJSON.modulemap /Users/admin/builder/spi-builder-workspace/.derivedData/Build/Intermediates.noindex/HandyJSON.build/Debug-xros/HandyJSON-t.build/HandyJSON.modulemap (in target 'HandyJSON' from project 'HandyJSON')
cd /Users/admin/builder/spi-builder-workspace/.dependencies/checkouts/HandyJSON
builtin-copy -exclude .DS_Store -exclude CVS -exclude .svn -exclude .git -exclude .hg -resolve-src-symlinks /Users/admin/builder/spi-builder-workspace/.derivedData/Build/Intermediates.noindex/HandyJSON.build/Debug-xros/HandyJSON-t.build/HandyJSON.modulemap /Users/admin/builder/spi-builder-workspace/.derivedData/Build/Intermediates.noindex/GeneratedModuleMaps-xros
SwiftDriver Starscream normal arm64 com.apple.xcode.tools.swift.compiler (in target 'Starscream' from project 'Starscream')
cd /Users/admin/builder/spi-builder-workspace/.swiftpm/xcode
builtin-SwiftDriver -- /Applications/Xcode-27.0.0-Release.Candidate.app/Contents/Developer/Toolchains/XcodeDefault.xctoolchain/usr/bin/swiftc -parse-as-library -module-name Starscream -Onone @/Users/admin/builder/spi-builder-workspace/.derivedData/Build/Intermediates.noindex/Starscream.build/Debug-xros/Starscream-t.build/Objects-normal/arm64/Starscream.SwiftFileList -DSWIFT_PACKAGE -DDEBUG -DSWIFT_MODULE_RESOURCE_BUNDLE_UNAVAILABLE -Xcc -fmodule-map-file\=/Users/admin/builder/spi-builder-workspace/.dependencies/checkouts/swift-nio-zlib-support/module.modulemap -DXcode -plugin-path /Applications/Xcode-27.0.0-Release.Candidate.app/Contents/Developer/Toolchains/XcodeDefault.xctoolchain/usr/lib/swift/host/plugins/testing -enable-experimental-feature DebugDescriptionMacro -sdk /Applications/Xcode-27.0.0-Release.Candidate.app/Contents/Developer/Platforms/XROS.platform/Developer/SDKs/XROS27.0.sdk -target arm64-apple-xros1.0 -g -module-cache-path /Users/admin/builder/spi-builder-workspace/.derivedData/ModuleCache.noindex -Xfrontend -serialize-debugging-options -profile-coverage-mapping -profile-generate -enable-testing -suppress-warnings -index-store-path /Users/admin/builder/spi-builder-workspace/.derivedData/Index.noindex/DataStore -Xcc -D_LIBCPP_HARDENING_MODE\=_LIBCPP_HARDENING_MODE_DEBUG -swift-version 4.2 -I /Users/admin/builder/spi-builder-workspace/.derivedData/Build/Products/Debug-xros -Isystem /Applications/Xcode-27.0.0-Release.Candidate.app/Contents/Developer/Platforms/XROS.platform/Developer/usr/lib -F /Users/admin/builder/spi-builder-workspace/.derivedData/Build/Products/Debug-xros -F /Applications/Xcode-27.0.0-Release.Candidate.app/Contents/Developer/Platforms/XROS.platform/Developer/Library/Frameworks -F /Applications/Xcode-27.0.0-Release.Candidate.app/Contents/Developer/Platforms/XROS.platform/Developer/SDKs/XROS27.0.sdk/Developer/Library/Frameworks -c -j10 -enable-batch-mode -incremental -Xcc -ivfsstatcache -Xcc /Users/admin/builder/spi-builder-workspace/.derivedData/SDKStatCaches.noindex/xros27.0-24M361-e829b21a6f8c9b70876ba0858053c044735bd543db762f57723cac368afd1ce4.sdkstatcache -output-file-map /Users/admin/builder/spi-builder-workspace/.derivedData/Build/Intermediates.noindex/Starscream.build/Debug-xros/Starscream-t.build/Objects-normal/arm64/Starscream-OutputFileMap.json -save-temps -no-color-diagnostics -emit-dependencies -emit-module -emit-module-path /Users/admin/builder/spi-builder-workspace/.derivedData/Build/Intermediates.noindex/Starscream.build/Debug-xros/Starscream-t.build/Objects-normal/arm64/Starscream.swiftmodule -serialize-diagnostics -validate-clang-modules-once -clang-build-session-file /Users/admin/builder/spi-builder-workspace/.derivedData/ModuleCache.noindex/Session.modulevalidation -Xcc -fmodules-prune-interval\=86400 -Xcc -fmodules-prune-after\=345600 -emit-const-values -const-gather-protocols-list /Users/admin/builder/spi-builder-workspace/.derivedData/Build/Intermediates.noindex/Starscream.build/Debug-xros/Starscream-t.build/Objects-normal/arm64/Starscream_const_extract_protocols.json -Xcc -I/Users/admin/builder/spi-builder-workspace/.derivedData/Build/Products/Debug-xros/include -Xcc -I/Users/admin/builder/spi-builder-workspace/.derivedData/Build/Intermediates.noindex/Starscream.build/Debug-xros/Starscream-t.build/DerivedSources-normal/arm64 -Xcc -I/Users/admin/builder/spi-builder-workspace/.derivedData/Build/Intermediates.noindex/Starscream.build/Debug-xros/Starscream-t.build/DerivedSources/arm64 -Xcc -I/Users/admin/builder/spi-builder-workspace/.derivedData/Build/Intermediates.noindex/Starscream.build/Debug-xros/Starscream-t.build/DerivedSources -Xcc -DSWIFT_PACKAGE -Xcc -DDEBUG\=1 -emit-objc-header -emit-objc-header-path /Users/admin/builder/spi-builder-workspace/.derivedData/Build/Intermediates.noindex/Starscream.build/Debug-xros/Starscream-t.build/Objects-normal/arm64/Starscream-Swift.h -working-directory /Users/admin/builder/spi-builder-workspace/.swiftpm/xcode -experimental-emit-module-separately -disable-cmo
SwiftDriver HandyJSON normal arm64 com.apple.xcode.tools.swift.compiler (in target 'HandyJSON' from project 'HandyJSON')
cd /Users/admin/builder/spi-builder-workspace/.swiftpm/xcode
builtin-SwiftDriver -- /Applications/Xcode-27.0.0-Release.Candidate.app/Contents/Developer/Toolchains/XcodeDefault.xctoolchain/usr/bin/swiftc -parse-as-library -module-name HandyJSON -Onone @/Users/admin/builder/spi-builder-workspace/.derivedData/Build/Intermediates.noindex/HandyJSON.build/Debug-xros/HandyJSON-t.build/Objects-normal/arm64/HandyJSON.SwiftFileList -DSWIFT_PACKAGE -DDEBUG -DSWIFT_MODULE_RESOURCE_BUNDLE_UNAVAILABLE -DXcode -plugin-path /Applications/Xcode-27.0.0-Release.Candidate.app/Contents/Developer/Toolchains/XcodeDefault.xctoolchain/usr/lib/swift/host/plugins/testing -enable-experimental-feature DebugDescriptionMacro -sdk /Applications/Xcode-27.0.0-Release.Candidate.app/Contents/Developer/Platforms/XROS.platform/Developer/SDKs/XROS27.0.sdk -target arm64-apple-xros1.0 -g -module-cache-path /Users/admin/builder/spi-builder-workspace/.derivedData/ModuleCache.noindex -Xfrontend -serialize-debugging-options -profile-coverage-mapping -profile-generate -enable-testing -suppress-warnings -index-store-path /Users/admin/builder/spi-builder-workspace/.derivedData/Index.noindex/DataStore -Xcc -D_LIBCPP_HARDENING_MODE\=_LIBCPP_HARDENING_MODE_DEBUG -swift-version 4 -I /Users/admin/builder/spi-builder-workspace/.derivedData/Build/Products/Debug-xros -Isystem /Applications/Xcode-27.0.0-Release.Candidate.app/Contents/Developer/Platforms/XROS.platform/Developer/usr/lib -F /Users/admin/builder/spi-builder-workspace/.derivedData/Build/Products/Debug-xros -F /Applications/Xcode-27.0.0-Release.Candidate.app/Contents/Developer/Platforms/XROS.platform/Developer/Library/Frameworks -F /Applications/Xcode-27.0.0-Release.Candidate.app/Contents/Developer/Platforms/XROS.platform/Developer/SDKs/XROS27.0.sdk/Developer/Library/Frameworks -c -j10 -enable-batch-mode -incremental -Xcc -ivfsstatcache -Xcc /Users/admin/builder/spi-builder-workspace/.derivedData/SDKStatCaches.noindex/xros27.0-24M361-e829b21a6f8c9b70876ba0858053c044735bd543db762f57723cac368afd1ce4.sdkstatcache -output-file-map /Users/admin/builder/spi-builder-workspace/.derivedData/Build/Intermediates.noindex/HandyJSON.build/Debug-xros/HandyJSON-t.build/Objects-normal/arm64/HandyJSON-OutputFileMap.json -save-temps -no-color-diagnostics -emit-dependencies -emit-module -emit-module-path /Users/admin/builder/spi-builder-workspace/.derivedData/Build/Intermediates.noindex/HandyJSON.build/Debug-xros/HandyJSON-t.build/Objects-normal/arm64/HandyJSON.swiftmodule -serialize-diagnostics -validate-clang-modules-once -clang-build-session-file /Users/admin/builder/spi-builder-workspace/.derivedData/ModuleCache.noindex/Session.modulevalidation -Xcc -fmodules-prune-interval\=86400 -Xcc -fmodules-prune-after\=345600 -emit-const-values -const-gather-protocols-list /Users/admin/builder/spi-builder-workspace/.derivedData/Build/Intermediates.noindex/HandyJSON.build/Debug-xros/HandyJSON-t.build/Objects-normal/arm64/HandyJSON_const_extract_protocols.json -Xcc -I/Users/admin/builder/spi-builder-workspace/.derivedData/Build/Products/Debug-xros/include -Xcc -I/Users/admin/builder/spi-builder-workspace/.derivedData/Build/Intermediates.noindex/HandyJSON.build/Debug-xros/HandyJSON-t.build/DerivedSources-normal/arm64 -Xcc -I/Users/admin/builder/spi-builder-workspace/.derivedData/Build/Intermediates.noindex/HandyJSON.build/Debug-xros/HandyJSON-t.build/DerivedSources/arm64 -Xcc -I/Users/admin/builder/spi-builder-workspace/.derivedData/Build/Intermediates.noindex/HandyJSON.build/Debug-xros/HandyJSON-t.build/DerivedSources -Xcc -DSWIFT_PACKAGE -Xcc -DDEBUG\=1 -emit-objc-header -emit-objc-header-path /Users/admin/builder/spi-builder-workspace/.derivedData/Build/Intermediates.noindex/HandyJSON.build/Debug-xros/HandyJSON-t.build/Objects-normal/arm64/HandyJSON-Swift.h -working-directory /Users/admin/builder/spi-builder-workspace/.swiftpm/xcode -experimental-emit-module-separately -disable-cmo
SwiftCompile normal arm64 Compiling\ SSLSecurity.swift /Users/admin/builder/spi-builder-workspace/.dependencies/checkouts/Starscream/Sources/Starscream/SSLSecurity.swift (in target 'Starscream' from project 'Starscream')
SwiftCompile normal arm64 /Users/admin/builder/spi-builder-workspace/.dependencies/checkouts/Starscream/Sources/Starscream/SSLSecurity.swift (in target 'Starscream' from project 'Starscream')
cd /Users/admin/builder/spi-builder-workspace/.swiftpm/xcode
builtin-SwiftPerFileCompile SSLSecurity.swift
SwiftCompile normal arm64 Compiling\ SSLClientCertificate.swift /Users/admin/builder/spi-builder-workspace/.dependencies/checkouts/Starscream/Sources/Starscream/SSLClientCertificate.swift (in target 'Starscream' from project 'Starscream')
SwiftCompile normal arm64 /Users/admin/builder/spi-builder-workspace/.dependencies/checkouts/Starscream/Sources/Starscream/SSLClientCertificate.swift (in target 'Starscream' from project 'Starscream')
cd /Users/admin/builder/spi-builder-workspace/.swiftpm/xcode
builtin-SwiftPerFileCompile SSLClientCertificate.swift
SwiftCompile normal arm64 Compiling\ WebSocket.swift /Users/admin/builder/spi-builder-workspace/.dependencies/checkouts/Starscream/Sources/Starscream/WebSocket.swift (in target 'Starscream' from project 'Starscream')
SwiftCompile normal arm64 /Users/admin/builder/spi-builder-workspace/.dependencies/checkouts/Starscream/Sources/Starscream/WebSocket.swift (in target 'Starscream' from project 'Starscream')
cd /Users/admin/builder/spi-builder-workspace/.swiftpm/xcode
builtin-SwiftPerFileCompile WebSocket.swift
SwiftCompile normal arm64 Compiling\ Compression.swift /Users/admin/builder/spi-builder-workspace/.dependencies/checkouts/Starscream/Sources/Starscream/Compression.swift (in target 'Starscream' from project 'Starscream')
SwiftCompile normal arm64 /Users/admin/builder/spi-builder-workspace/.dependencies/checkouts/Starscream/Sources/Starscream/Compression.swift (in target 'Starscream' from project 'Starscream')
cd /Users/admin/builder/spi-builder-workspace/.swiftpm/xcode
builtin-SwiftPerFileCompile Compression.swift
SwiftEmitModule normal arm64 Emitting\ module\ for\ Starscream (in target 'Starscream' from project 'Starscream')
SwiftCompile normal arm64 (in target 'Starscream' from project 'Starscream')
cd /Users/admin/builder/spi-builder-workspace/.swiftpm/xcode
SwiftCompile normal arm64 Compiling\ DateFormatterTransform.swift,\ DateTransform.swift,\ Deserializer.swift,\ EnumTransform.swift /Users/admin/builder/spi-builder-workspace/.dependencies/checkouts/HandyJSON/Source/DateFormatterTransform.swift /Users/admin/builder/spi-builder-workspace/.dependencies/checkouts/HandyJSON/Source/DateTransform.swift /Users/admin/builder/spi-builder-workspace/.dependencies/checkouts/HandyJSON/Source/Deserializer.swift /Users/admin/builder/spi-builder-workspace/.dependencies/checkouts/HandyJSON/Source/EnumTransform.swift (in target 'HandyJSON' from project 'HandyJSON')
SwiftCompile normal arm64 /Users/admin/builder/spi-builder-workspace/.dependencies/checkouts/HandyJSON/Source/DateFormatterTransform.swift (in target 'HandyJSON' from project 'HandyJSON')
cd /Users/admin/builder/spi-builder-workspace/.swiftpm/xcode
builtin-SwiftPerFileCompile DateFormatterTransform.swift
SwiftCompile normal arm64 /Users/admin/builder/spi-builder-workspace/.dependencies/checkouts/HandyJSON/Source/DateTransform.swift (in target 'HandyJSON' from project 'HandyJSON')
cd /Users/admin/builder/spi-builder-workspace/.swiftpm/xcode
builtin-SwiftPerFileCompile DateTransform.swift
SwiftCompile normal arm64 /Users/admin/builder/spi-builder-workspace/.dependencies/checkouts/HandyJSON/Source/Deserializer.swift (in target 'HandyJSON' from project 'HandyJSON')
cd /Users/admin/builder/spi-builder-workspace/.swiftpm/xcode
builtin-SwiftPerFileCompile Deserializer.swift
SwiftCompile normal arm64 /Users/admin/builder/spi-builder-workspace/.dependencies/checkouts/HandyJSON/Source/EnumTransform.swift (in target 'HandyJSON' from project 'HandyJSON')
cd /Users/admin/builder/spi-builder-workspace/.swiftpm/xcode
builtin-SwiftPerFileCompile EnumTransform.swift
SwiftEmitModule normal arm64 Emitting\ module\ for\ HandyJSON (in target 'HandyJSON' from project 'HandyJSON')
/Users/admin/builder/spi-builder-workspace/.dependencies/checkouts/HandyJSON/Source/HexColorTransform.swift:12:8: error: no such module 'Cocoa'
10 | import UIKit
11 | #else
12 | import Cocoa
| `- error: no such module 'Cocoa'
13 | #endif
14 |
Failed frontend command:
/Applications/Xcode-27.0.0-Release.Candidate.app/Contents/Developer/Toolchains/XcodeDefault.xctoolchain/usr/bin/swift-frontend -frontend -emit-module -experimental-skip-non-inlinable-function-bodies-without-types /Users/admin/builder/spi-builder-workspace/.dependencies/checkouts/HandyJSON/Source/AnyExtensions.swift /Users/admin/builder/spi-builder-workspace/.dependencies/checkouts/HandyJSON/Source/BuiltInBasicType.swift /Users/admin/builder/spi-builder-workspace/.dependencies/checkouts/HandyJSON/Source/BuiltInBridgeType.swift /Users/admin/builder/spi-builder-workspace/.dependencies/checkouts/HandyJSON/Source/CBridge.swift /Users/admin/builder/spi-builder-workspace/.dependencies/checkouts/HandyJSON/Source/Configuration.swift /Users/admin/builder/spi-builder-workspace/.dependencies/checkouts/HandyJSON/Source/ContextDescriptorType.swift /Users/admin/builder/spi-builder-workspace/.dependencies/checkouts/HandyJSON/Source/CustomDateFormatTransform.swift /Users/admin/builder/spi-builder-workspace/.dependencies/checkouts/HandyJSON/Source/DataTransform.swift /Users/admin/builder/spi-builder-workspace/.dependencies/checkouts/HandyJSON/Source/DateFormatterTransform.swift /Users/admin/builder/spi-builder-workspace/.dependencies/checkouts/HandyJSON/Source/DateTransform.swift /Users/admin/builder/spi-builder-workspace/.dependencies/checkouts/HandyJSON/Source/Deserializer.swift /Users/admin/builder/spi-builder-workspace/.dependencies/checkouts/HandyJSON/Source/EnumTransform.swift /Users/admin/builder/spi-builder-workspace/.dependencies/checkouts/HandyJSON/Source/EnumType.swift /Users/admin/builder/spi-builder-workspace/.dependencies/checkouts/HandyJSON/Source/Export.swift /Users/admin/builder/spi-builder-workspace/.dependencies/checkouts/HandyJSON/Source/ExtendCustomBasicType.swift /Users/admin/builder/spi-builder-workspace/.dependencies/checkouts/HandyJSON/Source/ExtendCustomModelType.swift /Users/admin/builder/spi-builder-workspace/.dependencies/checkouts/HandyJSON/Source/FieldDescriptor.swift /Users/admin/builder/spi-builder-workspace/.dependencies/checkouts/HandyJSON/Source/HelpingMapper.swift /Users/admin/builder/spi-builder-workspace/.dependencies/checkouts/HandyJSON/Source/HexColorTransform.swift /Users/admin/builder/spi-builder-workspace/.dependencies/checkouts/HandyJSON/Source/ISO8601DateTransform.swift /Users/admin/builder/spi-builder-workspace/.dependencies/checkouts/HandyJSON/Source/Logger.swift /Users/admin/builder/spi-builder-workspace/.dependencies/checkouts/HandyJSON/Source/MangledName.swift /Users/admin/builder/spi-builder-workspace/.dependencies/checkouts/HandyJSON/Source/Measuable.swift /Users/admin/builder/spi-builder-workspace/.dependencies/checkouts/HandyJSON/Source/Metadata.swift /Users/admin/builder/spi-builder-workspace/.dependencies/checkouts/HandyJSON/Source/NSDecimalNumberTransform.swift /Users/admin/builder/spi-builder-workspace/.dependencies/checkouts/HandyJSON/Source/OtherExtension.swift /Users/admin/builder/spi-builder-workspace/.dependencies/checkouts/HandyJSON/Source/PointerType.swift /Users/admin/builder/spi-builder-workspace/.dependencies/checkouts/HandyJSON/Source/Properties.swift /Users/admin/builder/spi-builder-workspace/.dependencies/checkouts/HandyJSON/Source/PropertyInfo.swift /Users/admin/builder/spi-builder-workspace/.dependencies/checkouts/HandyJSON/Source/ReflectionHelper.swift /Users/admin/builder/spi-builder-workspace/.dependencies/checkouts/HandyJSON/Source/Serializer.swift /Users/admin/builder/spi-builder-workspace/.dependencies/checkouts/HandyJSON/Source/TransformOf.swift /Users/admin/builder/spi-builder-workspace/.dependencies/checkouts/HandyJSON/Source/TransformType.swift /Users/admin/builder/spi-builder-workspace/.dependencies/checkouts/HandyJSON/Source/Transformable.swift /Users/admin/builder/spi-builder-workspace/.dependencies/checkouts/HandyJSON/Source/URLTransform.swift -target arm64-apple-xros1.0 -Xllvm -aarch64-use-tbi -enable-objc-interop -stack-check -sdk /Applications/Xcode-27.0.0-Release.Candidate.app/Contents/Developer/Platforms/XROS.platform/Developer/SDKs/XROS27.0.sdk -I /Users/admin/builder/spi-builder-workspace/.derivedData/Build/Products/Debug-xros -Isystem /Applications/Xcode-27.0.0-Release.Candidate.app/Contents/Developer/Platforms/XROS.platform/Developer/usr/lib -F /Users/admin/builder/spi-builder-workspace/.derivedData/Build/Products/Debug-xros -F /Applications/Xcode-27.0.0-Release.Candidate.app/Contents/Developer/Platforms/XROS.platform/Developer/Library/Frameworks -F /Applications/Xcode-27.0.0-Release.Candidate.app/Contents/Developer/Platforms/XROS.platform/Developer/SDKs/XROS27.0.sdk/Developer/Library/Frameworks -module-cache-path /Users/admin/builder/spi-builder-workspace/.derivedData/ModuleCache.noindex -no-color-diagnostics -Xcc -fno-color-diagnostics -enable-testing -g -debug-info-format\=dwarf -dwarf-version\=4 -suppress-warnings -profile-generate -profile-coverage-mapping -swift-version 4 -Onone -D SWIFT_PACKAGE -D DEBUG -D SWIFT_MODULE_RESOURCE_BUNDLE_UNAVAILABLE -D Xcode -serialize-debugging-options -enable-experimental-feature DebugDescriptionMacro -empty-abi-descriptor -plugin-path /Applications/Xcode-27.0.0-Release.Candidate.app/Contents/Developer/Toolchains/XcodeDefault.xctoolchain/usr/lib/swift/host/plugins/testing -validate-clang-modules-once -clang-build-session-file /Users/admin/builder/spi-builder-workspace/.derivedData/ModuleCache.noindex/Session.modulevalidation -Xcc -working-directory -Xcc /Users/admin/builder/spi-builder-workspace/.swiftpm/xcode -enable-anonymous-context-mangled-names -file-compilation-dir /Users/admin/builder/spi-builder-workspace/.swiftpm/xcode -Xcc -D_LIBCPP_HARDENING_MODE\=_LIBCPP_HARDENING_MODE_DEBUG -Xcc -ivfsstatcache -Xcc /Users/admin/builder/spi-builder-workspace/.derivedData/SDKStatCaches.noindex/xros27.0-24M361-e829b21a6f8c9b70876ba0858053c044735bd543db762f57723cac368afd1ce4.sdkstatcache -Xcc -fmodules-prune-interval\=86400 -Xcc -fmodules-prune-after\=345600 -Xcc -I/Users/admin/builder/spi-builder-workspace/.derivedData/Build/Products/Debug-xros/include -Xcc -I/Users/admin/builder/spi-builder-workspace/.derivedData/Build/Intermediates.noindex/HandyJSON.build/Debug-xros/HandyJSON-t.build/DerivedSources-normal/arm64 -Xcc -I/Users/admin/builder/spi-builder-workspace/.derivedData/Build/Intermediates.noindex/HandyJSON.build/Debug-xros/HandyJSON-t.build/DerivedSources/arm64 -Xcc -I/Users/admin/builder/spi-builder-workspace/.derivedData/Build/Intermediates.noindex/HandyJSON.build/Debug-xros/HandyJSON-t.build/DerivedSources -Xcc -DSWIFT_PACKAGE -Xcc -DDEBUG\=1 -no-auto-bridging-header-chaining -module-name HandyJSON -const-gather-protocols-file /Users/admin/builder/spi-builder-workspace/.derivedData/Build/Intermediates.noindex/HandyJSON.build/Debug-xros/HandyJSON-t.build/Objects-normal/arm64/HandyJSON_const_extract_protocols.json -disable-clang-spi -target-sdk-version 27.0 -target-sdk-name xros27.0 -external-plugin-path /Applications/Xcode-27.0.0-Release.Candidate.app/Contents/Developer/Platforms/XROS.platform/Developer/usr/lib/swift/host/plugins\#/Applications/Xcode-27.0.0-Release.Candidate.app/Contents/Developer/Platforms/XROS.platform/Developer/usr/bin/swift-plugin-server -external-plugin-path /Applications/Xcode-27.0.0-Release.Candidate.app/Contents/Developer/Platforms/XROS.platform/Developer/usr/local/lib/swift/host/plugins\#/Applications/Xcode-27.0.0-Release.Candidate.app/Contents/Developer/Platforms/XROS.platform/Developer/usr/bin/swift-plugin-server -in-process-plugin-server-path /Applications/Xcode-27.0.0-Release.Candidate.app/Contents/Developer/Toolchains/XcodeDefault.xctoolchain/usr/lib/swift/host/libSwiftInProcPluginServer.dylib -plugin-path /Applications/Xcode-27.0.0-Release.Candidate.app/Contents/Developer/Toolchains/XcodeDefault.xctoolchain/usr/lib/swift/host/plugins -plugin-path /Applications/Xcode-27.0.0-Release.Candidate.app/Contents/Developer/Toolchains/XcodeDefault.xctoolchain/usr/local/lib/swift/host/plugins -emit-module-doc-path /Users/admin/builder/spi-builder-workspace/.derivedData/Build/Intermediates.noindex/HandyJSON.build/Debug-xros/HandyJSON-t.build/Objects-normal/arm64/HandyJSON.swiftdoc -emit-module-source-info-path /Users/admin/builder/spi-builder-workspace/.derivedData/Build/Intermediates.noindex/HandyJSON.build/Debug-xros/HandyJSON-t.build/Objects-normal/arm64/HandyJSON.swiftsourceinfo -emit-objc-header-path /Users/admin/builder/spi-builder-workspace/.derivedData/Build/Intermediates.noindex/HandyJSON.build/Debug-xros/HandyJSON-t.build/Objects-normal/arm64/HandyJSON-Swift.h -serialize-diagnostics-path /Users/admin/builder/spi-builder-workspace/.derivedData/Build/Intermediates.noindex/HandyJSON.build/Debug-xros/HandyJSON-t.build/Objects-normal/arm64/HandyJSON-primary-emit-module.dia -emit-dependencies-path /Users/admin/builder/spi-builder-workspace/.derivedData/Build/Intermediates.noindex/HandyJSON.build/Debug-xros/HandyJSON-t.build/Objects-normal/arm64/HandyJSON-primary-emit-module.d -parse-as-library -o /Users/admin/builder/spi-builder-workspace/.derivedData/Build/Intermediates.noindex/HandyJSON.build/Debug-xros/HandyJSON-t.build/Objects-normal/arm64/HandyJSON.swiftmodule -emit-abi-descriptor-path /Users/admin/builder/spi-builder-workspace/.derivedData/Build/Intermediates.noindex/HandyJSON.build/Debug-xros/HandyJSON-t.build/Objects-normal/arm64/HandyJSON.abi.json
SwiftCompile normal arm64 (in target 'HandyJSON' from project 'HandyJSON')
cd /Users/admin/builder/spi-builder-workspace/.swiftpm/xcode
SwiftCompile normal arm64 Compiling\ AnyExtensions.swift,\ BuiltInBasicType.swift,\ BuiltInBridgeType.swift,\ CBridge.swift /Users/admin/builder/spi-builder-workspace/.dependencies/checkouts/HandyJSON/Source/AnyExtensions.swift /Users/admin/builder/spi-builder-workspace/.dependencies/checkouts/HandyJSON/Source/BuiltInBasicType.swift /Users/admin/builder/spi-builder-workspace/.dependencies/checkouts/HandyJSON/Source/BuiltInBridgeType.swift /Users/admin/builder/spi-builder-workspace/.dependencies/checkouts/HandyJSON/Source/CBridge.swift (in target 'HandyJSON' from project 'HandyJSON')
SwiftCompile normal arm64 /Users/admin/builder/spi-builder-workspace/.dependencies/checkouts/HandyJSON/Source/AnyExtensions.swift (in target 'HandyJSON' from project 'HandyJSON')
cd /Users/admin/builder/spi-builder-workspace/.swiftpm/xcode
builtin-SwiftPerFileCompile AnyExtensions.swift
SwiftCompile normal arm64 /Users/admin/builder/spi-builder-workspace/.dependencies/checkouts/HandyJSON/Source/BuiltInBasicType.swift (in target 'HandyJSON' from project 'HandyJSON')
cd /Users/admin/builder/spi-builder-workspace/.swiftpm/xcode
builtin-SwiftPerFileCompile BuiltInBasicType.swift
SwiftCompile normal arm64 /Users/admin/builder/spi-builder-workspace/.dependencies/checkouts/HandyJSON/Source/BuiltInBridgeType.swift (in target 'HandyJSON' from project 'HandyJSON')
cd /Users/admin/builder/spi-builder-workspace/.swiftpm/xcode
builtin-SwiftPerFileCompile BuiltInBridgeType.swift
SwiftCompile normal arm64 /Users/admin/builder/spi-builder-workspace/.dependencies/checkouts/HandyJSON/Source/CBridge.swift (in target 'HandyJSON' from project 'HandyJSON')
cd /Users/admin/builder/spi-builder-workspace/.swiftpm/xcode
builtin-SwiftPerFileCompile CBridge.swift
SwiftCompile normal arm64 Compiling\ EnumType.swift,\ Export.swift,\ ExtendCustomBasicType.swift,\ ExtendCustomModelType.swift /Users/admin/builder/spi-builder-workspace/.dependencies/checkouts/HandyJSON/Source/EnumType.swift /Users/admin/builder/spi-builder-workspace/.dependencies/checkouts/HandyJSON/Source/Export.swift /Users/admin/builder/spi-builder-workspace/.dependencies/checkouts/HandyJSON/Source/ExtendCustomBasicType.swift /Users/admin/builder/spi-builder-workspace/.dependencies/checkouts/HandyJSON/Source/ExtendCustomModelType.swift (in target 'HandyJSON' from project 'HandyJSON')
SwiftCompile normal arm64 /Users/admin/builder/spi-builder-workspace/.dependencies/checkouts/HandyJSON/Source/EnumType.swift (in target 'HandyJSON' from project 'HandyJSON')
cd /Users/admin/builder/spi-builder-workspace/.swiftpm/xcode
builtin-SwiftPerFileCompile EnumType.swift
SwiftCompile normal arm64 /Users/admin/builder/spi-builder-workspace/.dependencies/checkouts/HandyJSON/Source/Export.swift (in target 'HandyJSON' from project 'HandyJSON')
cd /Users/admin/builder/spi-builder-workspace/.swiftpm/xcode
builtin-SwiftPerFileCompile Export.swift
SwiftCompile normal arm64 /Users/admin/builder/spi-builder-workspace/.dependencies/checkouts/HandyJSON/Source/ExtendCustomBasicType.swift (in target 'HandyJSON' from project 'HandyJSON')
cd /Users/admin/builder/spi-builder-workspace/.swiftpm/xcode
builtin-SwiftPerFileCompile ExtendCustomBasicType.swift
SwiftCompile normal arm64 /Users/admin/builder/spi-builder-workspace/.dependencies/checkouts/HandyJSON/Source/ExtendCustomModelType.swift (in target 'HandyJSON' from project 'HandyJSON')
cd /Users/admin/builder/spi-builder-workspace/.swiftpm/xcode
builtin-SwiftPerFileCompile ExtendCustomModelType.swift
SwiftCompile normal arm64 Compiling\ FieldDescriptor.swift,\ HelpingMapper.swift,\ HexColorTransform.swift,\ ISO8601DateTransform.swift /Users/admin/builder/spi-builder-workspace/.dependencies/checkouts/HandyJSON/Source/FieldDescriptor.swift /Users/admin/builder/spi-builder-workspace/.dependencies/checkouts/HandyJSON/Source/HelpingMapper.swift /Users/admin/builder/spi-builder-workspace/.dependencies/checkouts/HandyJSON/Source/HexColorTransform.swift /Users/admin/builder/spi-builder-workspace/.dependencies/checkouts/HandyJSON/Source/ISO8601DateTransform.swift (in target 'HandyJSON' from project 'HandyJSON')
SwiftCompile normal arm64 /Users/admin/builder/spi-builder-workspace/.dependencies/checkouts/HandyJSON/Source/FieldDescriptor.swift (in target 'HandyJSON' from project 'HandyJSON')
cd /Users/admin/builder/spi-builder-workspace/.swiftpm/xcode
builtin-SwiftPerFileCompile FieldDescriptor.swift
SwiftCompile normal arm64 /Users/admin/builder/spi-builder-workspace/.dependencies/checkouts/HandyJSON/Source/HelpingMapper.swift (in target 'HandyJSON' from project 'HandyJSON')
cd /Users/admin/builder/spi-builder-workspace/.swiftpm/xcode
builtin-SwiftPerFileCompile HelpingMapper.swift
SwiftCompile normal arm64 /Users/admin/builder/spi-builder-workspace/.dependencies/checkouts/HandyJSON/Source/HexColorTransform.swift (in target 'HandyJSON' from project 'HandyJSON')
cd /Users/admin/builder/spi-builder-workspace/.swiftpm/xcode
builtin-SwiftPerFileCompile HexColorTransform.swift
SwiftCompile normal arm64 /Users/admin/builder/spi-builder-workspace/.dependencies/checkouts/HandyJSON/Source/ISO8601DateTransform.swift (in target 'HandyJSON' from project 'HandyJSON')
cd /Users/admin/builder/spi-builder-workspace/.swiftpm/xcode
builtin-SwiftPerFileCompile ISO8601DateTransform.swift
SwiftCompile normal arm64 Compiling\ Logger.swift,\ MangledName.swift,\ Measuable.swift /Users/admin/builder/spi-builder-workspace/.dependencies/checkouts/HandyJSON/Source/Logger.swift /Users/admin/builder/spi-builder-workspace/.dependencies/checkouts/HandyJSON/Source/MangledName.swift /Users/admin/builder/spi-builder-workspace/.dependencies/checkouts/HandyJSON/Source/Measuable.swift (in target 'HandyJSON' from project 'HandyJSON')
SwiftCompile normal arm64 /Users/admin/builder/spi-builder-workspace/.dependencies/checkouts/HandyJSON/Source/Logger.swift (in target 'HandyJSON' from project 'HandyJSON')
cd /Users/admin/builder/spi-builder-workspace/.swiftpm/xcode
builtin-SwiftPerFileCompile Logger.swift
SwiftCompile normal arm64 /Users/admin/builder/spi-builder-workspace/.dependencies/checkouts/HandyJSON/Source/MangledName.swift (in target 'HandyJSON' from project 'HandyJSON')
cd /Users/admin/builder/spi-builder-workspace/.swiftpm/xcode
builtin-SwiftPerFileCompile MangledName.swift
SwiftCompile normal arm64 /Users/admin/builder/spi-builder-workspace/.dependencies/checkouts/HandyJSON/Source/Measuable.swift (in target 'HandyJSON' from project 'HandyJSON')
cd /Users/admin/builder/spi-builder-workspace/.swiftpm/xcode
builtin-SwiftPerFileCompile Measuable.swift
SwiftDriverJobDiscovery normal arm64 Emitting module for Starscream (in target 'Starscream' from project 'Starscream')
SwiftDriver\ Compilation\ Requirements Starscream normal arm64 com.apple.xcode.tools.swift.compiler (in target 'Starscream' from project 'Starscream')
cd /Users/admin/builder/spi-builder-workspace/.swiftpm/xcode
builtin-Swift-Compilation-Requirements -- /Applications/Xcode-27.0.0-Release.Candidate.app/Contents/Developer/Toolchains/XcodeDefault.xctoolchain/usr/bin/swiftc -parse-as-library -module-name Starscream -Onone @/Users/admin/builder/spi-builder-workspace/.derivedData/Build/Intermediates.noindex/Starscream.build/Debug-xros/Starscream-t.build/Objects-normal/arm64/Starscream.SwiftFileList -DSWIFT_PACKAGE -DDEBUG -DSWIFT_MODULE_RESOURCE_BUNDLE_UNAVAILABLE -Xcc -fmodule-map-file\=/Users/admin/builder/spi-builder-workspace/.dependencies/checkouts/swift-nio-zlib-support/module.modulemap -DXcode -plugin-path /Applications/Xcode-27.0.0-Release.Candidate.app/Contents/Developer/Toolchains/XcodeDefault.xctoolchain/usr/lib/swift/host/plugins/testing -enable-experimental-feature DebugDescriptionMacro -sdk /Applications/Xcode-27.0.0-Release.Candidate.app/Contents/Developer/Platforms/XROS.platform/Developer/SDKs/XROS27.0.sdk -target arm64-apple-xros1.0 -g -module-cache-path /Users/admin/builder/spi-builder-workspace/.derivedData/ModuleCache.noindex -Xfrontend -serialize-debugging-options -profile-coverage-mapping -profile-generate -enable-testing -suppress-warnings -index-store-path /Users/admin/builder/spi-builder-workspace/.derivedData/Index.noindex/DataStore -Xcc -D_LIBCPP_HARDENING_MODE\=_LIBCPP_HARDENING_MODE_DEBUG -swift-version 4.2 -I /Users/admin/builder/spi-builder-workspace/.derivedData/Build/Products/Debug-xros -Isystem /Applications/Xcode-27.0.0-Release.Candidate.app/Contents/Developer/Platforms/XROS.platform/Developer/usr/lib -F /Users/admin/builder/spi-builder-workspace/.derivedData/Build/Products/Debug-xros -F /Applications/Xcode-27.0.0-Release.Candidate.app/Contents/Developer/Platforms/XROS.platform/Developer/Library/Frameworks -F /Applications/Xcode-27.0.0-Release.Candidate.app/Contents/Developer/Platforms/XROS.platform/Developer/SDKs/XROS27.0.sdk/Developer/Library/Frameworks -c -j10 -enable-batch-mode -incremental -Xcc -ivfsstatcache -Xcc /Users/admin/builder/spi-builder-workspace/.derivedData/SDKStatCaches.noindex/xros27.0-24M361-e829b21a6f8c9b70876ba0858053c044735bd543db762f57723cac368afd1ce4.sdkstatcache -output-file-map /Users/admin/builder/spi-builder-workspace/.derivedData/Build/Intermediates.noindex/Starscream.build/Debug-xros/Starscream-t.build/Objects-normal/arm64/Starscream-OutputFileMap.json -save-temps -no-color-diagnostics -emit-dependencies -emit-module -emit-module-path /Users/admin/builder/spi-builder-workspace/.derivedData/Build/Intermediates.noindex/Starscream.build/Debug-xros/Starscream-t.build/Objects-normal/arm64/Starscream.swiftmodule -serialize-diagnostics -validate-clang-modules-once -clang-build-session-file /Users/admin/builder/spi-builder-workspace/.derivedData/ModuleCache.noindex/Session.modulevalidation -Xcc -fmodules-prune-interval\=86400 -Xcc -fmodules-prune-after\=345600 -emit-const-values -const-gather-protocols-list /Users/admin/builder/spi-builder-workspace/.derivedData/Build/Intermediates.noindex/Starscream.build/Debug-xros/Starscream-t.build/Objects-normal/arm64/Starscream_const_extract_protocols.json -Xcc -I/Users/admin/builder/spi-builder-workspace/.derivedData/Build/Products/Debug-xros/include -Xcc -I/Users/admin/builder/spi-builder-workspace/.derivedData/Build/Intermediates.noindex/Starscream.build/Debug-xros/Starscream-t.build/DerivedSources-normal/arm64 -Xcc -I/Users/admin/builder/spi-builder-workspace/.derivedData/Build/Intermediates.noindex/Starscream.build/Debug-xros/Starscream-t.build/DerivedSources/arm64 -Xcc -I/Users/admin/builder/spi-builder-workspace/.derivedData/Build/Intermediates.noindex/Starscream.build/Debug-xros/Starscream-t.build/DerivedSources -Xcc -DSWIFT_PACKAGE -Xcc -DDEBUG\=1 -emit-objc-header -emit-objc-header-path /Users/admin/builder/spi-builder-workspace/.derivedData/Build/Intermediates.noindex/Starscream.build/Debug-xros/Starscream-t.build/Objects-normal/arm64/Starscream-Swift.h -working-directory /Users/admin/builder/spi-builder-workspace/.swiftpm/xcode -experimental-emit-module-separately -disable-cmo
PruneExplicitPrecompiledModules /Users/admin/builder/spi-builder-workspace/.derivedData/SDKExplicitPrecompiledModules
PruneExplicitPrecompiledModules /Users/admin/builder/spi-builder-workspace/.derivedData/Build/Intermediates.noindex/SwiftExplicitPrecompiledModules
PruneExplicitPrecompiledModules /Users/admin/builder/spi-builder-workspace/.derivedData/Build/Intermediates.noindex/ExplicitPrecompiledModules
2026-09-15 18:50:42.836 xcodebuild[924:5410] [MT] IDERunDestination: Supported platforms for the buildables in the current scheme is empty.
** BUILD FAILED **
The following build commands failed:
SwiftEmitModule normal arm64 Emitting\ module\ for\ HandyJSON (in target 'HandyJSON' from project 'HandyJSON')
SwiftCompile normal arm64 (in target 'HandyJSON' from project 'HandyJSON')
Building workspace ScClient with scheme ScClient-Package
(3 failures)
Command line invocation:
/Applications/Xcode-27.0.0-Release.Candidate.app/Contents/Developer/usr/bin/xcodebuild -IDEClonedSourcePackagesDirPathOverride=/Users/admin/builder/spi-builder-workspace/.dependencies -resolvePackageDependencies
Resolve Package Graph
ignoring declared target(s) 'swift-nio-zlib-support' in the system packagecouldn't find pc file for zlib
Resolved source packages:
Nimble: https://github.com/Quick/Nimble.git @ 8.0.2
ScClient: /Users/admin/builder/spi-builder-workspace
Quick: https://github.com/Quick/Quick.git @ 2.2.0
swift-nio-zlib-support: https://github.com/apple/swift-nio-zlib-support.git @ 1.0.0
RxSwift: https://github.com/ReactiveX/RxSwift.git @ 5.1.3
HandyJSON: https://github.com/alibaba/HandyJSON.git @ 5.0.1
Starscream: https://github.com/daltoniam/Starscream.git @ 3.1.1
resolved source packages: Nimble, ScClient, Quick, swift-nio-zlib-support, RxSwift, HandyJSON, Starscream
2026-09-15 18:50:48.782 xcodebuild[1018:5928] [MT] IDERunDestination: Supported platforms for the buildables in the current scheme is empty.
{
"dependencies" : [
{
"identity" : "starscream",
"requirement" : {
"exact" : [
"3.1.1"
]
},
"type" : "sourceControl",
"url" : "https://github.com/daltoniam/Starscream.git"
},
{
"identity" : "handyjson",
"requirement" : {
"exact" : [
"5.0.1"
]
},
"type" : "sourceControl",
"url" : "https://github.com/alibaba/HandyJSON.git"
},
{
"identity" : "quick",
"requirement" : {
"exact" : [
"2.2.0"
]
},
"type" : "sourceControl",
"url" : "https://github.com/Quick/Quick.git"
},
{
"identity" : "nimble",
"requirement" : {
"exact" : [
"8.0.2"
]
},
"type" : "sourceControl",
"url" : "https://github.com/Quick/Nimble.git"
},
{
"identity" : "rxswift",
"requirement" : {
"range" : [
{
"lower_bound" : "5.0.0",
"upper_bound" : "6.0.0"
}
]
},
"type" : "sourceControl",
"url" : "https://github.com/ReactiveX/RxSwift.git"
}
],
"manifest_display_name" : "ScClient",
"name" : "ScClient",
"path" : "/Users/admin/builder/spi-builder-workspace",
"platforms" : [
],
"products" : [
{
"name" : "ScClient",
"targets" : [
"ScClient"
],
"type" : {
"library" : [
"automatic"
]
}
},
{
"name" : "Main",
"targets" : [
"Main"
],
"type" : {
"executable" : null
}
}
],
"targets" : [
{
"c99name" : "Unit",
"module_type" : "SwiftTarget",
"name" : "Unit",
"path" : "Tests/Unit",
"sources" : [
"ClientUtilsTest.swift",
"MiscellaneousTest.swift",
"ParserTest.swift",
"UtilsTest.swift"
],
"target_dependencies" : [
"ScClient"
],
"type" : "test"
},
{
"c99name" : "ScClient",
"module_type" : "SwiftTarget",
"name" : "ScClient",
"path" : "Sources/ScClient",
"product_dependencies" : [
"Starscream",
"HandyJSON"
],
"product_memberships" : [
"ScClient",
"Main"
],
"sources" : [
"Emitter/Listener.swift",
"Models/Event.swift",
"Parser/Parser.swift",
"Utils/AtomicInteger.swift",
"Utils/ClientUtils.swift",
"Utils/Miscellaneous.swift",
"client.swift"
],
"type" : "library"
},
{
"c99name" : "Main",
"module_type" : "SwiftTarget",
"name" : "Main",
"path" : "Sources/Main",
"product_memberships" : [
"Main"
],
"sources" : [
"main.swift"
],
"target_dependencies" : [
"ScClient"
],
"type" : "executable"
},
{
"c99name" : "Integration",
"module_type" : "SwiftTarget",
"name" : "Integration",
"path" : "Tests/Integration",
"product_dependencies" : [
"Quick",
"Nimble",
"RxSwift"
],
"sources" : [
"EmitReceiveTest.swift",
"PubSubTest.swift",
"SetUp/ClientBuilder.swift",
"SetUp/ClientConfig.swift",
"SetUp/ClientPool.swift",
"SetUp/ClientPoolExecutor.swift"
],
"target_dependencies" : [
"ScClient"
],
"type" : "test"
}
],
"tools_version" : "4.0"
}
{
"workspace" : {
"name" : "ScClient",
"schemes" : [
"Main",
"ScClient",
"ScClient-Package"
]
}
}
2026-09-15 18:50:50.307 xcodebuild[1027:5996] [MT] IDERunDestination: Supported platforms for the buildables in the current scheme is empty.
{
"workspace" : {
"name" : "ScClient",
"schemes" : [
"Main",
"ScClient",
"ScClient-Package"
]
}
}
2026-09-15 18:50:51.570 xcodebuild[1030:6028] [MT] IDERunDestination: Supported platforms for the buildables in the current scheme is empty.
Running build ...
env DEVELOPER_DIR=/Applications/Xcode-27.0.0-Release.Candidate.app xcrun xcodebuild -IDEClonedSourcePackagesDirPathOverride=$PWD/.dependencies -skipMacroValidation -skipPackagePluginValidation -derivedDataPath $PWD/.derivedData build -scheme ScClient-Package -destination generic/platform=xrOS
Command line invocation:
/Applications/Xcode-27.0.0-Release.Candidate.app/Contents/Developer/usr/bin/xcodebuild -IDEClonedSourcePackagesDirPathOverride=/Users/admin/builder/spi-builder-workspace/.dependencies -skipMacroValidation -skipPackagePluginValidation -derivedDataPath /Users/admin/builder/spi-builder-workspace/.derivedData build -scheme ScClient-Package -destination generic/platform=xrOS
Resolve Package Graph
ignoring declared target(s) 'swift-nio-zlib-support' in the system packagecouldn't find pc file for zlib
Resolved source packages:
Nimble: https://github.com/Quick/Nimble.git @ 8.0.2
swift-nio-zlib-support: https://github.com/apple/swift-nio-zlib-support.git @ 1.0.0
HandyJSON: https://github.com/alibaba/HandyJSON.git @ 5.0.1
ScClient: /Users/admin/builder/spi-builder-workspace
Starscream: https://github.com/daltoniam/Starscream.git @ 3.1.1
Quick: https://github.com/Quick/Quick.git @ 2.2.0
RxSwift: https://github.com/ReactiveX/RxSwift.git @ 5.1.3
ComputePackagePrebuildTargetDependencyGraph
Prepare packages
CreateBuildRequest
SendProjectDescription
CreateBuildOperation
ComputeTargetDependencyGraph
note: Building targets in dependency order
note: Target dependency graph (8 targets)
Target 'Main-product' in project 'ScClient'
➜ Explicit dependency on target 'ScClient' in project 'ScClient'
➜ Explicit dependency on target 'Starscream-product' in project 'Starscream'
➜ Explicit dependency on target 'HandyJSON-product' in project 'HandyJSON'
Target 'ScClient-product' in project 'ScClient'
➜ Explicit dependency on target 'ScClient' in project 'ScClient'
➜ Explicit dependency on target 'Starscream-product' in project 'Starscream'
➜ Explicit dependency on target 'HandyJSON-product' in project 'HandyJSON'
Target 'ScClient' in project 'ScClient'
➜ Explicit dependency on target 'Starscream-product' in project 'Starscream'
➜ Explicit dependency on target 'HandyJSON-product' in project 'HandyJSON'
Target 'HandyJSON-product' in project 'HandyJSON'
➜ Explicit dependency on target 'HandyJSON' in project 'HandyJSON'
Target 'HandyJSON' in project 'HandyJSON' (no dependencies)
Target 'Starscream-product' in project 'Starscream'
➜ Explicit dependency on target 'Starscream' in project 'Starscream'
Target 'Starscream' in project 'Starscream'
➜ Explicit dependency on target 'swift-nio-zlib-support' in project 'swift-nio-zlib-support'
Target 'swift-nio-zlib-support' in project 'swift-nio-zlib-support' (no dependencies)
GatherProvisioningInputs
CreateBuildDescription
ClangStatCache /Applications/Xcode-27.0.0-Release.Candidate.app/Contents/Developer/Toolchains/XcodeDefault.xctoolchain/usr/bin/clang-stat-cache /Applications/Xcode-27.0.0-Release.Candidate.app/Contents/Developer/Platforms/XROS.platform/Developer/SDKs/XROS27.0.sdk /Users/admin/builder/spi-builder-workspace/.derivedData/SDKStatCaches.noindex/xros27.0-24M361-e829b21a6f8c9b70876ba0858053c044735bd543db762f57723cac368afd1ce4.sdkstatcache
cd /Users/admin/builder/spi-builder-workspace/.swiftpm/xcode
/Applications/Xcode-27.0.0-Release.Candidate.app/Contents/Developer/Toolchains/XcodeDefault.xctoolchain/usr/bin/clang-stat-cache /Applications/Xcode-27.0.0-Release.Candidate.app/Contents/Developer/Platforms/XROS.platform/Developer/SDKs/XROS27.0.sdk -o /Users/admin/builder/spi-builder-workspace/.derivedData/SDKStatCaches.noindex/xros27.0-24M361-e829b21a6f8c9b70876ba0858053c044735bd543db762f57723cac368afd1ce4.sdkstatcache
SwiftDriver Starscream normal arm64 com.apple.xcode.tools.swift.compiler (in target 'Starscream' from project 'Starscream')
cd /Users/admin/builder/spi-builder-workspace/.swiftpm/xcode
builtin-SwiftDriver -- /Applications/Xcode-27.0.0-Release.Candidate.app/Contents/Developer/Toolchains/XcodeDefault.xctoolchain/usr/bin/swiftc -parse-as-library -module-name Starscream -Onone @/Users/admin/builder/spi-builder-workspace/.derivedData/Build/Intermediates.noindex/Starscream.build/Debug-xros/Starscream-t.build/Objects-normal/arm64/Starscream.SwiftFileList -DSWIFT_PACKAGE -DDEBUG -DSWIFT_MODULE_RESOURCE_BUNDLE_UNAVAILABLE -Xcc -fmodule-map-file\=/Users/admin/builder/spi-builder-workspace/.dependencies/checkouts/swift-nio-zlib-support/module.modulemap -DXcode -plugin-path /Applications/Xcode-27.0.0-Release.Candidate.app/Contents/Developer/Toolchains/XcodeDefault.xctoolchain/usr/lib/swift/host/plugins/testing -enable-experimental-feature DebugDescriptionMacro -sdk /Applications/Xcode-27.0.0-Release.Candidate.app/Contents/Developer/Platforms/XROS.platform/Developer/SDKs/XROS27.0.sdk -target arm64-apple-xros1.0 -g -module-cache-path /Users/admin/builder/spi-builder-workspace/.derivedData/ModuleCache.noindex -Xfrontend -serialize-debugging-options -profile-coverage-mapping -profile-generate -enable-testing -suppress-warnings -index-store-path /Users/admin/builder/spi-builder-workspace/.derivedData/Index.noindex/DataStore -Xcc -D_LIBCPP_HARDENING_MODE\=_LIBCPP_HARDENING_MODE_DEBUG -swift-version 4.2 -I /Users/admin/builder/spi-builder-workspace/.derivedData/Build/Products/Debug-xros -Isystem /Applications/Xcode-27.0.0-Release.Candidate.app/Contents/Developer/Platforms/XROS.platform/Developer/usr/lib -F /Users/admin/builder/spi-builder-workspace/.derivedData/Build/Products/Debug-xros -F /Applications/Xcode-27.0.0-Release.Candidate.app/Contents/Developer/Platforms/XROS.platform/Developer/Library/Frameworks -F /Applications/Xcode-27.0.0-Release.Candidate.app/Contents/Developer/Platforms/XROS.platform/Developer/SDKs/XROS27.0.sdk/Developer/Library/Frameworks -c -j10 -enable-batch-mode -incremental -Xcc -ivfsstatcache -Xcc /Users/admin/builder/spi-builder-workspace/.derivedData/SDKStatCaches.noindex/xros27.0-24M361-e829b21a6f8c9b70876ba0858053c044735bd543db762f57723cac368afd1ce4.sdkstatcache -output-file-map /Users/admin/builder/spi-builder-workspace/.derivedData/Build/Intermediates.noindex/Starscream.build/Debug-xros/Starscream-t.build/Objects-normal/arm64/Starscream-OutputFileMap.json -save-temps -no-color-diagnostics -emit-dependencies -emit-module -emit-module-path /Users/admin/builder/spi-builder-workspace/.derivedData/Build/Intermediates.noindex/Starscream.build/Debug-xros/Starscream-t.build/Objects-normal/arm64/Starscream.swiftmodule -serialize-diagnostics -validate-clang-modules-once -clang-build-session-file /Users/admin/builder/spi-builder-workspace/.derivedData/ModuleCache.noindex/Session.modulevalidation -Xcc -fmodules-prune-interval\=86400 -Xcc -fmodules-prune-after\=345600 -emit-const-values -const-gather-protocols-list /Users/admin/builder/spi-builder-workspace/.derivedData/Build/Intermediates.noindex/Starscream.build/Debug-xros/Starscream-t.build/Objects-normal/arm64/Starscream_const_extract_protocols.json -Xcc -I/Users/admin/builder/spi-builder-workspace/.derivedData/Build/Products/Debug-xros/include -Xcc -I/Users/admin/builder/spi-builder-workspace/.derivedData/Build/Intermediates.noindex/Starscream.build/Debug-xros/Starscream-t.build/DerivedSources-normal/arm64 -Xcc -I/Users/admin/builder/spi-builder-workspace/.derivedData/Build/Intermediates.noindex/Starscream.build/Debug-xros/Starscream-t.build/DerivedSources/arm64 -Xcc -I/Users/admin/builder/spi-builder-workspace/.derivedData/Build/Intermediates.noindex/Starscream.build/Debug-xros/Starscream-t.build/DerivedSources -Xcc -DSWIFT_PACKAGE -Xcc -DDEBUG\=1 -emit-objc-header -emit-objc-header-path /Users/admin/builder/spi-builder-workspace/.derivedData/Build/Intermediates.noindex/Starscream.build/Debug-xros/Starscream-t.build/Objects-normal/arm64/Starscream-Swift.h -working-directory /Users/admin/builder/spi-builder-workspace/.swiftpm/xcode -experimental-emit-module-separately -disable-cmo
SwiftDriver HandyJSON normal arm64 com.apple.xcode.tools.swift.compiler (in target 'HandyJSON' from project 'HandyJSON')
cd /Users/admin/builder/spi-builder-workspace/.swiftpm/xcode
builtin-SwiftDriver -- /Applications/Xcode-27.0.0-Release.Candidate.app/Contents/Developer/Toolchains/XcodeDefault.xctoolchain/usr/bin/swiftc -parse-as-library -module-name HandyJSON -Onone @/Users/admin/builder/spi-builder-workspace/.derivedData/Build/Intermediates.noindex/HandyJSON.build/Debug-xros/HandyJSON-t.build/Objects-normal/arm64/HandyJSON.SwiftFileList -DSWIFT_PACKAGE -DDEBUG -DSWIFT_MODULE_RESOURCE_BUNDLE_UNAVAILABLE -DXcode -plugin-path /Applications/Xcode-27.0.0-Release.Candidate.app/Contents/Developer/Toolchains/XcodeDefault.xctoolchain/usr/lib/swift/host/plugins/testing -enable-experimental-feature DebugDescriptionMacro -sdk /Applications/Xcode-27.0.0-Release.Candidate.app/Contents/Developer/Platforms/XROS.platform/Developer/SDKs/XROS27.0.sdk -target arm64-apple-xros1.0 -g -module-cache-path /Users/admin/builder/spi-builder-workspace/.derivedData/ModuleCache.noindex -Xfrontend -serialize-debugging-options -profile-coverage-mapping -profile-generate -enable-testing -suppress-warnings -index-store-path /Users/admin/builder/spi-builder-workspace/.derivedData/Index.noindex/DataStore -Xcc -D_LIBCPP_HARDENING_MODE\=_LIBCPP_HARDENING_MODE_DEBUG -swift-version 4 -I /Users/admin/builder/spi-builder-workspace/.derivedData/Build/Products/Debug-xros -Isystem /Applications/Xcode-27.0.0-Release.Candidate.app/Contents/Developer/Platforms/XROS.platform/Developer/usr/lib -F /Users/admin/builder/spi-builder-workspace/.derivedData/Build/Products/Debug-xros -F /Applications/Xcode-27.0.0-Release.Candidate.app/Contents/Developer/Platforms/XROS.platform/Developer/Library/Frameworks -F /Applications/Xcode-27.0.0-Release.Candidate.app/Contents/Developer/Platforms/XROS.platform/Developer/SDKs/XROS27.0.sdk/Developer/Library/Frameworks -c -j10 -enable-batch-mode -incremental -Xcc -ivfsstatcache -Xcc /Users/admin/builder/spi-builder-workspace/.derivedData/SDKStatCaches.noindex/xros27.0-24M361-e829b21a6f8c9b70876ba0858053c044735bd543db762f57723cac368afd1ce4.sdkstatcache -output-file-map /Users/admin/builder/spi-builder-workspace/.derivedData/Build/Intermediates.noindex/HandyJSON.build/Debug-xros/HandyJSON-t.build/Objects-normal/arm64/HandyJSON-OutputFileMap.json -save-temps -no-color-diagnostics -emit-dependencies -emit-module -emit-module-path /Users/admin/builder/spi-builder-workspace/.derivedData/Build/Intermediates.noindex/HandyJSON.build/Debug-xros/HandyJSON-t.build/Objects-normal/arm64/HandyJSON.swiftmodule -serialize-diagnostics -validate-clang-modules-once -clang-build-session-file /Users/admin/builder/spi-builder-workspace/.derivedData/ModuleCache.noindex/Session.modulevalidation -Xcc -fmodules-prune-interval\=86400 -Xcc -fmodules-prune-after\=345600 -emit-const-values -const-gather-protocols-list /Users/admin/builder/spi-builder-workspace/.derivedData/Build/Intermediates.noindex/HandyJSON.build/Debug-xros/HandyJSON-t.build/Objects-normal/arm64/HandyJSON_const_extract_protocols.json -Xcc -I/Users/admin/builder/spi-builder-workspace/.derivedData/Build/Products/Debug-xros/include -Xcc -I/Users/admin/builder/spi-builder-workspace/.derivedData/Build/Intermediates.noindex/HandyJSON.build/Debug-xros/HandyJSON-t.build/DerivedSources-normal/arm64 -Xcc -I/Users/admin/builder/spi-builder-workspace/.derivedData/Build/Intermediates.noindex/HandyJSON.build/Debug-xros/HandyJSON-t.build/DerivedSources/arm64 -Xcc -I/Users/admin/builder/spi-builder-workspace/.derivedData/Build/Intermediates.noindex/HandyJSON.build/Debug-xros/HandyJSON-t.build/DerivedSources -Xcc -DSWIFT_PACKAGE -Xcc -DDEBUG\=1 -emit-objc-header -emit-objc-header-path /Users/admin/builder/spi-builder-workspace/.derivedData/Build/Intermediates.noindex/HandyJSON.build/Debug-xros/HandyJSON-t.build/Objects-normal/arm64/HandyJSON-Swift.h -working-directory /Users/admin/builder/spi-builder-workspace/.swiftpm/xcode -experimental-emit-module-separately -disable-cmo
SwiftCompile normal arm64 Compiling\ SSLSecurity.swift /Users/admin/builder/spi-builder-workspace/.dependencies/checkouts/Starscream/Sources/Starscream/SSLSecurity.swift (in target 'Starscream' from project 'Starscream')
SwiftCompile normal arm64 /Users/admin/builder/spi-builder-workspace/.dependencies/checkouts/Starscream/Sources/Starscream/SSLSecurity.swift (in target 'Starscream' from project 'Starscream')
cd /Users/admin/builder/spi-builder-workspace/.swiftpm/xcode
builtin-SwiftPerFileCompile SSLSecurity.swift
SwiftCompile normal arm64 Compiling\ Compression.swift /Users/admin/builder/spi-builder-workspace/.dependencies/checkouts/Starscream/Sources/Starscream/Compression.swift (in target 'Starscream' from project 'Starscream')
SwiftCompile normal arm64 /Users/admin/builder/spi-builder-workspace/.dependencies/checkouts/Starscream/Sources/Starscream/Compression.swift (in target 'Starscream' from project 'Starscream')
cd /Users/admin/builder/spi-builder-workspace/.swiftpm/xcode
builtin-SwiftPerFileCompile Compression.swift
SwiftEmitModule normal arm64 Emitting\ module\ for\ Starscream (in target 'Starscream' from project 'Starscream')
SwiftCompile normal arm64 (in target 'Starscream' from project 'Starscream')
cd /Users/admin/builder/spi-builder-workspace/.swiftpm/xcode
SwiftCompile normal arm64 Compiling\ WebSocket.swift /Users/admin/builder/spi-builder-workspace/.dependencies/checkouts/Starscream/Sources/Starscream/WebSocket.swift (in target 'Starscream' from project 'Starscream')
SwiftCompile normal arm64 /Users/admin/builder/spi-builder-workspace/.dependencies/checkouts/Starscream/Sources/Starscream/WebSocket.swift (in target 'Starscream' from project 'Starscream')
cd /Users/admin/builder/spi-builder-workspace/.swiftpm/xcode
builtin-SwiftPerFileCompile WebSocket.swift
SwiftCompile normal arm64 Compiling\ SSLClientCertificate.swift /Users/admin/builder/spi-builder-workspace/.dependencies/checkouts/Starscream/Sources/Starscream/SSLClientCertificate.swift (in target 'Starscream' from project 'Starscream')
SwiftCompile normal arm64 /Users/admin/builder/spi-builder-workspace/.dependencies/checkouts/Starscream/Sources/Starscream/SSLClientCertificate.swift (in target 'Starscream' from project 'Starscream')
cd /Users/admin/builder/spi-builder-workspace/.swiftpm/xcode
builtin-SwiftPerFileCompile SSLClientCertificate.swift
SwiftCompile normal arm64 Compiling\ Configuration.swift,\ ContextDescriptorType.swift,\ CustomDateFormatTransform.swift,\ DataTransform.swift /Users/admin/builder/spi-builder-workspace/.dependencies/checkouts/HandyJSON/Source/Configuration.swift /Users/admin/builder/spi-builder-workspace/.dependencies/checkouts/HandyJSON/Source/ContextDescriptorType.swift /Users/admin/builder/spi-builder-workspace/.dependencies/checkouts/HandyJSON/Source/CustomDateFormatTransform.swift /Users/admin/builder/spi-builder-workspace/.dependencies/checkouts/HandyJSON/Source/DataTransform.swift (in target 'HandyJSON' from project 'HandyJSON')
SwiftCompile normal arm64 /Users/admin/builder/spi-builder-workspace/.dependencies/checkouts/HandyJSON/Source/Configuration.swift (in target 'HandyJSON' from project 'HandyJSON')
cd /Users/admin/builder/spi-builder-workspace/.swiftpm/xcode
builtin-SwiftPerFileCompile Configuration.swift
SwiftCompile normal arm64 /Users/admin/builder/spi-builder-workspace/.dependencies/checkouts/HandyJSON/Source/ContextDescriptorType.swift (in target 'HandyJSON' from project 'HandyJSON')
cd /Users/admin/builder/spi-builder-workspace/.swiftpm/xcode
builtin-SwiftPerFileCompile ContextDescriptorType.swift
SwiftCompile normal arm64 /Users/admin/builder/spi-builder-workspace/.dependencies/checkouts/HandyJSON/Source/CustomDateFormatTransform.swift (in target 'HandyJSON' from project 'HandyJSON')
cd /Users/admin/builder/spi-builder-workspace/.swiftpm/xcode
builtin-SwiftPerFileCompile CustomDateFormatTransform.swift
SwiftCompile normal arm64 /Users/admin/builder/spi-builder-workspace/.dependencies/checkouts/HandyJSON/Source/DataTransform.swift (in target 'HandyJSON' from project 'HandyJSON')
cd /Users/admin/builder/spi-builder-workspace/.swiftpm/xcode
builtin-SwiftPerFileCompile DataTransform.swift
SwiftEmitModule normal arm64 Emitting\ module\ for\ HandyJSON (in target 'HandyJSON' from project 'HandyJSON')
/Users/admin/builder/spi-builder-workspace/.dependencies/checkouts/HandyJSON/Source/HexColorTransform.swift:12:8: error: no such module 'Cocoa'
10 | import UIKit
11 | #else
12 | import Cocoa
| `- error: no such module 'Cocoa'
13 | #endif
14 |
Failed frontend command:
/Applications/Xcode-27.0.0-Release.Candidate.app/Contents/Developer/Toolchains/XcodeDefault.xctoolchain/usr/bin/swift-frontend -frontend -emit-module -experimental-skip-non-inlinable-function-bodies-without-types /Users/admin/builder/spi-builder-workspace/.dependencies/checkouts/HandyJSON/Source/AnyExtensions.swift /Users/admin/builder/spi-builder-workspace/.dependencies/checkouts/HandyJSON/Source/BuiltInBasicType.swift /Users/admin/builder/spi-builder-workspace/.dependencies/checkouts/HandyJSON/Source/BuiltInBridgeType.swift /Users/admin/builder/spi-builder-workspace/.dependencies/checkouts/HandyJSON/Source/CBridge.swift /Users/admin/builder/spi-builder-workspace/.dependencies/checkouts/HandyJSON/Source/Configuration.swift /Users/admin/builder/spi-builder-workspace/.dependencies/checkouts/HandyJSON/Source/ContextDescriptorType.swift /Users/admin/builder/spi-builder-workspace/.dependencies/checkouts/HandyJSON/Source/CustomDateFormatTransform.swift /Users/admin/builder/spi-builder-workspace/.dependencies/checkouts/HandyJSON/Source/DataTransform.swift /Users/admin/builder/spi-builder-workspace/.dependencies/checkouts/HandyJSON/Source/DateFormatterTransform.swift /Users/admin/builder/spi-builder-workspace/.dependencies/checkouts/HandyJSON/Source/DateTransform.swift /Users/admin/builder/spi-builder-workspace/.dependencies/checkouts/HandyJSON/Source/Deserializer.swift /Users/admin/builder/spi-builder-workspace/.dependencies/checkouts/HandyJSON/Source/EnumTransform.swift /Users/admin/builder/spi-builder-workspace/.dependencies/checkouts/HandyJSON/Source/EnumType.swift /Users/admin/builder/spi-builder-workspace/.dependencies/checkouts/HandyJSON/Source/Export.swift /Users/admin/builder/spi-builder-workspace/.dependencies/checkouts/HandyJSON/Source/ExtendCustomBasicType.swift /Users/admin/builder/spi-builder-workspace/.dependencies/checkouts/HandyJSON/Source/ExtendCustomModelType.swift /Users/admin/builder/spi-builder-workspace/.dependencies/checkouts/HandyJSON/Source/FieldDescriptor.swift /Users/admin/builder/spi-builder-workspace/.dependencies/checkouts/HandyJSON/Source/HelpingMapper.swift /Users/admin/builder/spi-builder-workspace/.dependencies/checkouts/HandyJSON/Source/HexColorTransform.swift /Users/admin/builder/spi-builder-workspace/.dependencies/checkouts/HandyJSON/Source/ISO8601DateTransform.swift /Users/admin/builder/spi-builder-workspace/.dependencies/checkouts/HandyJSON/Source/Logger.swift /Users/admin/builder/spi-builder-workspace/.dependencies/checkouts/HandyJSON/Source/MangledName.swift /Users/admin/builder/spi-builder-workspace/.dependencies/checkouts/HandyJSON/Source/Measuable.swift /Users/admin/builder/spi-builder-workspace/.dependencies/checkouts/HandyJSON/Source/Metadata.swift /Users/admin/builder/spi-builder-workspace/.dependencies/checkouts/HandyJSON/Source/NSDecimalNumberTransform.swift /Users/admin/builder/spi-builder-workspace/.dependencies/checkouts/HandyJSON/Source/OtherExtension.swift /Users/admin/builder/spi-builder-workspace/.dependencies/checkouts/HandyJSON/Source/PointerType.swift /Users/admin/builder/spi-builder-workspace/.dependencies/checkouts/HandyJSON/Source/Properties.swift /Users/admin/builder/spi-builder-workspace/.dependencies/checkouts/HandyJSON/Source/PropertyInfo.swift /Users/admin/builder/spi-builder-workspace/.dependencies/checkouts/HandyJSON/Source/ReflectionHelper.swift /Users/admin/builder/spi-builder-workspace/.dependencies/checkouts/HandyJSON/Source/Serializer.swift /Users/admin/builder/spi-builder-workspace/.dependencies/checkouts/HandyJSON/Source/TransformOf.swift /Users/admin/builder/spi-builder-workspace/.dependencies/checkouts/HandyJSON/Source/TransformType.swift /Users/admin/builder/spi-builder-workspace/.dependencies/checkouts/HandyJSON/Source/Transformable.swift /Users/admin/builder/spi-builder-workspace/.dependencies/checkouts/HandyJSON/Source/URLTransform.swift -target arm64-apple-xros1.0 -Xllvm -aarch64-use-tbi -enable-objc-interop -stack-check -sdk /Applications/Xcode-27.0.0-Release.Candidate.app/Contents/Developer/Platforms/XROS.platform/Developer/SDKs/XROS27.0.sdk -I /Users/admin/builder/spi-builder-workspace/.derivedData/Build/Products/Debug-xros -Isystem /Applications/Xcode-27.0.0-Release.Candidate.app/Contents/Developer/Platforms/XROS.platform/Developer/usr/lib -F /Users/admin/builder/spi-builder-workspace/.derivedData/Build/Products/Debug-xros -F /Applications/Xcode-27.0.0-Release.Candidate.app/Contents/Developer/Platforms/XROS.platform/Developer/Library/Frameworks -F /Applications/Xcode-27.0.0-Release.Candidate.app/Contents/Developer/Platforms/XROS.platform/Developer/SDKs/XROS27.0.sdk/Developer/Library/Frameworks -module-cache-path /Users/admin/builder/spi-builder-workspace/.derivedData/ModuleCache.noindex -no-color-diagnostics -Xcc -fno-color-diagnostics -enable-testing -g -debug-info-format\=dwarf -dwarf-version\=4 -suppress-warnings -profile-generate -profile-coverage-mapping -swift-version 4 -Onone -D SWIFT_PACKAGE -D DEBUG -D SWIFT_MODULE_RESOURCE_BUNDLE_UNAVAILABLE -D Xcode -serialize-debugging-options -enable-experimental-feature DebugDescriptionMacro -empty-abi-descriptor -plugin-path /Applications/Xcode-27.0.0-Release.Candidate.app/Contents/Developer/Toolchains/XcodeDefault.xctoolchain/usr/lib/swift/host/plugins/testing -validate-clang-modules-once -clang-build-session-file /Users/admin/builder/spi-builder-workspace/.derivedData/ModuleCache.noindex/Session.modulevalidation -Xcc -working-directory -Xcc /Users/admin/builder/spi-builder-workspace/.swiftpm/xcode -enable-anonymous-context-mangled-names -file-compilation-dir /Users/admin/builder/spi-builder-workspace/.swiftpm/xcode -Xcc -D_LIBCPP_HARDENING_MODE\=_LIBCPP_HARDENING_MODE_DEBUG -Xcc -ivfsstatcache -Xcc /Users/admin/builder/spi-builder-workspace/.derivedData/SDKStatCaches.noindex/xros27.0-24M361-e829b21a6f8c9b70876ba0858053c044735bd543db762f57723cac368afd1ce4.sdkstatcache -Xcc -fmodules-prune-interval\=86400 -Xcc -fmodules-prune-after\=345600 -Xcc -I/Users/admin/builder/spi-builder-workspace/.derivedData/Build/Products/Debug-xros/include -Xcc -I/Users/admin/builder/spi-builder-workspace/.derivedData/Build/Intermediates.noindex/HandyJSON.build/Debug-xros/HandyJSON-t.build/DerivedSources-normal/arm64 -Xcc -I/Users/admin/builder/spi-builder-workspace/.derivedData/Build/Intermediates.noindex/HandyJSON.build/Debug-xros/HandyJSON-t.build/DerivedSources/arm64 -Xcc -I/Users/admin/builder/spi-builder-workspace/.derivedData/Build/Intermediates.noindex/HandyJSON.build/Debug-xros/HandyJSON-t.build/DerivedSources -Xcc -DSWIFT_PACKAGE -Xcc -DDEBUG\=1 -no-auto-bridging-header-chaining -module-name HandyJSON -const-gather-protocols-file /Users/admin/builder/spi-builder-workspace/.derivedData/Build/Intermediates.noindex/HandyJSON.build/Debug-xros/HandyJSON-t.build/Objects-normal/arm64/HandyJSON_const_extract_protocols.json -disable-clang-spi -target-sdk-version 27.0 -target-sdk-name xros27.0 -external-plugin-path /Applications/Xcode-27.0.0-Release.Candidate.app/Contents/Developer/Platforms/XROS.platform/Developer/usr/lib/swift/host/plugins\#/Applications/Xcode-27.0.0-Release.Candidate.app/Contents/Developer/Platforms/XROS.platform/Developer/usr/bin/swift-plugin-server -external-plugin-path /Applications/Xcode-27.0.0-Release.Candidate.app/Contents/Developer/Platforms/XROS.platform/Developer/usr/local/lib/swift/host/plugins\#/Applications/Xcode-27.0.0-Release.Candidate.app/Contents/Developer/Platforms/XROS.platform/Developer/usr/bin/swift-plugin-server -in-process-plugin-server-path /Applications/Xcode-27.0.0-Release.Candidate.app/Contents/Developer/Toolchains/XcodeDefault.xctoolchain/usr/lib/swift/host/libSwiftInProcPluginServer.dylib -plugin-path /Applications/Xcode-27.0.0-Release.Candidate.app/Contents/Developer/Toolchains/XcodeDefault.xctoolchain/usr/lib/swift/host/plugins -plugin-path /Applications/Xcode-27.0.0-Release.Candidate.app/Contents/Developer/Toolchains/XcodeDefault.xctoolchain/usr/local/lib/swift/host/plugins -emit-module-doc-path /Users/admin/builder/spi-builder-workspace/.derivedData/Build/Intermediates.noindex/HandyJSON.build/Debug-xros/HandyJSON-t.build/Objects-normal/arm64/HandyJSON.swiftdoc -emit-module-source-info-path /Users/admin/builder/spi-builder-workspace/.derivedData/Build/Intermediates.noindex/HandyJSON.build/Debug-xros/HandyJSON-t.build/Objects-normal/arm64/HandyJSON.swiftsourceinfo -emit-objc-header-path /Users/admin/builder/spi-builder-workspace/.derivedData/Build/Intermediates.noindex/HandyJSON.build/Debug-xros/HandyJSON-t.build/Objects-normal/arm64/HandyJSON-Swift.h -serialize-diagnostics-path /Users/admin/builder/spi-builder-workspace/.derivedData/Build/Intermediates.noindex/HandyJSON.build/Debug-xros/HandyJSON-t.build/Objects-normal/arm64/HandyJSON-primary-emit-module.dia -emit-dependencies-path /Users/admin/builder/spi-builder-workspace/.derivedData/Build/Intermediates.noindex/HandyJSON.build/Debug-xros/HandyJSON-t.build/Objects-normal/arm64/HandyJSON-primary-emit-module.d -parse-as-library -o /Users/admin/builder/spi-builder-workspace/.derivedData/Build/Intermediates.noindex/HandyJSON.build/Debug-xros/HandyJSON-t.build/Objects-normal/arm64/HandyJSON.swiftmodule -emit-abi-descriptor-path /Users/admin/builder/spi-builder-workspace/.derivedData/Build/Intermediates.noindex/HandyJSON.build/Debug-xros/HandyJSON-t.build/Objects-normal/arm64/HandyJSON.abi.json
SwiftCompile normal arm64 (in target 'HandyJSON' from project 'HandyJSON')
cd /Users/admin/builder/spi-builder-workspace/.swiftpm/xcode
SwiftCompile normal arm64 Compiling\ ReflectionHelper.swift,\ Serializer.swift,\ TransformOf.swift /Users/admin/builder/spi-builder-workspace/.dependencies/checkouts/HandyJSON/Source/ReflectionHelper.swift /Users/admin/builder/spi-builder-workspace/.dependencies/checkouts/HandyJSON/Source/Serializer.swift /Users/admin/builder/spi-builder-workspace/.dependencies/checkouts/HandyJSON/Source/TransformOf.swift (in target 'HandyJSON' from project 'HandyJSON')
SwiftCompile normal arm64 /Users/admin/builder/spi-builder-workspace/.dependencies/checkouts/HandyJSON/Source/ReflectionHelper.swift (in target 'HandyJSON' from project 'HandyJSON')
cd /Users/admin/builder/spi-builder-workspace/.swiftpm/xcode
builtin-SwiftPerFileCompile ReflectionHelper.swift
SwiftCompile normal arm64 /Users/admin/builder/spi-builder-workspace/.dependencies/checkouts/HandyJSON/Source/Serializer.swift (in target 'HandyJSON' from project 'HandyJSON')
cd /Users/admin/builder/spi-builder-workspace/.swiftpm/xcode
builtin-SwiftPerFileCompile Serializer.swift
SwiftCompile normal arm64 /Users/admin/builder/spi-builder-workspace/.dependencies/checkouts/HandyJSON/Source/TransformOf.swift (in target 'HandyJSON' from project 'HandyJSON')
cd /Users/admin/builder/spi-builder-workspace/.swiftpm/xcode
builtin-SwiftPerFileCompile TransformOf.swift
SwiftCompile normal arm64 Compiling\ Metadata.swift,\ NSDecimalNumberTransform.swift,\ OtherExtension.swift /Users/admin/builder/spi-builder-workspace/.dependencies/checkouts/HandyJSON/Source/Metadata.swift /Users/admin/builder/spi-builder-workspace/.dependencies/checkouts/HandyJSON/Source/NSDecimalNumberTransform.swift /Users/admin/builder/spi-builder-workspace/.dependencies/checkouts/HandyJSON/Source/OtherExtension.swift (in target 'HandyJSON' from project 'HandyJSON')
SwiftCompile normal arm64 /Users/admin/builder/spi-builder-workspace/.dependencies/checkouts/HandyJSON/Source/Metadata.swift (in target 'HandyJSON' from project 'HandyJSON')
cd /Users/admin/builder/spi-builder-workspace/.swiftpm/xcode
builtin-SwiftPerFileCompile Metadata.swift
SwiftCompile normal arm64 /Users/admin/builder/spi-builder-workspace/.dependencies/checkouts/HandyJSON/Source/NSDecimalNumberTransform.swift (in target 'HandyJSON' from project 'HandyJSON')
cd /Users/admin/builder/spi-builder-workspace/.swiftpm/xcode
builtin-SwiftPerFileCompile NSDecimalNumberTransform.swift
SwiftCompile normal arm64 /Users/admin/builder/spi-builder-workspace/.dependencies/checkouts/HandyJSON/Source/OtherExtension.swift (in target 'HandyJSON' from project 'HandyJSON')
cd /Users/admin/builder/spi-builder-workspace/.swiftpm/xcode
builtin-SwiftPerFileCompile OtherExtension.swift
SwiftCompile normal arm64 Compiling\ FieldDescriptor.swift,\ HelpingMapper.swift,\ HexColorTransform.swift,\ ISO8601DateTransform.swift /Users/admin/builder/spi-builder-workspace/.dependencies/checkouts/HandyJSON/Source/FieldDescriptor.swift /Users/admin/builder/spi-builder-workspace/.dependencies/checkouts/HandyJSON/Source/HelpingMapper.swift /Users/admin/builder/spi-builder-workspace/.dependencies/checkouts/HandyJSON/Source/HexColorTransform.swift /Users/admin/builder/spi-builder-workspace/.dependencies/checkouts/HandyJSON/Source/ISO8601DateTransform.swift (in target 'HandyJSON' from project 'HandyJSON')
SwiftCompile normal arm64 /Users/admin/builder/spi-builder-workspace/.dependencies/checkouts/HandyJSON/Source/FieldDescriptor.swift (in target 'HandyJSON' from project 'HandyJSON')
cd /Users/admin/builder/spi-builder-workspace/.swiftpm/xcode
builtin-SwiftPerFileCompile FieldDescriptor.swift
SwiftCompile normal arm64 /Users/admin/builder/spi-builder-workspace/.dependencies/checkouts/HandyJSON/Source/HelpingMapper.swift (in target 'HandyJSON' from project 'HandyJSON')
cd /Users/admin/builder/spi-builder-workspace/.swiftpm/xcode
builtin-SwiftPerFileCompile HelpingMapper.swift
SwiftCompile normal arm64 /Users/admin/builder/spi-builder-workspace/.dependencies/checkouts/HandyJSON/Source/HexColorTransform.swift (in target 'HandyJSON' from project 'HandyJSON')
cd /Users/admin/builder/spi-builder-workspace/.swiftpm/xcode
builtin-SwiftPerFileCompile HexColorTransform.swift
SwiftCompile normal arm64 /Users/admin/builder/spi-builder-workspace/.dependencies/checkouts/HandyJSON/Source/ISO8601DateTransform.swift (in target 'HandyJSON' from project 'HandyJSON')
cd /Users/admin/builder/spi-builder-workspace/.swiftpm/xcode
builtin-SwiftPerFileCompile ISO8601DateTransform.swift
SwiftCompile normal arm64 Compiling\ DateFormatterTransform.swift,\ DateTransform.swift,\ Deserializer.swift,\ EnumTransform.swift /Users/admin/builder/spi-builder-workspace/.dependencies/checkouts/HandyJSON/Source/DateFormatterTransform.swift /Users/admin/builder/spi-builder-workspace/.dependencies/checkouts/HandyJSON/Source/DateTransform.swift /Users/admin/builder/spi-builder-workspace/.dependencies/checkouts/HandyJSON/Source/Deserializer.swift /Users/admin/builder/spi-builder-workspace/.dependencies/checkouts/HandyJSON/Source/EnumTransform.swift (in target 'HandyJSON' from project 'HandyJSON')
SwiftCompile normal arm64 /Users/admin/builder/spi-builder-workspace/.dependencies/checkouts/HandyJSON/Source/DateFormatterTransform.swift (in target 'HandyJSON' from project 'HandyJSON')
cd /Users/admin/builder/spi-builder-workspace/.swiftpm/xcode
builtin-SwiftPerFileCompile DateFormatterTransform.swift
SwiftCompile normal arm64 /Users/admin/builder/spi-builder-workspace/.dependencies/checkouts/HandyJSON/Source/DateTransform.swift (in target 'HandyJSON' from project 'HandyJSON')
cd /Users/admin/builder/spi-builder-workspace/.swiftpm/xcode
builtin-SwiftPerFileCompile DateTransform.swift
SwiftCompile normal arm64 /Users/admin/builder/spi-builder-workspace/.dependencies/checkouts/HandyJSON/Source/Deserializer.swift (in target 'HandyJSON' from project 'HandyJSON')
cd /Users/admin/builder/spi-builder-workspace/.swiftpm/xcode
builtin-SwiftPerFileCompile Deserializer.swift
SwiftCompile normal arm64 /Users/admin/builder/spi-builder-workspace/.dependencies/checkouts/HandyJSON/Source/EnumTransform.swift (in target 'HandyJSON' from project 'HandyJSON')
cd /Users/admin/builder/spi-builder-workspace/.swiftpm/xcode
builtin-SwiftPerFileCompile EnumTransform.swift
SwiftDriverJobDiscovery normal arm64 Emitting module for Starscream (in target 'Starscream' from project 'Starscream')
SwiftDriver\ Compilation\ Requirements Starscream normal arm64 com.apple.xcode.tools.swift.compiler (in target 'Starscream' from project 'Starscream')
cd /Users/admin/builder/spi-builder-workspace/.swiftpm/xcode
builtin-Swift-Compilation-Requirements -- /Applications/Xcode-27.0.0-Release.Candidate.app/Contents/Developer/Toolchains/XcodeDefault.xctoolchain/usr/bin/swiftc -parse-as-library -module-name Starscream -Onone @/Users/admin/builder/spi-builder-workspace/.derivedData/Build/Intermediates.noindex/Starscream.build/Debug-xros/Starscream-t.build/Objects-normal/arm64/Starscream.SwiftFileList -DSWIFT_PACKAGE -DDEBUG -DSWIFT_MODULE_RESOURCE_BUNDLE_UNAVAILABLE -Xcc -fmodule-map-file\=/Users/admin/builder/spi-builder-workspace/.dependencies/checkouts/swift-nio-zlib-support/module.modulemap -DXcode -plugin-path /Applications/Xcode-27.0.0-Release.Candidate.app/Contents/Developer/Toolchains/XcodeDefault.xctoolchain/usr/lib/swift/host/plugins/testing -enable-experimental-feature DebugDescriptionMacro -sdk /Applications/Xcode-27.0.0-Release.Candidate.app/Contents/Developer/Platforms/XROS.platform/Developer/SDKs/XROS27.0.sdk -target arm64-apple-xros1.0 -g -module-cache-path /Users/admin/builder/spi-builder-workspace/.derivedData/ModuleCache.noindex -Xfrontend -serialize-debugging-options -profile-coverage-mapping -profile-generate -enable-testing -suppress-warnings -index-store-path /Users/admin/builder/spi-builder-workspace/.derivedData/Index.noindex/DataStore -Xcc -D_LIBCPP_HARDENING_MODE\=_LIBCPP_HARDENING_MODE_DEBUG -swift-version 4.2 -I /Users/admin/builder/spi-builder-workspace/.derivedData/Build/Products/Debug-xros -Isystem /Applications/Xcode-27.0.0-Release.Candidate.app/Contents/Developer/Platforms/XROS.platform/Developer/usr/lib -F /Users/admin/builder/spi-builder-workspace/.derivedData/Build/Products/Debug-xros -F /Applications/Xcode-27.0.0-Release.Candidate.app/Contents/Developer/Platforms/XROS.platform/Developer/Library/Frameworks -F /Applications/Xcode-27.0.0-Release.Candidate.app/Contents/Developer/Platforms/XROS.platform/Developer/SDKs/XROS27.0.sdk/Developer/Library/Frameworks -c -j10 -enable-batch-mode -incremental -Xcc -ivfsstatcache -Xcc /Users/admin/builder/spi-builder-workspace/.derivedData/SDKStatCaches.noindex/xros27.0-24M361-e829b21a6f8c9b70876ba0858053c044735bd543db762f57723cac368afd1ce4.sdkstatcache -output-file-map /Users/admin/builder/spi-builder-workspace/.derivedData/Build/Intermediates.noindex/Starscream.build/Debug-xros/Starscream-t.build/Objects-normal/arm64/Starscream-OutputFileMap.json -save-temps -no-color-diagnostics -emit-dependencies -emit-module -emit-module-path /Users/admin/builder/spi-builder-workspace/.derivedData/Build/Intermediates.noindex/Starscream.build/Debug-xros/Starscream-t.build/Objects-normal/arm64/Starscream.swiftmodule -serialize-diagnostics -validate-clang-modules-once -clang-build-session-file /Users/admin/builder/spi-builder-workspace/.derivedData/ModuleCache.noindex/Session.modulevalidation -Xcc -fmodules-prune-interval\=86400 -Xcc -fmodules-prune-after\=345600 -emit-const-values -const-gather-protocols-list /Users/admin/builder/spi-builder-workspace/.derivedData/Build/Intermediates.noindex/Starscream.build/Debug-xros/Starscream-t.build/Objects-normal/arm64/Starscream_const_extract_protocols.json -Xcc -I/Users/admin/builder/spi-builder-workspace/.derivedData/Build/Products/Debug-xros/include -Xcc -I/Users/admin/builder/spi-builder-workspace/.derivedData/Build/Intermediates.noindex/Starscream.build/Debug-xros/Starscream-t.build/DerivedSources-normal/arm64 -Xcc -I/Users/admin/builder/spi-builder-workspace/.derivedData/Build/Intermediates.noindex/Starscream.build/Debug-xros/Starscream-t.build/DerivedSources/arm64 -Xcc -I/Users/admin/builder/spi-builder-workspace/.derivedData/Build/Intermediates.noindex/Starscream.build/Debug-xros/Starscream-t.build/DerivedSources -Xcc -DSWIFT_PACKAGE -Xcc -DDEBUG\=1 -emit-objc-header -emit-objc-header-path /Users/admin/builder/spi-builder-workspace/.derivedData/Build/Intermediates.noindex/Starscream.build/Debug-xros/Starscream-t.build/Objects-normal/arm64/Starscream-Swift.h -working-directory /Users/admin/builder/spi-builder-workspace/.swiftpm/xcode -experimental-emit-module-separately -disable-cmo
PruneExplicitPrecompiledModules /Users/admin/builder/spi-builder-workspace/.derivedData/SDKExplicitPrecompiledModules
PruneExplicitPrecompiledModules /Users/admin/builder/spi-builder-workspace/.derivedData/Build/Intermediates.noindex/ExplicitPrecompiledModules
PruneExplicitPrecompiledModules /Users/admin/builder/spi-builder-workspace/.derivedData/Build/Intermediates.noindex/SwiftExplicitPrecompiledModules
2026-09-15 18:50:52.808 xcodebuild[1032:6056] [MT] IDERunDestination: Supported platforms for the buildables in the current scheme is empty.
** BUILD FAILED **
The following build commands failed:
SwiftEmitModule normal arm64 Emitting\ module\ for\ HandyJSON (in target 'HandyJSON' from project 'HandyJSON')
SwiftCompile normal arm64 (in target 'HandyJSON' from project 'HandyJSON')
Building workspace ScClient with scheme ScClient-Package
(3 failures)
BUILD FAILURE 6.4 visionOS