Build Information
Failed to build iOSCommonLibraries, reference main (48a940), with Swift 6.3 for visionOS using Xcode 26.4 on 30 Aug 2026 11:37:52 UTC.
Build Command
env DEVELOPER_DIR=/Applications/Xcode-26.5.0.app xcrun xcodebuild -IDEClonedSourcePackagesDirPathOverride=$PWD/.dependencies -skipMacroValidation -skipPackagePluginValidation -derivedDataPath $PWD/.derivedData build -scheme iOSCommonLibraries -destination generic/platform=xrOSBuild Log
========================================
RunAll
========================================
Builder version: 5.0.2
Interrupt handler set up.
========================================
Checkout
========================================
Clone URL: https://github.com/nordicsemi/IOS-Common-Libraries.git
Reference: main
Initialized empty Git repository in /Users/admin/builder/spi-builder-workspace/.git/
From https://github.com/nordicsemi/IOS-Common-Libraries
* branch main -> FETCH_HEAD
* [new branch] main -> origin/main
HEAD is now at 48a940e Merge pull request #197 from nordicsemi/port
Cloned https://github.com/nordicsemi/IOS-Common-Libraries.git
Revision (git rev-parse @):
48a940e482828798d4fd71228c03e98822efe8f3
SUCCESS checkout https://github.com/nordicsemi/IOS-Common-Libraries.git at main
========================================
Build
========================================
Selected platform: visionOS
Swift version: 6.3
Building package at path: $PWD
https://github.com/nordicsemi/IOS-Common-Libraries.git
Command line invocation:
/Applications/Xcode-26.5.0.app/Contents/Developer/usr/bin/xcodebuild -IDEClonedSourcePackagesDirPathOverride=/Users/admin/builder/spi-builder-workspace/.dependencies -resolvePackageDependencies
Resolve Package Graph
Resolve Package Graph
Resolved source packages:
iOSCommonLibraries: /Users/admin/builder/spi-builder-workspace
resolved source packages: iOSCommonLibraries
2026-08-30 07:37:34.332 xcodebuild[541:3100] [MT] IDERunDestination: Supported platforms for the buildables in the current scheme is empty.
{
"dependencies" : [
],
"manifest_display_name" : "iOSCommonLibraries",
"name" : "iOSCommonLibraries",
"path" : "/Users/admin/builder/spi-builder-workspace",
"platforms" : [
{
"name" : "ios",
"version" : "13.0"
},
{
"name" : "macos",
"version" : "10.15"
}
],
"products" : [
{
"name" : "iOSCommonLibraries",
"targets" : [
"iOS-Common-Libraries"
],
"type" : {
"library" : [
"automatic"
]
}
}
],
"targets" : [
{
"c99name" : "iOS_Common_LibrariesTests",
"module_type" : "SwiftTarget",
"name" : "iOS-Common-LibrariesTests",
"path" : "Tests/iOS-Common-LibrariesTests",
"sources" : [
"iOS_Common_LibrariesTests.swift"
],
"target_dependencies" : [
"iOS-Common-Libraries"
],
"type" : "test"
},
{
"c99name" : "iOS_Common_Libraries",
"module_type" : "SwiftTarget",
"name" : "iOS-Common-Libraries",
"path" : "Sources/iOS-Common-Libraries",
"product_memberships" : [
"iOSCommonLibraries"
],
"sources" : [
"Effects/Modifiers/BlinkingModifier.swift",
"Effects/Modifiers/GlowingModifier.swift",
"Extensions/Array.swift",
"Extensions/AutoLayout.swift",
"Extensions/CGSize.swift",
"Extensions/Collection.swift",
"Extensions/Color/Color.swift",
"Extensions/Color/NSColor.swift",
"Extensions/Color/RGB.swift",
"Extensions/Color/RGBA.swift",
"Extensions/Color/UIColor.swift",
"Extensions/Data.swift",
"Extensions/Date.swift",
"Extensions/Double.swift",
"Extensions/Float.swift",
"Extensions/NordicLog.swift",
"Extensions/Optional.swift",
"Extensions/Publisher.swift",
"Extensions/Sequence.swift",
"Extensions/String.swift",
"Extensions/Task.swift",
"Extensions/UIStackView.swift",
"Extensions/UIView.swift",
"Extensions/View.swift",
"Network/HTTPRequest.swift",
"Network/Network.swift",
"Network/NetworkResponse.swift",
"Network/URLSession.swift",
"Parsers/CommonDataParser.swift",
"Parsers/Data+Ext.swift",
"Parsers/Data/DataParser.swift",
"Parsers/Data/DataReader.swift",
"Parsers/Data/DateParser.swift",
"Parsers/Data/DoubleParser.swift",
"Parsers/Data/SFloatParser.swift",
"Parsers/Data/UInt16Parser.swift",
"Parsers/Data/UInt32Parser.swift",
"Parsers/Data/UInt8Parser.swift",
"Parsers/Glucose/RecordOpcode.swift",
"Parsers/Glucose/RecordOperator.swift",
"Parsers/Glucose/RecordResponseStatus.swift",
"Parsers/Glucose/SensorLocation.swift",
"Parsers/Glucose/SensorType.swift",
"Parsers/Glucose/Status.swift",
"Parsers/GlucoseMeasurement.swift",
"Parsers/HeartRate/HeartRateMeasurement.swift",
"Parsers/HeartRate/HeartRateSensorContact.swift",
"Parsers/HeartRate/HeartRateSensorLocation.swift",
"Parsers/NordicDataParser.swift",
"Parsers/ParsingError.swift",
"Parsers/TemperatureFlag.swift",
"Parsers/TemperatureMeasurement.swift",
"Utilities/BitField.swift",
"Utilities/Cache.swift",
"Utilities/Constant.swift",
"Utilities/ErrorEvent.swift",
"Utilities/Haptic.swift",
"Utilities/LogLevel.swift",
"Utilities/LogRecord.swift",
"Utilities/Option.swift",
"Utilities/Preview.swift",
"Utilities/RSSI.swift",
"Utilities/SwiftUI/LabelStyle.swift",
"Utilities/SwiftUI/LabeledContentStyle.swift",
"Utilities/SwiftUI/TextFieldAlertModifier.swift",
"Views/AppIconView.swift",
"Views/BadgeView.swift",
"Views/BlinkingCursorView.swift",
"Views/CancellableTextField.swift",
"Views/DevZoneLinkView.swift",
"Views/DotView.swift",
"Views/FPSCounter.swift",
"Views/IndeterminateProgressView.swift",
"Views/InlinePicker.swift",
"Views/InlineSegmentedControlPicker.swift",
"Views/NoContentView.swift",
"Views/NordicDataField.swift",
"Views/PasswordField.swift",
"Views/Pipeline/PipelineManager.swift",
"Views/Pipeline/PipelineStage.swift",
"Views/Pipeline/PipelineView.swift",
"Views/ProgressView.swift",
"Views/RSSI/RSSIShape.swift",
"Views/RSSI/RSSIView.swift",
"Views/SourceCodeLinkView.swift"
],
"type" : "library"
}
],
"tools_version" : "5.6"
}
{
"workspace" : {
"name" : "spi-builder-workspace",
"schemes" : [
"iOSCommonLibraries"
]
}
}
2026-08-30 07:37:41.978 xcodebuild[658:3968] [MT] IDERunDestination: Supported platforms for the buildables in the current scheme is empty.
Running build ...
env DEVELOPER_DIR=/Applications/Xcode-26.5.0.app xcrun xcodebuild -IDEClonedSourcePackagesDirPathOverride=$PWD/.dependencies -skipMacroValidation -skipPackagePluginValidation -derivedDataPath $PWD/.derivedData build -scheme iOSCommonLibraries -destination generic/platform=xrOS
Command line invocation:
/Applications/Xcode-26.5.0.app/Contents/Developer/usr/bin/xcodebuild -IDEClonedSourcePackagesDirPathOverride=/Users/admin/builder/spi-builder-workspace/.dependencies -skipMacroValidation -skipPackagePluginValidation -derivedDataPath /Users/admin/builder/spi-builder-workspace/.derivedData build -scheme iOSCommonLibraries -destination generic/platform=xrOS
Resolve Package Graph
Resolved source packages:
iOSCommonLibraries: /Users/admin/builder/spi-builder-workspace
ComputePackagePrebuildTargetDependencyGraph
Prepare packages
CreateBuildRequest
SendProjectDescription
CreateBuildOperation
ComputeTargetDependencyGraph
note: Building targets in dependency order
note: Target dependency graph (2 targets)
Target 'iOSCommonLibraries' in project 'iOSCommonLibraries'
➜ Explicit dependency on target 'iOS-Common-Libraries' in project 'iOSCommonLibraries'
Target 'iOS-Common-Libraries' in project 'iOSCommonLibraries' (no dependencies)
GatherProvisioningInputs
CreateBuildDescription
ExecuteExternalTool /Applications/Xcode-26.5.0.app/Contents/Developer/Toolchains/XcodeDefault.xctoolchain/usr/bin/clang -v -E -dM -isysroot /Applications/Xcode-26.5.0.app/Contents/Developer/Platforms/XROS.platform/Developer/SDKs/XROS26.5.sdk -x c -c /dev/null
ExecuteExternalTool /Applications/Xcode-26.5.0.app/Contents/Developer/Toolchains/XcodeDefault.xctoolchain/usr/bin/swiftc --version
ExecuteExternalTool /Applications/Xcode-26.5.0.app/Contents/Developer/Toolchains/XcodeDefault.xctoolchain/usr/bin/ld -version_details
Build description signature: b6b903c97332cf33996bac68717c809c
Build description path: /Users/admin/builder/spi-builder-workspace/.derivedData/Build/Intermediates.noindex/XCBuildData/b6b903c97332cf33996bac68717c809c.xcbuilddata
ClangStatCache /Applications/Xcode-26.5.0.app/Contents/Developer/Toolchains/XcodeDefault.xctoolchain/usr/bin/clang-stat-cache /Applications/Xcode-26.5.0.app/Contents/Developer/Platforms/XROS.platform/Developer/SDKs/XROS26.5.sdk /Users/admin/builder/spi-builder-workspace/.derivedData/SDKStatCaches.noindex/xros26.5-23O469-688ef53f1462e2c8f657fdc38a81448f73f9c068cd48276448ef291a7ea74bec.sdkstatcache
cd /Users/admin/builder/spi-builder-workspace/.swiftpm/xcode
/Applications/Xcode-26.5.0.app/Contents/Developer/Toolchains/XcodeDefault.xctoolchain/usr/bin/clang-stat-cache /Applications/Xcode-26.5.0.app/Contents/Developer/Platforms/XROS.platform/Developer/SDKs/XROS26.5.sdk -o /Users/admin/builder/spi-builder-workspace/.derivedData/SDKStatCaches.noindex/xros26.5-23O469-688ef53f1462e2c8f657fdc38a81448f73f9c068cd48276448ef291a7ea74bec.sdkstatcache
CreateBuildDirectory /Users/admin/builder/spi-builder-workspace/.derivedData/Build/Products
cd /Users/admin/builder/spi-builder-workspace/.swiftpm/xcode
builtin-create-build-directory /Users/admin/builder/spi-builder-workspace/.derivedData/Build/Products
CreateBuildDirectory /Users/admin/builder/spi-builder-workspace/.derivedData/Build/Intermediates.noindex
cd /Users/admin/builder/spi-builder-workspace/.swiftpm/xcode
builtin-create-build-directory /Users/admin/builder/spi-builder-workspace/.derivedData/Build/Intermediates.noindex
CreateBuildDirectory /Users/admin/builder/spi-builder-workspace/.derivedData/Build/Intermediates.noindex/ExplicitPrecompiledModules
cd /Users/admin/builder/spi-builder-workspace/.swiftpm/xcode
builtin-create-build-directory /Users/admin/builder/spi-builder-workspace/.derivedData/Build/Intermediates.noindex/ExplicitPrecompiledModules
CreateBuildDirectory /Users/admin/builder/spi-builder-workspace/.derivedData/Build/Intermediates.noindex/SwiftExplicitPrecompiledModules
cd /Users/admin/builder/spi-builder-workspace/.swiftpm/xcode
builtin-create-build-directory /Users/admin/builder/spi-builder-workspace/.derivedData/Build/Intermediates.noindex/SwiftExplicitPrecompiledModules
CreateBuildDirectory /Users/admin/builder/spi-builder-workspace/.derivedData/Build/Intermediates.noindex/EagerLinkingTBDs/Debug-xros
cd /Users/admin/builder/spi-builder-workspace/.swiftpm/xcode
builtin-create-build-directory /Users/admin/builder/spi-builder-workspace/.derivedData/Build/Intermediates.noindex/EagerLinkingTBDs/Debug-xros
CreateBuildDirectory /Users/admin/builder/spi-builder-workspace/.derivedData/Build/Products/Debug-xros
cd /Users/admin/builder/spi-builder-workspace/.swiftpm/xcode
builtin-create-build-directory /Users/admin/builder/spi-builder-workspace/.derivedData/Build/Products/Debug-xros
CreateBuildDirectory /Users/admin/builder/spi-builder-workspace/.derivedData/Build/Products/Debug-xros/PackageFrameworks
cd /Users/admin/builder/spi-builder-workspace/.swiftpm/xcode
builtin-create-build-directory /Users/admin/builder/spi-builder-workspace/.derivedData/Build/Products/Debug-xros/PackageFrameworks
WriteAuxiliaryFile /Users/admin/builder/spi-builder-workspace/.derivedData/Build/Intermediates.noindex/iOSCommonLibraries.build/Debug-xros/iOS-Common-Libraries.build/iOS-Common-Libraries.DependencyStaticMetadataFileList (in target 'iOS-Common-Libraries' from project 'iOSCommonLibraries')
cd /Users/admin/builder/spi-builder-workspace
write-file /Users/admin/builder/spi-builder-workspace/.derivedData/Build/Intermediates.noindex/iOSCommonLibraries.build/Debug-xros/iOS-Common-Libraries.build/iOS-Common-Libraries.DependencyStaticMetadataFileList
WriteAuxiliaryFile /Users/admin/builder/spi-builder-workspace/.derivedData/Build/Intermediates.noindex/iOSCommonLibraries.build/Debug-xros/iOS-Common-Libraries.build/iOS-Common-Libraries.modulemap (in target 'iOS-Common-Libraries' from project 'iOSCommonLibraries')
cd /Users/admin/builder/spi-builder-workspace
write-file /Users/admin/builder/spi-builder-workspace/.derivedData/Build/Intermediates.noindex/iOSCommonLibraries.build/Debug-xros/iOS-Common-Libraries.build/iOS-Common-Libraries.modulemap
WriteAuxiliaryFile /Users/admin/builder/spi-builder-workspace/.derivedData/Build/Intermediates.noindex/iOSCommonLibraries.build/Debug-xros/iOS-Common-Libraries.build/iOS-Common-Libraries.DependencyMetadataFileList (in target 'iOS-Common-Libraries' from project 'iOSCommonLibraries')
cd /Users/admin/builder/spi-builder-workspace
write-file /Users/admin/builder/spi-builder-workspace/.derivedData/Build/Intermediates.noindex/iOSCommonLibraries.build/Debug-xros/iOS-Common-Libraries.build/iOS-Common-Libraries.DependencyMetadataFileList
WriteAuxiliaryFile /Users/admin/builder/spi-builder-workspace/.derivedData/Build/Intermediates.noindex/iOSCommonLibraries.build/Debug-xros/iOS-Common-Libraries.build/Objects-normal/arm64/iOS-Common-Libraries_const_extract_protocols.json (in target 'iOS-Common-Libraries' from project 'iOSCommonLibraries')
cd /Users/admin/builder/spi-builder-workspace
write-file /Users/admin/builder/spi-builder-workspace/.derivedData/Build/Intermediates.noindex/iOSCommonLibraries.build/Debug-xros/iOS-Common-Libraries.build/Objects-normal/arm64/iOS-Common-Libraries_const_extract_protocols.json
WriteAuxiliaryFile /Users/admin/builder/spi-builder-workspace/.derivedData/Build/Intermediates.noindex/iOSCommonLibraries.build/Debug-xros/iOS-Common-Libraries.build/Objects-normal/arm64/iOS-Common-Libraries.SwiftConstValuesFileList (in target 'iOS-Common-Libraries' from project 'iOSCommonLibraries')
cd /Users/admin/builder/spi-builder-workspace
write-file /Users/admin/builder/spi-builder-workspace/.derivedData/Build/Intermediates.noindex/iOSCommonLibraries.build/Debug-xros/iOS-Common-Libraries.build/Objects-normal/arm64/iOS-Common-Libraries.SwiftConstValuesFileList
WriteAuxiliaryFile /Users/admin/builder/spi-builder-workspace/.derivedData/Build/Intermediates.noindex/iOSCommonLibraries.build/Debug-xros/iOS-Common-Libraries.build/Objects-normal/arm64/iOS-Common-Libraries.LinkFileList (in target 'iOS-Common-Libraries' from project 'iOSCommonLibraries')
cd /Users/admin/builder/spi-builder-workspace
write-file /Users/admin/builder/spi-builder-workspace/.derivedData/Build/Intermediates.noindex/iOSCommonLibraries.build/Debug-xros/iOS-Common-Libraries.build/Objects-normal/arm64/iOS-Common-Libraries.LinkFileList
WriteAuxiliaryFile /Users/admin/builder/spi-builder-workspace/.derivedData/Build/Intermediates.noindex/iOSCommonLibraries.build/Debug-xros/iOS-Common-Libraries.build/Objects-normal/arm64/iOS-Common-Libraries-OutputFileMap.json (in target 'iOS-Common-Libraries' from project 'iOSCommonLibraries')
cd /Users/admin/builder/spi-builder-workspace
write-file /Users/admin/builder/spi-builder-workspace/.derivedData/Build/Intermediates.noindex/iOSCommonLibraries.build/Debug-xros/iOS-Common-Libraries.build/Objects-normal/arm64/iOS-Common-Libraries-OutputFileMap.json
WriteAuxiliaryFile /Users/admin/builder/spi-builder-workspace/.derivedData/Build/Intermediates.noindex/iOSCommonLibraries.build/Debug-xros/iOS-Common-Libraries.build/Objects-normal/arm64/iOS-Common-Libraries.SwiftFileList (in target 'iOS-Common-Libraries' from project 'iOSCommonLibraries')
cd /Users/admin/builder/spi-builder-workspace
write-file /Users/admin/builder/spi-builder-workspace/.derivedData/Build/Intermediates.noindex/iOSCommonLibraries.build/Debug-xros/iOS-Common-Libraries.build/Objects-normal/arm64/iOS-Common-Libraries.SwiftFileList
Copy /Users/admin/builder/spi-builder-workspace/.derivedData/Build/Intermediates.noindex/GeneratedModuleMaps-xros/iOS-Common-Libraries.modulemap /Users/admin/builder/spi-builder-workspace/.derivedData/Build/Intermediates.noindex/iOSCommonLibraries.build/Debug-xros/iOS-Common-Libraries.build/iOS-Common-Libraries.modulemap (in target 'iOS-Common-Libraries' from project 'iOSCommonLibraries')
cd /Users/admin/builder/spi-builder-workspace
builtin-copy -exclude .DS_Store -exclude CVS -exclude .svn -exclude .git -exclude .hg -resolve-src-symlinks /Users/admin/builder/spi-builder-workspace/.derivedData/Build/Intermediates.noindex/iOSCommonLibraries.build/Debug-xros/iOS-Common-Libraries.build/iOS-Common-Libraries.modulemap /Users/admin/builder/spi-builder-workspace/.derivedData/Build/Intermediates.noindex/GeneratedModuleMaps-xros
SwiftDriver iOS-Common-Libraries normal arm64 com.apple.xcode.tools.swift.compiler (in target 'iOS-Common-Libraries' from project 'iOSCommonLibraries')
cd /Users/admin/builder/spi-builder-workspace/.swiftpm/xcode
builtin-SwiftDriver -- /Applications/Xcode-26.5.0.app/Contents/Developer/Toolchains/XcodeDefault.xctoolchain/usr/bin/swiftc -module-name iOS_Common_Libraries -Onone @/Users/admin/builder/spi-builder-workspace/.derivedData/Build/Intermediates.noindex/iOSCommonLibraries.build/Debug-xros/iOS-Common-Libraries.build/Objects-normal/arm64/iOS-Common-Libraries.SwiftFileList -DSWIFT_PACKAGE -DDEBUG -DSWIFT_MODULE_RESOURCE_BUNDLE_UNAVAILABLE -DXcode -plugin-path /Applications/Xcode-26.5.0.app/Contents/Developer/Toolchains/XcodeDefault.xctoolchain/usr/lib/swift/host/plugins/testing -enable-experimental-feature DebugDescriptionMacro -sdk /Applications/Xcode-26.5.0.app/Contents/Developer/Platforms/XROS.platform/Developer/SDKs/XROS26.5.sdk -target arm64-apple-xros1.0 -g -module-cache-path /Users/admin/builder/spi-builder-workspace/.derivedData/ModuleCache.noindex -Xfrontend -serialize-debugging-options -profile-coverage-mapping -profile-generate -enable-testing -index-store-path /Users/admin/builder/spi-builder-workspace/.derivedData/Index.noindex/DataStore -Xcc -D_LIBCPP_HARDENING_MODE\=_LIBCPP_HARDENING_MODE_DEBUG -swift-version 5 -I /Users/admin/builder/spi-builder-workspace/.derivedData/Build/Products/Debug-xros -Isystem /Applications/Xcode-26.5.0.app/Contents/Developer/Platforms/XROS.platform/Developer/usr/lib -F /Users/admin/builder/spi-builder-workspace/.derivedData/Build/Products/Debug-xros -F /Applications/Xcode-26.5.0.app/Contents/Developer/Platforms/XROS.platform/Developer/Library/Frameworks -F /Applications/Xcode-26.5.0.app/Contents/Developer/Platforms/XROS.platform/Developer/SDKs/XROS26.5.sdk/Developer/Library/Frameworks -c -j10 -enable-batch-mode -incremental -Xcc -ivfsstatcache -Xcc /Users/admin/builder/spi-builder-workspace/.derivedData/SDKStatCaches.noindex/xros26.5-23O469-688ef53f1462e2c8f657fdc38a81448f73f9c068cd48276448ef291a7ea74bec.sdkstatcache -output-file-map /Users/admin/builder/spi-builder-workspace/.derivedData/Build/Intermediates.noindex/iOSCommonLibraries.build/Debug-xros/iOS-Common-Libraries.build/Objects-normal/arm64/iOS-Common-Libraries-OutputFileMap.json -use-frontend-parseable-output -save-temps -no-color-diagnostics -explicit-module-build -module-cache-path /Users/admin/builder/spi-builder-workspace/.derivedData/Build/Intermediates.noindex/SwiftExplicitPrecompiledModules -clang-scanner-module-cache-path /Users/admin/builder/spi-builder-workspace/.derivedData/ModuleCache.noindex -sdk-module-cache-path /Users/admin/builder/spi-builder-workspace/.derivedData/ModuleCache.noindex -serialize-diagnostics -emit-dependencies -emit-module -emit-module-path /Users/admin/builder/spi-builder-workspace/.derivedData/Build/Intermediates.noindex/iOSCommonLibraries.build/Debug-xros/iOS-Common-Libraries.build/Objects-normal/arm64/iOS_Common_Libraries.swiftmodule -validate-clang-modules-once -clang-build-session-file /Users/admin/builder/spi-builder-workspace/.derivedData/ModuleCache.noindex/Session.modulevalidation -Xcc -I/Users/admin/builder/spi-builder-workspace/.derivedData/Build/Intermediates.noindex/iOSCommonLibraries.build/Debug-xros/iOS-Common-Libraries.build/swift-overrides.hmap -emit-const-values -Xfrontend -const-gather-protocols-file -Xfrontend /Users/admin/builder/spi-builder-workspace/.derivedData/Build/Intermediates.noindex/iOSCommonLibraries.build/Debug-xros/iOS-Common-Libraries.build/Objects-normal/arm64/iOS-Common-Libraries_const_extract_protocols.json -Xcc -I/Users/admin/builder/spi-builder-workspace/.derivedData/Build/Products/Debug-xros/include -Xcc -I/Users/admin/builder/spi-builder-workspace/.derivedData/Build/Intermediates.noindex/iOSCommonLibraries.build/Debug-xros/iOS-Common-Libraries.build/DerivedSources-normal/arm64 -Xcc -I/Users/admin/builder/spi-builder-workspace/.derivedData/Build/Intermediates.noindex/iOSCommonLibraries.build/Debug-xros/iOS-Common-Libraries.build/DerivedSources/arm64 -Xcc -I/Users/admin/builder/spi-builder-workspace/.derivedData/Build/Intermediates.noindex/iOSCommonLibraries.build/Debug-xros/iOS-Common-Libraries.build/DerivedSources -Xcc -DSWIFT_PACKAGE -Xcc -DDEBUG\=1 -emit-objc-header -emit-objc-header-path /Users/admin/builder/spi-builder-workspace/.derivedData/Build/Intermediates.noindex/iOSCommonLibraries.build/Debug-xros/iOS-Common-Libraries.build/Objects-normal/arm64/iOS-Common-Libraries-Swift.h -working-directory /Users/admin/builder/spi-builder-workspace/.swiftpm/xcode -experimental-emit-module-separately -disable-cmo
/Users/admin/builder/spi-builder-workspace/Sources/iOS-Common-Libraries/Extensions/AutoLayout.swift:60:8: error: Unable to resolve module dependency: 'AppKit'
import AppKit
^ (in target 'iOS-Common-Libraries' from project 'iOSCommonLibraries')
/Users/admin/builder/spi-builder-workspace/Sources/iOS-Common-Libraries/Extensions/AutoLayout.swift:60:8: note: A dependency of main module 'iOS_Common_Libraries'
import AppKit
^ (in target 'iOS-Common-Libraries' from project 'iOSCommonLibraries')
2026-08-30 07:37:43.421 xcodebuild[665:4028] [MT] IDERunDestination: Supported platforms for the buildables in the current scheme is empty.
/Users/admin/builder/spi-builder-workspace/Sources/iOS-Common-Libraries/Extensions/AutoLayout.swift:60:8: error: unable to resolve module dependency: 'AppKit'
import AppKit
^
/Users/admin/builder/spi-builder-workspace/Sources/iOS-Common-Libraries/Extensions/AutoLayout.swift:60:8: note: a dependency of main module 'iOS_Common_Libraries'
import AppKit
^
** BUILD FAILED **
The following build commands failed:
SwiftDriver iOS-Common-Libraries normal arm64 com.apple.xcode.tools.swift.compiler (in target 'iOS-Common-Libraries' from project 'iOSCommonLibraries')
Building workspace spi-builder-workspace with scheme iOSCommonLibraries
(2 failures)
Command line invocation:
/Applications/Xcode-26.5.0.app/Contents/Developer/usr/bin/xcodebuild -IDEClonedSourcePackagesDirPathOverride=/Users/admin/builder/spi-builder-workspace/.dependencies -resolvePackageDependencies
Resolve Package Graph
Resolved source packages:
iOSCommonLibraries: /Users/admin/builder/spi-builder-workspace
resolved source packages: iOSCommonLibraries
2026-08-30 07:37:49.081 xcodebuild[691:4262] [MT] IDERunDestination: Supported platforms for the buildables in the current scheme is empty.
{
"dependencies" : [
],
"manifest_display_name" : "iOSCommonLibraries",
"name" : "iOSCommonLibraries",
"path" : "/Users/admin/builder/spi-builder-workspace",
"platforms" : [
{
"name" : "ios",
"version" : "13.0"
},
{
"name" : "macos",
"version" : "10.15"
}
],
"products" : [
{
"name" : "iOSCommonLibraries",
"targets" : [
"iOS-Common-Libraries"
],
"type" : {
"library" : [
"automatic"
]
}
}
],
"targets" : [
{
"c99name" : "iOS_Common_LibrariesTests",
"module_type" : "SwiftTarget",
"name" : "iOS-Common-LibrariesTests",
"path" : "Tests/iOS-Common-LibrariesTests",
"sources" : [
"iOS_Common_LibrariesTests.swift"
],
"target_dependencies" : [
"iOS-Common-Libraries"
],
"type" : "test"
},
{
"c99name" : "iOS_Common_Libraries",
"module_type" : "SwiftTarget",
"name" : "iOS-Common-Libraries",
"path" : "Sources/iOS-Common-Libraries",
"product_memberships" : [
"iOSCommonLibraries"
],
"sources" : [
"Effects/Modifiers/BlinkingModifier.swift",
"Effects/Modifiers/GlowingModifier.swift",
"Extensions/Array.swift",
"Extensions/AutoLayout.swift",
"Extensions/CGSize.swift",
"Extensions/Collection.swift",
"Extensions/Color/Color.swift",
"Extensions/Color/NSColor.swift",
"Extensions/Color/RGB.swift",
"Extensions/Color/RGBA.swift",
"Extensions/Color/UIColor.swift",
"Extensions/Data.swift",
"Extensions/Date.swift",
"Extensions/Double.swift",
"Extensions/Float.swift",
"Extensions/NordicLog.swift",
"Extensions/Optional.swift",
"Extensions/Publisher.swift",
"Extensions/Sequence.swift",
"Extensions/String.swift",
"Extensions/Task.swift",
"Extensions/UIStackView.swift",
"Extensions/UIView.swift",
"Extensions/View.swift",
"Network/HTTPRequest.swift",
"Network/Network.swift",
"Network/NetworkResponse.swift",
"Network/URLSession.swift",
"Parsers/CommonDataParser.swift",
"Parsers/Data+Ext.swift",
"Parsers/Data/DataParser.swift",
"Parsers/Data/DataReader.swift",
"Parsers/Data/DateParser.swift",
"Parsers/Data/DoubleParser.swift",
"Parsers/Data/SFloatParser.swift",
"Parsers/Data/UInt16Parser.swift",
"Parsers/Data/UInt32Parser.swift",
"Parsers/Data/UInt8Parser.swift",
"Parsers/Glucose/RecordOpcode.swift",
"Parsers/Glucose/RecordOperator.swift",
"Parsers/Glucose/RecordResponseStatus.swift",
"Parsers/Glucose/SensorLocation.swift",
"Parsers/Glucose/SensorType.swift",
"Parsers/Glucose/Status.swift",
"Parsers/GlucoseMeasurement.swift",
"Parsers/HeartRate/HeartRateMeasurement.swift",
"Parsers/HeartRate/HeartRateSensorContact.swift",
"Parsers/HeartRate/HeartRateSensorLocation.swift",
"Parsers/NordicDataParser.swift",
"Parsers/ParsingError.swift",
"Parsers/TemperatureFlag.swift",
"Parsers/TemperatureMeasurement.swift",
"Utilities/BitField.swift",
"Utilities/Cache.swift",
"Utilities/Constant.swift",
"Utilities/ErrorEvent.swift",
"Utilities/Haptic.swift",
"Utilities/LogLevel.swift",
"Utilities/LogRecord.swift",
"Utilities/Option.swift",
"Utilities/Preview.swift",
"Utilities/RSSI.swift",
"Utilities/SwiftUI/LabelStyle.swift",
"Utilities/SwiftUI/LabeledContentStyle.swift",
"Utilities/SwiftUI/TextFieldAlertModifier.swift",
"Views/AppIconView.swift",
"Views/BadgeView.swift",
"Views/BlinkingCursorView.swift",
"Views/CancellableTextField.swift",
"Views/DevZoneLinkView.swift",
"Views/DotView.swift",
"Views/FPSCounter.swift",
"Views/IndeterminateProgressView.swift",
"Views/InlinePicker.swift",
"Views/InlineSegmentedControlPicker.swift",
"Views/NoContentView.swift",
"Views/NordicDataField.swift",
"Views/PasswordField.swift",
"Views/Pipeline/PipelineManager.swift",
"Views/Pipeline/PipelineStage.swift",
"Views/Pipeline/PipelineView.swift",
"Views/ProgressView.swift",
"Views/RSSI/RSSIShape.swift",
"Views/RSSI/RSSIView.swift",
"Views/SourceCodeLinkView.swift"
],
"type" : "library"
}
],
"tools_version" : "5.6"
}
{
"workspace" : {
"name" : "spi-builder-workspace",
"schemes" : [
"iOSCommonLibraries"
]
}
}
2026-08-30 07:37:50.209 xcodebuild[702:4361] [MT] IDERunDestination: Supported platforms for the buildables in the current scheme is empty.
Running build ...
env DEVELOPER_DIR=/Applications/Xcode-26.5.0.app xcrun xcodebuild -IDEClonedSourcePackagesDirPathOverride=$PWD/.dependencies -skipMacroValidation -skipPackagePluginValidation -derivedDataPath $PWD/.derivedData build -scheme iOSCommonLibraries -destination generic/platform=xrOS
Command line invocation:
/Applications/Xcode-26.5.0.app/Contents/Developer/usr/bin/xcodebuild -IDEClonedSourcePackagesDirPathOverride=/Users/admin/builder/spi-builder-workspace/.dependencies -skipMacroValidation -skipPackagePluginValidation -derivedDataPath /Users/admin/builder/spi-builder-workspace/.derivedData build -scheme iOSCommonLibraries -destination generic/platform=xrOS
Resolve Package Graph
Resolved source packages:
iOSCommonLibraries: /Users/admin/builder/spi-builder-workspace
ComputePackagePrebuildTargetDependencyGraph
Prepare packages
CreateBuildRequest
SendProjectDescription
CreateBuildOperation
ComputeTargetDependencyGraph
note: Building targets in dependency order
note: Target dependency graph (2 targets)
Target 'iOSCommonLibraries' in project 'iOSCommonLibraries'
➜ Explicit dependency on target 'iOS-Common-Libraries' in project 'iOSCommonLibraries'
Target 'iOS-Common-Libraries' in project 'iOSCommonLibraries' (no dependencies)
GatherProvisioningInputs
CreateBuildDescription
ClangStatCache /Applications/Xcode-26.5.0.app/Contents/Developer/Toolchains/XcodeDefault.xctoolchain/usr/bin/clang-stat-cache /Applications/Xcode-26.5.0.app/Contents/Developer/Platforms/XROS.platform/Developer/SDKs/XROS26.5.sdk /Users/admin/builder/spi-builder-workspace/.derivedData/SDKStatCaches.noindex/xros26.5-23O469-688ef53f1462e2c8f657fdc38a81448f73f9c068cd48276448ef291a7ea74bec.sdkstatcache
cd /Users/admin/builder/spi-builder-workspace/.swiftpm/xcode
/Applications/Xcode-26.5.0.app/Contents/Developer/Toolchains/XcodeDefault.xctoolchain/usr/bin/clang-stat-cache /Applications/Xcode-26.5.0.app/Contents/Developer/Platforms/XROS.platform/Developer/SDKs/XROS26.5.sdk -o /Users/admin/builder/spi-builder-workspace/.derivedData/SDKStatCaches.noindex/xros26.5-23O469-688ef53f1462e2c8f657fdc38a81448f73f9c068cd48276448ef291a7ea74bec.sdkstatcache
SwiftDriver iOS-Common-Libraries normal arm64 com.apple.xcode.tools.swift.compiler (in target 'iOS-Common-Libraries' from project 'iOSCommonLibraries')
cd /Users/admin/builder/spi-builder-workspace/.swiftpm/xcode
builtin-SwiftDriver -- /Applications/Xcode-26.5.0.app/Contents/Developer/Toolchains/XcodeDefault.xctoolchain/usr/bin/swiftc -module-name iOS_Common_Libraries -Onone @/Users/admin/builder/spi-builder-workspace/.derivedData/Build/Intermediates.noindex/iOSCommonLibraries.build/Debug-xros/iOS-Common-Libraries.build/Objects-normal/arm64/iOS-Common-Libraries.SwiftFileList -DSWIFT_PACKAGE -DDEBUG -DSWIFT_MODULE_RESOURCE_BUNDLE_UNAVAILABLE -DXcode -plugin-path /Applications/Xcode-26.5.0.app/Contents/Developer/Toolchains/XcodeDefault.xctoolchain/usr/lib/swift/host/plugins/testing -enable-experimental-feature DebugDescriptionMacro -sdk /Applications/Xcode-26.5.0.app/Contents/Developer/Platforms/XROS.platform/Developer/SDKs/XROS26.5.sdk -target arm64-apple-xros1.0 -g -module-cache-path /Users/admin/builder/spi-builder-workspace/.derivedData/ModuleCache.noindex -Xfrontend -serialize-debugging-options -profile-coverage-mapping -profile-generate -enable-testing -index-store-path /Users/admin/builder/spi-builder-workspace/.derivedData/Index.noindex/DataStore -Xcc -D_LIBCPP_HARDENING_MODE\=_LIBCPP_HARDENING_MODE_DEBUG -swift-version 5 -I /Users/admin/builder/spi-builder-workspace/.derivedData/Build/Products/Debug-xros -Isystem /Applications/Xcode-26.5.0.app/Contents/Developer/Platforms/XROS.platform/Developer/usr/lib -F /Users/admin/builder/spi-builder-workspace/.derivedData/Build/Products/Debug-xros -F /Applications/Xcode-26.5.0.app/Contents/Developer/Platforms/XROS.platform/Developer/Library/Frameworks -F /Applications/Xcode-26.5.0.app/Contents/Developer/Platforms/XROS.platform/Developer/SDKs/XROS26.5.sdk/Developer/Library/Frameworks -c -j10 -enable-batch-mode -incremental -Xcc -ivfsstatcache -Xcc /Users/admin/builder/spi-builder-workspace/.derivedData/SDKStatCaches.noindex/xros26.5-23O469-688ef53f1462e2c8f657fdc38a81448f73f9c068cd48276448ef291a7ea74bec.sdkstatcache -output-file-map /Users/admin/builder/spi-builder-workspace/.derivedData/Build/Intermediates.noindex/iOSCommonLibraries.build/Debug-xros/iOS-Common-Libraries.build/Objects-normal/arm64/iOS-Common-Libraries-OutputFileMap.json -use-frontend-parseable-output -save-temps -no-color-diagnostics -explicit-module-build -module-cache-path /Users/admin/builder/spi-builder-workspace/.derivedData/Build/Intermediates.noindex/SwiftExplicitPrecompiledModules -clang-scanner-module-cache-path /Users/admin/builder/spi-builder-workspace/.derivedData/ModuleCache.noindex -sdk-module-cache-path /Users/admin/builder/spi-builder-workspace/.derivedData/ModuleCache.noindex -serialize-diagnostics -emit-dependencies -emit-module -emit-module-path /Users/admin/builder/spi-builder-workspace/.derivedData/Build/Intermediates.noindex/iOSCommonLibraries.build/Debug-xros/iOS-Common-Libraries.build/Objects-normal/arm64/iOS_Common_Libraries.swiftmodule -validate-clang-modules-once -clang-build-session-file /Users/admin/builder/spi-builder-workspace/.derivedData/ModuleCache.noindex/Session.modulevalidation -Xcc -I/Users/admin/builder/spi-builder-workspace/.derivedData/Build/Intermediates.noindex/iOSCommonLibraries.build/Debug-xros/iOS-Common-Libraries.build/swift-overrides.hmap -emit-const-values -Xfrontend -const-gather-protocols-file -Xfrontend /Users/admin/builder/spi-builder-workspace/.derivedData/Build/Intermediates.noindex/iOSCommonLibraries.build/Debug-xros/iOS-Common-Libraries.build/Objects-normal/arm64/iOS-Common-Libraries_const_extract_protocols.json -Xcc -I/Users/admin/builder/spi-builder-workspace/.derivedData/Build/Products/Debug-xros/include -Xcc -I/Users/admin/builder/spi-builder-workspace/.derivedData/Build/Intermediates.noindex/iOSCommonLibraries.build/Debug-xros/iOS-Common-Libraries.build/DerivedSources-normal/arm64 -Xcc -I/Users/admin/builder/spi-builder-workspace/.derivedData/Build/Intermediates.noindex/iOSCommonLibraries.build/Debug-xros/iOS-Common-Libraries.build/DerivedSources/arm64 -Xcc -I/Users/admin/builder/spi-builder-workspace/.derivedData/Build/Intermediates.noindex/iOSCommonLibraries.build/Debug-xros/iOS-Common-Libraries.build/DerivedSources -Xcc -DSWIFT_PACKAGE -Xcc -DDEBUG\=1 -emit-objc-header -emit-objc-header-path /Users/admin/builder/spi-builder-workspace/.derivedData/Build/Intermediates.noindex/iOSCommonLibraries.build/Debug-xros/iOS-Common-Libraries.build/Objects-normal/arm64/iOS-Common-Libraries-Swift.h -working-directory /Users/admin/builder/spi-builder-workspace/.swiftpm/xcode -experimental-emit-module-separately -disable-cmo
/Users/admin/builder/spi-builder-workspace/Sources/iOS-Common-Libraries/Extensions/AutoLayout.swift:60:8: error: Unable to resolve module dependency: 'AppKit'
import AppKit
^ (in target 'iOS-Common-Libraries' from project 'iOSCommonLibraries')
/Users/admin/builder/spi-builder-workspace/Sources/iOS-Common-Libraries/Extensions/AutoLayout.swift:60:8: note: A dependency of main module 'iOS_Common_Libraries'
import AppKit
^ (in target 'iOS-Common-Libraries' from project 'iOSCommonLibraries')
2026-08-30 07:37:51.157 xcodebuild[705:4400] [MT] IDERunDestination: Supported platforms for the buildables in the current scheme is empty.
/Users/admin/builder/spi-builder-workspace/Sources/iOS-Common-Libraries/Extensions/AutoLayout.swift:60:8: error: unable to resolve module dependency: 'AppKit'
import AppKit
^
/Users/admin/builder/spi-builder-workspace/Sources/iOS-Common-Libraries/Extensions/AutoLayout.swift:60:8: note: a dependency of main module 'iOS_Common_Libraries'
import AppKit
^
** BUILD FAILED **
The following build commands failed:
SwiftDriver iOS-Common-Libraries normal arm64 com.apple.xcode.tools.swift.compiler (in target 'iOS-Common-Libraries' from project 'iOSCommonLibraries')
Building workspace spi-builder-workspace with scheme iOSCommonLibraries
(2 failures)
BUILD FAILURE 6.3 visionOS