Build Information
Failed to build Teleroute, reference 3.3.0 (3f7adf), with Swift 6.1 for watchOS using Xcode 16.3 on 30 Sep 2026 05:08:34 UTC.
Build Command
No build command. This typically means the build failed at an early stage where we determine the build command.Build Log
========================================
RunAll
========================================
Builder version: 5.1.1
Interrupt handler set up.
========================================
Checkout
========================================
Clone URL: https://github.com/tixster/Teleroute.git
Reference: 3.3.0
Initialized empty Git repository in /Users/admin/builder/spi-builder-workspace/.git/
From https://github.com/tixster/Teleroute
* tag 3.3.0 -> FETCH_HEAD
HEAD is now at 3f7adf0 Discussion forwards: await channel posts in linked chats, rename bot.bot to bot.client
Cloned https://github.com/tixster/Teleroute.git
Revision (git rev-parse @):
3f7adf0373bf6fe4405339a96f5579da41fc5197
SPI manifest file found: $PWD/.spi.yml
SUCCESS checkout https://github.com/tixster/Teleroute.git at 3.3.0
========================================
Build
========================================
Selected platform: watchOS
Swift version: 6.1
Building package at path: $PWD
https://github.com/tixster/Teleroute.git
https://github.com/tixster/Teleroute.git
error: 'spi-builder-workspace': package 'spi-builder-workspace' is using Swift tools version 6.4.0 but the installed version is 6.1.0
error: fatalError
Command line invocation:
/Applications/Xcode-16.3.0.app/Contents/Developer/usr/bin/xcodebuild -IDEClonedSourcePackagesDirPathOverride=/Users/admin/builder/spi-builder-workspace/.dependencies -resolvePackageDependencies
Resolve Package Graph
package 'spi-builder-workspace' is using Swift tools version 6.4.0 but the installed version is 6.1.0
Resolved source packages:
spi-builder-workspace: (null)
2026-09-29 22:08:33.840 xcodebuild[503:2913] Writing error result bundle to /var/folders/5k/5yc19ymj0jqd5v0zvgfqz0xw0000gn/T/ResultBundle_2026-29-09_22-08-0033.xcresult
xcodebuild: error: Could not resolve package dependencies:
package 'spi-builder-workspace' is using Swift tools version 6.4.0 but the installed version is 6.1.0
Command line invocation:
/Applications/Xcode-16.3.0.app/Contents/Developer/usr/bin/xcodebuild -IDEClonedSourcePackagesDirPathOverride=/Users/admin/builder/spi-builder-workspace/.dependencies -resolvePackageDependencies
Resolve Package Graph
package 'spi-builder-workspace' is using Swift tools version 6.4.0 but the installed version is 6.1.0
Resolved source packages:
spi-builder-workspace: (null)
2026-09-29 22:08:34.616 xcodebuild[519:3046] Writing error result bundle to /var/folders/5k/5yc19ymj0jqd5v0zvgfqz0xw0000gn/T/ResultBundle_2026-29-09_22-08-0034.xcresult
xcodebuild: error: Could not resolve package dependencies:
package 'spi-builder-workspace' is using Swift tools version 6.4.0 but the installed version is 6.1.0
BUILD FAILURE 6.1 watchOS