Build Information
Failed to build blackberry-dynamics-ios-sdk, reference main (6b5dc8), with Swift 6.4 for watchOS using Xcode 27.0 on 23 Sep 2026 09:24:40 UTC.
Build Command
env DEVELOPER_DIR=/Applications/Xcode-27.0.0-Release.Candidate.app xcrun xcodebuild -IDEClonedSourcePackagesDirPathOverride=$PWD/.dependencies -skipMacroValidation -skipPackagePluginValidation -derivedDataPath $PWD/.derivedData build -scheme blackberry-dynamics-ios-sdk-Package -destination generic/platform=watchOSBuild Log
========================================
RunAll
========================================
Builder version: 5.1.0
Interrupt handler set up.
========================================
Checkout
========================================
Clone URL: https://github.com/MFB-Technologies-Inc/blackberry-dynamics-ios-sdk.git
Reference: main
Initialized empty Git repository in /Users/admin/builder/spi-builder-workspace/.git/
From https://github.com/MFB-Technologies-Inc/blackberry-dynamics-ios-sdk
* branch main -> FETCH_HEAD
* [new branch] main -> origin/main
HEAD is now at 6b5dc8f Merge pull request #13 from MFB-Technologies-Inc/update-readme-for-archive
Cloned https://github.com/MFB-Technologies-Inc/blackberry-dynamics-ios-sdk.git
Revision (git rev-parse @):
6b5dc8fd46165c24032e50e7c6c7a330636f8832
SUCCESS checkout https://github.com/MFB-Technologies-Inc/blackberry-dynamics-ios-sdk.git at main
========================================
Build
========================================
Selected platform: watchOS
Swift version: 6.4
Building package at path: $PWD
https://github.com/MFB-Technologies-Inc/blackberry-dynamics-ios-sdk.git
Command line invocation:
/Applications/Xcode-27.0.0-Release.Candidate.app/Contents/Developer/usr/bin/xcodebuild -IDEClonedSourcePackagesDirPathOverride=/Users/admin/builder/spi-builder-workspace/.dependencies -resolvePackageDependencies
Resolve Package Graph
Resolve Package Graph
Resolved source packages:
blackberry-dynamics-ios-sdk: /Users/admin/builder/spi-builder-workspace
resolved source packages: blackberry-dynamics-ios-sdk
2026-09-23 05:24:02.246 xcodebuild[529:3030] [MT] IDERunDestination: Supported platforms for the buildables in the current scheme is empty.
{
"dependencies" : [
],
"manifest_display_name" : "blackberry-dynamics-ios-sdk",
"name" : "blackberry-dynamics-ios-sdk",
"path" : "/Users/admin/builder/spi-builder-workspace",
"platforms" : [
{
"name" : "ios",
"version" : "17.0"
}
],
"products" : [
{
"name" : "BlackBerryCerticom",
"targets" : [
"BlackBerryCerticom"
],
"type" : {
"library" : [
"automatic"
]
}
},
{
"name" : "BlackBerryCerticomSBGSE",
"targets" : [
"BlackBerryCerticomSBGSE"
],
"type" : {
"library" : [
"automatic"
]
}
},
{
"name" : "BlackBerryDynamics",
"targets" : [
"BlackBerryDynamics"
],
"type" : {
"library" : [
"automatic"
]
}
},
{
"name" : "BlackBerryDynamicsAutomatedTestSupportLibrary",
"targets" : [
"BlackBerryDynamicsAutomatedTestSupportLibrary"
],
"type" : {
"library" : [
"automatic"
]
}
}
],
"targets" : [
{
"c99name" : "BlackBerryDynamicsAutomatedTestSupportLibrary",
"module_type" : "BinaryTarget",
"name" : "BlackBerryDynamicsAutomatedTestSupportLibrary",
"path" : "remote/archive/BlackBerryDynamicsAutomatedTestSupportLibrary.xcframework.zip",
"product_memberships" : [
"BlackBerryDynamicsAutomatedTestSupportLibrary"
],
"sources" : [
],
"type" : "binary"
},
{
"c99name" : "BlackBerryDynamics",
"module_type" : "BinaryTarget",
"name" : "BlackBerryDynamics",
"path" : "remote/archive/BlackBerryDynamics.xcframework.zip",
"product_memberships" : [
"BlackBerryDynamics"
],
"sources" : [
],
"type" : "binary"
},
{
"c99name" : "BlackBerryCerticomSBGSE",
"module_type" : "BinaryTarget",
"name" : "BlackBerryCerticomSBGSE",
"path" : "remote/archive/BlackBerryCerticomSBGSE.xcframework.zip",
"product_memberships" : [
"BlackBerryCerticomSBGSE"
],
"sources" : [
],
"type" : "binary"
},
{
"c99name" : "BlackBerryCerticom",
"module_type" : "BinaryTarget",
"name" : "BlackBerryCerticom",
"path" : "remote/archive/BlackBerryCerticom.xcframework.zip",
"product_memberships" : [
"BlackBerryCerticom"
],
"sources" : [
],
"type" : "binary"
}
],
"tools_version" : "5.9"
}
{
"workspace" : {
"name" : "blackberry-dynamics-ios-sdk",
"schemes" : [
"blackberry-dynamics-ios-sdk-Package",
"BlackBerryCerticom",
"BlackBerryCerticomSBGSE",
"BlackBerryDynamics",
"BlackBerryDynamicsAutomatedTestSupportLibrary"
]
}
}
2026-09-23 05:24:34.159 xcodebuild[674:3950] [MT] IDERunDestination: Supported platforms for the buildables in the current scheme is empty.
Running build ...
env DEVELOPER_DIR=/Applications/Xcode-27.0.0-Release.Candidate.app xcrun xcodebuild -IDEClonedSourcePackagesDirPathOverride=$PWD/.dependencies -skipMacroValidation -skipPackagePluginValidation -derivedDataPath $PWD/.derivedData build -scheme blackberry-dynamics-ios-sdk-Package -destination generic/platform=watchOS
Command line invocation:
/Applications/Xcode-27.0.0-Release.Candidate.app/Contents/Developer/usr/bin/xcodebuild -IDEClonedSourcePackagesDirPathOverride=/Users/admin/builder/spi-builder-workspace/.dependencies -skipMacroValidation -skipPackagePluginValidation -derivedDataPath /Users/admin/builder/spi-builder-workspace/.derivedData build -scheme blackberry-dynamics-ios-sdk-Package -destination generic/platform=watchOS
Resolve Package Graph
Resolved source packages:
blackberry-dynamics-ios-sdk: /Users/admin/builder/spi-builder-workspace
ComputePackagePrebuildTargetDependencyGraph
Prepare packages
CreateBuildRequest
SendProjectDescription
CreateBuildOperation
ComputeTargetDependencyGraph
note: Building targets in dependency order
note: Target dependency graph (4 targets)
Target 'BlackBerryDynamicsAutomatedTestSupportLibrary-product' in project 'blackberry-dynamics-ios-sdk' (no dependencies)
Target 'BlackBerryDynamics-product' in project 'blackberry-dynamics-ios-sdk' (no dependencies)
Target 'BlackBerryCerticomSBGSE-product' in project 'blackberry-dynamics-ios-sdk' (no dependencies)
Target 'BlackBerryCerticom-product' in project 'blackberry-dynamics-ios-sdk' (no dependencies)
GatherProvisioningInputs
CreateBuildDescription
ExecuteExternalTool /Applications/Xcode-27.0.0-Release.Candidate.app/Contents/Developer/Toolchains/XcodeDefault.xctoolchain/usr/bin/clang -v -E -dM -isysroot /Applications/Xcode-27.0.0-Release.Candidate.app/Contents/Developer/Platforms/WatchOS.platform/Developer/SDKs/WatchOS27.0.sdk -x c -c /dev/null
Build description signature: 4affe849e96bb631c93172559e67ecbb
Build description path: /Users/admin/builder/spi-builder-workspace/.derivedData/Build/Intermediates.noindex/XCBuildData/4affe849e96bb631c93172559e67ecbb.xcbuilddata
/Users/admin/builder/spi-builder-workspace/.dependencies/artifacts/spi-builder-workspace/BlackBerryCerticom/BlackBerryCerticom.xcframework:1:1: error: While building for watchOS, no library for this platform was found in '/Users/admin/builder/spi-builder-workspace/.dependencies/artifacts/spi-builder-workspace/BlackBerryCerticom/BlackBerryCerticom.xcframework'. (in target 'BlackBerryCerticom-product' from project 'blackberry-dynamics-ios-sdk')
/Users/admin/builder/spi-builder-workspace/.dependencies/artifacts/spi-builder-workspace/BlackBerryDynamicsAutomatedTestSupportLibrary/BlackBerryDynamicsAutomatedTestSupportLibrary.xcframework:1:1: error: While building for watchOS, no library for this platform was found in '/Users/admin/builder/spi-builder-workspace/.dependencies/artifacts/spi-builder-workspace/BlackBerryDynamicsAutomatedTestSupportLibrary/BlackBerryDynamicsAutomatedTestSupportLibrary.xcframework'. (in target 'BlackBerryDynamicsAutomatedTestSupportLibrary-product' from project 'blackberry-dynamics-ios-sdk')
/Users/admin/builder/spi-builder-workspace/.dependencies/artifacts/spi-builder-workspace/BlackBerryCerticomSBGSE/BlackBerryCerticomSBGSE.xcframework:1:1: error: While building for watchOS, no library for this platform was found in '/Users/admin/builder/spi-builder-workspace/.dependencies/artifacts/spi-builder-workspace/BlackBerryCerticomSBGSE/BlackBerryCerticomSBGSE.xcframework'. (in target 'BlackBerryCerticomSBGSE-product' from project 'blackberry-dynamics-ios-sdk')
2026-09-23 05:24:35.866 xcodebuild[675:3995] [MT] IDERunDestination: Supported platforms for the buildables in the current scheme is empty.
** BUILD FAILED **
The following build commands failed:
Building workspace blackberry-dynamics-ios-sdk with scheme blackberry-dynamics-ios-sdk-Package
(1 failure)
Command line invocation:
/Applications/Xcode-27.0.0-Release.Candidate.app/Contents/Developer/usr/bin/xcodebuild -IDEClonedSourcePackagesDirPathOverride=/Users/admin/builder/spi-builder-workspace/.dependencies -resolvePackageDependencies
Resolve Package Graph
Resolved source packages:
blackberry-dynamics-ios-sdk: /Users/admin/builder/spi-builder-workspace
resolved source packages: blackberry-dynamics-ios-sdk
2026-09-23 05:24:37.812 xcodebuild[708:4278] [MT] IDERunDestination: Supported platforms for the buildables in the current scheme is empty.
{
"dependencies" : [
],
"manifest_display_name" : "blackberry-dynamics-ios-sdk",
"name" : "blackberry-dynamics-ios-sdk",
"path" : "/Users/admin/builder/spi-builder-workspace",
"platforms" : [
{
"name" : "ios",
"version" : "17.0"
}
],
"products" : [
{
"name" : "BlackBerryCerticom",
"targets" : [
"BlackBerryCerticom"
],
"type" : {
"library" : [
"automatic"
]
}
},
{
"name" : "BlackBerryCerticomSBGSE",
"targets" : [
"BlackBerryCerticomSBGSE"
],
"type" : {
"library" : [
"automatic"
]
}
},
{
"name" : "BlackBerryDynamics",
"targets" : [
"BlackBerryDynamics"
],
"type" : {
"library" : [
"automatic"
]
}
},
{
"name" : "BlackBerryDynamicsAutomatedTestSupportLibrary",
"targets" : [
"BlackBerryDynamicsAutomatedTestSupportLibrary"
],
"type" : {
"library" : [
"automatic"
]
}
}
],
"targets" : [
{
"c99name" : "BlackBerryDynamicsAutomatedTestSupportLibrary",
"module_type" : "BinaryTarget",
"name" : "BlackBerryDynamicsAutomatedTestSupportLibrary",
"path" : "remote/archive/BlackBerryDynamicsAutomatedTestSupportLibrary.xcframework.zip",
"product_memberships" : [
"BlackBerryDynamicsAutomatedTestSupportLibrary"
],
"sources" : [
],
"type" : "binary"
},
{
"c99name" : "BlackBerryDynamics",
"module_type" : "BinaryTarget",
"name" : "BlackBerryDynamics",
"path" : "remote/archive/BlackBerryDynamics.xcframework.zip",
"product_memberships" : [
"BlackBerryDynamics"
],
"sources" : [
],
"type" : "binary"
},
{
"c99name" : "BlackBerryCerticomSBGSE",
"module_type" : "BinaryTarget",
"name" : "BlackBerryCerticomSBGSE",
"path" : "remote/archive/BlackBerryCerticomSBGSE.xcframework.zip",
"product_memberships" : [
"BlackBerryCerticomSBGSE"
],
"sources" : [
],
"type" : "binary"
},
{
"c99name" : "BlackBerryCerticom",
"module_type" : "BinaryTarget",
"name" : "BlackBerryCerticom",
"path" : "remote/archive/BlackBerryCerticom.xcframework.zip",
"product_memberships" : [
"BlackBerryCerticom"
],
"sources" : [
],
"type" : "binary"
}
],
"tools_version" : "5.9"
}
{
"workspace" : {
"name" : "blackberry-dynamics-ios-sdk",
"schemes" : [
"blackberry-dynamics-ios-sdk-Package",
"BlackBerryCerticom",
"BlackBerryCerticomSBGSE",
"BlackBerryDynamics",
"BlackBerryDynamicsAutomatedTestSupportLibrary"
]
}
}
2026-09-23 05:24:39.057 xcodebuild[716:4335] [MT] IDERunDestination: Supported platforms for the buildables in the current scheme is empty.
Running build ...
env DEVELOPER_DIR=/Applications/Xcode-27.0.0-Release.Candidate.app xcrun xcodebuild -IDEClonedSourcePackagesDirPathOverride=$PWD/.dependencies -skipMacroValidation -skipPackagePluginValidation -derivedDataPath $PWD/.derivedData build -scheme blackberry-dynamics-ios-sdk-Package -destination generic/platform=watchOS
Command line invocation:
/Applications/Xcode-27.0.0-Release.Candidate.app/Contents/Developer/usr/bin/xcodebuild -IDEClonedSourcePackagesDirPathOverride=/Users/admin/builder/spi-builder-workspace/.dependencies -skipMacroValidation -skipPackagePluginValidation -derivedDataPath /Users/admin/builder/spi-builder-workspace/.derivedData build -scheme blackberry-dynamics-ios-sdk-Package -destination generic/platform=watchOS
Resolve Package Graph
Resolved source packages:
blackberry-dynamics-ios-sdk: /Users/admin/builder/spi-builder-workspace
ComputePackagePrebuildTargetDependencyGraph
Prepare packages
CreateBuildRequest
SendProjectDescription
CreateBuildOperation
ComputeTargetDependencyGraph
note: Building targets in dependency order
note: Target dependency graph (4 targets)
Target 'BlackBerryDynamicsAutomatedTestSupportLibrary-product' in project 'blackberry-dynamics-ios-sdk' (no dependencies)
Target 'BlackBerryDynamics-product' in project 'blackberry-dynamics-ios-sdk' (no dependencies)
Target 'BlackBerryCerticomSBGSE-product' in project 'blackberry-dynamics-ios-sdk' (no dependencies)
Target 'BlackBerryCerticom-product' in project 'blackberry-dynamics-ios-sdk' (no dependencies)
GatherProvisioningInputs
CreateBuildDescription
/Users/admin/builder/spi-builder-workspace/.dependencies/artifacts/spi-builder-workspace/BlackBerryCerticomSBGSE/BlackBerryCerticomSBGSE.xcframework:1:1: error: While building for watchOS, no library for this platform was found in '/Users/admin/builder/spi-builder-workspace/.dependencies/artifacts/spi-builder-workspace/BlackBerryCerticomSBGSE/BlackBerryCerticomSBGSE.xcframework'. (in target 'BlackBerryCerticomSBGSE-product' from project 'blackberry-dynamics-ios-sdk')
/Users/admin/builder/spi-builder-workspace/.dependencies/artifacts/spi-builder-workspace/BlackBerryDynamicsAutomatedTestSupportLibrary/BlackBerryDynamicsAutomatedTestSupportLibrary.xcframework:1:1: error: While building for watchOS, no library for this platform was found in '/Users/admin/builder/spi-builder-workspace/.dependencies/artifacts/spi-builder-workspace/BlackBerryDynamicsAutomatedTestSupportLibrary/BlackBerryDynamicsAutomatedTestSupportLibrary.xcframework'. (in target 'BlackBerryDynamicsAutomatedTestSupportLibrary-product' from project 'blackberry-dynamics-ios-sdk')
/Users/admin/builder/spi-builder-workspace/.dependencies/artifacts/spi-builder-workspace/BlackBerryCerticom/BlackBerryCerticom.xcframework:1:1: error: While building for watchOS, no library for this platform was found in '/Users/admin/builder/spi-builder-workspace/.dependencies/artifacts/spi-builder-workspace/BlackBerryCerticom/BlackBerryCerticom.xcframework'. (in target 'BlackBerryCerticom-product' from project 'blackberry-dynamics-ios-sdk')
2026-09-23 05:24:40.037 xcodebuild[717:4361] [MT] IDERunDestination: Supported platforms for the buildables in the current scheme is empty.
** BUILD FAILED **
The following build commands failed:
Building workspace blackberry-dynamics-ios-sdk with scheme blackberry-dynamics-ios-sdk-Package
(1 failure)
BUILD FAILURE 6.4 watchOS