The Swift Package Index logo.Swift Package Index

Build Information

Failed to build GoogleGrafeasV1, reference 0.5.0 (e2cad4), with Swift 6.2 for Android on 11 Oct 2026 19:16:14 UTC.

Build Command

bash -c docker run --pull=always --rm -v "checkouts-54344847-2":/host -w "$PWD" -e JAVA_HOME="/root/.sdkman/candidates/java/current" -e SPI_BUILD="1" -e SPI_PROCESSING="1" registry.gitlab.com/saguaro1/spi-images:android-6.2-latest swift build --swift-sdk aarch64-unknown-linux-android28 2>&1

Build Log

========================================
RunAll
========================================
Builder version: 5.1.1
Interrupt handler set up.
========================================
Checkout
========================================
Clone URL: https://github.com/googleapis/swift-grafeas-v1.git
Reference: 0.5.0
Initialized empty Git repository in /host/spi-builder-workspace/.git/
hint: Using 'master' as the name for the initial branch. This default branch name
hint: is subject to change. To configure the initial branch name to use in all
hint: of your new repositories, which will suppress this warning, call:
hint:
hint: 	git config --global init.defaultBranch <name>
hint:
hint: Names commonly chosen instead of 'master' are 'main', 'trunk' and
hint: 'development'. The just-created branch can be renamed via this command:
hint:
hint: 	git branch -m <name>
From https://github.com/googleapis/swift-grafeas-v1
 * tag               0.5.0      -> FETCH_HEAD
HEAD is now at e2cad4d chore: release circa 2026-10-07 (#1382)
Cloned https://github.com/googleapis/swift-grafeas-v1.git
Revision (git rev-parse @):
e2cad4d37f66a8752c097119fefe50f18514c22e
SPI manifest file found: $PWD/.spi.yml
SUCCESS checkout https://github.com/googleapis/swift-grafeas-v1.git at 0.5.0
========================================
Build
========================================
Selected platform:         android
Swift version:             6.2
Building package at path:  $PWD
https://github.com/googleapis/swift-grafeas-v1.git
Running build ...
bash -c docker run --pull=always --rm -v "checkouts-54344847-2":/host -w "$PWD" -e JAVA_HOME="/root/.sdkman/candidates/java/current" -e SPI_BUILD="1" -e SPI_PROCESSING="1" registry.gitlab.com/saguaro1/spi-images:android-6.2-latest swift build --swift-sdk aarch64-unknown-linux-android28 2>&1
android-6.2-latest: Pulling from saguaro1/spi-images
Digest: sha256:a839c9ce201f1dacc8eb056626ec7ab0a1c6d53d7b77c83feda395f4507c51be
Status: Image is up to date for registry.gitlab.com/saguaro1/spi-images:android-6.2-latest
Fetching https://github.com/googleapis/swift-google-rpc
Fetching https://github.com/googleapis/swift-google-auth
Fetching https://github.com/apple/swift-log
Fetching https://github.com/googleapis/swift-google-wkt
Fetching https://github.com/googleapis/swift-google-gax
[1/1023] Fetching swift-google-auth
[697/2046] Fetching swift-google-auth, swift-google-wkt
[794/2468] Fetching swift-google-auth, swift-google-wkt, swift-google-rpc
[1449/4216] Fetching swift-google-auth, swift-google-wkt, swift-google-rpc, swift-google-gax
[2216/12473] Fetching swift-google-auth, swift-google-wkt, swift-google-rpc, swift-google-gax, swift-log
Fetched https://github.com/googleapis/swift-google-auth from cache (0.57s)
[7487/11450] Fetching swift-google-wkt, swift-google-rpc, swift-google-gax, swift-log
Fetched https://github.com/googleapis/swift-google-gax from cache (0.57s)
Fetched https://github.com/googleapis/swift-google-wkt from cache (0.57s)
[4799/8679] Fetching swift-google-rpc, swift-log
Fetched https://github.com/apple/swift-log from cache (0.76s)
Fetched https://github.com/googleapis/swift-google-rpc from cache (0.76s)
Computing version for https://github.com/googleapis/swift-google-wkt
Computed https://github.com/googleapis/swift-google-wkt at 0.5.0 (1.03s)
Fetching https://github.com/swift-extras/swift-extras-base64
[1/954] Fetching swift-extras-base64
Fetched https://github.com/swift-extras/swift-extras-base64 from cache (0.62s)
Computing version for https://github.com/googleapis/swift-google-rpc
Computed https://github.com/googleapis/swift-google-rpc at 0.5.0 (0.97s)
Computing version for https://github.com/googleapis/swift-google-gax
Computed https://github.com/googleapis/swift-google-gax at 0.5.0 (0.32s)
Fetching https://github.com/apple/swift-nio
Fetching https://github.com/swift-server/async-http-client.git
[1/16464] Fetching async-http-client
[16465/102838] Fetching async-http-client, swift-nio
Fetched https://github.com/swift-server/async-http-client.git from cache (1.35s)
[22458/86374] Fetching swift-nio
Fetched https://github.com/apple/swift-nio from cache (5.55s)
Computing version for https://github.com/googleapis/swift-google-auth
Computed https://github.com/googleapis/swift-google-auth at 0.5.0 (5.86s)
Fetching https://github.com/apple/swift-system.git
Fetching https://github.com/vapor/jwt-kit.git
[1/10254] Fetching jwt-kit
[2/17495] Fetching jwt-kit, swift-system
Fetched https://github.com/apple/swift-system.git from cache (0.90s)
[6563/10254] Fetching jwt-kit
Fetched https://github.com/vapor/jwt-kit.git from cache (1.26s)
Computing version for https://github.com/swift-extras/swift-extras-base64
Computed https://github.com/swift-extras/swift-extras-base64 at 1.2.0 (1.49s)
Computing version for https://github.com/swift-server/async-http-client.git
Computed https://github.com/swift-server/async-http-client.git at 1.36.2 (0.31s)
Fetching https://github.com/apple/swift-nio-transport-services.git
Fetching https://github.com/apple/swift-atomics.git
Fetching https://github.com/apple/swift-service-context.git
Fetching https://github.com/apple/swift-algorithms.git
Fetching https://github.com/apple/swift-nio-extras.git
Fetching https://github.com/apple/swift-nio-http2.git
[1/6703] Fetching swift-nio-extras
[270/8204] Fetching swift-nio-extras, swift-service-context
[771/10093] Fetching swift-nio-extras, swift-service-context, swift-atomics
[2556/12960] Fetching swift-nio-extras, swift-service-context, swift-atomics, swift-nio-transport-services
[6531/19124] Fetching swift-nio-extras, swift-service-context, swift-atomics, swift-nio-transport-services, swift-algorithms
[17523/31418] Fetching swift-nio-extras, swift-service-context, swift-atomics, swift-nio-transport-services, swift-algorithms, swift-nio-http2
Fetched https://github.com/apple/swift-nio-transport-services.git from cache (0.85s)
Fetching https://github.com/apple/swift-nio-ssl.git
[18839/28551] Fetching swift-nio-extras, swift-service-context, swift-atomics, swift-algorithms, swift-nio-http2
Fetched https://github.com/apple/swift-service-context.git from cache (0.87s)
Fetched https://github.com/apple/swift-nio-extras.git from cache (0.87s)
Fetched https://github.com/apple/swift-algorithms.git from cache (0.87s)
Fetched https://github.com/apple/swift-atomics.git from cache (0.88s)
Fetching https://github.com/apple/swift-distributed-tracing.git
Fetching https://github.com/apple/swift-configuration.git
[2705/12294] Fetching swift-nio-http2
[12334/16222] Fetching swift-nio-http2, swift-configuration
[12492/33093] Fetching swift-nio-http2, swift-configuration, swift-nio-ssl
[12689/39644] Fetching swift-nio-http2, swift-configuration, swift-nio-ssl, swift-distributed-tracing
Fetched https://github.com/apple/swift-configuration.git from cache (0.74s)
[20364/35716] Fetching swift-nio-http2, swift-nio-ssl, swift-distributed-tracing
Fetched https://github.com/apple/swift-distributed-tracing.git from cache (0.88s)
[14656/29165] Fetching swift-nio-http2, swift-nio-ssl
Fetched https://github.com/apple/swift-nio-http2.git from cache (1.99s)
[4724/16871] Fetching swift-nio-ssl
Fetched https://github.com/apple/swift-nio-ssl.git from cache (2.25s)
Computing version for https://github.com/apple/swift-service-context.git
Computed https://github.com/apple/swift-service-context.git at 1.3.0 (3.37s)
Computing version for https://github.com/apple/swift-algorithms.git
Computed https://github.com/apple/swift-algorithms.git at 1.2.1 (1.50s)
Fetching https://github.com/apple/swift-numerics.git
[1/6733] Fetching swift-numerics
Fetched https://github.com/apple/swift-numerics.git from cache (0.66s)
Computing version for https://github.com/apple/swift-log
Computed https://github.com/apple/swift-log at 1.16.1 (1.00s)
Computing version for https://github.com/apple/swift-distributed-tracing.git
Computed https://github.com/apple/swift-distributed-tracing.git at 1.5.0 (0.27s)
Computing version for https://github.com/apple/swift-atomics.git
Computed https://github.com/apple/swift-atomics.git at 1.3.1 (0.29s)
Computing version for https://github.com/apple/swift-numerics.git
Computed https://github.com/apple/swift-numerics.git at 1.1.1 (0.25s)
Computing version for https://github.com/apple/swift-nio
Computed https://github.com/apple/swift-nio at 2.104.0 (0.63s)
Fetching https://github.com/apple/swift-collections.git
[1/28703] Fetching swift-collections
Fetched https://github.com/apple/swift-collections.git from cache (1.77s)
Computing version for https://github.com/apple/swift-configuration.git
Computed https://github.com/apple/swift-configuration.git at 1.2.2 (3.23s)
Fetching https://github.com/swift-server/swift-service-lifecycle
[1/2867] Fetching swift-service-lifecycle
Fetched https://github.com/swift-server/swift-service-lifecycle from cache (0.55s)
Computing version for https://github.com/apple/swift-nio-transport-services.git
Computed https://github.com/apple/swift-nio-transport-services.git at 1.28.0 (0.94s)
Computing version for https://github.com/swift-server/swift-service-lifecycle
Computed https://github.com/swift-server/swift-service-lifecycle at 2.12.1 (0.37s)
Fetching https://github.com/apple/swift-async-algorithms.git
[1/6820] Fetching swift-async-algorithms
Fetched https://github.com/apple/swift-async-algorithms.git from cache (0.74s)
Computing version for https://github.com/apple/swift-async-algorithms.git
Computed https://github.com/apple/swift-async-algorithms.git at 1.1.7 (1.11s)
Computing version for https://github.com/apple/swift-collections.git
Computed https://github.com/apple/swift-collections.git at 1.7.2 (0.48s)
Computing version for https://github.com/apple/swift-nio-http2.git
Computed https://github.com/apple/swift-nio-http2.git at 1.46.0 (0.34s)
Computing version for https://github.com/vapor/jwt-kit.git
Computed https://github.com/vapor/jwt-kit.git at 5.7.1 (0.24s)
Fetching https://github.com/apple/swift-certificates.git
Fetching https://github.com/apple/swift-crypto.git
[1/7613] Fetching swift-certificates
[4493/26242] Fetching swift-certificates, swift-crypto
Fetched https://github.com/apple/swift-certificates.git from cache (0.78s)
[1491/18629] Fetching swift-crypto
Fetched https://github.com/apple/swift-crypto.git from cache (2.02s)
Computing version for https://github.com/apple/swift-crypto.git
Computed https://github.com/apple/swift-crypto.git at 4.5.2 (3.07s)
Fetching https://github.com/apple/swift-asn1.git
[1/2009] Fetching swift-asn1
Fetched https://github.com/apple/swift-asn1.git from cache (0.46s)
Computing version for https://github.com/apple/swift-asn1.git
Computed https://github.com/apple/swift-asn1.git at 1.7.3 (0.83s)
Computing version for https://github.com/apple/swift-certificates.git
Computed https://github.com/apple/swift-certificates.git at 1.21.0 (0.39s)
Computing version for https://github.com/apple/swift-nio-ssl.git
Computed https://github.com/apple/swift-nio-ssl.git at 2.37.5 (0.39s)
Computing version for https://github.com/apple/swift-system.git
Computed https://github.com/apple/swift-system.git at 1.8.1 (0.32s)
Computing version for https://github.com/apple/swift-nio-extras.git
Computed https://github.com/apple/swift-nio-extras.git at 1.35.1 (0.44s)
Fetching https://github.com/apple/swift-http-structured-headers.git
Fetching https://github.com/apple/swift-http-types.git
[1/1939] Fetching swift-http-types
[2/3192] Fetching swift-http-types, swift-http-structured-headers
Fetched https://github.com/apple/swift-http-types.git from cache (0.49s)
Fetched https://github.com/apple/swift-http-structured-headers.git from cache (0.49s)
Computing version for https://github.com/apple/swift-http-structured-headers.git
Computed https://github.com/apple/swift-http-structured-headers.git at 1.7.0 (0.82s)
Computing version for https://github.com/apple/swift-http-types.git
Computed https://github.com/apple/swift-http-types.git at 1.8.0 (0.37s)
Creating working copy for https://github.com/googleapis/swift-google-auth
Working copy of https://github.com/googleapis/swift-google-auth resolved at 0.5.0
Creating working copy for https://github.com/apple/swift-async-algorithms.git
Working copy of https://github.com/apple/swift-async-algorithms.git resolved at 1.1.7
Creating working copy for https://github.com/apple/swift-numerics.git
Working copy of https://github.com/apple/swift-numerics.git resolved at 1.1.1
Creating working copy for https://github.com/apple/swift-http-types.git
Working copy of https://github.com/apple/swift-http-types.git resolved at 1.8.0
Creating working copy for https://github.com/apple/swift-nio-extras.git
Working copy of https://github.com/apple/swift-nio-extras.git resolved at 1.35.1
Creating working copy for https://github.com/swift-extras/swift-extras-base64
Working copy of https://github.com/swift-extras/swift-extras-base64 resolved at 1.2.0
Creating working copy for https://github.com/swift-server/swift-service-lifecycle
Working copy of https://github.com/swift-server/swift-service-lifecycle resolved at 2.12.1
Creating working copy for https://github.com/apple/swift-nio
Working copy of https://github.com/apple/swift-nio resolved at 2.104.0
Creating working copy for https://github.com/apple/swift-system.git
Working copy of https://github.com/apple/swift-system.git resolved at 1.8.1
Creating working copy for https://github.com/swift-server/async-http-client.git
Working copy of https://github.com/swift-server/async-http-client.git resolved at 1.36.2
Creating working copy for https://github.com/apple/swift-http-structured-headers.git
Working copy of https://github.com/apple/swift-http-structured-headers.git resolved at 1.7.0
Creating working copy for https://github.com/apple/swift-algorithms.git
Working copy of https://github.com/apple/swift-algorithms.git resolved at 1.2.1
Creating working copy for https://github.com/googleapis/swift-google-gax
Working copy of https://github.com/googleapis/swift-google-gax resolved at 0.5.0
Creating working copy for https://github.com/apple/swift-log
Working copy of https://github.com/apple/swift-log resolved at 1.16.1
Creating working copy for https://github.com/apple/swift-atomics.git
Working copy of https://github.com/apple/swift-atomics.git resolved at 1.3.1
Creating working copy for https://github.com/vapor/jwt-kit.git
Working copy of https://github.com/vapor/jwt-kit.git resolved at 5.7.1
Creating working copy for https://github.com/apple/swift-crypto.git
Working copy of https://github.com/apple/swift-crypto.git resolved at 4.5.2
Creating working copy for https://github.com/googleapis/swift-google-rpc
Working copy of https://github.com/googleapis/swift-google-rpc resolved at 0.5.0
Creating working copy for https://github.com/googleapis/swift-google-wkt
Working copy of https://github.com/googleapis/swift-google-wkt resolved at 0.5.0
Creating working copy for https://github.com/apple/swift-service-context.git
Working copy of https://github.com/apple/swift-service-context.git resolved at 1.3.0
Creating working copy for https://github.com/apple/swift-distributed-tracing.git
Working copy of https://github.com/apple/swift-distributed-tracing.git resolved at 1.5.0
Creating working copy for https://github.com/apple/swift-nio-transport-services.git
Working copy of https://github.com/apple/swift-nio-transport-services.git resolved at 1.28.0
Creating working copy for https://github.com/apple/swift-asn1.git
Working copy of https://github.com/apple/swift-asn1.git resolved at 1.7.3
Creating working copy for https://github.com/apple/swift-nio-http2.git
Working copy of https://github.com/apple/swift-nio-http2.git resolved at 1.46.0
Creating working copy for https://github.com/apple/swift-configuration.git
Working copy of https://github.com/apple/swift-configuration.git resolved at 1.2.2
Creating working copy for https://github.com/apple/swift-certificates.git
Working copy of https://github.com/apple/swift-certificates.git resolved at 1.21.0
Creating working copy for https://github.com/apple/swift-nio-ssl.git
Working copy of https://github.com/apple/swift-nio-ssl.git resolved at 2.37.5
Creating working copy for https://github.com/apple/swift-collections.git
Working copy of https://github.com/apple/swift-collections.git resolved at 1.7.2
Building for debugging...
[0/946] Write sources
[22/946] Compiling _NumericsShims _NumericsShims.c
[22/946] Write sources
[27/946] Compiling CAsyncHTTPClient CAsyncHTTPClient.c
[27/946] Write sources
[58/946] Compiling _AtomicsShims.c
[59/946] Write swift-version--11D90AFD9DD3AB2.txt
[60/946] Compiling CXKCPShims shims.c
[61/946] Compiling SimpleFIPS202.c
[62/954] Compiling a_bitstr.cc
[63/971] Compiling p_dsa_asn1.cc
[64/971] Compiling evp_ctx.cc
[65/985] Compiling p_dh.cc
[66/985] Compiling p_dh_asn1.cc
[68/1024] Emitting module _NIODataStructures
[69/1024] Emitting module Logging
[70/1025] Compiling InternalCollectionsUtilities UnsafeMutablePointer+Extras.swift
[71/1025] Compiling InternalCollectionsUtilities UnsafeMutableRawBufferPointer+Extras.swift
[72/1025] Compiling InternalCollectionsUtilities UnsafePointer+Extras.swift
[73/1028] Compiling InternalCollectionsUtilities Descriptions.swift
[74/1028] Compiling InternalCollectionsUtilities FixedWidthInteger+roundUpToPowerOfTwo.swift
[76/1028] Compiling InternalCollectionsUtilities Integer rank.swift
[77/1028] Compiling InternalCollectionsUtilities UInt+first and last set bit.swift
[78/1028] Compiling InternalCollectionsUtilities UInt+reversed.swift
[79/1030] Compiling InternalCollectionsUtilities MutableSpan+Extras.swift
[80/1030] Compiling InternalCollectionsUtilities OutputSpan+Extras.swift
[81/1030] Compiling ServiceContextModule ServiceContextKey.swift
[82/1030] Compiling InternalCollectionsUtilities BorrowingIteratorProtocol+Equality.swift
[83/1030] Compiling InternalCollectionsUtilities BorrowingIteratorProtocol+Extras.swift
[84/1030] Compiling InternalCollectionsUtilities Debugging.swift
[86/1030] Emitting module InternalCollectionsUtilities
[87/1030] Compiling RealModule Real.swift
[88/1030] Compiling RealModule RealFunctions.swift
[89/1031] Compiling RealModule Float80+Real.swift
[90/1031] Compiling InternalCollectionsUtilities Iterable+CopyContents.swift
[91/1031] Compiling InternalCollectionsUtilities Iterable+Equality.swift
[92/1031] Compiling InternalCollectionsUtilities LifetimeOverride.swift
[93/1031] Compiling InternalCollectionsUtilities MutableRef.swift
[96/1031] Compiling InternalCollectionsUtilities RandomAccessCollection+Offsets.swift
[97/1031] Compiling InternalCollectionsUtilities Span+Extras.swift
[104/1031] Emitting module RealModule
[107/1031] Compiling RealModule Float16+Real.swift
[113/1031] Compiling InternalCollectionsUtilities _UnsafeBitSet+_Word.swift
[114/1031] Compiling InternalCollectionsUtilities _UnsafeBitSet.swift
[115/1031] Compiling InternalCollectionsUtilities UnsafeBufferPointer+Extras.swift
[116/1031] Compiling InternalCollectionsUtilities UnsafeMutableBufferPointer+Extras.swift
[117/1031] Compiling SwiftASN1 DER.swift
[118/1031] Compiling SwiftASN1 Errors.swift
[119/1031] Compiling InternalCollectionsUtilities TemporaryAllocation.swift
[120/1031] Compiling InternalCollectionsUtilities _UnsafeBitSet+Index.swift
[121/1031] Compiling ServiceContextModule ServiceContext.swift
[122/1031] Emitting module ServiceContextModule
[123/1032] Emitting module _CertificateInternals
[124/1032] Compiling _CertificateInternals _TinyArray.swift
[128/1033] Compiling RealModule RelaxedArithmetic.swift
[130/1034] Compiling InternalCollectionsUtilities UnsafeRawBufferPointer+Extras.swift
[131/1034] Compiling InternalCollectionsUtilities _SortedCollection.swift
[132/1034] Compiling InternalCollectionsUtilities _UniqueCollection.swift
[133/1035] Compiling _NIOBase64 Base64.swift
[134/1035] Emitting module _NIOBase64
[138/1040] Compiling Logging LoggingSystem.swift
[140/1042] Compiling Logging Logger+Attributes.swift
[142/1042] Wrapping AST for _CertificateInternals for debugging
[144/1042] Compiling _NIODataStructures PriorityQueue.swift
[145/1042] Compiling _NIODataStructures _TinyArray.swift
[146/1042] Compiling _NIODataStructures Heap.swift
[147/1043] Compiling Logging Logger.swift
[148/1043] Compiling Logging Logger+With.swift
[148/1043] Wrapping AST for ServiceContextModule for debugging
[149/1043] Wrapping AST for _NIOBase64 for debugging
[151/1077] Wrapping AST for RealModule for debugging
[153/1077] Compiling Instrumentation MultiplexInstrument.swift
[154/1077] Compiling Instrumentation NoOpInstrument.swift
[155/1077] Emitting module Instrumentation
[155/1077] Wrapping AST for InternalCollectionsUtilities for debugging
[157/1077] Compiling SpanPreview MutableSpan+InputSpanHelpers.swift
[158/1077] Compiling SpanPreview InputSpan.swift
[159/1077] Compiling SpanPreview OutputSpan+InputSpanHelpers.swift
[160/1077] Emitting module SpanPreview
[160/1078] Compiling KeccakSponge.c
[161/1078] Wrapping AST for _NIODataStructures for debugging
[163/1078] Compiling KeccakHash.c
[165/1078] Emitting module SwiftASN1
[165/1078] Compiling CSystem shims.c
[166/1083] Wrapping AST for SpanPreview for debugging
[168/1157] Compiling SystemPackage MachPort.swift
[169/1157] Compiling SystemPackage PlatformString.swift
[170/1157] Compiling SystemPackage FileFlags.swift
[171/1157] Compiling SystemPackage FileMode.swift
[172/1157] Compiling SystemPackage FileType.swift
[173/1157] Compiling SystemPackage Identifiers.swift
[174/1162] Compiling SystemPackage IOCompletion.swift
[175/1162] Compiling SystemPackage IORequest.swift
[176/1162] Compiling SystemPackage IORing+Util.swift
[177/1162] Compiling SystemPackage IORing.swift
[178/1162] Compiling SystemPackage RawIORequest.swift
[179/1162] Compiling SystemPackage RawBuffer.swift
[180/1162] Compiling SystemPackage Syscalls.swift
[181/1162] Compiling SystemPackage WindowsSyscallAdapters.swift
[181/1170] Compiling KeccakP-1600-opt64.c
[182/1170] Compiling CNIOWindows shim.c
[183/1170] Compiling CNIOWindows WSAStartup.c
[184/1170] Compiling CNIOWASI CNIOWASI.c
[185/1170] Compiling CNIOPosix event_loop_id.c
[187/1170] Compiling SystemPackage SystemString.swift
[188/1170] Compiling SystemPackage Util+StringArray.swift
[189/1170] Compiling SystemPackage Util.swift
[190/1170] Compiling SystemPackage UtilConsumers.swift
[191/1170] Compiling SystemPackage WinSDK+Overlay.swift
[191/1170] Compiling CNIOOpenBSD shim.c
[194/1170] Compiling CNIOLinux shim.c
[196/1170] Compiling SystemPackage FilePathTemp.swift
[197/1170] Compiling SystemPackage FilePathTempPosix.swift
[198/1170] Compiling SystemPackage FilePathTempWindows.swift
[199/1170] Compiling SystemPackage FilePathWindows.swift
[200/1170] Compiling SystemPackage FilePermissions.swift
[201/1170] Compiling SystemPackage FilePathComponentView.swift
[201/1170] Compiling CNIOLinux liburing_shims.c
[203/1170] Compiling SystemPackage FilePathSyntax.swift
[206/1170] Compiling Algorithms Trim.swift
[207/1170] Compiling Algorithms Unique.swift
[208/1170] Compiling Algorithms Windows.swift
[215/1170] Compiling SystemPackage Stat.swift
[216/1170] Compiling SystemPackage Backcompat.swift
[217/1170] Compiling SystemPackage CInterop.swift
[218/1170] Compiling SystemPackage Constants.swift
[219/1170] Compiling SystemPackage Exports.swift
[220/1170] Compiling SystemPackage Mocking.swift
[220/1170] Compiling CNIOLLHTTP c_nio_llhttp.c
[221/1170] Compiling CNIOLLHTTP c_nio_http.c
[222/1170] Compiling CNIOLLHTTP c_nio_api.c
[223/1170] Compiling CNIOFreeBSD shim.c
[224/1170] Compiling CNIOExtrasZlib zutil.c
[225/1170] Compiling CNIOExtrasZlib trees.c
[232/1170] Compiling CNIOExtrasZlib inftrees.c
[234/1170] Compiling ExtrasBase64 Base32+Span.swift
[234/1170] Compiling CNIOExtrasZlib inflate.c
[237/1170] Compiling SystemPackage FilePathComponents.swift
[238/1170] Compiling SystemPackage FilePathParsing.swift
[239/1170] Compiling SystemPackage FilePathString.swift
[240/1170] Compiling SystemPackage Errno.swift
[241/1170] Compiling SystemPackage ErrnoWindows.swift
[242/1170] Compiling SystemPackage FileDescriptor.swift
[243/1170] Compiling SystemPackage FileHelpers.swift
[244/1170] Compiling Logging MetadataProvider.swift
[254/1170] Compiling Instrumentation InstrumentationSystem.swift
[255/1170] Compiling Instrumentation Instrument.swift
[256/1170] Compiling Instrumentation Locks.swift
[271/1172] Compiling SystemPackage FileOperations.swift
[272/1172] Compiling SystemPackage FilePath.swift
[272/1172] Compiling CNIOExtrasZlib inffast.c
[294/1173] Emitting module SystemPackage
[295/1173] Wrapping AST for Logging for debugging
[296/1173] Compiling CNIOExtrasZlib crc32.c
[297/1181] Wrapping AST for Instrumentation for debugging
[298/1181] Wrapping AST for SwiftASN1 for debugging
[299/1181] Compiling CNIOExtrasZlib deflate.c
[300/1181] Compiling CNIODarwin shim.c
[301/1181] Compiling CNIOExtrasZlib adler32.c
[302/1181] Compiling fiat_p256_adx_sqr.S
[303/1181] Compiling fiat_p256_adx_mul.S
[305/1181] Compiling Tracing NoOpTracer.swift
[305/1182] Compiling fiat_curve25519_adx_square.S
[306/1182] Compiling fiat_curve25519_adx_mul.S
[308/1182] Compiling Tracing TracingTime.swift
[320/1182] Compiling Tracing WithTracer.swift
[322/1183] Emitting module Tracing
[323/1183] Compiling Tracing TracerProtocol.swift
[323/1183] Compiling CNIOBoringSSLShims shims.c
[328/1183] Wrapping AST for SystemPackage for debugging
[330/1183] Compiling Tracing Tracer.swift
[331/1183] Compiling Tracing TracerProtocol+Legacy.swift
[332/1183] Compiling Tracing InstrumentationSystem+Tracing.swift
[333/1183] Compiling Tracing SpanProtocol.swift
[335/1184] Emitting module Algorithms
[336/1185] Wrapping AST for Tracing for debugging
[337/1185] Compiling tls_method.cc
[338/1185] Compiling tls_record.cc
[339/1185] Compiling tls13_server.cc
[341/1185] Compiling DequeModule UniqueDeque+Replacements.swift
[342/1185] Compiling DequeModule UniqueDeque.swift
[343/1185] Compiling DequeModule _DequeSlot.swift
[344/1185] Compiling DequeModule _UnsafeDequeHandle.swift
[345/1185] Compiling DequeModule _UnsafeDequeSegments.swift
[345/1185] Compiling tls13_enc.cc
[346/1185] Compiling tls13_client.cc
[348/1185] Emitting module DequeModule
[349/1186] Compiling tls13_both.cc
[350/1229] Compiling t1_enc.cc
[351/1229] Wrapping AST for DequeModule for debugging
[352/1229] Compiling ssl_versions.cc
[353/1229] Compiling ssl_x509.cc
[355/1229] Compiling Configuration Deprecations.swift
[356/1229] Compiling Configuration ExpressibleByConfigInt.swift
[357/1229] Compiling Configuration ExpressibleByConfigString.swift
[358/1229] Compiling Configuration CLIKeyEncoder.swift
[359/1229] Compiling Configuration ConfigKeyEncoder.swift
[360/1229] Compiling Configuration DotSeparatorKeyDecoder.swift
[360/1234] Compiling ssl_stat.cc
[361/1234] Compiling ssl_transcript.cc
[362/1234] Compiling ssl_session.cc
[363/1234] Compiling ssl_key_share.cc
[365/1234] Compiling ExtrasBase64 Base32.swift
[366/1234] Compiling ExtrasBase64 Base64+Span.swift
[367/1234] Compiling ExtrasBase64 Base64.swift
[367/1234] Compiling ssl_privkey.cc
[368/1234] Compiling ssl_lib.cc
[369/1234] Compiling ssl_file.cc
[371/1234] Emitting module ExtrasBase64
[371/1235] Compiling ssl_cipher.cc
[373/1235] Compiling ssl_credential.cc
[375/1235] Compiling Configuration SeparatorKeyEncoder.swift
[376/1235] Compiling Configuration MultiProvider.swift
[377/1235] Compiling Configuration CLIArgumentParser.swift
[378/1235] Compiling Configuration CLISnapshot.swift
[379/1235] Compiling Configuration CommandLineArgumentsProvider.swift
[380/1235] Compiling Configuration EnvironmentFileParser.swift
[380/1266] Compiling ssl_buffer.cc
[382/1266] Compiling Configuration CombineLatestManyStorage.swift
[383/1266] Compiling Configuration AsyncSequences.swift
[384/1266] Compiling Configuration FoundationExtensions.swift
[385/1266] Compiling Configuration Span.swift
[386/1266] Compiling Configuration ConfigBytesFromStringDecoder.swift
[386/1266] Wrapping AST for ExtrasBase64 for debugging
[387/1266] Compiling ssl_cert.cc
[389/1266] Compiling Configuration MutableInMemoryProvider.swift
[390/1266] Compiling Configuration ConfigProvider+Operators.swift
[391/1266] Compiling Configuration KeyMappingProvider.swift
[392/1266] Compiling Configuration SecretsSpecifier.swift
[393/1266] Compiling Configuration AsyncCombineLatestManySequence.swift
[394/1266] Compiling Configuration CombineLatestManyStateMachine.swift
[395/1266] Compiling GoogleWKT WKTUInt32Value.swift
[396/1266] Compiling GoogleWKT WKTUInt64Value.swift
[397/1266] Compiling GoogleWKT WKTField.swift
[398/1266] Compiling GoogleWKT WKTMethod.swift
[399/1266] Compiling GoogleWKT WKTMixin.swift
[400/1266] Compiling GoogleWKT WKTOption.swift
[401/1266] Compiling Configuration EnvironmentKeyEncoder.swift
[402/1266] Compiling Configuration EnvironmentVariablesProvider.swift
[403/1266] Compiling Configuration CommonProviderFileSystem.swift
[404/1266] Compiling Configuration DirectoryFilesProvider.swift
[405/1266] Compiling Configuration FileProvider.swift
[406/1266] Compiling Configuration FileProviderSnapshot.swift
[407/1266] Emitting module Configuration
[408/1266] Compiling GoogleWKT WKTDuration.swift
[409/1266] Compiling GoogleWKT WKTEmpty.swift
[410/1266] Compiling GoogleWKT WKTFieldMask.swift
[411/1266] Compiling GoogleWKT WKTValue.swift
[412/1266] Compiling GoogleWKT WKTApi.swift
[413/1266] Compiling GoogleWKT WKTEnum.swift
[414/1266] Compiling GoogleWKT AnyPackable.swift
[415/1266] Compiling GoogleWKT DecodeToDefault.swift
[416/1266] Compiling GoogleWKT DiscoveryBase64.swift
[417/1266] Compiling GoogleWKT ProtoJSONDecoder.swift
[418/1266] Compiling GoogleWKT ProtoJSONEncoder.swift
[419/1266] Compiling GoogleWKT WKTDoubleValue.swift
[419/1266] Compiling s3_pkt.cc
[421/1267] Compiling s3_lib.cc
[422/1267] Compiling ssl_asn1.cc
[423/1267] Wrapping AST for Configuration for debugging
[424/1267] Compiling ssl_aead_ctx.cc
[426/1267] Compiling GoogleWKT WKTStringValue.swift
[427/1267] Compiling GoogleWKT WKTTimestamp.swift
[438/1271] Compiling GoogleWKT WKTFloatValue.swift
[439/1271] Compiling GoogleWKT WKTInt32Value.swift
[440/1271] Compiling GoogleWKT WKTInt64Value.swift
[441/1271] Compiling GoogleWKT WKTRecursive.swift
[445/1271] Compiling GoogleWKT WKTEnumValue.swift
[445/1271] Compiling handshake_server.cc
[446/1271] Compiling s3_both.cc
[448/1271] Compiling GoogleWKT UnknownFields.swift
[449/1271] Compiling GoogleWKT WKTAny.swift
[450/1271] Compiling GoogleWKT WKTAnyError.swift
[451/1271] Compiling GoogleWKT WKTBoolValue.swift
[452/1271] Compiling GoogleWKT WKTBytesValue.swift
[453/1271] Emitting module GoogleWKT
[459/1271] Compiling GoogleWKT WKTSourceContext.swift
[460/1271] Compiling GoogleWKT WKTSyntax.swift
[461/1271] Compiling GoogleWKT WKTType.swift
[462/1271] Compiling GoogleWKT PackageVersion.swift
[462/1272] Compiling handshake_client.cc
[464/1272] Compiling handshake.cc
[465/1287] Compiling encrypted_client_hello.cc
[466/1287] Compiling handoff.cc
[467/1287] Wrapping AST for GoogleWKT for debugging
[468/1287] Compiling dtls_method.cc
[470/1287] Compiling GoogleRpc LocalizedMessage.swift
[471/1287] Compiling GoogleRpc PackageVersion.swift
[471/1289] Compiling extensions.cc
[472/1289] Compiling md5-x86_64-linux.S
[473/1289] Compiling d1_srtp.cc
[474/1289] Compiling dtls_record.cc
[476/1289] Emitting module GoogleRpc
[476/1289] Compiling md5-x86_64-apple.S
[478/1289] Compiling GoogleRpc RequestInfo.swift
[479/1289] Compiling GoogleRpc ResourceInfo.swift
[479/1289] Compiling md5-586-linux.S
[481/1289] Compiling GoogleRpc Help.swift
[482/1289] Compiling GoogleRpc HttpHeader.swift
[483/1289] Compiling GoogleRpc BadRequest.swift
[484/1289] Compiling GoogleRpc Code.swift
[485/1289] Compiling GoogleRpc DebugInfo.swift
[486/1289] Compiling GoogleRpc ErrorInfo.swift
[487/1289] Compiling GoogleRpc HttpRequest.swift
[488/1289] Compiling GoogleRpc HttpResponse.swift
[489/1289] Compiling GoogleRpc PreconditionFailure.swift
[490/1289] Compiling GoogleRpc QuotaFailure.swift
[490/1289] Compiling md5-586-apple.S
[491/1289] Compiling chacha20_poly1305_x86_64-linux.S
[493/1289] Compiling GoogleRpc RetryInfo.swift
[494/1289] Compiling GoogleRpc Status.swift
[494/1290] Compiling d1_pkt.cc
[495/1290] Compiling chacha20_poly1305_x86_64-apple.S
[495/1290] Compiling chacha20_poly1305_armv8-win.S
[498/1290] Compiling err_data.cc
[499/1290] Compiling chacha-x86_64-linux.S
[500/1290] Compiling chacha20_poly1305_armv8-linux.S
[501/1290] Compiling bio_ssl.cc
[502/1290] Compiling chacha20_poly1305_armv8-apple.S
[503/1290] Compiling d1_lib.cc
[504/1290] Compiling chacha-x86_64-apple.S
[505/1290] Compiling chacha-x86-linux.S
[506/1290] Compiling chacha-x86-apple.S
[507/1290] Wrapping AST for GoogleRpc for debugging
[508/1290] Compiling d1_both.cc
[509/1290] Compiling chacha-armv8-win.S
[510/1290] Compiling chacha-armv8-apple.S
[511/1290] Compiling chacha-armv8-linux.S
[512/1290] Compiling chacha-armv4-linux.S
[513/1290] Compiling aes128gcmsiv-x86_64-apple.S
[514/1290] Compiling aes128gcmsiv-x86_64-linux.S
[515/1290] Compiling x86_64-mont5-linux.S
[516/1290] Compiling x86_64-mont5-apple.S
[517/1290] Compiling x86_64-mont-linux.S
[518/1290] Compiling x86_64-mont-apple.S
[519/1290] Compiling x86-mont-linux.S
[520/1290] Compiling vpaes-x86_64-apple.S
[521/1290] Compiling x86-mont-apple.S
[522/1290] Compiling vpaes-x86_64-linux.S
[523/1290] Compiling vpaes-x86-apple.S
[524/1290] Compiling vpaes-armv8-win.S
[525/1290] Compiling vpaes-x86-linux.S
[526/1290] Compiling sha512-x86_64-apple.S
[526/1290] Compiling vpaes-armv8-linux.S
[528/1290] Compiling vpaes-armv8-apple.S
[528/1290] Compiling vpaes-armv7-linux.S
[530/1290] Compiling sha512-x86_64-linux.S
[531/1290] Compiling sha512-armv8-win.S
[532/1290] Compiling sha512-armv8-apple.S
[533/1290] Compiling sha512-armv8-linux.S
[534/1290] Compiling sha512-586-linux.S
[535/1290] Compiling sha512-armv4-linux.S
[536/1290] Compiling sha512-586-apple.S
[537/1290] Compiling sha256-x86_64-linux.S
[538/1290] Compiling sha256-x86_64-apple.S
[539/1290] Compiling sha256-armv8-win.S
[540/1290] Compiling sha256-armv8-linux.S
[541/1290] Compiling sha256-armv4-linux.S
[541/1290] Compiling sha256-armv8-apple.S
[543/1290] Compiling sha256-586-linux.S
[544/1290] Compiling sha1-x86_64-apple.S
[545/1290] Compiling sha1-x86_64-linux.S
[546/1290] Compiling sha256-586-apple.S
[547/1290] Compiling sha1-armv8-linux.S
[548/1290] Compiling sha1-armv8-win.S
[549/1290] Compiling sha1-armv4-large-linux.S
[550/1290] Compiling sha1-armv8-apple.S
[551/1290] Compiling sha1-586-apple.S
[552/1290] Compiling sha1-586-linux.S
[553/1290] Compiling rsaz-avx2-linux.S
[554/1290] Compiling rsaz-avx2-apple.S
[555/1290] Compiling rdrand-x86_64-linux.S
[556/1290] Compiling rdrand-x86_64-apple.S
[557/1290] Compiling p256_beeu-x86_64-asm-linux.S
[558/1290] Compiling p256_beeu-x86_64-asm-apple.S
[559/1290] Compiling p256_beeu-armv8-asm-win.S
[560/1290] Compiling p256_beeu-armv8-asm-linux.S
[561/1290] Compiling p256-x86_64-asm-linux.S
[562/1290] Compiling p256_beeu-armv8-asm-apple.S
[563/1290] Compiling p256-x86_64-asm-apple.S
[564/1290] Compiling p256-armv8-asm-win.S
[565/1290] Compiling p256-armv8-asm-linux.S
[566/1290] Compiling p256-armv8-asm-apple.S
[567/1290] Compiling ghashv8-armv8-win.S
[568/1290] Compiling ghashv8-armv7-linux.S
[569/1290] Compiling ghashv8-armv8-apple.S
[570/1290] Compiling ghash-x86_64-linux.S
[571/1290] Compiling ghash-x86_64-apple.S
[572/1290] Compiling ghashv8-armv8-linux.S
[573/1290] Compiling ghash-x86-apple.S
[574/1290] Compiling ghash-x86-linux.S
[575/1290] Compiling ghash-ssse3-x86_64-linux.S
[576/1290] Compiling ghash-ssse3-x86_64-apple.S
[577/1290] Compiling ghash-ssse3-x86-linux.S
[578/1290] Compiling ghash-ssse3-x86-apple.S
[579/1290] Compiling ghash-armv4-linux.S
[580/1290] Compiling ghash-neon-armv8-linux.S
[580/1290] Compiling ghash-neon-armv8-win.S
[582/1290] Compiling ghash-neon-armv8-apple.S
[583/1290] Compiling co-586-linux.S
[584/1290] Compiling co-586-apple.S
[585/1290] Compiling bsaes-armv7-linux.S
[586/1290] Compiling bn-armv8-win.S
[587/1290] Compiling bn-armv8-linux.S
[588/1290] Compiling bn-armv8-apple.S
[589/1290] Compiling bn-586-linux.S
[590/1290] Compiling bn-586-apple.S
[591/1290] Compiling armv8-mont-win.S
[592/1290] Compiling armv8-mont-apple.S
[593/1290] Compiling armv8-mont-linux.S
[594/1290] Compiling armv4-mont-linux.S
[595/1290] Compiling aesv8-gcm-armv8-win.S
[596/1290] Compiling aesv8-gcm-armv8-apple.S
[597/1290] Compiling aesv8-gcm-armv8-linux.S
[598/1290] Compiling aesv8-armv8-win.S
[599/1290] Compiling aesv8-armv8-linux.S
[600/1290] Compiling aesv8-armv8-apple.S
[601/1290] Compiling aesv8-armv7-linux.S
[602/1290] Compiling aesni-x86_64-linux.S
[603/1290] Compiling aesni-x86_64-apple.S
[604/1290] Compiling aesni-x86-linux.S
[605/1290] Compiling aes-gcm-avx2-x86_64-linux.S
[606/1290] Compiling aesni-gcm-x86_64-linux.S
[607/1290] Compiling aesni-gcm-x86_64-apple.S
[608/1290] Compiling aesni-x86-apple.S
[609/1290] Compiling aes-gcm-avx2-x86_64-apple.S
[610/1290] Compiling aes-gcm-avx10-x86_64-linux.S
[611/1290] Compiling aes-gcm-avx10-x86_64-apple.S
[612/1290] Compiling x_x509a.cc
[613/1290] Compiling x_spki.cc
[614/1290] Compiling x_name.cc
[615/1290] Compiling x_val.cc
[616/1290] Compiling x_req.cc
[617/1290] Compiling x_x509.cc
[618/1290] Compiling x_sig.cc
[619/1290] Compiling x_pubkey.cc
[620/1290] Compiling x_exten.cc
[621/1290] Compiling x_attrib.cc
[622/1290] Compiling x_crl.cc
[623/1290] Compiling x509name.cc
[624/1290] Compiling x_algor.cc
[625/1290] Compiling x509spki.cc
[626/1290] Compiling x509rset.cc
[627/1290] Compiling x_all.cc
[628/1290] Compiling x509_vpm.cc
[629/1290] Compiling x509cset.cc
[630/1290] Compiling x509_req.cc
[631/1290] Compiling x509_txt.cc
[632/1290] Compiling x509_v3.cc
[633/1290] Compiling x509_vfy.cc
[634/1290] Compiling x509_trs.cc
[634/1290] Compiling x509_set.cc
[636/1290] Compiling x509_ext.cc
[637/1290] Compiling x509_obj.cc
[638/1290] Compiling x509_lu.cc
[639/1290] Compiling x509_def.cc
[640/1290] Compiling x509_d2.cc
[641/1290] Compiling v3_utl.cc
[642/1290] Compiling x509_cmp.cc
[643/1290] Compiling x509.cc
[644/1290] Compiling x509_att.cc
[645/1290] Compiling v3_skey.cc
[646/1290] Compiling v3_purp.cc
[647/1290] Compiling v3_pcons.cc
[648/1290] Compiling v3_prn.cc
[649/1290] Compiling v3_ncons.cc
[650/1290] Compiling v3_pmaps.cc
[651/1290] Compiling v3_ocsp.cc
[652/1290] Compiling v3_lib.cc
[653/1290] Compiling v3_ia5.cc
[654/1290] Compiling v3_genn.cc
[655/1290] Compiling v3_crld.cc
[656/1290] Compiling v3_int.cc
[657/1290] Compiling v3_info.cc
[658/1290] Compiling v3_extku.cc
[659/1290] Compiling v3_enum.cc
[660/1290] Compiling v3_cpols.cc
[661/1290] Compiling v3_bcons.cc
[662/1290] Compiling v3_bitst.cc
[663/1290] Compiling v3_conf.cc
[664/1290] Compiling v3_akeya.cc
[665/1290] Compiling v3_alt.cc
[666/1290] Compiling t_x509a.cc
[667/1290] Compiling v3_akey.cc
[668/1290] Compiling i2d_pr.cc
[669/1290] Compiling t_x509.cc
[670/1290] Compiling t_crl.cc
[671/1290] Compiling t_req.cc
[672/1290] Compiling policy.cc
[673/1290] Compiling rsa_pss.cc
[674/1290] Compiling name_print.cc
[675/1290] Compiling by_file.cc
[676/1290] Compiling by_dir.cc
[677/1290] Compiling a_sign.cc
[678/1290] Compiling algorithm.cc
[679/1290] Compiling a_verify.cc
[680/1290] Compiling a_digest.cc
[681/1290] Compiling asn1_gen.cc
[682/1290] Compiling voprf.cc
[683/1290] Compiling thread_pthread.cc
[684/1290] Compiling trust_token.cc
[685/1290] Compiling thread.cc
[686/1290] Compiling thread_win.cc
[687/1290] Compiling thread_none.cc
[688/1290] Compiling pmbtoken.cc
[689/1290] Compiling stack.cc
[690/1290] Compiling sha1.cc
[691/1290] Compiling sha512.cc
[692/1290] Compiling siphash.cc
[693/1290] Compiling slhdsa.cc
[694/1290] Compiling spake2plus.cc
[694/1290] Compiling rsa_extra.cc
[696/1290] Compiling sha256.cc
[697/1290] Compiling rsa_print.cc
[698/1290] Compiling rsa_crypt.cc
[699/1290] Compiling rc4.cc
[700/1290] Compiling refcount.cc
[701/1290] Compiling trusty.cc
[702/1290] Compiling rand.cc
[703/1290] Compiling windows.cc
[704/1290] Compiling urandom.cc
[705/1290] Compiling rsa_asn1.cc
[706/1290] Compiling ios.cc
[707/1290] Compiling poly1305_arm_asm.S
[708/1290] Compiling passive.cc
[709/1290] Compiling getentropy.cc
[710/1290] Compiling fork_detect.cc
[711/1290] Compiling forkunsafe.cc
[712/1290] Compiling deterministic.cc
[713/1290] Compiling poly1305_vec.cc
[714/1290] Compiling poly1305.cc
[715/1290] Compiling poly1305_arm.cc
[716/1290] Compiling pool.cc
[717/1290] Compiling pkcs7.cc
[718/1290] Compiling pkcs8.cc
[719/1290] Compiling pkcs8_x509.cc
[720/1290] Compiling p5_pbev2.cc
[721/1290] Compiling pkcs7_x509.cc
[722/1290] Compiling pem_xaux.cc
[723/1290] Compiling pem_x509.cc
[724/1290] Compiling pem_pkey.cc
[725/1290] Compiling pem_info.cc
[726/1290] Compiling pem_oth.cc
[727/1290] Compiling obj_xref.cc
[728/1290] Compiling pem_all.cc
[729/1290] Compiling mlkem.cc
[730/1290] Compiling pem_pk8.cc
[731/1290] Compiling mldsa.cc
[732/1290] Compiling pem_lib.cc
[733/1290] Compiling obj.cc
[734/1290] Compiling poly_rq_mul.S
[735/1290] Compiling md5.cc
[736/1290] Compiling fips_shared_support.cc
[737/1290] Compiling mem.cc
[738/1290] Compiling md4.cc
[739/1290] Compiling lhash.cc
[740/1290] Compiling ex_data.cc
[741/1290] Compiling sign.cc
[742/1290] Compiling kyber.cc
[743/1290] Compiling scrypt.cc
[744/1290] Compiling hrss.cc
[745/1290] Compiling hpke.cc
[746/1290] Compiling print.cc
[747/1290] Compiling pbkdf.cc
[748/1290] Compiling p_x25519.cc
[749/1290] Compiling p_x25519_asn1.cc
[750/1290] Compiling p_ed25519.cc
[750/1290] Compiling p_rsa_asn1.cc
[752/1290] Compiling p_ed25519_asn1.cc
[753/1290] Compiling p_rsa.cc
[754/1290] Compiling p_hkdf.cc
[755/1290] Compiling p_ec.cc
[756/1290] Compiling p_ec_asn1.cc
[757/1290] Compiling p_dh.cc
[758/1290] Compiling evp_ctx.cc
[759/1290] Compiling p_dh_asn1.cc
[760/1290] Compiling p_dsa_asn1.cc
[761/1290] Compiling evp.cc
[762/1290] Compiling evp_asn1.cc
[763/1290] Compiling err.cc
[764/1290] Compiling engine.cc
[765/1290] Compiling ecdh.cc
[766/1290] Compiling hash_to_curve.cc
[767/1290] Compiling ecdsa_asn1.cc
[768/1290] Compiling ec_derive.cc
[769/1290] Compiling dsa.cc
[770/1290] Compiling bcm.cc
[771/1290] Compiling dsa_asn1.cc
[772/1290] Compiling ec_asn1.cc
[773/1290] Compiling params.cc
[774/1290] Compiling x25519-asm-arm.S
[775/1290] Compiling digest_extra.cc
[776/1290] Compiling dh_asn1.cc
[777/1290] Compiling des.cc
[778/1290] Compiling curve25519_64_adx.cc
[779/1290] Compiling spake25519.cc
[780/1290] Compiling cpu_intel.cc
[781/1290] Compiling crypto.cc
[782/1290] Compiling cpu_arm_linux.cc
[783/1290] Compiling curve25519.cc
[784/1290] Compiling cpu_arm_freebsd.cc
[785/1290] Compiling cpu_aarch64_win.cc
[786/1290] Compiling cpu_aarch64_sysreg.cc
[787/1290] Compiling cpu_aarch64_openbsd.cc
[788/1290] Compiling cpu_aarch64_linux.cc
[789/1290] Compiling cpu_aarch64_apple.cc
[790/1290] Compiling cpu_aarch64_fuchsia.cc
[791/1290] Compiling conf.cc
[792/1290] Compiling tls_cbc.cc
[793/1290] Compiling e_rc2.cc
[794/1290] Compiling get_cipher.cc
[795/1290] Compiling e_rc4.cc
[796/1290] Compiling e_tls.cc
[797/1290] Compiling e_null.cc
[798/1290] Compiling e_des.cc
[799/1290] Compiling e_chacha20poly1305.cc
[800/1290] Compiling e_aesgcmsiv.cc
[801/1290] Compiling e_aesctrhmac.cc
[802/1290] Compiling derive_key.cc
[803/1290] Compiling chacha.cc
[804/1290] Compiling unicode.cc
[805/1290] Compiling cbs.cc
[806/1290] Compiling buf.cc
[807/1290] Compiling cbb.cc
[808/1290] Compiling ber.cc
[809/1290] Compiling asn1_compat.cc
[810/1290] Compiling bn_asn1.cc
[811/1290] Compiling convert.cc
[812/1290] Compiling blake2.cc
[813/1290] Compiling socket.cc
[814/1290] Compiling socket_helper.cc
[815/1290] Compiling printf.cc
[816/1290] Compiling pair.cc
[817/1290] Compiling hexdump.cc
[818/1290] Compiling fd.cc
[818/1290] Compiling file.cc
[820/1290] Compiling errno.cc
[821/1290] Compiling connect.cc
[822/1290] Compiling bio_mem.cc
[823/1290] Compiling bio.cc
[824/1290] Compiling base64.cc
[825/1290] Compiling tasn_typ.cc
[826/1290] Compiling tasn_fre.cc
[827/1290] Compiling tasn_enc.cc
[828/1290] Compiling posix_time.cc
[829/1290] Compiling tasn_new.cc
[830/1290] Compiling tasn_utl.cc
[831/1290] Compiling f_string.cc
[832/1290] Compiling tasn_dec.cc
[833/1290] Compiling f_int.cc
[834/1290] Compiling asn_pack.cc
[835/1290] Compiling asn1_par.cc
[836/1290] Compiling a_type.cc
[837/1290] Compiling a_utctm.cc
[838/1290] Compiling asn1_lib.cc
[839/1290] Compiling a_time.cc
[840/1290] Compiling a_octet.cc
[841/1290] Compiling a_strex.cc
[842/1290] Compiling a_strnid.cc
[843/1290] Compiling a_object.cc
[844/1290] Compiling a_i2d_fp.cc
[845/1290] Compiling a_dup.cc
[846/1290] Compiling a_mbstr.cc
[847/1290] Compiling CGoogleGaxCRC32C CGoogleGaxCRC32C.c
[848/1290] Compiling a_gentm.cc
[849/1290] Compiling a_int.cc
[850/1290] Compiling fiat_p256_adx_mul.S
[851/1290] Compiling fiat_p256_adx_sqr.S
[852/1290] Compiling fiat_curve25519_adx_square.S
[853/1290] Compiling fiat_curve25519_adx_mul.S
[854/1290] Compiling a_d2i_fp.cc
[855/1290] Compiling md5-x86_64-linux.S
[856/1290] Compiling md5-x86_64-apple.S
[857/1290] Compiling md5-586-apple.S
[858/1290] Compiling md5-586-linux.S
[859/1290] Compiling chacha20_poly1305_x86_64-linux.S
[860/1290] Compiling CCryptoBoringSSLShims shims.c
[861/1290] Compiling chacha20_poly1305_x86_64-apple.S
[862/1290] Compiling chacha20_poly1305_armv8-win.S
[863/1290] Compiling chacha20_poly1305_armv8-apple.S
[864/1290] Compiling chacha-x86_64-linux.S
[865/1290] Compiling a_bool.cc
[866/1290] Compiling chacha-x86_64-apple.S
[867/1290] Compiling chacha20_poly1305_armv8-linux.S
[868/1290] Compiling chacha-x86-apple.S
[868/1290] Compiling a_bitstr.cc
[870/1290] Compiling chacha-x86-linux.S
[871/1290] Compiling chacha-armv8-win.S
[872/1290] Compiling chacha-armv8-apple.S
[873/1290] Compiling chacha-armv4-linux.S
[874/1290] Compiling chacha-armv8-linux.S
[875/1290] Compiling aes128gcmsiv-x86_64-linux.S
[876/1290] Compiling aes128gcmsiv-x86_64-apple.S
[877/1290] Compiling x86_64-mont5-linux.S
[878/1290] Compiling x86_64-mont5-apple.S
[879/1290] Compiling x86-mont-apple.S
[880/1290] Compiling x86_64-mont-apple.S
[881/1290] Compiling x86_64-mont-linux.S
[882/1290] Compiling vpaes-x86_64-linux.S
[883/1290] Compiling x86-mont-linux.S
[884/1290] Compiling vpaes-x86_64-apple.S
[885/1290] Compiling vpaes-x86-apple.S
[886/1290] Compiling vpaes-x86-linux.S
[887/1290] Compiling vpaes-armv8-win.S
[888/1290] Compiling vpaes-armv8-linux.S
[889/1290] Compiling vpaes-armv8-apple.S
[890/1290] Compiling vpaes-armv7-linux.S
[891/1290] Compiling sha512-x86_64-apple.S
[892/1290] Compiling sha512-x86_64-linux.S
[893/1290] Compiling sha512-armv8-win.S
[894/1290] Compiling sha512-armv8-apple.S
[895/1290] Compiling sha512-armv8-linux.S
[896/1290] Compiling sha512-586-linux.S
[897/1290] Compiling sha512-armv4-linux.S
[898/1290] Compiling sha512-586-apple.S
[899/1290] Compiling sha256-x86_64-apple.S
[900/1290] Compiling sha256-x86_64-linux.S
[901/1290] Compiling sha256-armv8-win.S
[902/1290] Compiling sha256-armv8-apple.S
[903/1290] Compiling sha256-armv4-linux.S
[903/1290] Compiling sha256-armv8-linux.S
[905/1290] Compiling sha256-586-linux.S
[906/1290] Compiling sha256-586-apple.S
[907/1290] Compiling sha1-x86_64-linux.S
[908/1290] Compiling sha1-x86_64-apple.S
[909/1290] Compiling sha1-armv8-win.S
[910/1290] Compiling sha1-armv8-apple.S
[911/1290] Compiling sha1-armv8-linux.S
[912/1290] Compiling sha1-armv4-large-linux.S
[913/1290] Compiling sha1-586-linux.S
[914/1290] Compiling sha1-586-apple.S
[915/1290] Compiling rsaz-avx2-linux.S
[916/1290] Compiling rsaz-avx2-apple.S
[917/1290] Compiling rdrand-x86_64-apple.S
[918/1290] Compiling rdrand-x86_64-linux.S
[919/1290] Compiling p256_beeu-x86_64-asm-linux.S
[920/1290] Compiling p256_beeu-x86_64-asm-apple.S
[921/1290] Compiling p256_beeu-armv8-asm-win.S
[922/1290] Compiling p256_beeu-armv8-asm-linux.S
[923/1290] Compiling p256_beeu-armv8-asm-apple.S
[924/1290] Compiling p256-x86_64-asm-linux.S
[925/1290] Compiling p256-x86_64-asm-apple.S
[926/1290] Compiling err_data.cc
[927/1290] Compiling p256-armv8-asm-apple.S
[928/1290] Compiling p256-armv8-asm-win.S
[929/1290] Compiling ghashv8-armv8-win.S
[930/1290] Compiling p256-armv8-asm-linux.S
[931/1290] Compiling ghash-x86_64-linux.S
[932/1290] Compiling ghashv8-armv7-linux.S
[933/1290] Compiling ghashv8-armv8-linux.S
[934/1290] Compiling ghashv8-armv8-apple.S
[935/1290] Compiling ghash-x86-linux.S
[936/1290] Compiling ghash-x86_64-apple.S
[937/1290] Compiling ghash-ssse3-x86_64-linux.S
[938/1290] Compiling ghash-ssse3-x86_64-apple.S
[939/1290] Compiling ghash-x86-apple.S
[940/1290] Compiling ghash-ssse3-x86-apple.S
[940/1290] Compiling ghash-ssse3-x86-linux.S
[942/1290] Compiling ghash-neon-armv8-win.S
[943/1290] Compiling ghash-neon-armv8-linux.S
[944/1290] Compiling co-586-linux.S
[945/1290] Compiling ghash-neon-armv8-apple.S
[946/1290] Compiling co-586-apple.S
[947/1290] Compiling ghash-armv4-linux.S
[948/1290] Compiling bn-armv8-win.S
[949/1290] Compiling bsaes-armv7-linux.S
[950/1290] Compiling bn-armv8-apple.S
[951/1290] Compiling bn-armv8-linux.S
[952/1290] Compiling bn-586-linux.S
[953/1290] Compiling armv8-mont-win.S
[954/1290] Compiling bn-586-apple.S
[955/1290] Compiling armv8-mont-apple.S
[956/1290] Compiling armv8-mont-linux.S
[957/1290] Compiling aesv8-gcm-armv8-linux.S
[958/1290] Compiling armv4-mont-linux.S
[959/1290] Compiling aesv8-gcm-armv8-win.S
[960/1290] Compiling aesv8-armv8-win.S
[961/1290] Compiling aesv8-gcm-armv8-apple.S
[962/1290] Compiling aesv8-armv8-apple.S
[962/1290] Compiling aesv8-armv8-linux.S
[964/1290] Compiling aesv8-armv7-linux.S
[965/1290] Compiling aesni-x86_64-linux.S
[966/1290] Compiling aesni-x86_64-apple.S
[967/1290] Compiling aesni-x86-linux.S
[968/1290] Compiling aesni-gcm-x86_64-apple.S
[969/1290] Compiling aesni-gcm-x86_64-linux.S
[970/1290] Compiling aes-gcm-avx512-x86_64-linux.S
[971/1290] Compiling aes-gcm-avx2-x86_64-linux.S
[972/1290] Compiling aesni-x86-apple.S
[973/1290] Compiling aes-gcm-avx512-x86_64-apple.S
[974/1290] Compiling aes-gcm-avx2-x86_64-apple.S
[975/1290] Compiling xwing.cc
[976/1290] Compiling x_sig.cc
[977/1290] Compiling x_spki.cc
[978/1290] Compiling x_req.cc
[979/1290] Compiling x_x509.cc
[980/1290] Compiling x_x509a.cc
[981/1290] Compiling c-nioatomics.c
[982/1290] Compiling x_crl.cc
[983/1290] Compiling x_pubkey.cc
[984/1290] Compiling x_exten.cc
[985/1290] Compiling x_name.cc
[986/1290] Compiling x_attrib.cc
[987/1290] Compiling x_all.cc
[988/1290] Compiling x509spki.cc
[989/1290] Compiling c-atomics.c
[990/1290] Compiling x_algor.cc
[991/1297] Compiling x509_vpm.cc
[992/1297] Compiling x509name.cc
[993/1297] Compiling x509cset.cc
[994/1297] Compiling x509rset.cc
[996/1297] Compiling NIOConcurrencyHelpers NIOThreadPoolWorkAvailable.swift
[997/1297] Compiling NIOConcurrencyHelpers NIOLock.swift
[998/1297] Compiling NIOConcurrencyHelpers NIOAtomic.swift
[999/1297] Emitting module NIOConcurrencyHelpers
[1000/1297] Compiling NIOConcurrencyHelpers atomics.swift
[1001/1297] Compiling NIOConcurrencyHelpers lock.swift
[1002/1297] Compiling NIOConcurrencyHelpers NIOLockedValueBox.swift
[1002/1298] Compiling x509_vfy.cc
[1003/1298] Compiling x509_v3.cc
[1005/1298] Compiling x509_txt.cc
[1006/1298] Compiling x509_set.cc
[1007/1298] Compiling x509_obj.cc
[1008/1298] Compiling x509_trs.cc
[1009/1298] Wrapping AST for NIOConcurrencyHelpers for debugging
[1010/1298] Compiling x509_req.cc
[1011/1298] Compiling x509_d2.cc
[1012/1298] Compiling x509_def.cc
[1013/1298] Compiling x509_lu.cc
[1013/1298] Compiling x509_ext.cc
[1015/1298] Compiling x509_cmp.cc
[1016/1298] Compiling x509.cc
[1017/1298] Compiling x509_att.cc
[1018/1298] Compiling v3_utl.cc
[1019/1298] Compiling v3_skey.cc
[1020/1298] Compiling v3_pmaps.cc
[1021/1298] Compiling v3_prn.cc
[1022/1298] Compiling v3_purp.cc
[1023/1298] Compiling v3_ocsp.cc
[1024/1298] Compiling v3_pcons.cc
[1025/1298] Compiling v3_lib.cc
[1026/1298] Compiling v3_ncons.cc
[1027/1298] Compiling v3_ia5.cc
[1028/1298] Compiling v3_int.cc
[1029/1298] Compiling v3_info.cc
[1030/1298] Compiling v3_genn.cc
[1031/1298] Compiling v3_extku.cc
[1032/1298] Compiling v3_enum.cc
[1033/1298] Compiling v3_crld.cc
[1034/1298] Compiling v3_cpols.cc
[1035/1298] Compiling v3_bcons.cc
[1036/1298] Compiling v3_conf.cc
[1037/1298] Compiling v3_bitst.cc
[1038/1298] Compiling v3_akeya.cc
[1039/1298] Compiling v3_alt.cc
[1040/1298] Compiling t_x509a.cc
[1041/1298] Compiling v3_akey.cc
[1042/1298] Compiling t_x509.cc
[1043/1298] Compiling t_crl.cc
[1044/1298] Compiling t_req.cc
[1045/1298] Compiling policy.cc
[1046/1298] Compiling rsa_pss.cc
[1047/1298] Compiling i2d_pr.cc
[1048/1298] Compiling name_print.cc
[1049/1298] Compiling by_file.cc
[1050/1298] Compiling a_verify.cc
[1051/1298] Compiling by_dir.cc
[1052/1298] Compiling asn1_gen.cc
[1053/1298] Compiling algorithm.cc
[1054/1298] Compiling a_sign.cc
[1055/1298] Compiling a_digest.cc
[1056/1298] Compiling thread_win.cc
[1057/1298] Compiling pmbtoken.cc
[1058/1298] Compiling voprf.cc
[1059/1298] Compiling thread_none.cc
[1060/1298] Compiling trust_token.cc
[1061/1298] Compiling thread_pthread.cc
[1062/1298] Compiling thread.cc
[1063/1298] Compiling stack.cc
[1064/1298] Compiling siphash.cc
[1065/1298] Compiling sha256.cc
[1066/1298] Compiling sha1.cc
[1067/1298] Compiling sha512.cc
[1068/1298] Compiling rsa_print.cc
[1069/1298] Compiling slhdsa.cc
[1070/1298] Compiling spake2plus.cc
[1071/1298] Compiling rsa_extra.cc
[1072/1298] Compiling rc4.cc
[1073/1298] Compiling refcount.cc
[1074/1298] Compiling rsa_crypt.cc
[1075/1298] Compiling passive.cc
[1076/1298] Compiling windows.cc
[1077/1298] Compiling trusty.cc
[1078/1298] Compiling urandom.cc
[1079/1298] Compiling rand.cc
[1080/1298] Compiling getentropy.cc
[1081/1298] Compiling poly1305_arm_asm.S
[1082/1298] Compiling ios.cc
[1083/1298] Compiling rsa_asn1.cc
[1084/1298] Compiling fork_detect.cc
[1085/1298] Compiling deterministic.cc
[1086/1298] Compiling forkunsafe.cc
[1087/1298] Compiling poly1305_vec.cc
[1088/1298] Compiling poly1305_arm.cc
[1089/1298] Compiling pool.cc
[1090/1298] Compiling poly1305.cc
[1091/1298] Compiling pkcs7.cc
[1092/1298] Compiling pkcs8.cc
[1093/1298] Compiling p5_pbev2.cc
[1094/1298] Compiling pkcs8_x509.cc
[1095/1298] Compiling pkcs7_x509.cc
[1096/1298] Compiling pem_x509.cc
[1097/1298] Compiling pem_xaux.cc
[1098/1298] Compiling pem_pkey.cc
[1099/1298] Compiling pem_oth.cc
[1100/1298] Compiling pem_pk8.cc
[1101/1298] Compiling obj_xref.cc
[1102/1298] Compiling mlkem.cc
[1103/1298] Compiling pem_info.cc
[1104/1298] Compiling pem_lib.cc
[1105/1298] Compiling obj.cc
[1106/1298] Compiling mldsa.cc
[1107/1298] Compiling pem_all.cc
[1108/1298] Compiling mem.cc
[1109/1298] Compiling poly_rq_mul.S
[1110/1298] Compiling fips_shared_support.cc
[1111/1298] Compiling md5.cc
[1112/1298] Compiling lhash.cc
[1113/1298] Compiling md4.cc
[1114/1298] Compiling fuzzer_mode.cc
[1115/1298] Compiling kyber.cc
[1116/1298] Compiling ex_data.cc
[1117/1298] Compiling hpke.cc
[1118/1298] Compiling print.cc
[1119/1298] Compiling scrypt.cc
[1120/1298] Compiling hrss.cc
[1121/1298] Compiling sign.cc
[1122/1298] Compiling pbkdf.cc
[1123/1298] Compiling p_hkdf.cc
[1124/1298] Compiling p_x25519_asn1.cc
[1125/1298] Compiling p_x25519.cc
[1126/1298] Compiling p_ed25519_asn1.cc
[1127/1298] Compiling p_ed25519.cc
[1128/1298] Compiling p_rsa.cc
[1129/1298] Compiling p_rsa_asn1.cc
[1130/1298] Compiling p_ec_asn1.cc
[1131/1298] Compiling p_ec.cc
[1132/1298] Compiling evp_asn1.cc
[1133/1298] Compiling ecdsa_p1363.cc
[1134/1298] Compiling err.cc
[1135/1298] Compiling engine.cc
[1136/1298] Compiling evp.cc
[1137/1298] Compiling ecdsa_asn1.cc
[1138/1298] Compiling ecdh.cc
[1139/1298] Compiling ec_derive.cc
[1140/1298] Compiling hash_to_curve.cc
[1141/1298] Compiling dsa.cc
[1142/1298] Compiling ec_asn1.cc
[1143/1298] Compiling dsa_asn1.cc
[1144/1298] Compiling params.cc
[1145/1298] Compiling des.cc
[1146/1298] Compiling x25519-asm-arm.S
[1147/1298] Compiling spake25519.cc
[1148/1298] Compiling digest_extra.cc
[1149/1298] Compiling curve25519_64_adx.cc
[1150/1298] Compiling dh_asn1.cc
[1151/1298] Compiling cpu_intel.cc
[1152/1298] Compiling cpu_arm_linux.cc
[1153/1298] Compiling cpu_arm_freebsd.cc
[1154/1298] Compiling crypto.cc
[1155/1298] Compiling curve25519.cc
[1156/1298] Compiling cpu_aarch64_win.cc
[1157/1298] Compiling cpu_aarch64_openbsd.cc
[1158/1298] Compiling cpu_aarch64_sysreg.cc
[1159/1298] Compiling cpu_aarch64_linux.cc
[1160/1298] Compiling cpu_aarch64_fuchsia.cc
[1161/1298] Compiling cpu_aarch64_apple.cc
[1162/1298] Compiling conf.cc
[1163/1298] Compiling get_cipher.cc
[1164/1298] Compiling tls_cbc.cc
[1165/1298] Compiling e_rc4.cc
[1166/1298] Compiling e_tls.cc
[1167/1298] Compiling e_rc2.cc
[1168/1298] Compiling cms.cc
[1169/1298] Compiling e_null.cc
[1170/1298] Compiling e_des.cc
[1171/1298] Compiling e_chacha20poly1305.cc
[1172/1298] Compiling e_aesgcmsiv.cc
[1173/1298] Compiling e_aeseax.cc
[1174/1298] Compiling derive_key.cc
[1175/1298] Compiling e_aesctrhmac.cc
[1176/1298] Compiling chacha.cc
[1177/1298] Compiling unicode.cc
[1178/1298] Compiling ber.cc
[1179/1298] Compiling buf.cc
[1180/1298] Compiling sqrt.cc
[1181/1298] Compiling cbb.cc
[1182/1298] Compiling exponentiation.cc
[1183/1298] Compiling cbs.cc
[1184/1298] Compiling asn1_compat.cc
[1185/1298] Compiling div.cc
[1186/1298] Compiling pair.cc
[1187/1298] Compiling bn_asn1.cc
[1188/1298] Compiling printf.cc
[1189/1298] Compiling blake2.cc
[1190/1298] Compiling convert.cc
[1191/1298] Compiling hexdump.cc
[1192/1298] Compiling file.cc
[1193/1298] Compiling fd.cc
[1194/1298] Compiling errno.cc
[1195/1298] Compiling bio_mem.cc
[1196/1298] Compiling bio.cc
[1197/1298] Compiling base64.cc
[1198/1298] Compiling tasn_typ.cc
[1199/1298] Compiling tasn_fre.cc
[1200/1298] Compiling tasn_utl.cc
[1201/1298] Compiling tasn_enc.cc
[1202/1298] Compiling tasn_new.cc
[1203/1298] Compiling posix_time.cc
[1204/1298] Compiling f_string.cc
[1205/1298] Compiling f_int.cc
[1206/1298] Compiling asn1_par.cc
[1207/1298] Compiling tasn_dec.cc
[1208/1298] Compiling asn_pack.cc
[1209/1298] Compiling a_octet.cc
[1210/1298] Compiling asn1_lib.cc
[1211/1298] Compiling a_strex.cc
[1212/1298] Compiling a_utctm.cc
[1213/1298] Compiling a_strnid.cc
[1214/1298] Compiling bcm.cc
[1215/1298] Compiling a_time.cc
[1216/1298] Compiling a_type.cc
[1217/1298] Compiling a_i2d_fp.cc
[1218/1298] Compiling a_dup.cc
[1218/1298] Write sources
[1221/1298] Compiling a_object.cc
[1221/1298] Wrapping AST for Algorithms for debugging
[1223/1298] Compiling a_d2i_fp.cc
[1224/1316] Compiling a_mbstr.cc
[1225/1316] Compiling a_gentm.cc
[1226/1316] Compiling a_int.cc
[1227/1316] Compiling aes.cc
[1229/1316] Compiling Atomics UnsafeAtomic.swift
[1230/1316] Compiling Atomics UnsafeAtomicLazyReference.swift
[1231/1316] Compiling Atomics ManagedAtomic.swift
[1232/1316] Compiling Atomics ManagedAtomicLazyReference.swift
[1233/1318] Compiling Atomics AtomicMemoryOrderings.swift
[1234/1318] Compiling Atomics DoubleWord.swift
[1234/1318] Compiling a_bool.cc
[1236/1325] Compiling Atomics OptionalRawRepresentable.swift
[1237/1325] Compiling Atomics RawRepresentable.swift
[1238/1325] Compiling Atomics AtomicBool.swift
[1239/1326] Compiling Atomics IntegerOperations.swift
[1240/1326] Compiling Atomics Unmanaged extensions.swift
[1241/1326] Compiling Atomics AtomicStorage.swift
[1242/1326] Compiling Atomics AtomicValue.swift
[1243/1326] Compiling Atomics AtomicInteger.swift
[1244/1326] Compiling Atomics AtomicOptionalWrappable.swift
[1245/1326] Compiling Atomics AtomicReference.swift
[1246/1326] Compiling CryptoBoringWrapper RandomBytes.swift
[1247/1326] Compiling CryptoBoringWrapper CryptoKitErrors_boring.swift
[1248/1326] Compiling CryptoBoringWrapper BoringSSLAEAD.swift
[1249/1326] Emitting module CryptoBoringWrapper
[1250/1326] Compiling CryptoBoringWrapper EllipticCurve.swift
[1251/1326] Compiling CryptoBoringWrapper EllipticCurvePoint.swift
[1252/1326] Compiling CryptoBoringWrapper ArbitraryPrecisionInteger.swift
[1253/1326] Compiling CryptoBoringWrapper FiniteFieldArithmeticContext.swift
[1254/1327] Wrapping AST for CryptoBoringWrapper for debugging
[1256/1327] Emitting module Atomics
[1257/1411] Compiling Crypto Nonces.swift
[1258/1411] Compiling Crypto ASN1.swift
[1259/1411] Compiling Crypto ASN1Any.swift
[1260/1412] Wrapping AST for Atomics for debugging
[1262/1476] Compiling NIOCore NIOCoreSendableMetatype.swift
[1263/1476] Compiling NIOCore NIODecodedAsyncSequence.swift
[1264/1476] Compiling NIOCore NIOLoopBound.swift
[1265/1476] Compiling NIOCore NIOPooledRecvBufferAllocator.swift
[1266/1476] Compiling NIOCore NIOScheduledCallback.swift
[1267/1476] Compiling NIOCore NIOSendable.swift
[1268/1476] Compiling NIOCore NIOSplitLinesMessageDecoder.swift
[1269/1476] Compiling NIOCore NIOTransportAccessibleChannelCore.swift
[1270/1476] Compiling NIOCore RecvByteBufferAllocator.swift
[1271/1484] Compiling NIOCore Channel.swift
[1272/1484] Compiling NIOCore ChannelHandler.swift
[1273/1484] Compiling NIOCore ChannelHandlers.swift
[1274/1484] Compiling NIOCore ChannelInvoker.swift
[1275/1484] Compiling NIOCore ChannelOption.swift
[1276/1484] Compiling NIOCore ChannelPipeline.swift
[1277/1484] Compiling NIOCore NIOThrowingAsyncSequenceProducer.swift
[1278/1484] Compiling NIOCore BSDSocketAPI.swift
[1279/1484] Compiling NIOCore ByteBuffer-aux.swift
[1280/1484] Compiling NIOCore ByteBuffer-binaryEncodedLengthPrefix.swift
[1281/1484] Compiling NIOCore ByteBuffer-conversions.swift
[1282/1484] Compiling NIOCore ByteBuffer-core.swift
[1283/1495] Compiling NIOCore ByteBuffer-hex.swift
[1284/1495] Compiling NIOCore ByteBuffer-int.swift
[1285/1495] Compiling NIOCore ByteBuffer-lengthPrefix.swift
[1286/1495] Compiling NIOCore CircularBuffer.swift
[1287/1495] Compiling NIOCore Codec.swift
[1288/1495] Compiling NIOCore ConvenienceOptionSupport.swift
[1289/1495] Compiling NIOCore DeadChannel.swift
[1290/1495] Compiling NIOCore DispatchQueue+WithFuture.swift
[1291/1495] Compiling NIOCore EventLoop+Deprecated.swift
[1292/1495] Compiling NIOCore EventLoop+SerialExecutor.swift
[1293/1495] Compiling NIOCore EventLoop.swift
[1294/1495] Compiling NIOCore EventLoopFuture+AssumeIsolated.swift
[1295/1495] Emitting module Crypto
[1296/1495] Compiling NIOCore AddressedEnvelope.swift
[1297/1495] Compiling NIOCore AsyncAwaitSupport.swift
[1298/1495] Compiling NIOCore AsyncChannel.swift
[1299/1495] Compiling NIOCore AsyncChannelHandler.swift
[1300/1495] Compiling NIOCore AsyncChannelInboundStream.swift
[1301/1495] Compiling NIOCore AsyncChannelOutboundWriter.swift
[1302/1495] Compiling NIOCore NIOAsyncSequenceProducer.swift
[1303/1495] Compiling NIOCore NIOAsyncSequenceProducerStrategies.swift
[1304/1495] Compiling NIOCore NIOAsyncWriter.swift
[1305/1495] Compiling NIOCore ByteBuffer-multi-int.swift
[1306/1495] Compiling NIOCore ByteBuffer-quicBinaryEncodingStrategy.swift
[1307/1495] Compiling NIOCore ByteBuffer-views.swift
[1308/1495] Compiling Crypto ASN1Null.swift
[1309/1495] Compiling Crypto ASN1OctetString.swift
[1310/1495] Compiling Crypto ASN1Strings.swift
[1311/1495] Compiling Crypto ArraySliceBigint.swift
[1312/1495] Compiling Crypto GeneralizedTime.swift
[1313/1495] Compiling Crypto ObjectIdentifier.swift
[1314/1495] Compiling Crypto ECDSASignature.swift
[1315/1495] Compiling Crypto PEMDocument.swift
[1316/1495] Compiling Crypto PKCS8PrivateKey.swift
[1317/1495] Compiling Crypto SEC1PrivateKey.swift
[1318/1495] Compiling Crypto SubjectPublicKeyInfo.swift
[1319/1495] Compiling Crypto CryptoError_boring.swift
[1326/1495] Compiling NIOCore IPProtocol.swift
[1327/1495] Compiling NIOCore IntegerBitPacking.swift
[1328/1495] Compiling NIOCore IntegerTypes.swift
[1329/1495] Compiling NIOCore Interfaces.swift
[1330/1495] Compiling NIOCore Linux.swift
[1331/1495] Compiling NIOCore MarkedCircularBuffer.swift
[1332/1495] Compiling NIOCore MulticastChannel.swift
[1333/1495] Compiling NIOCore NIOAny.swift
[1334/1495] Compiling NIOCore NIOCloseOnErrorHandler.swift
[1335/1495] Compiling NIOCore SingleStepByteToMessageDecoder.swift
[1336/1495] Compiling NIOCore SocketAddresses.swift
[1337/1495] Compiling NIOCore SocketOptionProvider.swift
[1338/1495] Compiling NIOCore SystemCallHelpers.swift
[1339/1495] Compiling NIOCore TimeAmount+Duration.swift
[1340/1495] Compiling NIOCore TypeAssistedChannelHandler.swift
[1341/1495] Compiling NIOCore UniversalBootstrapSupport.swift
[1342/1495] Compiling NIOCore Utilities.swift
[1343/1495] Compiling Crypto Signature.swift
[1344/1495] Compiling Crypto CryptoKitErrors_boring.swift
[1345/1495] Compiling Crypto Optional+withUnsafeBytes_boring.swift
[1346/1495] Compiling Crypto RNG_boring.swift
[1347/1495] Compiling Crypto SafeCompare_boring.swift
[1348/1495] Compiling Crypto Zeroization_boring.swift
[1349/1495] Compiling Crypto _CryptoModuleAnchor.swift
[1350/1495] Compiling Crypto PrettyBytes.swift
[1351/1495] Compiling Crypto SafeCompare.swift
[1352/1495] Compiling Crypto SecureBytes.swift
[1353/1495] Compiling Crypto Zeroization.swift
[1354/1495] Compiling NIOCore EventLoopFuture+Deprecated.swift
[1355/1495] Compiling NIOCore EventLoopFuture+WithEventLoop.swift
[1356/1495] Compiling NIOCore EventLoopFuture.swift
[1357/1495] Compiling NIOCore FileDescriptor.swift
[1358/1495] Compiling NIOCore FileHandle.swift
[1359/1495] Compiling NIOCore FileRegion.swift
[1360/1495] Compiling NIOCore GlobalSingletons.swift
[1361/1495] Compiling NIOCore IO.swift
[1362/1495] Compiling NIOCore IOData.swift
[1366/1496] Wrapping AST for Crypto for debugging
[1368/1525] Compiling CryptoExtras PBKDF2.swift
[1394/1558] Compiling CryptoExtras ARCServer.swift
[1395/1558] Compiling CryptoExtras ChaCha20CTR_boring.swift
[1396/1558] Compiling CryptoExtras ChaCha20CTR.swift
[1397/1558] Compiling CryptoExtras BoringSSLSHA512256Context.swift
[1398/1558] Compiling CryptoExtras BoringSSLSHA512256HashFunction.swift
[1399/1558] Compiling CryptoExtras SHA512256.swift
[1400/1558] Compiling CryptoExtras SHA512256Digest.swift
[1401/1558] Compiling CryptoExtras Curve25519+PEM.swift
[1402/1558] Compiling CryptoExtras ObjectIdentifier.swift
[1403/1558] Compiling CryptoExtras PKCS8DERRepresentation.swift
[1404/1558] Compiling CryptoExtras PKCS8PrivateKey.swift
[1405/1558] Compiling CryptoExtras RFC8410AlgorithmIdentifier.swift
[1406/1558] Compiling CryptoExtras ECToolbox_boring.swift
[1407/1558] Compiling CryptoExtras ECToolbox.swift
[1408/1558] Compiling CryptoExtras HashToField.swift
[1409/1558] Compiling CryptoExtras KDF.swift
[1410/1558] Compiling CryptoExtras PBKDF2_boring.swift
[1411/1558] Compiling CryptoExtras PBKDF2_commoncrypto.swift
[1412/1558] Compiling CryptoExtras Data+Extensions.swift
[1413/1558] Compiling CryptoExtras DigestType.swift
[1414/1558] Compiling CryptoExtras Error.swift
[1415/1558] Compiling CryptoExtras I2OSP.swift
[1416/1558] Compiling CryptoExtras IntegerEncoding.swift
[1417/1558] Compiling CryptoExtras PEMDocument.swift
[1418/1558] Compiling CryptoExtras PrettyBytes.swift
[1419/1558] Compiling CryptoExtras SubjectPublicKeyInfo.swift
[1429/1566] Compiling CryptoExtras ThreadOps.swift
[1430/1566] Compiling CryptoExtras ThreadPosix.swift
[1431/1566] Compiling CryptoExtras ThreadSpecific.swift
[1432/1566] Compiling CryptoExtras ThreadWindows.swift
[1433/1566] Compiling CryptoExtras DLEQ.swift
[1434/1566] Compiling CryptoExtras Prover.swift
[1435/1566] Compiling CryptoExtras Verifier.swift
[1436/1566] Compiling CryptoExtras ZKPToolbox.swift
[1437/1566] Emitting module CryptoExtras
[1438/1566] Compiling CryptoExtras CMAC.swift
[1439/1566] Compiling CryptoExtras ARC+API.swift
[1440/1566] Compiling CryptoExtras ARC.swift
[1441/1566] Compiling CryptoExtras ARCCredential.swift
[1442/1566] Compiling CryptoExtras ARCEncoding.swift
[1443/1566] Compiling CryptoExtras ARCPrecredential.swift
[1444/1566] Compiling CryptoExtras ARCPresentation.swift
[1445/1566] Compiling CryptoExtras ARCRequest.swift
[1446/1566] Compiling CryptoExtras ARCResponse.swift
[1447/1566] Compiling CryptoExtras AES_CBC.swift
[1448/1566] Compiling CryptoExtras AES_CFB.swift
[1449/1566] Compiling CryptoExtras AES_CTR.swift
[1450/1566] Compiling CryptoExtras AES_GCM_SIV.swift
[1451/1566] Compiling CryptoExtras Block Function.swift
[1452/1566] Compiling CryptoExtras AES_CBC_boring.swift
[1453/1566] Compiling CryptoExtras AES_CFB_boring.swift
[1454/1566] Compiling CryptoExtras AES_CTR_boring.swift
[1455/1566] Compiling CryptoExtras AES_GCM_SIV_boring.swift
[1456/1566] Compiling CryptoExtras BoringSSLPassphraseCallbackManager.swift
[1457/1566] Compiling CryptoExtras RSA+BlindSigning.swift
[1458/1566] Compiling CryptoExtras RSA.swift
[1459/1566] Compiling CryptoExtras RSA_boring.swift
[1460/1566] Compiling CryptoExtras Reexport.swift
[1461/1566] Compiling CryptoExtras Zeroization_boring.swift
[1462/1566] Compiling CryptoExtras BoringSSLHelpers.swift
[1463/1566] Compiling CryptoExtras CryptoKitErrors_boring.swift
[1474/1566] Compiling CryptoExtras Scrypt_boring.swift
[1475/1566] Compiling CryptoExtras Scrypt.swift
[1476/1566] Compiling CryptoExtras OPRF.swift
[1477/1566] Compiling CryptoExtras OPRFClient.swift
[1478/1566] Compiling CryptoExtras OPRFServer.swift
[1479/1566] Compiling CryptoExtras VOPRF+API.swift
[1480/1566] Compiling CryptoExtras VOPRFClient.swift
[1481/1566] Compiling CryptoExtras VOPRFServer.swift
[1482/1567] Wrapping AST for CryptoExtras for debugging
[1484/1569] Emitting module _CryptoExtras
[1485/1569] Compiling _CryptoExtras Exports.swift
[1486/1570] Wrapping AST for _CryptoExtras for debugging
[1488/1665] Compiling X509 CMSIssuerAndSerialNumber.swift
[1489/1665] Compiling X509 CMSOperations.swift
[1490/1665] Compiling X509 CMSSignature.swift
[1491/1665] Compiling X509 CMSSignedData.swift
[1492/1665] Compiling X509 CMSSignerIdentifier.swift
[1493/1665] Compiling X509 CMSSignerInfo.swift
[1494/1665] Compiling X509 CMSVersion.swift
[1495/1665] Compiling X509 Curve25519+DER.swift
[1496/1665] Compiling X509 CustomPrivateKey.swift
[1497/1665] Emitting module NIOCore
[1498/1665] Compiling X509 Digests.swift
[1499/1665] Compiling X509 DistinguishedName.swift
[1500/1665] Compiling X509 CommonName.swift
[1501/1665] Compiling X509 CountryName.swift
[1502/1665] Compiling X509 DNBuilder.swift
[1503/1665] Compiling X509 CSRAttribute.swift
[1504/1665] Compiling X509 CSRAttributes.swift
[1505/1665] Compiling X509 CSRVersion.swift
[1506/1665] Compiling X509 CertificateSigningRequest.swift
[1507/1667] Wrapping AST for NIOCore for debugging
[1509/1723] Compiling NIOFoundationEssentialsCompat Codable+ByteBuffer.swift
[1510/1723] Emitting module NIOEmbedded
[1511/1723] Emitting module NIOFoundationEssentialsCompat
[1512/1723] Compiling NIOFoundationEssentialsCompat ByteBuffer-foundation.swift
[1514/1724] Compiling X509 PKCS8PrivateKey.swift
[1515/1724] Compiling X509 PromiseAndFuture.swift
[1516/1724] Compiling X509 RDNAttribute.swift
[1517/1724] Compiling X509 RandomNumberGenerator+bytes.swift
[1518/1724] Compiling X509 RelativeDistinguishedName.swift
[1519/1724] Compiling X509 SEC1PrivateKey.swift
[1520/1724] Compiling X509 SecKeyWrapper.swift
[1521/1724] Compiling X509 Signature.swift
[1522/1724] Compiling X509 SignatureAlgorithm.swift
[1523/1724] Compiling X509 AllOfPolicies.swift
[1524/1724] Compiling X509 AnyPolicy.swift
[1525/1724] Compiling X509 CertificateStore.swift
[1526/1724] Compiling X509 CustomCertificateStore.swift
[1527/1724] Compiling X509 OneOfPolicies.swift
[1528/1724] Compiling X509 PolicyBuilder.swift
[1529/1724] Compiling X509 BasicConstraintsPolicy.swift
[1530/1724] Compiling X509 DNSNames.swift
[1531/1724] Compiling X509 ExpiryPolicy.swift
[1532/1724] Compiling X509 IPConstraints.swift
[1533/1724] Compiling X509 NameConstraintsPolicy.swift
[1534/1724] Compiling X509 RFC5280Policy.swift
[1535/1724] Compiling X509 URIConstraints.swift
[1536/1724] Compiling X509 VersionPolicy.swift
[1537/1724] Compiling X509 ServerIdentityPolicy.swift
[1538/1724] Compiling X509 TrustRootLoading.swift
[1539/1724] Compiling X509 UnverifiedChain.swift
[1539/1737] Wrapping AST for NIOFoundationEssentialsCompat for debugging
[1541/1737] Compiling NIOPosix BSDSocketAPICommon.swift
[1542/1737] Compiling NIOPosix BSDSocketAPIPosix.swift
[1543/1737] Compiling NIOPosix BSDSocketAPIWindows.swift
[1544/1737] Compiling NIOPosix BaseSocket.swift
[1545/1737] Compiling NIOPosix BaseSocketChannel+AccessibleTransport.swift
[1546/1737] Compiling NIOPosix BaseSocketChannel+SocketOptionProvider.swift
[1547/1737] Compiling NIOPosix BaseSocketChannel.swift
[1548/1737] Compiling NIOPosix BaseStreamSocketChannel.swift
[1549/1737] Compiling NIOPosix Bootstrap.swift
[1550/1737] Compiling NIOPosix ControlMessage.swift
[1551/1737] Compiling NIOPosix DatagramVectorReadManager.swift
[1552/1737] Compiling NIOPosix Errors+Any.swift
[1553/1737] Compiling NIOPosix FileDescriptor.swift
[1554/1737] Compiling NIOPosix GetaddrinfoResolver.swift
[1555/1737] Compiling NIOPosix MultiThreadedEventLoopGroup.swift
[1556/1737] Compiling NIOPosix NIOPosixSendableMetatype.swift
[1557/1737] Compiling NIOPosix NIORandomizedDNSResolver.swift
[1558/1737] Compiling NIOPosix NIOThreadPool.swift
[1559/1737] Compiling NIOPosix NonBlockingFileIO.swift
[1560/1737] Compiling NIOPosix PendingDatagramWritesManager.swift
[1561/1737] Compiling NIOPosix PendingWritesManager.swift
[1562/1737] Compiling NIOPosix HappyEyeballs.swift
[1563/1737] Compiling NIOPosix IO.swift
[1564/1737] Compiling NIOPosix IntegerBitPacking.swift
[1565/1737] Compiling NIOPosix IntegerTypes.swift
[1566/1737] Compiling NIOPosix Linux.swift
[1567/1737] Compiling NIOPosix LinuxCPUSet.swift
[1568/1737] Compiling NIOPosix LinuxUring.swift
[1569/1737] Compiling NIOEmbedded AsyncTestingEventLoop.swift
[1570/1737] Compiling NIOEmbedded AsyncTestingChannel.swift
[1571/1737] Compiling NIOEmbedded Embedded.swift
[1573/1738] Compiling X509 OCSPExtensionID.swift
[1574/1738] Compiling X509 OCSPNonce.swift
[1575/1738] Compiling X509 OCSPPolicy.swift
[1576/1738] Compiling X509 OCSPRequest.swift
[1577/1738] Compiling X509 OCSPResponse.swift
[1578/1738] Compiling X509 OCSPResponseBytes.swift
[1579/1738] Compiling X509 OCSPResponseData.swift
[1580/1738] Compiling X509 OCSPResponseStatus.swift
[1581/1738] Compiling X509 OCSPSignature.swift
[1582/1738] Compiling X509 OCSPSingleRequest.swift
[1583/1738] Compiling X509 OCSPSingleResponse.swift
[1584/1738] Compiling X509 OCSPTBSRequest.swift
[1585/1738] Compiling X509 OCSPVersion.swift
[1585/1738] Wrapping AST for NIOEmbedded for debugging
[1587/1738] Compiling NIOPosix SelectorWSAPoll.swift
[1588/1738] Compiling NIOPosix ServerSocket.swift
[1589/1738] Compiling NIOPosix Socket.swift
[1590/1738] Compiling NIOPosix SocketChannel.swift
[1591/1738] Compiling NIOPosix SocketProtocols.swift
[1592/1738] Compiling NIOPosix StructuredConcurrencyHelpers.swift
[1593/1738] Compiling NIOPosix System.swift
[1594/1738] Compiling X509 Lock.swift
[1595/1738] Compiling X509 LockedValueBox.swift
[1596/1738] Compiling X509 BasicOCSPResponse.swift
[1597/1738] Compiling X509 DirectoryString.swift
[1598/1738] Compiling X509 OCSPCertID.swift
[1599/1738] Compiling X509 OCSPCertStatus.swift
[1600/1738] Compiling NIOPosix PipeChannel.swift
[1601/1738] Compiling NIOPosix PipePair.swift
[1602/1738] Compiling NIOPosix Pool.swift
[1603/1738] Compiling NIOPosix PosixSingletons+ConcurrencyTakeOver.swift
[1604/1738] Compiling NIOPosix PosixSingletons.swift
[1605/1738] Compiling NIOPosix RawSocketBootstrap.swift
[1606/1738] Compiling NIOPosix Resolver.swift
[1607/1738] Compiling NIOPosix Selectable.swift
[1608/1738] Compiling NIOPosix SelectableChannel.swift
[1609/1738] Compiling NIOPosix SelectableEventLoop.swift
[1610/1738] Compiling NIOPosix SelectorEpoll.swift
[1611/1738] Compiling NIOPosix SelectorGeneric.swift
[1612/1738] Compiling NIOPosix SelectorKqueue.swift
[1613/1738] Compiling NIOPosix SelectorUring.swift
[1614/1738] Emitting module NIOPosix
[1636/1745] Compiling NIOPosix Thread.swift
[1637/1745] Compiling NIOPosix ThreadPosix.swift
[1638/1745] Compiling NIOPosix ThreadWindows.swift
[1639/1745] Compiling NIOPosix Utilities.swift
[1640/1745] Compiling NIOPosix VsockAddress.swift
[1641/1745] Compiling NIOPosix VsockChannelEvents.swift
[1642/1745] Compiling NIOPosix Windows.swift
[1657/1745] Emitting module X509
[1672/1746] Wrapping AST for NIOPosix for debugging
[1674/1748] Emitting module NIO
[1675/1748] Compiling NIO Exports.swift
[1676/1749] Wrapping AST for NIO for debugging
[1678/1788] Emitting module NIOTLS
[1679/1788] Compiling X509 ValidatedCertificateChain.swift
[1680/1788] Compiling X509 VerificationDiagnostic.swift
[1681/1788] Compiling X509 Verifier.swift
[1682/1788] Compiling X509 VerifierPolicy.swift
[1683/1788] Compiling X509 AlgorithmIdentifier.swift
[1684/1788] Compiling X509 ECDSASignature.swift
[1685/1788] Compiling X509 RSAPKCS1PublicKey.swift
[1686/1788] Compiling X509 SubjectPublicKeyInfo.swift
[1687/1788] Compiling X509 TBSCertificate.swift
[1688/1788] Compiling X509 Time.swift
[1689/1788] Compiling X509 TimeCalculations.swift
[1690/1788] Compiling X509 Validity.swift
[1691/1788] Compiling X509 X509SendableMetatype.swift
[1692/1788] Compiling NIOTLS TLSEvents.swift
[1693/1789] Compiling NIOTLS ApplicationProtocolNegotiationHandler.swift
[1694/1789] Compiling NIOSOCKS SOCKSResponse.swift
[1695/1789] Compiling NIOFoundationCompat Exports.swift
[1696/1790] Compiling NIOFoundationCompat JSONSerialization+ByteBuffer.swift
[1697/1790] Emitting module NIOFoundationCompat
[1698/1790] Compiling NIOFoundationCompat WaitSpinningRunLoop.swift
[1699/1790] Compiling NIOSOCKS ClientStateMachine.swift
[1700/1790] Compiling NIOSOCKS SelectedAuthenticationMethod.swift
[1703/1791] Emitting module NIOSOCKS
[1704/1791] Compiling NIOHTTP1 ByteCollectionUtils.swift
[1705/1791] Compiling NIOHTTP1 HTTPDecoder.swift
[1705/1791] Wrapping AST for NIOFoundationCompat for debugging
[1706/1791] Wrapping AST for X509 for debugging
[1708/1858] Compiling NIOSOCKS ServerStateMachine.swift
[1709/1858] Compiling JWTKit P521+CurveType.swift
[1710/1858] Compiling JWTKit EdDSA.swift
[1711/1858] Compiling JWTKit P256+CurveType.swift
[1712/1858] Compiling JWTKit P384+CurveType.swift
[1713/1858] Compiling JWTKit EdDSACurve.swift
[1714/1858] Compiling JWTKit EdDSAError.swift
[1715/1859] Compiling NIOTLS NIOTypedApplicationProtocolNegotiationHandler.swift
[1717/1859] Compiling NIOTLS SNIHandler.swift
[1718/1859] Compiling NIOTLS ProtocolNegotiationHandlerStateMachine.swift
[1719/1860] Wrapping AST for NIOSOCKS for debugging
[1722/1862] Wrapping AST for NIOTLS for debugging
[1724/1892] Compiling NIOSSL SSLCertificateExtensions.swift
[1725/1892] Compiling NIOSSL SSLCertificateName.swift
[1726/1892] Compiling NIOSSL ObjectIdentifier.swift
[1727/1892] Compiling NIOSSL PosixPort.swift
[1728/1892] Compiling JWTKit JWTSerializer.swift
[1729/1892] Compiling JWTKit JWTSigner.swift
[1730/1892] Compiling JWTKit JWTKeyCollection+MLDSA.swift
[1731/1892] Compiling JWTKit MLDSA.swift
[1732/1892] Compiling JWTKit MLDSA65+MLDSAKey.swift
[1733/1892] Compiling JWTKit MLDSA87+MLDSAKey.swift
[1734/1892] Compiling JWTKit MLDSAError.swift
[1735/1892] Compiling JWTKit MLDSAKey.swift
[1736/1892] Compiling JWTKit MLDSASigner.swift
[1737/1892] Compiling JWTKit MLDSAType.swift
[1738/1892] Compiling JWTKit JWTKeyCollection+UnsecuredNone.swift
[1739/1892] Compiling JWTKit UnsecuredNoneSigner.swift
[1740/1892] Compiling JWTKit JWTKeyCollection+RSA.swift
[1741/1892] Compiling JWTKit RSA.swift
[1742/1892] Compiling JWTKit RSAError.swift
[1743/1892] Compiling JWTKit RSASigner.swift
[1744/1892] Compiling JWTKit Base64URL.swift
[1745/1892] Compiling JWTKit CryptoSigner.swift
[1746/1901] Emitting module JWTKit
[1747/1901] Compiling NIOSSL SSLConnection.swift
[1748/1901] Compiling NIOSSL SSLContext.swift
[1749/1901] Compiling NIOSSL SSLCallbacks.swift
[1750/1901] Compiling NIOSSL SSLCertificate.swift
[1751/1901] Compiling NIOSSL IdentityVerification.swift
[1752/1901] Compiling NIOSSL NIOSSLServerHandler.swift
[1753/1901] Compiling NIOSSL ByteBufferBIO.swift
[1754/1901] Compiling NIOSSL CustomPrivateKey.swift
[1755/1901] Compiling NIOSSL FreeBSDCABundle.swift
[1756/1901] Emitting module NIOHTTP1
[1757/1901] Compiling NIOSSL LinuxCABundle.swift
[1758/1901] Compiling NIOSSL NIOSSLClientHandler.swift
[1759/1901] Compiling NIOSSL NIOSSLHandler+Configuration.swift
[1760/1902] Wrapping AST for NIOHTTP1 for debugging
[1765/1902] Compiling NIOSSL NIOSSLHandler.swift
[1766/1902] Compiling NIOSSL AndroidCABundle.swift
[1772/1902] Compiling JWTKit AudienceClaim.swift
[1773/1902] Compiling JWTKit BoolClaim.swift
[1774/1902] Compiling JWTKit ExpirationClaim.swift
[1775/1902] Compiling JWTKit GoogleHostedDomainClaim.swift
[1776/1902] Compiling JWTKit IDClaim.swift
[1777/1902] Compiling JWTKit IssuedAtClaim.swift
[1778/1902] Compiling JWTKit IssuerClaim.swift
[1779/1902] Compiling JWTKit JWTClaim.swift
[1780/1902] Compiling JWTKit JWTMultiValueClaim.swift
[1781/1902] Compiling JWTKit JWTUnixEpochClaim.swift
[1782/1902] Compiling JWTKit JWTAlgorithm.swift
[1783/1902] Compiling JWTKit JWTError.swift
[1784/1902] Compiling JWTKit JWTHeader+CommonFields.swift
[1785/1902] Compiling JWTKit JWTHeader.swift
[1786/1902] Compiling JWTKit JWTHeaderField.swift
[1787/1902] Compiling JWTKit JWTKeyCollection.swift
[1788/1902] Compiling JWTKit JWTParser+MandatoryVerificationFields.swift
[1789/1902] Compiling JWTKit JWTParser.swift
[1790/1902] Compiling JWTKit JWTPayload.swift
[1799/1902] Compiling NIOSSL SSLErrors.swift
[1800/1902] Compiling NIOSSL SSLInit.swift
[1801/1902] Compiling NIOSSL SSLPKCS12Bundle.swift
[1802/1902] Compiling NIOSSL SSLPrivateKey.swift
[1803/1902] Compiling NIOSSL SSLPublicKey.swift
[1804/1902] Compiling NIOSSL SecurityFrameworkCertificateVerification.swift
[1805/1902] Compiling NIOSSL String+unsafeUninitializedCapacity.swift
[1806/1902] Compiling NIOSSL SubjectAlternativeName.swift
[1807/1902] Compiling NIOSSL NIOSSLSecureBytes.swift
[1808/1902] Compiling NIOSSL RNG.swift
[1809/1902] Compiling NIOSSL SafeCompare.swift
[1810/1919] Emitting module NIOHTTPCompression
[1811/1919] Compiling NIOHTTPCompression HTTPRequestCompressor.swift
[1812/1919] Compiling NIOHTTPCompression HTTPCompression.swift
[1813/1919] Compiling NIOHTTPCompression HTTPDecompression.swift
[1814/1919] Compiling NIOHPACK IndexedHeaderTable.swift
[1815/1919] Compiling NIOHPACK IntegerCoding.swift
[1816/1920] Compiling NIOHPACK HuffmanTables.swift
[1817/1920] Compiling NIOHTTPCompression HTTPDecompressor.swift
[1818/1920] Compiling NIOHTTPCompression HTTPResponseCompressor.swift
[1819/1920] Emitting module NIOHPACK
[1821/1921] Compiling NIOHPACK HuffmanCoding.swift
[1822/1921] Compiling JWTKit CustomizedJSONCoders.swift
[1823/1921] Compiling JWTKit Utilities.swift
[1824/1921] Compiling JWTKit AppleIdentityToken.swift
[1825/1921] Compiling JWTKit FirebaseAuthIdentityToken.swift
[1826/1921] Compiling JWTKit GoogleIdentityToken.swift
[1827/1921] Compiling JWTKit MicrosoftIdentityToken.swift
[1828/1921] Compiling JWTKit EmptyPolicy.swift
[1829/1921] Compiling JWTKit ValidationTimePayload.swift
[1830/1921] Compiling JWTKit X5CVerifier.swift
[1831/1921] Compiling NIOHPACK DynamicHeaderTable.swift
[1832/1921] Compiling NIOHPACK HPACKDecoder.swift
[1832/1922] Wrapping AST for NIOHTTPCompression for debugging
[1837/1922] Compiling NIOHPACK HPACKEncoder.swift
[1838/1922] Compiling NIOHPACK HPACKErrors.swift
[1839/1922] Emitting module NIOSSL
[1848/1926] Compiling NIOHPACK StaticHeaderTable.swift
[1848/1926] Wrapping AST for JWTKit for debugging
[1850/1926] Compiling NIOHPACK HPACKHeader.swift
[1851/1926] Compiling NIOHPACK HeaderTables.swift
[1871/1927] Wrapping AST for NIOHPACK for debugging
[1873/1990] Compiling NIOHTTP2 ReceivingDataState.swift
[1874/1990] Compiling NIOHTTP2 ReceivingGoAwayState.swift
[1875/1990] Compiling NIOHTTP2 ReceivingHeadersState.swift
[1876/1990] Compiling NIOHTTP2 ReceivingPushPromiseState.swift
[1877/1991] Wrapping AST for NIOSSL for debugging
[1879/1991] Emitting module NIOHTTP2
[1880/1999] Compiling NIOHTTP2 ConnectionStateMachine.swift
[1881/1999] Compiling NIOHTTP2 ConnectionStreamsState.swift
[1882/1999] Compiling NIOHTTP2 MayReceiveFrames.swift
[1887/1999] Compiling NIOHTTP2 ReceivingRstStreamState.swift
[1888/1999] Compiling NIOHTTP2 ReceivingWindowUpdateState.swift
[1889/1999] Compiling NIOHTTP2 HTTP2StreamMultiplexer.swift
[1890/1999] Compiling NIOHTTP2 HTTP2ToHTTP1Codec.swift
[1891/1999] Compiling NIOHTTP2 HTTP2UserEvents.swift
[1892/1999] Compiling NIOHTTP2 InboundEventBuffer.swift
[1893/1999] Compiling NIOHTTP2 InboundWindowManager.swift
[1894/1999] Compiling NIOHTTP2 MultiplexerAbstractChannel.swift
[1895/1999] Compiling NIOHTTP2 NIOHTTP2FrameDelegate.swift
[1896/1999] Compiling NIOHTTP2 NIOHTTP2ServerConnectionManagementHandler+StateMachine.swift
[1897/1999] Compiling NIOHTTP2 HTTP2FrameParser.swift
[1898/1999] Compiling NIOHTTP2 HTTP2PingData.swift
[1899/1999] Compiling NIOHTTP2 HTTP2PipelineHelpers.swift
[1900/1999] Compiling NIOHTTP2 HTTP2Settings.swift
[1901/1999] Compiling NIOHTTP2 HTTP2Stream.swift
[1902/1999] Compiling NIOHTTP2 HTTP2StreamChannel+OutboundStreamMultiplexer.swift
[1903/1999] Compiling NIOHTTP2 HTTP2StreamChannel.swift
[1904/1999] Compiling NIOHTTP2 HTTP2StreamDelegate.swift
[1905/1999] Compiling NIOHTTP2 HTTP2StreamID.swift
[1906/1999] Compiling NIOHTTP2 MaySendFrames.swift
[1907/1999] Compiling NIOHTTP2 SendingDataState.swift
[1908/1999] Compiling NIOHTTP2 SendingGoawayState.swift
[1909/1999] Compiling NIOHTTP2 SendingHeadersState.swift
[1910/1999] Compiling NIOHTTP2 SendingPushPromiseState.swift
[1911/1999] Compiling NIOHTTP2 SendingRstStreamState.swift
[1912/1999] Compiling NIOHTTP2 SendingWindowUpdateState.swift
[1913/1999] Compiling NIOHTTP2 HTTP2SettingsState.swift
[1914/1999] Compiling NIOHTTP2 HasExtendedConnectSettings.swift
[1915/1999] Compiling NIOHTTP2 DOSHeuristics.swift
[1916/1999] Compiling NIOHTTP2 Error+Any.swift
[1917/1999] Compiling NIOHTTP2 ConcurrentStreamBuffer.swift
[1918/1999] Compiling NIOHTTP2 ControlFrameBuffer.swift
[1919/1999] Compiling NIOHTTP2 OutboundFlowControlBuffer.swift
[1920/1999] Compiling NIOHTTP2 OutboundFrameBuffer.swift
[1921/1999] Compiling NIOHTTP2 GlitchesMonitor.swift
[1922/1999] Compiling NIOHTTP2 HPACKHeaders+Validation.swift
[1923/1999] Compiling NIOHTTP2 HTTP2ChannelHandler+InboundStreamMultiplexer.swift
[1924/1999] Compiling NIOHTTP2 NIOHTTP2ServerConnectionManagementHandler.swift
[1925/1999] Compiling NIOHTTP2 StreamChannelFlowController.swift
[1926/1999] Compiling NIOHTTP2 StreamChannelList.swift
[1927/1999] Compiling NIOHTTP2 StreamMap.swift
[1928/1999] Compiling NIOHTTP2 StreamStateMachine.swift
[1929/1999] Compiling NIOHTTP2 Timer.swift
[1930/1999] Compiling NIOHTTP2 UnsafeTransfer.swift
[1931/1999] Compiling NIOHTTP2 WatermarkedFlowController.swift
[1932/1999] Compiling NIOHTTP2 HasFlowControlWindows.swift
[1933/1999] Compiling NIOHTTP2 HasLocalSettings.swift
[1934/1999] Compiling NIOHTTP2 HasRemoteSettings.swift
[1935/1999] Compiling NIOHTTP2 LocallyQuiescingState.swift
[1936/1999] Compiling NIOHTTP2 QuiescingState.swift
[1937/1999] Compiling NIOHTTP2 RemotelyQuiescingState.swift
[1938/1999] Compiling NIOHTTP2 SendAndReceiveGoawayState.swift
[1939/1999] Compiling NIOHTTP2 StateMachineResult.swift
[1940/1999] Compiling NIOHTTP2 ContentLengthVerifier.swift
[1941/1999] Compiling NIOHTTP2 HTTP2ChannelHandler+InlineStreamMultiplexer.swift
[1942/1999] Compiling NIOHTTP2 HTTP2ChannelHandler.swift
[1943/1999] Compiling NIOHTTP2 HTTP2CommonInboundStreamMultiplexer.swift
[1944/1999] Compiling NIOHTTP2 HTTP2ConnectionStateChange.swift
[1945/1999] Compiling NIOHTTP2 HTTP2Error.swift
[1946/1999] Compiling NIOHTTP2 HTTP2ErrorCode.swift
[1947/1999] Compiling NIOHTTP2 HTTP2FlowControlWindow.swift
[1948/1999] Compiling NIOHTTP2 HTTP2Frame.swift
[1949/1999] Compiling NIOHTTP2 HTTP2FrameEncoder.swift
[1950/2000] Wrapping AST for NIOHTTP2 for debugging
[1952/2064] Emitting module AsyncHTTPClient
[1953/2072] Compiling AsyncHTTPClient HTTPClientResponse.swift
[1954/2072] Compiling AsyncHTTPClient SingleIteratorPrecondition.swift
[1955/2072] Compiling AsyncHTTPClient Transaction+StateMachine.swift
[1956/2072] Compiling AsyncHTTPClient Transaction.swift
[1957/2072] Compiling AsyncHTTPClient Base64.swift
[1958/2072] Compiling AsyncHTTPClient BasicAuth.swift
[1959/2072] Compiling AsyncHTTPClient BestEffortHashableTLSConfiguration.swift
[1960/2072] Compiling AsyncHTTPClient Configuration+BrowserLike.swift
[1961/2072] Compiling AsyncHTTPClient ConnectionPool.swift
[1962/2072] Compiling AsyncHTTPClient RequestValidation.swift
[1963/2072] Compiling AsyncHTTPClient SSLContextCache.swift
[1964/2072] Compiling AsyncHTTPClient Scheme.swift
[1965/2072] Compiling AsyncHTTPClient Singleton.swift
[1966/2072] Compiling AsyncHTTPClient StringConvertibleInstances.swift
[1967/2072] Compiling AsyncHTTPClient StructuredConcurrencyHelpers.swift
[1968/2072] Compiling AsyncHTTPClient TracingSupport.swift
[1969/2072] Compiling AsyncHTTPClient Utils.swift
[1970/2072] Compiling AsyncHTTPClient HTTPConnectionEvent.swift
[1971/2072] Compiling AsyncHTTPClient HTTPConnectionPool+Factory.swift
[1972/2072] Compiling AsyncHTTPClient HTTPConnectionPool+Manager.swift
[1973/2072] Compiling AsyncHTTPClient HTTPConnectionPool.swift
[1974/2072] Compiling AsyncHTTPClient HTTPExecutableRequest.swift
[1975/2072] Compiling AsyncHTTPClient HTTPRequestStateMachine+Demand.swift
[1976/2072] Compiling AsyncHTTPClient HTTPRequestStateMachine.swift
[1977/2072] Compiling AsyncHTTPClient RequestBodyLength.swift
[1978/2072] Compiling AsyncHTTPClient RequestFramingMetadata.swift
[1979/2072] Compiling AsyncHTTPClient RequestOptions.swift
[1980/2072] Compiling AsyncHTTPClient HTTPConnectionPool+Backoff.swift
[1981/2072] Compiling AsyncHTTPClient HTTPConnectionPool+HTTP1Connections.swift
[1982/2072] Compiling AsyncHTTPClient HTTPConnectionPool+HTTP1StateMachine.swift
[1983/2072] Compiling AsyncHTTPClient HTTPConnectionPool+HTTP2Connections.swift
[1984/2072] Compiling AsyncHTTPClient HTTPConnectionPool+HTTP2StateMachine.swift
[1985/2072] Compiling AsyncHTTPClient HTTPConnectionPool+RequestQueue.swift
[1986/2072] Compiling AsyncHTTPClient HTTPConnectionPool+StateMachine.swift
[1987/2072] Compiling AsyncHTTPClient ConnectionTarget.swift
[1988/2072] Compiling AsyncHTTPClient LRUCache.swift
[1989/2072] Compiling AsyncHTTPClient NIOLoopBound+Execute.swift
[1990/2072] Compiling AsyncHTTPClient NWErrorHandler.swift
[1991/2072] Compiling AsyncHTTPClient NWWaitingHandler.swift
[1992/2072] Compiling AsyncHTTPClient TLSConfiguration.swift
[1993/2072] Compiling AsyncHTTPClient RedirectState.swift
[1994/2072] Compiling AsyncHTTPClient RequestBag+StateMachine.swift
[1995/2072] Compiling AsyncHTTPClient RequestBag+Tracing.swift
[1996/2072] Compiling AsyncHTTPClient RequestBag.swift
[1997/2072] Compiling AsyncHTTPClient DeconstructedURL.swift
[1998/2072] Compiling AsyncHTTPClient FileDownloadDelegate.swift
[1999/2072] Compiling AsyncHTTPClient FoundationExtensions.swift
[2000/2072] Compiling AsyncHTTPClient HTTPClient+HTTPCookie.swift
[2001/2072] Compiling AsyncHTTPClient HTTPClient+Proxy.swift
[2002/2072] Compiling AsyncHTTPClient HTTPClient+StructuredConcurrency.swift
[2003/2072] Compiling AsyncHTTPClient HTTPClient.swift
[2004/2072] Compiling AsyncHTTPClient HTTPClientConfiguration+SwiftConfiguration.swift
[2005/2072] Compiling AsyncHTTPClient HTTPHandler.swift
[2006/2072] Compiling AsyncHTTPClient AnyAsyncSequence.swift
[2007/2072] Compiling AsyncHTTPClient AnyAsyncSequenceProucerDelete.swift
[2008/2072] Compiling AsyncHTTPClient AsyncLazySequence.swift
[2009/2072] Compiling AsyncHTTPClient HTTPClient+execute.swift
[2010/2072] Compiling AsyncHTTPClient HTTPClient+shutdown.swift
[2011/2072] Compiling AsyncHTTPClient HTTPClient+tracing.swift
[2012/2072] Compiling AsyncHTTPClient HTTPClientRequest+Prepared.swift
[2013/2072] Compiling AsyncHTTPClient HTTPClientRequest+auth.swift
[2014/2072] Compiling AsyncHTTPClient HTTPClientRequest.swift
[2015/2072] Compiling AsyncHTTPClient HTTP1ProxyConnectHandler.swift
[2016/2072] Compiling AsyncHTTPClient SOCKSEventsHandler.swift
[2017/2072] Compiling AsyncHTTPClient TLSEventsHandler.swift
[2018/2072] Compiling AsyncHTTPClient HTTP1ClientChannelHandler.swift
[2019/2072] Compiling AsyncHTTPClient HTTP1Connection.swift
[2020/2072] Compiling AsyncHTTPClient HTTP1ConnectionStateMachine.swift
[2021/2072] Compiling AsyncHTTPClient HTTP2ClientRequestHandler.swift
[2022/2072] Compiling AsyncHTTPClient HTTP2Connection.swift
[2023/2072] Compiling AsyncHTTPClient HTTP2IdleHandler.swift
[2024/2073] Wrapping AST for AsyncHTTPClient for debugging
[2026/2096] Compiling GoogleAuth ADC.swift
[2027/2096] Compiling GoogleAuth ADCPath.swift
[2028/2096] Compiling GoogleAuth ADCResolver.swift
[2029/2096] Compiling GoogleAuth AuthHeaders.swift
[2030/2096] Emitting module GoogleAuth
[2031/2099] Compiling GoogleAuth UserAccountData.swift
[2032/2099] Compiling GoogleAuth UserAccountTokenProvider.swift
[2033/2099] Compiling GoogleAuth UserCredentials.swift
[2034/2099] Compiling GoogleAuth CredentialParserRegistry.swift
[2035/2099] Compiling GoogleAuth Credentials.swift
[2036/2099] Compiling GoogleAuth CredentialsError.swift
[2037/2099] Compiling GoogleAuth AnonymousCredentials.swift
[2038/2099] Compiling GoogleAuth ApiKeyCredentials.swift
[2039/2099] Compiling GoogleAuth ExternalAccountCredentials.swift
[2040/2099] Compiling GoogleAuth ServiceAccountCredentials.swift
[2041/2099] Compiling GoogleAuth ServiceAccountData.swift
[2042/2099] Compiling GoogleAuth ServiceAccountTokenProvider.swift
[2043/2099] Compiling GoogleAuth SubjectTokenProvider.swift
[2044/2099] Compiling GoogleAuth MDSAccessTokenProvider.swift
[2045/2099] Compiling GoogleAuth MDSCredentials.swift
[2046/2099] Compiling GoogleAuth AuthHTTPClient.swift
[2047/2099] Compiling GoogleAuth AuthHTTPError.swift
[2048/2099] Compiling GoogleAuth RetryEngine.swift
[2049/2099] Compiling GoogleAuth STSHandler.swift
[2050/2099] Compiling GoogleAuth TokenCache.swift
[2051/2099] Compiling GoogleAuth PackageVersion.swift
[2052/2100] Wrapping AST for GoogleAuth for debugging
[2054/2158] Compiling GoogleGax AIP194+PollingErrorPolicy.swift
[2055/2158] Compiling GoogleGax AIP194+RetryPolicy.swift
[2056/2158] Compiling GoogleGax AIP194.swift
[2057/2158] Compiling GoogleGax AdaptiveThrottler.swift
[2058/2158] Compiling GoogleGax AlwaysPoll.swift
[2059/2158] Compiling GoogleGax AlwaysRetry.swift
[2060/2158] Compiling GoogleGax ApiClientHeader.swift
[2061/2158] Compiling GoogleGax BackoffPolicy.swift
[2062/2158] Compiling GoogleGax BasePollingErrorPolicy.swift
[2063/2166] Compiling GoogleGax LimitedAttemptCount+PollingErrorPolicy.swift
[2064/2166] Compiling GoogleGax LimitedAttemptCount+RetryPolicy.swift
[2065/2166] Compiling GoogleGax LimitedAttemptCount.swift
[2066/2166] Compiling GoogleGax LimitedElapsedTime+PollingErrorPolicy.swift
[2067/2166] Compiling GoogleGax LimitedElapsedTime+RetryPolicy.swift
[2068/2166] Compiling GoogleGax LimitedElapsedTime.swift
[2069/2166] Compiling GoogleGax LongRunningOperations.swift
[2070/2166] Compiling GoogleGax NeverRetry.swift
[2071/2166] Emitting module GoogleGax
[2072/2166] Compiling GoogleGax RequestOptions.swift
[2073/2166] Compiling GoogleGax RetryLoop.swift
[2074/2166] Compiling GoogleGax RetryPolicy.swift
[2075/2166] Compiling GoogleGax RetryResult.swift
[2076/2166] Compiling GoogleGax RetryState.swift
[2077/2166] Compiling GoogleGax RetryThrottler.swift
[2078/2166] Compiling GoogleGax RetryThrottlerError.swift
[2079/2166] Compiling GoogleGax RoutingMatcher.swift
[2080/2166] Compiling GoogleGax ContinueOnIO.swift
[2081/2166] Compiling GoogleGax CredentialsProtocol.swift
[2082/2166] Compiling GoogleGax ErrorWrapper.swift
[2083/2166] Compiling GoogleGax ExponentialBackoff+BackoffPolicy.swift
[2084/2166] Compiling GoogleGax ExponentialBackoff+PollingBackoffPolicy.swift
[2085/2166] Compiling GoogleGax ExponentialBackoff.swift
[2086/2166] Compiling GoogleGax HTTPClient.swift
[2087/2166] Compiling GoogleGax HTTPClientHolder.swift
[2088/2166] Compiling GoogleGax HTTPClientProtocol.swift
[2089/2166] Compiling GoogleGax HTTPClientRequest.swift
[2090/2166] Compiling GoogleGax HTTPClientResponse.swift
[2091/2166] Compiling GoogleGax HTTPHeaders.swift
[2092/2166] Compiling GoogleGax HTTPResponseBody.swift
[2093/2166] Compiling GoogleGax HeaderNames.swift
[2094/2166] Compiling GoogleGax Host.swift
[2095/2166] Compiling GoogleGax InProgressResult.swift
[2096/2166] Compiling GoogleGax Pagination.swift
/host/spi-builder-workspace/.build/checkouts/swift-google-gax/Sources/GoogleGax/Pagination.swift:44:22: error: cannot convert '@Sendable (String) async throws -> (response: ResponseType, items: [Item], nextToken: String)' to 'nonisolated(nonsending) @Sendable (String) async throws -> (response: ResponseType, items: [Item], nextToken: String)' because crossing of an isolation boundary requires parameter and result types to conform to 'Sendable' protocol
 42 |   ) where ResponseType: _PaginatedResponse<Item> {
 43 |     self.initialPageToken = initialPageToken ?? ""
 44 |     self.fetchPage = { token in
    |                      |- error: cannot convert '@Sendable (String) async throws -> (response: ResponseType, items: [Item], nextToken: String)' to 'nonisolated(nonsending) @Sendable (String) async throws -> (response: ResponseType, items: [Item], nextToken: String)' because crossing of an isolation boundary requires parameter and result types to conform to 'Sendable' protocol
    |                      `- note: type 'Item' does not conform to 'Sendable' protocol
 45 |       let response = try await listRpc(token)
 46 |       return (response, response._getPaginatedItems(), response._nextPageToken())
[2097/2166] Compiling GoogleGax PollingBackoffPolicy.swift
/host/spi-builder-workspace/.build/checkouts/swift-google-gax/Sources/GoogleGax/Pagination.swift:44:22: error: cannot convert '@Sendable (String) async throws -> (response: ResponseType, items: [Item], nextToken: String)' to 'nonisolated(nonsending) @Sendable (String) async throws -> (response: ResponseType, items: [Item], nextToken: String)' because crossing of an isolation boundary requires parameter and result types to conform to 'Sendable' protocol
 42 |   ) where ResponseType: _PaginatedResponse<Item> {
 43 |     self.initialPageToken = initialPageToken ?? ""
 44 |     self.fetchPage = { token in
    |                      |- error: cannot convert '@Sendable (String) async throws -> (response: ResponseType, items: [Item], nextToken: String)' to 'nonisolated(nonsending) @Sendable (String) async throws -> (response: ResponseType, items: [Item], nextToken: String)' because crossing of an isolation boundary requires parameter and result types to conform to 'Sendable' protocol
    |                      `- note: type 'Item' does not conform to 'Sendable' protocol
 45 |       let response = try await listRpc(token)
 46 |       return (response, response._getPaginatedItems(), response._nextPageToken())
[2098/2166] Compiling GoogleGax PollingErrorPolicy.swift
/host/spi-builder-workspace/.build/checkouts/swift-google-gax/Sources/GoogleGax/Pagination.swift:44:22: error: cannot convert '@Sendable (String) async throws -> (response: ResponseType, items: [Item], nextToken: String)' to 'nonisolated(nonsending) @Sendable (String) async throws -> (response: ResponseType, items: [Item], nextToken: String)' because crossing of an isolation boundary requires parameter and result types to conform to 'Sendable' protocol
 42 |   ) where ResponseType: _PaginatedResponse<Item> {
 43 |     self.initialPageToken = initialPageToken ?? ""
 44 |     self.fetchPage = { token in
    |                      |- error: cannot convert '@Sendable (String) async throws -> (response: ResponseType, items: [Item], nextToken: String)' to 'nonisolated(nonsending) @Sendable (String) async throws -> (response: ResponseType, items: [Item], nextToken: String)' because crossing of an isolation boundary requires parameter and result types to conform to 'Sendable' protocol
    |                      `- note: type 'Item' does not conform to 'Sendable' protocol
 45 |       let response = try await listRpc(token)
 46 |       return (response, response._getPaginatedItems(), response._nextPageToken())
[2099/2166] Compiling GoogleGax PollingResult.swift
/host/spi-builder-workspace/.build/checkouts/swift-google-gax/Sources/GoogleGax/Pagination.swift:44:22: error: cannot convert '@Sendable (String) async throws -> (response: ResponseType, items: [Item], nextToken: String)' to 'nonisolated(nonsending) @Sendable (String) async throws -> (response: ResponseType, items: [Item], nextToken: String)' because crossing of an isolation boundary requires parameter and result types to conform to 'Sendable' protocol
 42 |   ) where ResponseType: _PaginatedResponse<Item> {
 43 |     self.initialPageToken = initialPageToken ?? ""
 44 |     self.fetchPage = { token in
    |                      |- error: cannot convert '@Sendable (String) async throws -> (response: ResponseType, items: [Item], nextToken: String)' to 'nonisolated(nonsending) @Sendable (String) async throws -> (response: ResponseType, items: [Item], nextToken: String)' because crossing of an isolation boundary requires parameter and result types to conform to 'Sendable' protocol
    |                      `- note: type 'Item' does not conform to 'Sendable' protocol
 45 |       let response = try await listRpc(token)
 46 |       return (response, response._getPaginatedItems(), response._nextPageToken())
[2100/2166] Compiling GoogleGax PollingState.swift
/host/spi-builder-workspace/.build/checkouts/swift-google-gax/Sources/GoogleGax/Pagination.swift:44:22: error: cannot convert '@Sendable (String) async throws -> (response: ResponseType, items: [Item], nextToken: String)' to 'nonisolated(nonsending) @Sendable (String) async throws -> (response: ResponseType, items: [Item], nextToken: String)' because crossing of an isolation boundary requires parameter and result types to conform to 'Sendable' protocol
 42 |   ) where ResponseType: _PaginatedResponse<Item> {
 43 |     self.initialPageToken = initialPageToken ?? ""
 44 |     self.fetchPage = { token in
    |                      |- error: cannot convert '@Sendable (String) async throws -> (response: ResponseType, items: [Item], nextToken: String)' to 'nonisolated(nonsending) @Sendable (String) async throws -> (response: ResponseType, items: [Item], nextToken: String)' because crossing of an isolation boundary requires parameter and result types to conform to 'Sendable' protocol
    |                      `- note: type 'Item' does not conform to 'Sendable' protocol
 45 |       let response = try await listRpc(token)
 46 |       return (response, response._getPaginatedItems(), response._nextPageToken())
[2101/2166] Compiling GoogleGax ProtobufConversionError.swift
/host/spi-builder-workspace/.build/checkouts/swift-google-gax/Sources/GoogleGax/Pagination.swift:44:22: error: cannot convert '@Sendable (String) async throws -> (response: ResponseType, items: [Item], nextToken: String)' to 'nonisolated(nonsending) @Sendable (String) async throws -> (response: ResponseType, items: [Item], nextToken: String)' because crossing of an isolation boundary requires parameter and result types to conform to 'Sendable' protocol
 42 |   ) where ResponseType: _PaginatedResponse<Item> {
 43 |     self.initialPageToken = initialPageToken ?? ""
 44 |     self.fetchPage = { token in
    |                      |- error: cannot convert '@Sendable (String) async throws -> (response: ResponseType, items: [Item], nextToken: String)' to 'nonisolated(nonsending) @Sendable (String) async throws -> (response: ResponseType, items: [Item], nextToken: String)' because crossing of an isolation boundary requires parameter and result types to conform to 'Sendable' protocol
    |                      `- note: type 'Item' does not conform to 'Sendable' protocol
 45 |       let response = try await listRpc(token)
 46 |       return (response, response._getPaginatedItems(), response._nextPageToken())
[2102/2166] Compiling GoogleGax QueryParameter.swift
/host/spi-builder-workspace/.build/checkouts/swift-google-gax/Sources/GoogleGax/Pagination.swift:44:22: error: cannot convert '@Sendable (String) async throws -> (response: ResponseType, items: [Item], nextToken: String)' to 'nonisolated(nonsending) @Sendable (String) async throws -> (response: ResponseType, items: [Item], nextToken: String)' because crossing of an isolation boundary requires parameter and result types to conform to 'Sendable' protocol
 42 |   ) where ResponseType: _PaginatedResponse<Item> {
 43 |     self.initialPageToken = initialPageToken ?? ""
 44 |     self.fetchPage = { token in
    |                      |- error: cannot convert '@Sendable (String) async throws -> (response: ResponseType, items: [Item], nextToken: String)' to 'nonisolated(nonsending) @Sendable (String) async throws -> (response: ResponseType, items: [Item], nextToken: String)' because crossing of an isolation boundary requires parameter and result types to conform to 'Sendable' protocol
    |                      `- note: type 'Item' does not conform to 'Sendable' protocol
 45 |       let response = try await listRpc(token)
 46 |       return (response, response._getPaginatedItems(), response._nextPageToken())
[2103/2166] Compiling GoogleGax RequestError.swift
/host/spi-builder-workspace/.build/checkouts/swift-google-gax/Sources/GoogleGax/Pagination.swift:44:22: error: cannot convert '@Sendable (String) async throws -> (response: ResponseType, items: [Item], nextToken: String)' to 'nonisolated(nonsending) @Sendable (String) async throws -> (response: ResponseType, items: [Item], nextToken: String)' because crossing of an isolation boundary requires parameter and result types to conform to 'Sendable' protocol
 42 |   ) where ResponseType: _PaginatedResponse<Item> {
 43 |     self.initialPageToken = initialPageToken ?? ""
 44 |     self.fetchPage = { token in
    |                      |- error: cannot convert '@Sendable (String) async throws -> (response: ResponseType, items: [Item], nextToken: String)' to 'nonisolated(nonsending) @Sendable (String) async throws -> (response: ResponseType, items: [Item], nextToken: String)' because crossing of an isolation boundary requires parameter and result types to conform to 'Sendable' protocol
    |                      `- note: type 'Item' does not conform to 'Sendable' protocol
 45 |       let response = try await listRpc(token)
 46 |       return (response, response._getPaginatedItems(), response._nextPageToken())
[2104/2166] Compiling GoogleGax BaseRetryPolicy.swift
[2105/2166] Compiling GoogleGax BindingError.swift
[2106/2166] Compiling GoogleGax CRC32C.swift
[2107/2166] Compiling GoogleGax CircuitBreaker.swift
[2108/2166] Compiling GoogleGax ClientError.swift
[2109/2166] Compiling GoogleGax ClientOptions.swift
[2110/2166] Compiling GoogleGax ContinueOnIO+PollingErrorPolicy.swift
[2111/2166] Compiling GoogleGax ContinueOnIO+RetryPolicy.swift
[2112/2166] Compiling GoogleGax ServiceError.swift
[2113/2166] Compiling GoogleGax StatusDetail.swift
[2114/2166] Compiling GoogleGax StrictIdempotency.swift
[2115/2166] Compiling GoogleGax ThrottleResult.swift
[2116/2166] Compiling GoogleGax TooManyRequests+PollingErrorPolicy.swift
[2117/2166] Compiling GoogleGax TooManyRequests+RetryPolicy.swift
[2118/2166] Compiling GoogleGax TooManyRequests.swift
[2119/2166] Compiling GoogleGax PackageVersion.swift
BUILD FAILURE 6.2 android