Build Information
Failed to build InfinityScrollKit, reference 1.0.6 (71c024), with Swift 6.4 for watchOS using Xcode 27.0 on 22 Sep 2026 07:06:40 UTC.
Build Command
env DEVELOPER_DIR=/Applications/Xcode-27.0.0-Release.Candidate.app xcrun xcodebuild -IDEClonedSourcePackagesDirPathOverride=$PWD/.dependencies -skipMacroValidation -skipPackagePluginValidation -derivedDataPath $PWD/.derivedData build -scheme InfinityScrollKit -destination generic/platform=watchOSBuild Log
========================================
RunAll
========================================
Builder version: 5.1.0
Interrupt handler set up.
========================================
Checkout
========================================
Clone URL: https://github.com/PierreJanineh-com/InfinityScrollKit.git
Reference: 1.0.6
Initialized empty Git repository in /Users/admin/builder/spi-builder-workspace/.git/
From https://github.com/PierreJanineh-com/InfinityScrollKit
* tag 1.0.6 -> FETCH_HEAD
HEAD is now at 71c0244 Merge pull request #37 from PierreJanineh-com/1.0.6
Cloned https://github.com/PierreJanineh-com/InfinityScrollKit.git
Revision (git rev-parse @):
71c02447155413890bf22d11c484ea914efb2e76
SPI manifest file found: $PWD/.spi.yml
SUCCESS checkout https://github.com/PierreJanineh-com/InfinityScrollKit.git at 1.0.6
========================================
Build
========================================
Selected platform: watchOS
Swift version: 6.4
Building package at path: $PWD
https://github.com/PierreJanineh-com/InfinityScrollKit.git
Command line invocation:
/Applications/Xcode-27.0.0-Release.Candidate.app/Contents/Developer/usr/bin/xcodebuild -IDEClonedSourcePackagesDirPathOverride=/Users/admin/builder/spi-builder-workspace/.dependencies -resolvePackageDependencies
Resolve Package Graph
Fetching from https://github.com/apple/swift-docc-plugin
Fetching from https://github.com/swiftlang/swift-docc-symbolkit
Creating working copy of package ‘swift-docc-symbolkit’
Checking out 1.0.0 of package ‘swift-docc-symbolkit’
Creating working copy of package ‘swift-docc-plugin’
Checking out 1.5.0 of package ‘swift-docc-plugin’
Resolve Package Graph
Resolved source packages:
SwiftDocCPlugin: https://github.com/apple/swift-docc-plugin @ 1.5.0
SymbolKit: https://github.com/swiftlang/swift-docc-symbolkit @ 1.0.0
InfinityScrollKit: /Users/admin/builder/spi-builder-workspace
resolved source packages: SwiftDocCPlugin, SymbolKit, InfinityScrollKit
2026-09-22 03:05:12.851 xcodebuild[524:3007] [MT] IDERunDestination: Supported platforms for the buildables in the current scheme is empty.
{
"dependencies" : [
{
"identity" : "swift-docc-plugin",
"requirement" : {
"range" : [
{
"lower_bound" : "1.0.0",
"upper_bound" : "2.0.0"
}
]
},
"type" : "sourceControl",
"url" : "https://github.com/apple/swift-docc-plugin"
}
],
"manifest_display_name" : "InfinityScrollKit",
"name" : "InfinityScrollKit",
"path" : "/Users/admin/builder/spi-builder-workspace",
"platforms" : [
{
"name" : "ios",
"version" : "14.0"
},
{
"name" : "tvos",
"version" : "14.0"
},
{
"name" : "maccatalyst",
"version" : "14.0"
},
{
"name" : "macos",
"version" : "14.0"
},
{
"name" : "watchos",
"version" : "7.0"
},
{
"name" : "visionos",
"version" : "1.0"
}
],
"products" : [
{
"name" : "InfinityScrollKit",
"targets" : [
"InfinityScrollKit"
],
"type" : {
"library" : [
"automatic"
]
}
}
],
"targets" : [
{
"c99name" : "InfinityScrollKitTests",
"module_type" : "SwiftTarget",
"name" : "InfinityScrollKitTests",
"path" : "Tests/InfinityScrollKitTests",
"sources" : [
"InfinityScrollKitTests.swift"
],
"target_dependencies" : [
"InfinityScrollKit"
],
"type" : "test"
},
{
"c99name" : "InfinityScrollKit",
"module_type" : "SwiftTarget",
"name" : "InfinityScrollKit",
"path" : "Sources/InfinityScrollKit",
"product_memberships" : [
"InfinityScrollKit"
],
"sources" : [
"EmptyArrayView.swift",
"Extensions/OnRefresh+View.swift",
"InfinityScrollKit.swift",
"LastCellView.swift",
"LazyDStack.swift",
"NSInfiniteScrollView.swift",
"Options.swift",
"UIInfiniteScrollView.swift"
],
"type" : "library"
}
],
"tools_version" : "5.10"
}
{
"workspace" : {
"name" : "InfinityScrollKit",
"schemes" : [
"InfinityScrollKit"
]
}
}
2026-09-22 03:05:56.832 xcodebuild[818:4969] [MT] IDERunDestination: Supported platforms for the buildables in the current scheme is empty.
Running build ...
env DEVELOPER_DIR=/Applications/Xcode-27.0.0-Release.Candidate.app xcrun xcodebuild -IDEClonedSourcePackagesDirPathOverride=$PWD/.dependencies -skipMacroValidation -skipPackagePluginValidation -derivedDataPath $PWD/.derivedData build -scheme InfinityScrollKit -destination generic/platform=watchOS
Command line invocation:
/Applications/Xcode-27.0.0-Release.Candidate.app/Contents/Developer/usr/bin/xcodebuild -IDEClonedSourcePackagesDirPathOverride=/Users/admin/builder/spi-builder-workspace/.dependencies -skipMacroValidation -skipPackagePluginValidation -derivedDataPath /Users/admin/builder/spi-builder-workspace/.derivedData build -scheme InfinityScrollKit -destination generic/platform=watchOS
Resolve Package Graph
Resolve Package Graph
Resolved source packages:
SwiftDocCPlugin: https://github.com/apple/swift-docc-plugin @ 1.5.0
InfinityScrollKit: /Users/admin/builder/spi-builder-workspace
SymbolKit: https://github.com/swiftlang/swift-docc-symbolkit @ 1.0.0
ComputePackagePrebuildTargetDependencyGraph
Prepare packages
CreateBuildRequest
SendProjectDescription
CreateBuildOperation
ComputeTargetDependencyGraph
note: Building targets in dependency order
note: Target dependency graph (2 targets)
Target 'InfinityScrollKit-product' in project 'InfinityScrollKit'
➜ Explicit dependency on target 'InfinityScrollKit' in project 'InfinityScrollKit'
Target 'InfinityScrollKit' in project 'InfinityScrollKit' (no dependencies)
GatherProvisioningInputs
CreateBuildDescription
ExecuteExternalTool /Applications/Xcode-27.0.0-Release.Candidate.app/Contents/Developer/Toolchains/XcodeDefault.xctoolchain/usr/bin/clang -v -E -dM -isysroot /Applications/Xcode-27.0.0-Release.Candidate.app/Contents/Developer/Platforms/WatchOS.platform/Developer/SDKs/WatchOS27.0.sdk -x c -c /dev/null
ExecuteExternalTool /Applications/Xcode-27.0.0-Release.Candidate.app/Contents/Developer/Toolchains/XcodeDefault.xctoolchain/usr/bin/swiftc --version
ExecuteExternalTool /Applications/Xcode-27.0.0-Release.Candidate.app/Contents/Developer/Toolchains/XcodeDefault.xctoolchain/usr/bin/ld -version_details
Build description signature: e41a10c207664ba12cc6fc0d546513dc
Build description path: /Users/admin/builder/spi-builder-workspace/.derivedData/Build/Intermediates.noindex/XCBuildData/e41a10c207664ba12cc6fc0d546513dc.xcbuilddata
CreateBuildDirectory /Users/admin/builder/spi-builder-workspace/.derivedData/SDKExplicitPrecompiledModules
cd /Users/admin/builder/spi-builder-workspace/.swiftpm/xcode
builtin-create-build-directory /Users/admin/builder/spi-builder-workspace/.derivedData/SDKExplicitPrecompiledModules
CreateBuildDirectory /Users/admin/builder/spi-builder-workspace/.derivedData/ModuleCache.noindex
cd /Users/admin/builder/spi-builder-workspace/.swiftpm/xcode
builtin-create-build-directory /Users/admin/builder/spi-builder-workspace/.derivedData/ModuleCache.noindex
CreateBuildDirectory /Users/admin/builder/spi-builder-workspace/.derivedData/CompilationCache.noindex
cd /Users/admin/builder/spi-builder-workspace/.swiftpm/xcode
builtin-create-build-directory /Users/admin/builder/spi-builder-workspace/.derivedData/CompilationCache.noindex
CreateBuildDirectory /Users/admin/builder/spi-builder-workspace/.derivedData/Build/Products
cd /Users/admin/builder/spi-builder-workspace/.swiftpm/xcode
builtin-create-build-directory /Users/admin/builder/spi-builder-workspace/.derivedData/Build/Products
ClangStatCache /Applications/Xcode-27.0.0-Release.Candidate.app/Contents/Developer/Toolchains/XcodeDefault.xctoolchain/usr/bin/clang-stat-cache /Applications/Xcode-27.0.0-Release.Candidate.app/Contents/Developer/Platforms/WatchOS.platform/Developer/SDKs/WatchOS27.0.sdk /Users/admin/builder/spi-builder-workspace/.derivedData/SDKStatCaches.noindex/watchos27.0-24R360-e829b21a6f8c9b70876ba0858053c04477534ef55a1706bf4c1112bbb242f0a2.sdkstatcache
cd /Users/admin/builder/spi-builder-workspace/.swiftpm/xcode
/Applications/Xcode-27.0.0-Release.Candidate.app/Contents/Developer/Toolchains/XcodeDefault.xctoolchain/usr/bin/clang-stat-cache /Applications/Xcode-27.0.0-Release.Candidate.app/Contents/Developer/Platforms/WatchOS.platform/Developer/SDKs/WatchOS27.0.sdk -o /Users/admin/builder/spi-builder-workspace/.derivedData/SDKStatCaches.noindex/watchos27.0-24R360-e829b21a6f8c9b70876ba0858053c04477534ef55a1706bf4c1112bbb242f0a2.sdkstatcache
CreateBuildDirectory /Users/admin/builder/spi-builder-workspace/.derivedData/Build/Intermediates.noindex
cd /Users/admin/builder/spi-builder-workspace/.swiftpm/xcode
builtin-create-build-directory /Users/admin/builder/spi-builder-workspace/.derivedData/Build/Intermediates.noindex
CreateBuildDirectory /Users/admin/builder/spi-builder-workspace/.derivedData/Build/Intermediates.noindex/SwiftExplicitPrecompiledModules
cd /Users/admin/builder/spi-builder-workspace/.swiftpm/xcode
builtin-create-build-directory /Users/admin/builder/spi-builder-workspace/.derivedData/Build/Intermediates.noindex/SwiftExplicitPrecompiledModules
CreateBuildDirectory /Users/admin/builder/spi-builder-workspace/.derivedData/Build/Intermediates.noindex/PrecompiledHeaders
cd /Users/admin/builder/spi-builder-workspace/.swiftpm/xcode
builtin-create-build-directory /Users/admin/builder/spi-builder-workspace/.derivedData/Build/Intermediates.noindex/PrecompiledHeaders
CreateBuildDirectory /Users/admin/builder/spi-builder-workspace/.derivedData/Build/Intermediates.noindex/ExplicitPrecompiledModules
cd /Users/admin/builder/spi-builder-workspace/.swiftpm/xcode
builtin-create-build-directory /Users/admin/builder/spi-builder-workspace/.derivedData/Build/Intermediates.noindex/ExplicitPrecompiledModules
CreateBuildDirectory /Users/admin/builder/spi-builder-workspace/.derivedData/Build/Intermediates.noindex/EagerLinkingTBDs/Debug-watchos
cd /Users/admin/builder/spi-builder-workspace/.swiftpm/xcode
builtin-create-build-directory /Users/admin/builder/spi-builder-workspace/.derivedData/Build/Intermediates.noindex/EagerLinkingTBDs/Debug-watchos
CreateBuildDirectory /Users/admin/builder/spi-builder-workspace/.derivedData/Build/Products/Debug-watchos
cd /Users/admin/builder/spi-builder-workspace/.swiftpm/xcode
builtin-create-build-directory /Users/admin/builder/spi-builder-workspace/.derivedData/Build/Products/Debug-watchos
CreateBuildDirectory /Users/admin/builder/spi-builder-workspace/.derivedData/Build/Products/Debug-watchos/PackageFrameworks
cd /Users/admin/builder/spi-builder-workspace/.swiftpm/xcode
builtin-create-build-directory /Users/admin/builder/spi-builder-workspace/.derivedData/Build/Products/Debug-watchos/PackageFrameworks
WriteAuxiliaryFile /Users/admin/builder/spi-builder-workspace/.derivedData/Build/Intermediates.noindex/InfinityScrollKit.build/Debug-watchos/InfinityScrollKit-t.build/InfinityScrollKit.modulemap (in target 'InfinityScrollKit' from project 'InfinityScrollKit')
cd /Users/admin/builder/spi-builder-workspace
write-file /Users/admin/builder/spi-builder-workspace/.derivedData/Build/Intermediates.noindex/InfinityScrollKit.build/Debug-watchos/InfinityScrollKit-t.build/InfinityScrollKit.modulemap
WriteAuxiliaryFile /Users/admin/builder/spi-builder-workspace/.derivedData/Build/Intermediates.noindex/InfinityScrollKit.build/Debug-watchos/InfinityScrollKit-t.build/Objects-normal/arm64_32/InfinityScrollKit_const_extract_protocols.json (in target 'InfinityScrollKit' from project 'InfinityScrollKit')
cd /Users/admin/builder/spi-builder-workspace
write-file /Users/admin/builder/spi-builder-workspace/.derivedData/Build/Intermediates.noindex/InfinityScrollKit.build/Debug-watchos/InfinityScrollKit-t.build/Objects-normal/arm64_32/InfinityScrollKit_const_extract_protocols.json
WriteAuxiliaryFile /Users/admin/builder/spi-builder-workspace/.derivedData/Build/Intermediates.noindex/InfinityScrollKit.build/Debug-watchos/InfinityScrollKit-t.build/Objects-normal/arm64_32/InfinityScrollKit-OutputFileMap.json (in target 'InfinityScrollKit' from project 'InfinityScrollKit')
cd /Users/admin/builder/spi-builder-workspace
write-file /Users/admin/builder/spi-builder-workspace/.derivedData/Build/Intermediates.noindex/InfinityScrollKit.build/Debug-watchos/InfinityScrollKit-t.build/Objects-normal/arm64_32/InfinityScrollKit-OutputFileMap.json
WriteAuxiliaryFile /Users/admin/builder/spi-builder-workspace/.derivedData/Build/Intermediates.noindex/InfinityScrollKit.build/Debug-watchos/InfinityScrollKit-t.build/Objects-normal/arm64_32/InfinityScrollKit.SwiftConstValuesFileList (in target 'InfinityScrollKit' from project 'InfinityScrollKit')
cd /Users/admin/builder/spi-builder-workspace
write-file /Users/admin/builder/spi-builder-workspace/.derivedData/Build/Intermediates.noindex/InfinityScrollKit.build/Debug-watchos/InfinityScrollKit-t.build/Objects-normal/arm64_32/InfinityScrollKit.SwiftConstValuesFileList
WriteAuxiliaryFile /Users/admin/builder/spi-builder-workspace/.derivedData/Build/Intermediates.noindex/InfinityScrollKit.build/Debug-watchos/InfinityScrollKit-t.build/Objects-normal/arm64/InfinityScrollKit_const_extract_protocols.json (in target 'InfinityScrollKit' from project 'InfinityScrollKit')
cd /Users/admin/builder/spi-builder-workspace
write-file /Users/admin/builder/spi-builder-workspace/.derivedData/Build/Intermediates.noindex/InfinityScrollKit.build/Debug-watchos/InfinityScrollKit-t.build/Objects-normal/arm64/InfinityScrollKit_const_extract_protocols.json
WriteAuxiliaryFile /Users/admin/builder/spi-builder-workspace/.derivedData/Build/Intermediates.noindex/InfinityScrollKit.build/Debug-watchos/InfinityScrollKit-t.build/Objects-normal/arm64_32/InfinityScrollKit.LinkFileList (in target 'InfinityScrollKit' from project 'InfinityScrollKit')
cd /Users/admin/builder/spi-builder-workspace
write-file /Users/admin/builder/spi-builder-workspace/.derivedData/Build/Intermediates.noindex/InfinityScrollKit.build/Debug-watchos/InfinityScrollKit-t.build/Objects-normal/arm64_32/InfinityScrollKit.LinkFileList
WriteAuxiliaryFile /Users/admin/builder/spi-builder-workspace/.derivedData/Build/Intermediates.noindex/InfinityScrollKit.build/Debug-watchos/InfinityScrollKit-t.build/Objects-normal/arm64/InfinityScrollKit-OutputFileMap.json (in target 'InfinityScrollKit' from project 'InfinityScrollKit')
cd /Users/admin/builder/spi-builder-workspace
write-file /Users/admin/builder/spi-builder-workspace/.derivedData/Build/Intermediates.noindex/InfinityScrollKit.build/Debug-watchos/InfinityScrollKit-t.build/Objects-normal/arm64/InfinityScrollKit-OutputFileMap.json
WriteAuxiliaryFile /Users/admin/builder/spi-builder-workspace/.derivedData/Build/Intermediates.noindex/InfinityScrollKit.build/Debug-watchos/InfinityScrollKit-t.build/Objects-normal/arm64_32/InfinityScrollKit.SwiftFileList (in target 'InfinityScrollKit' from project 'InfinityScrollKit')
cd /Users/admin/builder/spi-builder-workspace
write-file /Users/admin/builder/spi-builder-workspace/.derivedData/Build/Intermediates.noindex/InfinityScrollKit.build/Debug-watchos/InfinityScrollKit-t.build/Objects-normal/arm64_32/InfinityScrollKit.SwiftFileList
WriteAuxiliaryFile /Users/admin/builder/spi-builder-workspace/.derivedData/Build/Intermediates.noindex/InfinityScrollKit.build/Debug-watchos/InfinityScrollKit-t.build/Objects-normal/arm64/InfinityScrollKit.SwiftFileList (in target 'InfinityScrollKit' from project 'InfinityScrollKit')
cd /Users/admin/builder/spi-builder-workspace
write-file /Users/admin/builder/spi-builder-workspace/.derivedData/Build/Intermediates.noindex/InfinityScrollKit.build/Debug-watchos/InfinityScrollKit-t.build/Objects-normal/arm64/InfinityScrollKit.SwiftFileList
WriteAuxiliaryFile /Users/admin/builder/spi-builder-workspace/.derivedData/Build/Intermediates.noindex/InfinityScrollKit.build/Debug-watchos/InfinityScrollKit-t.build/Objects-normal/arm64/InfinityScrollKit.SwiftConstValuesFileList (in target 'InfinityScrollKit' from project 'InfinityScrollKit')
cd /Users/admin/builder/spi-builder-workspace
write-file /Users/admin/builder/spi-builder-workspace/.derivedData/Build/Intermediates.noindex/InfinityScrollKit.build/Debug-watchos/InfinityScrollKit-t.build/Objects-normal/arm64/InfinityScrollKit.SwiftConstValuesFileList
WriteAuxiliaryFile /Users/admin/builder/spi-builder-workspace/.derivedData/Build/Intermediates.noindex/InfinityScrollKit.build/Debug-watchos/InfinityScrollKit-t.build/InfinityScrollKit.DependencyStaticMetadataFileList (in target 'InfinityScrollKit' from project 'InfinityScrollKit')
cd /Users/admin/builder/spi-builder-workspace
write-file /Users/admin/builder/spi-builder-workspace/.derivedData/Build/Intermediates.noindex/InfinityScrollKit.build/Debug-watchos/InfinityScrollKit-t.build/InfinityScrollKit.DependencyStaticMetadataFileList
WriteAuxiliaryFile /Users/admin/builder/spi-builder-workspace/.derivedData/Build/Intermediates.noindex/InfinityScrollKit.build/Debug-watchos/InfinityScrollKit-t.build/InfinityScrollKit.DependencyMetadataFileList (in target 'InfinityScrollKit' from project 'InfinityScrollKit')
cd /Users/admin/builder/spi-builder-workspace
write-file /Users/admin/builder/spi-builder-workspace/.derivedData/Build/Intermediates.noindex/InfinityScrollKit.build/Debug-watchos/InfinityScrollKit-t.build/InfinityScrollKit.DependencyMetadataFileList
WriteAuxiliaryFile /Users/admin/builder/spi-builder-workspace/.derivedData/Build/Intermediates.noindex/InfinityScrollKit.build/Debug-watchos/InfinityScrollKit-t.build/Objects-normal/arm64/InfinityScrollKit.LinkFileList (in target 'InfinityScrollKit' from project 'InfinityScrollKit')
cd /Users/admin/builder/spi-builder-workspace
write-file /Users/admin/builder/spi-builder-workspace/.derivedData/Build/Intermediates.noindex/InfinityScrollKit.build/Debug-watchos/InfinityScrollKit-t.build/Objects-normal/arm64/InfinityScrollKit.LinkFileList
Copy /Users/admin/builder/spi-builder-workspace/.derivedData/Build/Intermediates.noindex/GeneratedModuleMaps-watchos/InfinityScrollKit.modulemap /Users/admin/builder/spi-builder-workspace/.derivedData/Build/Intermediates.noindex/InfinityScrollKit.build/Debug-watchos/InfinityScrollKit-t.build/InfinityScrollKit.modulemap (in target 'InfinityScrollKit' from project 'InfinityScrollKit')
cd /Users/admin/builder/spi-builder-workspace
builtin-copy -exclude .DS_Store -exclude CVS -exclude .svn -exclude .git -exclude .hg -resolve-src-symlinks /Users/admin/builder/spi-builder-workspace/.derivedData/Build/Intermediates.noindex/InfinityScrollKit.build/Debug-watchos/InfinityScrollKit-t.build/InfinityScrollKit.modulemap /Users/admin/builder/spi-builder-workspace/.derivedData/Build/Intermediates.noindex/GeneratedModuleMaps-watchos
SwiftDriver InfinityScrollKit normal arm64 com.apple.xcode.tools.swift.compiler (in target 'InfinityScrollKit' from project 'InfinityScrollKit')
cd /Users/admin/builder/spi-builder-workspace/.swiftpm/xcode
builtin-SwiftDriver -- /Applications/Xcode-27.0.0-Release.Candidate.app/Contents/Developer/Toolchains/XcodeDefault.xctoolchain/usr/bin/swiftc -parse-as-library -module-name InfinityScrollKit -Onone @/Users/admin/builder/spi-builder-workspace/.derivedData/Build/Intermediates.noindex/InfinityScrollKit.build/Debug-watchos/InfinityScrollKit-t.build/Objects-normal/arm64/InfinityScrollKit.SwiftFileList -DSWIFT_PACKAGE -DDEBUG -DSWIFT_MODULE_RESOURCE_BUNDLE_UNAVAILABLE -DXcode -plugin-path /Applications/Xcode-27.0.0-Release.Candidate.app/Contents/Developer/Toolchains/XcodeDefault.xctoolchain/usr/lib/swift/host/plugins/testing -enable-experimental-feature DebugDescriptionMacro -sdk /Applications/Xcode-27.0.0-Release.Candidate.app/Contents/Developer/Platforms/WatchOS.platform/Developer/SDKs/WatchOS27.0.sdk -target arm64-apple-watchos9.0 -g -module-cache-path /Users/admin/builder/spi-builder-workspace/.derivedData/ModuleCache.noindex -Xfrontend -serialize-debugging-options -profile-coverage-mapping -profile-generate -enable-testing -index-store-path /Users/admin/builder/spi-builder-workspace/.derivedData/Index.noindex/DataStore -Xcc -D_LIBCPP_HARDENING_MODE\=_LIBCPP_HARDENING_MODE_DEBUG -swift-version 5 -I /Users/admin/builder/spi-builder-workspace/.derivedData/Build/Products/Debug-watchos -Isystem /Applications/Xcode-27.0.0-Release.Candidate.app/Contents/Developer/Platforms/WatchOS.platform/Developer/usr/lib -F /Users/admin/builder/spi-builder-workspace/.derivedData/Build/Products/Debug-watchos -F /Applications/Xcode-27.0.0-Release.Candidate.app/Contents/Developer/Platforms/WatchOS.platform/Developer/Library/Frameworks -F /Applications/Xcode-27.0.0-Release.Candidate.app/Contents/Developer/Platforms/WatchOS.platform/Developer/SDKs/WatchOS27.0.sdk/Developer/Library/Frameworks -c -j10 -enable-batch-mode -incremental -Xcc -ivfsstatcache -Xcc /Users/admin/builder/spi-builder-workspace/.derivedData/SDKStatCaches.noindex/watchos27.0-24R360-e829b21a6f8c9b70876ba0858053c04477534ef55a1706bf4c1112bbb242f0a2.sdkstatcache -output-file-map /Users/admin/builder/spi-builder-workspace/.derivedData/Build/Intermediates.noindex/InfinityScrollKit.build/Debug-watchos/InfinityScrollKit-t.build/Objects-normal/arm64/InfinityScrollKit-OutputFileMap.json -save-temps -no-color-diagnostics -explicit-module-build -module-cache-path /Users/admin/builder/spi-builder-workspace/.derivedData/Build/Intermediates.noindex/SwiftExplicitPrecompiledModules -clang-scanner-module-cache-path /Users/admin/builder/spi-builder-workspace/.derivedData/ModuleCache.noindex -sdk-module-cache-path /Users/admin/builder/spi-builder-workspace/.derivedData/SDKExplicitPrecompiledModules -emit-dependencies -emit-module -emit-module-path /Users/admin/builder/spi-builder-workspace/.derivedData/Build/Intermediates.noindex/InfinityScrollKit.build/Debug-watchos/InfinityScrollKit-t.build/Objects-normal/arm64/InfinityScrollKit.swiftmodule -serialize-diagnostics -dependency-scan-serialize-diagnostics-path /Users/admin/builder/spi-builder-workspace/.derivedData/Build/Intermediates.noindex/InfinityScrollKit.build/Debug-watchos/InfinityScrollKit-t.build/Objects-normal/arm64/InfinityScrollKit-dependency-scan.dia -validate-clang-modules-once -clang-build-session-file /Users/admin/builder/spi-builder-workspace/.derivedData/ModuleCache.noindex/Session.modulevalidation -Xcc -fmodules-prune-interval\=86400 -Xcc -fmodules-prune-after\=345600 -package-name spi_builder_workspace -emit-const-values -const-gather-protocols-list /Users/admin/builder/spi-builder-workspace/.derivedData/Build/Intermediates.noindex/InfinityScrollKit.build/Debug-watchos/InfinityScrollKit-t.build/Objects-normal/arm64/InfinityScrollKit_const_extract_protocols.json -Xcc -I/Users/admin/builder/spi-builder-workspace/.derivedData/Build/Products/Debug-watchos/include -Xcc -I/Users/admin/builder/spi-builder-workspace/.derivedData/Build/Intermediates.noindex/InfinityScrollKit.build/Debug-watchos/InfinityScrollKit-t.build/DerivedSources-normal/arm64 -Xcc -I/Users/admin/builder/spi-builder-workspace/.derivedData/Build/Intermediates.noindex/InfinityScrollKit.build/Debug-watchos/InfinityScrollKit-t.build/DerivedSources/arm64 -Xcc -I/Users/admin/builder/spi-builder-workspace/.derivedData/Build/Intermediates.noindex/InfinityScrollKit.build/Debug-watchos/InfinityScrollKit-t.build/DerivedSources -Xcc -DSWIFT_PACKAGE -Xcc -DDEBUG\=1 -emit-objc-header -emit-objc-header-path /Users/admin/builder/spi-builder-workspace/.derivedData/Build/Intermediates.noindex/InfinityScrollKit.build/Debug-watchos/InfinityScrollKit-t.build/Objects-normal/arm64/InfinityScrollKit-Swift.h -working-directory /Users/admin/builder/spi-builder-workspace/.swiftpm/xcode -experimental-emit-module-separately -disable-cmo
SwiftDriver InfinityScrollKit normal arm64_32 com.apple.xcode.tools.swift.compiler (in target 'InfinityScrollKit' from project 'InfinityScrollKit')
cd /Users/admin/builder/spi-builder-workspace/.swiftpm/xcode
builtin-SwiftDriver -- /Applications/Xcode-27.0.0-Release.Candidate.app/Contents/Developer/Toolchains/XcodeDefault.xctoolchain/usr/bin/swiftc -parse-as-library -module-name InfinityScrollKit -Onone @/Users/admin/builder/spi-builder-workspace/.derivedData/Build/Intermediates.noindex/InfinityScrollKit.build/Debug-watchos/InfinityScrollKit-t.build/Objects-normal/arm64_32/InfinityScrollKit.SwiftFileList -DSWIFT_PACKAGE -DDEBUG -DSWIFT_MODULE_RESOURCE_BUNDLE_UNAVAILABLE -DXcode -plugin-path /Applications/Xcode-27.0.0-Release.Candidate.app/Contents/Developer/Toolchains/XcodeDefault.xctoolchain/usr/lib/swift/host/plugins/testing -enable-experimental-feature DebugDescriptionMacro -sdk /Applications/Xcode-27.0.0-Release.Candidate.app/Contents/Developer/Platforms/WatchOS.platform/Developer/SDKs/WatchOS27.0.sdk -target arm64_32-apple-watchos9.0 -g -module-cache-path /Users/admin/builder/spi-builder-workspace/.derivedData/ModuleCache.noindex -Xfrontend -serialize-debugging-options -profile-coverage-mapping -profile-generate -enable-testing -index-store-path /Users/admin/builder/spi-builder-workspace/.derivedData/Index.noindex/DataStore -Xcc -D_LIBCPP_HARDENING_MODE\=_LIBCPP_HARDENING_MODE_DEBUG -swift-version 5 -I /Users/admin/builder/spi-builder-workspace/.derivedData/Build/Products/Debug-watchos -Isystem /Applications/Xcode-27.0.0-Release.Candidate.app/Contents/Developer/Platforms/WatchOS.platform/Developer/usr/lib -F /Users/admin/builder/spi-builder-workspace/.derivedData/Build/Products/Debug-watchos -F /Applications/Xcode-27.0.0-Release.Candidate.app/Contents/Developer/Platforms/WatchOS.platform/Developer/Library/Frameworks -F /Applications/Xcode-27.0.0-Release.Candidate.app/Contents/Developer/Platforms/WatchOS.platform/Developer/SDKs/WatchOS27.0.sdk/Developer/Library/Frameworks -c -j10 -enable-batch-mode -incremental -Xcc -ivfsstatcache -Xcc /Users/admin/builder/spi-builder-workspace/.derivedData/SDKStatCaches.noindex/watchos27.0-24R360-e829b21a6f8c9b70876ba0858053c04477534ef55a1706bf4c1112bbb242f0a2.sdkstatcache -output-file-map /Users/admin/builder/spi-builder-workspace/.derivedData/Build/Intermediates.noindex/InfinityScrollKit.build/Debug-watchos/InfinityScrollKit-t.build/Objects-normal/arm64_32/InfinityScrollKit-OutputFileMap.json -save-temps -no-color-diagnostics -explicit-module-build -module-cache-path /Users/admin/builder/spi-builder-workspace/.derivedData/Build/Intermediates.noindex/SwiftExplicitPrecompiledModules -clang-scanner-module-cache-path /Users/admin/builder/spi-builder-workspace/.derivedData/ModuleCache.noindex -sdk-module-cache-path /Users/admin/builder/spi-builder-workspace/.derivedData/SDKExplicitPrecompiledModules -emit-dependencies -emit-module -emit-module-path /Users/admin/builder/spi-builder-workspace/.derivedData/Build/Intermediates.noindex/InfinityScrollKit.build/Debug-watchos/InfinityScrollKit-t.build/Objects-normal/arm64_32/InfinityScrollKit.swiftmodule -serialize-diagnostics -dependency-scan-serialize-diagnostics-path /Users/admin/builder/spi-builder-workspace/.derivedData/Build/Intermediates.noindex/InfinityScrollKit.build/Debug-watchos/InfinityScrollKit-t.build/Objects-normal/arm64_32/InfinityScrollKit-dependency-scan.dia -validate-clang-modules-once -clang-build-session-file /Users/admin/builder/spi-builder-workspace/.derivedData/ModuleCache.noindex/Session.modulevalidation -Xcc -fmodules-prune-interval\=86400 -Xcc -fmodules-prune-after\=345600 -package-name spi_builder_workspace -emit-const-values -const-gather-protocols-list /Users/admin/builder/spi-builder-workspace/.derivedData/Build/Intermediates.noindex/InfinityScrollKit.build/Debug-watchos/InfinityScrollKit-t.build/Objects-normal/arm64_32/InfinityScrollKit_const_extract_protocols.json -Xcc -I/Users/admin/builder/spi-builder-workspace/.derivedData/Build/Products/Debug-watchos/include -Xcc -I/Users/admin/builder/spi-builder-workspace/.derivedData/Build/Intermediates.noindex/InfinityScrollKit.build/Debug-watchos/InfinityScrollKit-t.build/DerivedSources-normal/arm64_32 -Xcc -I/Users/admin/builder/spi-builder-workspace/.derivedData/Build/Intermediates.noindex/InfinityScrollKit.build/Debug-watchos/InfinityScrollKit-t.build/DerivedSources/arm64_32 -Xcc -I/Users/admin/builder/spi-builder-workspace/.derivedData/Build/Intermediates.noindex/InfinityScrollKit.build/Debug-watchos/InfinityScrollKit-t.build/DerivedSources -Xcc -DSWIFT_PACKAGE -Xcc -DDEBUG\=1 -emit-objc-header -emit-objc-header-path /Users/admin/builder/spi-builder-workspace/.derivedData/Build/Intermediates.noindex/InfinityScrollKit.build/Debug-watchos/InfinityScrollKit-t.build/Objects-normal/arm64_32/InfinityScrollKit-Swift.h -working-directory /Users/admin/builder/spi-builder-workspace/.swiftpm/xcode -experimental-emit-module-separately -disable-cmo
SwiftExplicitDependencyGeneratePcm arm64 /Users/admin/builder/spi-builder-workspace/.derivedData/SDKExplicitPrecompiledModules/_SwiftConcurrencyShims-659N52XSKR5F0QSB880BH2FJR.pcm
SwiftExplicitDependencyGeneratePcm arm64 /Users/admin/builder/spi-builder-workspace/.derivedData/SDKExplicitPrecompiledModules/ptrauth-3TZ9WJCGLYD25HQPWH4968ONX.pcm
SwiftExplicitDependencyGeneratePcm arm64 /Users/admin/builder/spi-builder-workspace/.derivedData/SDKExplicitPrecompiledModules/_AvailabilityInternal-BUNV3UXM65NT37THI4W1AM0SF.pcm
SwiftExplicitDependencyGeneratePcm arm64 /Users/admin/builder/spi-builder-workspace/.derivedData/SDKExplicitPrecompiledModules/_Builtin_float-C0CW5Q4HGBQYKE77TC42IAFB5.pcm
SwiftExplicitDependencyGeneratePcm arm64 /Users/admin/builder/spi-builder-workspace/.derivedData/SDKExplicitPrecompiledModules/SwiftShims-4MXFZPV6FEB0XBYXCGPWAMQGL.pcm
SwiftExplicitDependencyGeneratePcm arm64 /Users/admin/builder/spi-builder-workspace/.derivedData/SDKExplicitPrecompiledModules/_Builtin_stddef-1FU30Y8SWFB7OUUHMJQH5J6FM.pcm
SwiftExplicitDependencyGeneratePcm arm64 /Users/admin/builder/spi-builder-workspace/.derivedData/SDKExplicitPrecompiledModules/DeveloperToolsSupport-E7CNISCB36UE8XQ9IOHK9XDX1.pcm
SwiftExplicitDependencyGeneratePcm arm64 /Users/admin/builder/spi-builder-workspace/.derivedData/SDKExplicitPrecompiledModules/_Builtin_stdarg-A7UU8LE6MP85SM26YO7PBZNUQ.pcm
SwiftExplicitDependencyGeneratePcm arm64 /Users/admin/builder/spi-builder-workspace/.derivedData/SDKExplicitPrecompiledModules/ptrcheck-AIF0NDOYZ8ORBNHQAQR5NNB8M.pcm
SwiftExplicitDependencyGeneratePcm arm64 /Users/admin/builder/spi-builder-workspace/.derivedData/SDKExplicitPrecompiledModules/_Builtin_stdbool-83J96QSOFE9VX04AAS6310UAE.pcm
SwiftExplicitDependencyGeneratePcm arm64_32 /Users/admin/builder/spi-builder-workspace/.derivedData/SDKExplicitPrecompiledModules/_SwiftConcurrencyShims-6RTBPQ03V7BM9SPRK8SUE055H.pcm
SwiftExplicitDependencyGeneratePcm arm64_32 /Users/admin/builder/spi-builder-workspace/.derivedData/SDKExplicitPrecompiledModules/DeveloperToolsSupport-DZU5G1OCMNWU0AQRULIFHUJ1Z.pcm
SwiftExplicitDependencyGeneratePcm arm64_32 /Users/admin/builder/spi-builder-workspace/.derivedData/SDKExplicitPrecompiledModules/SwiftShims-9CQQGWTSNTN9EB5NSHDWUJICH.pcm
SwiftExplicitDependencyGeneratePcm arm64_32 /Users/admin/builder/spi-builder-workspace/.derivedData/SDKExplicitPrecompiledModules/_AvailabilityInternal-244WAN3Z1QBT7PIA64EZEFY1R.pcm
SwiftExplicitDependencyGeneratePcm arm64_32 /Users/admin/builder/spi-builder-workspace/.derivedData/SDKExplicitPrecompiledModules/ptrcheck-7ELIH9BTIGVKX3UBITM9N72WD.pcm
SwiftExplicitDependencyGeneratePcm arm64_32 /Users/admin/builder/spi-builder-workspace/.derivedData/SDKExplicitPrecompiledModules/_Builtin_stddef-H44EFHQX6XSS5MZ7QP6YJZ76.pcm
SwiftExplicitDependencyGeneratePcm arm64_32 /Users/admin/builder/spi-builder-workspace/.derivedData/SDKExplicitPrecompiledModules/_Builtin_stdbool-A967K8W8YUYEC9SN52KJ7OO88.pcm
SwiftExplicitDependencyGeneratePcm arm64_32 /Users/admin/builder/spi-builder-workspace/.derivedData/SDKExplicitPrecompiledModules/ptrauth-BFXF358ME5AK535N5A9Z766WU.pcm
SwiftExplicitDependencyGeneratePcm arm64_32 /Users/admin/builder/spi-builder-workspace/.derivedData/SDKExplicitPrecompiledModules/_Builtin_stdarg-D305JG44A2WPI6CJY37X3QJE8.pcm
SwiftExplicitDependencyGeneratePcm arm64 /Users/admin/builder/spi-builder-workspace/.derivedData/SDKExplicitPrecompiledModules/_DarwinFoundation1-7SPX3MD0HMP55E4OLNCPNDQ53.pcm
SwiftExplicitDependencyGeneratePcm arm64_32 /Users/admin/builder/spi-builder-workspace/.derivedData/SDKExplicitPrecompiledModules/_Builtin_float-6KO8O3PEWRCA4WC6PPLOYO6WJ.pcm
SwiftExplicitDependencyGeneratePcm arm64 /Users/admin/builder/spi-builder-workspace/.derivedData/SDKExplicitPrecompiledModules/_DarwinFoundation2-D0XAPJU49S5E9XMKYOFGSTB1Q.pcm
SwiftExplicitDependencyGeneratePcm arm64 /Users/admin/builder/spi-builder-workspace/.derivedData/SDKExplicitPrecompiledModules/_Builtin_limits-9GWPA2B0H20DYUNYHYCWKABJG.pcm
SwiftExplicitDependencyGeneratePcm arm64_32 /Users/admin/builder/spi-builder-workspace/.derivedData/SDKExplicitPrecompiledModules/_DarwinFoundation1-2GWF9RFMPLQW4PDHS3NARVI3G.pcm
SwiftExplicitDependencyGeneratePcm arm64_32 /Users/admin/builder/spi-builder-workspace/.derivedData/SDKExplicitPrecompiledModules/_Builtin_limits-3VKBU2AFTD65PAJZ5CJ3LHFM2.pcm
SwiftExplicitDependencyGeneratePcm arm64_32 /Users/admin/builder/spi-builder-workspace/.derivedData/SDKExplicitPrecompiledModules/_DarwinFoundation2-9MY8GOSYRO0M9MKNXF6D3MBNK.pcm
SwiftExplicitDependencyGeneratePcm arm64 /Users/admin/builder/spi-builder-workspace/.derivedData/SDKExplicitPrecompiledModules/_Builtin_tgmath-8NQ96OZ0YHXEC24JI95P01UF8.pcm
SwiftExplicitDependencyGeneratePcm arm64 /Users/admin/builder/spi-builder-workspace/.derivedData/SDKExplicitPrecompiledModules/_Builtin_stdint-8XMILLJZEGRN2XG7XZUXZ5RLX.pcm
SwiftExplicitDependencyGeneratePcm arm64 /Users/admin/builder/spi-builder-workspace/.derivedData/SDKExplicitPrecompiledModules/sys_types-2KXQLI78OUCDP779AE68GZJ2.pcm
SwiftExplicitDependencyGeneratePcm arm64 /Users/admin/builder/spi-builder-workspace/.derivedData/SDKExplicitPrecompiledModules/string_h-E6PRXK75PHIPCZFWOFCQ3QBMK.pcm
SwiftExplicitDependencyGeneratePcm arm64 /Users/admin/builder/spi-builder-workspace/.derivedData/SDKExplicitPrecompiledModules/_DarwinFoundation3-B97LRG0E9GON2NUE65TVG81HU.pcm
SwiftExplicitDependencyGeneratePcm arm64 /Users/admin/builder/spi-builder-workspace/.derivedData/SDKExplicitPrecompiledModules/_Builtin_stdatomic-7JEFA3KBJJJN6TKJWY3OG1VG5.pcm
SwiftExplicitDependencyGeneratePcm arm64 /Users/admin/builder/spi-builder-workspace/.derivedData/SDKExplicitPrecompiledModules/_Builtin_intrinsics-75960HIPCIYA06IUW8FIIPQT.pcm
SwiftExplicitDependencyGeneratePcm arm64_32 /Users/admin/builder/spi-builder-workspace/.derivedData/SDKExplicitPrecompiledModules/string_h-BFVLUQUSBZWYMLCU9QI7VZALW.pcm
SwiftExplicitDependencyGeneratePcm arm64_32 /Users/admin/builder/spi-builder-workspace/.derivedData/SDKExplicitPrecompiledModules/_Builtin_tgmath-23PGCKURCQILXMK0MYZRYDCOU.pcm
SwiftExplicitDependencyGeneratePcm arm64_32 /Users/admin/builder/spi-builder-workspace/.derivedData/SDKExplicitPrecompiledModules/_Builtin_stdint-1HMXWI3V0V4TXHRWZOMZGZ80Y.pcm
SwiftExplicitDependencyGeneratePcm arm64_32 /Users/admin/builder/spi-builder-workspace/.derivedData/SDKExplicitPrecompiledModules/sys_types-8TLLMW08ZJWDGIIPKOYFGHHZW.pcm
SwiftExplicitDependencyGeneratePcm arm64_32 /Users/admin/builder/spi-builder-workspace/.derivedData/SDKExplicitPrecompiledModules/_Builtin_stdatomic-1TY035TURL76BF2U98PZPPZRX.pcm
SwiftExplicitDependencyGeneratePcm arm64_32 /Users/admin/builder/spi-builder-workspace/.derivedData/SDKExplicitPrecompiledModules/_Builtin_intrinsics-196IIAKDQVU42DLOZP9OQCV76.pcm
SwiftExplicitDependencyGeneratePcm arm64_32 /Users/admin/builder/spi-builder-workspace/.derivedData/SDKExplicitPrecompiledModules/_DarwinFoundation3-3DUTYQDQSD9HUAAVY947NMWOI.pcm
SwiftExplicitDependencyGeneratePcm arm64 /Users/admin/builder/spi-builder-workspace/.derivedData/SDKExplicitPrecompiledModules/_Builtin_inttypes-3UQSCM7WNM9EK4HZML8TY5J3D.pcm
SwiftExplicitDependencyGeneratePcm arm64 /Users/admin/builder/spi-builder-workspace/.derivedData/SDKExplicitPrecompiledModules/Darwin-3984OXKFNSPE77NT743WK8SEX.pcm
SwiftExplicitDependencyGeneratePcm arm64_32 /Users/admin/builder/spi-builder-workspace/.derivedData/SDKExplicitPrecompiledModules/_Builtin_inttypes-D2KPCR4PEX9AQA33NGLUT5SBR.pcm
SwiftExplicitDependencyGeneratePcm arm64 /Users/admin/builder/spi-builder-workspace/.derivedData/SDKExplicitPrecompiledModules/simd-EH08NODU6574T74ZKU61VP9BW.pcm
SwiftExplicitDependencyGeneratePcm arm64_32 /Users/admin/builder/spi-builder-workspace/.derivedData/SDKExplicitPrecompiledModules/Darwin-3FVT1SKLN2ZQ5RVOABMTQBB34.pcm
SwiftExplicitDependencyGeneratePcm arm64_32 /Users/admin/builder/spi-builder-workspace/.derivedData/SDKExplicitPrecompiledModules/simd-21UNWYOBUZI1LVSQ99S1XBLMO.pcm
SwiftExplicitDependencyGeneratePcm arm64 /Users/admin/builder/spi-builder-workspace/.derivedData/SDKExplicitPrecompiledModules/ObjectiveC-72IVD3VS2RS8Q28D9PIMY0KQP.pcm
SwiftExplicitDependencyGeneratePcm arm64 /Users/admin/builder/spi-builder-workspace/.derivedData/SDKExplicitPrecompiledModules/MachO-2U90NNSAQILBNBPS1SA4F8TYP.pcm
SwiftExplicitDependencyGeneratePcm arm64 /Users/admin/builder/spi-builder-workspace/.derivedData/SDKExplicitPrecompiledModules/os_object-3SDKD7F87FTZ26OON37DRYT6O.pcm
SwiftExplicitDependencyGeneratePcm arm64_32 /Users/admin/builder/spi-builder-workspace/.derivedData/SDKExplicitPrecompiledModules/MachO-56838ZJ0NC1EBAJ0O6O8QMPDX.pcm
SwiftExplicitDependencyGeneratePcm arm64_32 /Users/admin/builder/spi-builder-workspace/.derivedData/SDKExplicitPrecompiledModules/ObjectiveC-6IJNELR2E80E7LUKESVCP2KET.pcm
SwiftExplicitDependencyGeneratePcm arm64 /Users/admin/builder/spi-builder-workspace/.derivedData/SDKExplicitPrecompiledModules/os_workgroup-89GG5G7YC2D0ZTK6AZXXQ20DH.pcm
SwiftExplicitDependencyGeneratePcm arm64_32 /Users/admin/builder/spi-builder-workspace/.derivedData/SDKExplicitPrecompiledModules/os_object-5YWTC6L4756IWSTPGXS5NM0D0.pcm
SwiftExplicitDependencyGeneratePcm arm64 /Users/admin/builder/spi-builder-workspace/.derivedData/SDKExplicitPrecompiledModules/Spatial-44FJGYXFAT2AQAW9Z6T7YS02U.pcm
SwiftExplicitDependencyGeneratePcm arm64 /Users/admin/builder/spi-builder-workspace/.derivedData/SDKExplicitPrecompiledModules/Dispatch-1NLJOVAK60XP0DUB05XA59EIM.pcm
SwiftExplicitDependencyGeneratePcm arm64_32 /Users/admin/builder/spi-builder-workspace/.derivedData/SDKExplicitPrecompiledModules/os_workgroup-5JHTPDMNBUNHLJI8LPHKQK1JK.pcm
SwiftExplicitDependencyGeneratePcm arm64_32 /Users/admin/builder/spi-builder-workspace/.derivedData/SDKExplicitPrecompiledModules/Spatial-CWVWNML3T0NXVHZDKVLD3X1YZ.pcm
SwiftExplicitDependencyGeneratePcm arm64 /Users/admin/builder/spi-builder-workspace/.derivedData/SDKExplicitPrecompiledModules/XPC-40DR0X1DHKGCV4J1IOLFS8MOU.pcm
SwiftExplicitDependencyGeneratePcm arm64 /Users/admin/builder/spi-builder-workspace/.derivedData/SDKExplicitPrecompiledModules/CoreFoundation-8T2L24YC5NU7WO6WQJWRY7W08.pcm
SwiftExplicitDependencyGeneratePcm arm64_32 /Users/admin/builder/spi-builder-workspace/.derivedData/SDKExplicitPrecompiledModules/Dispatch-2P62F1T4XV63S4P99TUDTOK2Q.pcm
SwiftExplicitDependencyGeneratePcm arm64_32 /Users/admin/builder/spi-builder-workspace/.derivedData/SDKExplicitPrecompiledModules/CoreFoundation-8E6Y4BA3EXYKUGJ24GT9LGV3N.pcm
SwiftExplicitDependencyGeneratePcm arm64_32 /Users/admin/builder/spi-builder-workspace/.derivedData/SDKExplicitPrecompiledModules/XPC-81Y45QFY96XYYFCW2GT6FY8S4.pcm
SwiftExplicitDependencyGeneratePcm arm64 /Users/admin/builder/spi-builder-workspace/.derivedData/SDKExplicitPrecompiledModules/os-5DIL6Z9LFIGLMZAHM7X2T5435.pcm
SwiftExplicitDependencyGeneratePcm arm64 /Users/admin/builder/spi-builder-workspace/.derivedData/SDKExplicitPrecompiledModules/CoreAudioTypes-A9MF7N5LT63G21HNFVM6BT14B.pcm
SwiftExplicitDependencyGeneratePcm arm64 /Users/admin/builder/spi-builder-workspace/.derivedData/SDKExplicitPrecompiledModules/CoreGraphics-DWNZ73GEH98SBJXZ7DEXB420K.pcm
SwiftExplicitDependencyGeneratePcm arm64 /Users/admin/builder/spi-builder-workspace/.derivedData/SDKExplicitPrecompiledModules/Security-6RZ6YBRU8WCUHRFFRVUK5WKMM.pcm
SwiftExplicitDependencyGeneratePcm arm64_32 /Users/admin/builder/spi-builder-workspace/.derivedData/SDKExplicitPrecompiledModules/os-E5IGB442IA6SBB25TTCOLK2OC.pcm
SwiftExplicitDependencyGeneratePcm arm64 /Users/admin/builder/spi-builder-workspace/.derivedData/SDKExplicitPrecompiledModules/CoreAudio-1B79RJJTP71GE6UY9WLESAN3C.pcm
SwiftExplicitDependencyGeneratePcm arm64_32 /Users/admin/builder/spi-builder-workspace/.derivedData/SDKExplicitPrecompiledModules/CoreGraphics-9FDXYX6BKBUT6TJ2VF819E7T5.pcm
SwiftExplicitDependencyGeneratePcm arm64_32 /Users/admin/builder/spi-builder-workspace/.derivedData/SDKExplicitPrecompiledModules/CoreAudioTypes-9GVB1DHA32M46R4A9NWSI3I2K.pcm
SwiftExplicitDependencyGeneratePcm arm64_32 /Users/admin/builder/spi-builder-workspace/.derivedData/SDKExplicitPrecompiledModules/Security-D7TOWF88VWF67TB9HAFP5UWB1.pcm
SwiftExplicitDependencyGeneratePcm arm64 /Users/admin/builder/spi-builder-workspace/.derivedData/SDKExplicitPrecompiledModules/Foundation-DLBKUSGXN8QHAT8W0OARR9S8A.pcm
SwiftExplicitDependencyGeneratePcm arm64 /Users/admin/builder/spi-builder-workspace/.derivedData/SDKExplicitPrecompiledModules/CoreText-970YJN6NIYGK1316L35Z0O8QT.pcm
SwiftExplicitDependencyGeneratePcm arm64 /Users/admin/builder/spi-builder-workspace/.derivedData/SDKExplicitPrecompiledModules/CoreVideo-8MRR5MNWUOAW2DBPGUQ8FKK4.pcm
SwiftExplicitDependencyGeneratePcm arm64_32 /Users/admin/builder/spi-builder-workspace/.derivedData/SDKExplicitPrecompiledModules/CoreAudio-5W6MX6OUPWBMUR8VD5LHT1PZF.pcm
SwiftExplicitDependencyGeneratePcm arm64_32 /Users/admin/builder/spi-builder-workspace/.derivedData/SDKExplicitPrecompiledModules/Foundation-BJ2VQGI3OGR34500MEQ1VKHPH.pcm
SwiftExplicitDependencyGeneratePcm arm64 /Users/admin/builder/spi-builder-workspace/.derivedData/SDKExplicitPrecompiledModules/CoreMedia-1AJVCUZNAO74KIKMFVFUUHWDI.pcm
SwiftExplicitDependencyGeneratePcm arm64_32 /Users/admin/builder/spi-builder-workspace/.derivedData/SDKExplicitPrecompiledModules/CoreText-C9X2REPZN2V5BSU4G80FCETDR.pcm
SwiftExplicitDependencyGeneratePcm arm64_32 /Users/admin/builder/spi-builder-workspace/.derivedData/SDKExplicitPrecompiledModules/CoreVideo-2P8HI0403J99LBDPKNFJ5D4DL.pcm
SwiftExplicitDependencyGeneratePcm arm64_32 /Users/admin/builder/spi-builder-workspace/.derivedData/SDKExplicitPrecompiledModules/CoreMedia-AO387T8CHWTTZODD1DGT0UAFA.pcm
SwiftExplicitDependencyGeneratePcm arm64 /Users/admin/builder/spi-builder-workspace/.derivedData/SDKExplicitPrecompiledModules/UniformTypeIdentifiers-8L08Q8DQJV8C4AW84YVGFGTRN.pcm
SwiftExplicitDependencyGeneratePcm arm64 /Users/admin/builder/spi-builder-workspace/.derivedData/SDKExplicitPrecompiledModules/OSLog-B7VGO357Y3GJG35TST7DKDSI3.pcm
SwiftExplicitDependencyGeneratePcm arm64 /Users/admin/builder/spi-builder-workspace/.derivedData/SDKExplicitPrecompiledModules/CoreData-9JFJC4UET8BAO5IPV2JU6W9V8.pcm
SwiftExplicitDependencyGeneratePcm arm64 /Users/admin/builder/spi-builder-workspace/.derivedData/SDKExplicitPrecompiledModules/QuartzCore-94KFMWNOU7ZLUZNB4T5DLZC9D.pcm
SwiftExplicitDependencyGeneratePcm arm64 /Users/admin/builder/spi-builder-workspace/.derivedData/SDKExplicitPrecompiledModules/_LocationEssentials-5ZZDGDXB6HLQUC72SJW7YJ7MK.pcm
SwiftExplicitDependencyGeneratePcm arm64 /Users/admin/builder/spi-builder-workspace/.derivedData/SDKExplicitPrecompiledModules/Symbols-3EFABTJ9L5PQDJ7RQCYQWEJMM.pcm
SwiftExplicitDependencyGeneratePcm arm64 /Users/admin/builder/spi-builder-workspace/.derivedData/SDKExplicitPrecompiledModules/SceneKit-5HZKIL7XETTTD8TOHYPN8JKRJ.pcm
SwiftExplicitDependencyGeneratePcm arm64 /Users/admin/builder/spi-builder-workspace/.derivedData/SDKExplicitPrecompiledModules/CoreTransferable-9PPG3SLJ55T4LITIFYX2M0NOZ.pcm
SwiftExplicitDependencyGeneratePcm arm64 /Users/admin/builder/spi-builder-workspace/.derivedData/SDKExplicitPrecompiledModules/DataDetection-7BNVI1SZW5ISQL5SX4WL2X7I5.pcm
SwiftExplicitDependencyGeneratePcm arm64 /Users/admin/builder/spi-builder-workspace/.derivedData/SDKExplicitPrecompiledModules/UIUtilities-IR7RNW23VAUKYI9MLCS9NL9A.pcm
SwiftExplicitDependencyGeneratePcm arm64_32 /Users/admin/builder/spi-builder-workspace/.derivedData/SDKExplicitPrecompiledModules/QuartzCore-6375NPYACK5NYVHPMC1QQ8MC2.pcm
SwiftExplicitDependencyGeneratePcm arm64_32 /Users/admin/builder/spi-builder-workspace/.derivedData/SDKExplicitPrecompiledModules/UserNotifications-6TBN8TEAKO014N1T2QD926XED.pcm
SwiftExplicitDependencyGeneratePcm arm64_32 /Users/admin/builder/spi-builder-workspace/.derivedData/SDKExplicitPrecompiledModules/SceneKit-DKNLHKM5FJBQ79LSNMSSMBUBR.pcm
SwiftExplicitDependencyGeneratePcm arm64_32 /Users/admin/builder/spi-builder-workspace/.derivedData/SDKExplicitPrecompiledModules/CoreData-7AU1AFQWUH88EAPDKVMLJPKVD.pcm
SwiftExplicitDependencyGeneratePcm arm64_32 /Users/admin/builder/spi-builder-workspace/.derivedData/SDKExplicitPrecompiledModules/Accessibility-F385OMZ5GYBUY5O4QAJB4NRII.pcm
SwiftExplicitDependencyGeneratePcm arm64_32 /Users/admin/builder/spi-builder-workspace/.derivedData/SDKExplicitPrecompiledModules/DataDetection-U9BF7WHFVA6BZGFXXXP272PS.pcm
SwiftExplicitDependencyGeneratePcm arm64_32 /Users/admin/builder/spi-builder-workspace/.derivedData/SDKExplicitPrecompiledModules/Symbols-1H97WMG76HU94F5VGJR19PXFY.pcm
SwiftExplicitDependencyGeneratePcm arm64_32 /Users/admin/builder/spi-builder-workspace/.derivedData/SDKExplicitPrecompiledModules/OSLog-D9AVFY0KWO7RVBIQ73CBIJVCN.pcm
SwiftExplicitDependencyGeneratePcm arm64_32 /Users/admin/builder/spi-builder-workspace/.derivedData/SDKExplicitPrecompiledModules/UniformTypeIdentifiers-CJZ3NTHPSBH4XWX5EVOG56UZS.pcm
SwiftExplicitDependencyGeneratePcm arm64 /Users/admin/builder/spi-builder-workspace/.derivedData/SDKExplicitPrecompiledModules/CoreLocation-ACKJ9K7ABI14F97Y46Y6SRR17.pcm
SwiftExplicitDependencyGeneratePcm arm64_32 /Users/admin/builder/spi-builder-workspace/.derivedData/SDKExplicitPrecompiledModules/CoreTransferable-5D4IR6X37682FPHJ5CBPTKQV6.pcm
SwiftExplicitDependencyGeneratePcm arm64 /Users/admin/builder/spi-builder-workspace/.derivedData/SDKExplicitPrecompiledModules/SwiftUICore-C1DST1IX2Z0PTH5SJJZ1IULRB.pcm
SwiftExplicitDependencyGeneratePcm arm64_32 /Users/admin/builder/spi-builder-workspace/.derivedData/SDKExplicitPrecompiledModules/_LocationEssentials-AQ1OL9QKC3LQLY5CNSRM1HB53.pcm
SwiftExplicitDependencyGeneratePcm arm64 /Users/admin/builder/spi-builder-workspace/.derivedData/SDKExplicitPrecompiledModules/UserNotifications-ARAH8MEQ0C2L0FBO39HITJMAO.pcm
SwiftExplicitDependencyGeneratePcm arm64 /Users/admin/builder/spi-builder-workspace/.derivedData/SDKExplicitPrecompiledModules/Accessibility-27QMG6ZQ1NKYTNBYFPM1XKNFC.pcm
SwiftExplicitDependencyGeneratePcm arm64_32 /Users/admin/builder/spi-builder-workspace/.derivedData/SDKExplicitPrecompiledModules/SwiftUICore-3Q7WLRD8MR9R3NGIPUBQCP6F6.pcm
SwiftExplicitDependencyGeneratePcm arm64_32 /Users/admin/builder/spi-builder-workspace/.derivedData/SDKExplicitPrecompiledModules/UIUtilities-9YFVNIMRC5HRVOIARNWHP1E3H.pcm
SwiftExplicitDependencyGeneratePcm arm64_32 /Users/admin/builder/spi-builder-workspace/.derivedData/SDKExplicitPrecompiledModules/CoreLocation-8XU5YMYM4P11RQMYCQAG65ITK.pcm
SwiftExplicitDependencyGeneratePcm arm64 /Users/admin/builder/spi-builder-workspace/.derivedData/SDKExplicitPrecompiledModules/CoreMotion-6RD5K48QT1F4L9CATNFD2O7YB.pcm
SwiftExplicitDependencyGeneratePcm arm64 /Users/admin/builder/spi-builder-workspace/.derivedData/SDKExplicitPrecompiledModules/UIKit-27R3P1YMV4C6JLDT661G3MRIA.pcm
SwiftExplicitDependencyGeneratePcm arm64_32 /Users/admin/builder/spi-builder-workspace/.derivedData/SDKExplicitPrecompiledModules/CoreMotion-1XGTVTE5PP32UHME8AC63TL6.pcm
SwiftExplicitDependencyGeneratePcm arm64_32 /Users/admin/builder/spi-builder-workspace/.derivedData/SDKExplicitPrecompiledModules/UIKit-6PPV7YPZ89CZPHYAP072QH8B6.pcm
SwiftExplicitDependencyGeneratePcm arm64 /Users/admin/builder/spi-builder-workspace/.derivedData/SDKExplicitPrecompiledModules/MapKit-EJJWC7IL56MPLQMI93GJRE5OG.pcm
SwiftExplicitDependencyGeneratePcm arm64 /Users/admin/builder/spi-builder-workspace/.derivedData/SDKExplicitPrecompiledModules/HomeKit-DTS1N4AWILAL1URZ5IOXV5221.pcm
SwiftExplicitDependencyGeneratePcm arm64_32 /Users/admin/builder/spi-builder-workspace/.derivedData/SDKExplicitPrecompiledModules/HomeKit-DUDZOMSN3UK8GNTNBNMPIWJRN.pcm
SwiftExplicitDependencyGeneratePcm arm64_32 /Users/admin/builder/spi-builder-workspace/.derivedData/SDKExplicitPrecompiledModules/MapKit-CWGB4YMP1VX1NYQN5FULFD5DR.pcm
SwiftExplicitDependencyGeneratePcm arm64 /Users/admin/builder/spi-builder-workspace/.derivedData/SDKExplicitPrecompiledModules/WatchKit-3VT3K8YON6FJ6OWSUFJMFMP8J.pcm
SwiftExplicitDependencyGeneratePcm arm64_32 /Users/admin/builder/spi-builder-workspace/.derivedData/SDKExplicitPrecompiledModules/WatchKit-FHF6WTKLC2APGK3LA2XJ6516.pcm
SwiftExplicitDependencyGeneratePcm arm64 /Users/admin/builder/spi-builder-workspace/.derivedData/SDKExplicitPrecompiledModules/SwiftUI-APXDH8ULYLM6FD17YRA73TULO.pcm
SwiftEmitModule normal arm64 Emitting\ module\ for\ InfinityScrollKit (in target 'InfinityScrollKit' from project 'InfinityScrollKit')
/Users/admin/builder/spi-builder-workspace/Sources/InfinityScrollKit/UIInfiniteScrollView.swift:20:53: error: 'UIView' is unavailable in watchOS
18 | /// - item: The item to render.
19 | /// - at: The index path index for the item.
20 | func cellFor(_ item: Item, at: IndexPath.Index) -> UIView
| `- error: 'UIView' is unavailable in watchOS
21 |
22 | /// Provides a view shown at the end of the list (e.g., a loading spinner).
/Applications/Xcode-27.0.0-Release.Candidate.app/Contents/Developer/Platforms/WatchOS.platform/Developer/SDKs/WatchOS27.0.sdk/System/Library/Frameworks/UIKit.framework/Headers/UIView.h:152:12: note: 'UIView' has been explicitly marked unavailable here
150 |
151 | UIKIT_EXTERN API_AVAILABLE(ios(2.0)) API_UNAVAILABLE(watchos) NS_SWIFT_UI_ACTOR
152 | @interface UIView : UIResponder <NSCoding, UIAppearance, UIAppearanceContainer, UIDynamicItem, UITraitEnvironment, UICoordinateSpace, UIFocusItem, UIFocusItemContainer, CALayerDelegate>
| `- note: 'UIView' has been explicitly marked unavailable here
153 |
154 | @property(class, nonatomic, readonly) Class layerClass; // default is [CALayer class]. Used when creating the underlying layer for the view.
/Users/admin/builder/spi-builder-workspace/Sources/InfinityScrollKit/UIInfiniteScrollView.swift:26:25: error: 'UIView' is unavailable in watchOS
24 | ///
25 | /// When nil is returned, or this is not implemented, a _**ProgressView**_ is displayed.
26 | func lastCellView() -> UIView?
| `- error: 'UIView' is unavailable in watchOS
27 |
28 | /// Provides a view when the array is empty (e.g., "No items yet..." label).
/Applications/Xcode-27.0.0-Release.Candidate.app/Contents/Developer/Platforms/WatchOS.platform/Developer/SDKs/WatchOS27.0.sdk/System/Library/Frameworks/UIKit.framework/Headers/UIView.h:152:12: note: 'UIView' has been explicitly marked unavailable here
150 |
151 | UIKIT_EXTERN API_AVAILABLE(ios(2.0)) API_UNAVAILABLE(watchos) NS_SWIFT_UI_ACTOR
152 | @interface UIView : UIResponder <NSCoding, UIAppearance, UIAppearanceContainer, UIDynamicItem, UITraitEnvironment, UICoordinateSpace, UIFocusItem, UIFocusItemContainer, CALayerDelegate>
| `- note: 'UIView' has been explicitly marked unavailable here
153 |
154 | @property(class, nonatomic, readonly) Class layerClass; // default is [CALayer class]. Used when creating the underlying layer for the view.
/Users/admin/builder/spi-builder-workspace/Sources/InfinityScrollKit/UIInfiniteScrollView.swift:32:27: error: 'UIView' is unavailable in watchOS
30 | ///
31 | /// When nil is returned, or this is not implemented, a Label with the text _**"No items yet..."**_ is displayed.
32 | func emptyArrayView() -> UIView?
| `- error: 'UIView' is unavailable in watchOS
33 |
34 | /// Notifies when loading state changes (useful for updating UI state externally).
/Applications/Xcode-27.0.0-Release.Candidate.app/Contents/Developer/Platforms/WatchOS.platform/Developer/SDKs/WatchOS27.0.sdk/System/Library/Frameworks/UIKit.framework/Headers/UIView.h:152:12: note: 'UIView' has been explicitly marked unavailable here
150 |
151 | UIKIT_EXTERN API_AVAILABLE(ios(2.0)) API_UNAVAILABLE(watchos) NS_SWIFT_UI_ACTOR
152 | @interface UIView : UIResponder <NSCoding, UIAppearance, UIAppearanceContainer, UIDynamicItem, UITraitEnvironment, UICoordinateSpace, UIFocusItem, UIFocusItemContainer, CALayerDelegate>
| `- note: 'UIView' has been explicitly marked unavailable here
153 |
154 | @property(class, nonatomic, readonly) Class layerClass; // default is [CALayer class]. Used when creating the underlying layer for the view.
/Users/admin/builder/spi-builder-workspace/Sources/InfinityScrollKit/UIInfiniteScrollView.swift:39:25: error: 'UIView' is unavailable in watchOS
37 | }
38 | public extension UIInfiniteScrollViewDelegate where Item: Identifiable & Equatable & Sendable {
39 | func lastCellView() -> UIView? { nil }
| `- error: 'UIView' is unavailable in watchOS
40 | func emptyArrayView() -> UIView? { nil }
41 | func onLoadingChanged(_ isLoading: Bool) { }
/Applications/Xcode-27.0.0-Release.Candidate.app/Contents/Developer/Platforms/WatchOS.platform/Developer/SDKs/WatchOS27.0.sdk/System/Library/Frameworks/UIKit.framework/Headers/UIView.h:152:12: note: 'UIView' has been explicitly marked unavailable here
150 |
151 | UIKIT_EXTERN API_AVAILABLE(ios(2.0)) API_UNAVAILABLE(watchos) NS_SWIFT_UI_ACTOR
152 | @interface UIView : UIResponder <NSCoding, UIAppearance, UIAppearanceContainer, UIDynamicItem, UITraitEnvironment, UICoordinateSpace, UIFocusItem, UIFocusItemContainer, CALayerDelegate>
| `- note: 'UIView' has been explicitly marked unavailable here
153 |
154 | @property(class, nonatomic, readonly) Class layerClass; // default is [CALayer class]. Used when creating the underlying layer for the view.
/Users/admin/builder/spi-builder-workspace/Sources/InfinityScrollKit/UIInfiniteScrollView.swift:40:27: error: 'UIView' is unavailable in watchOS
38 | public extension UIInfiniteScrollViewDelegate where Item: Identifiable & Equatable & Sendable {
39 | func lastCellView() -> UIView? { nil }
40 | func emptyArrayView() -> UIView? { nil }
| `- error: 'UIView' is unavailable in watchOS
41 | func onLoadingChanged(_ isLoading: Bool) { }
42 | }
/Applications/Xcode-27.0.0-Release.Candidate.app/Contents/Developer/Platforms/WatchOS.platform/Developer/SDKs/WatchOS27.0.sdk/System/Library/Frameworks/UIKit.framework/Headers/UIView.h:152:12: note: 'UIView' has been explicitly marked unavailable here
150 |
151 | UIKIT_EXTERN API_AVAILABLE(ios(2.0)) API_UNAVAILABLE(watchos) NS_SWIFT_UI_ACTOR
152 | @interface UIView : UIResponder <NSCoding, UIAppearance, UIAppearanceContainer, UIDynamicItem, UITraitEnvironment, UICoordinateSpace, UIFocusItem, UIFocusItemContainer, CALayerDelegate>
| `- note: 'UIView' has been explicitly marked unavailable here
153 |
154 | @property(class, nonatomic, readonly) Class layerClass; // default is [CALayer class]. Used when creating the underlying layer for the view.
/Users/admin/builder/spi-builder-workspace/Sources/InfinityScrollKit/UIInfiniteScrollView.swift:112:38: error: cannot find type 'UIHostingController' in scope
110 | }
111 |
112 | private lazy var hostingController: UIHostingController<InfiniteScrollView<
| `- error: cannot find type 'UIHostingController' in scope
113 | Item,
114 | UIWrapperView,
/Users/admin/builder/spi-builder-workspace/Sources/InfinityScrollKit/UIInfiniteScrollView.swift:60:40: error: generic struct 'InfiniteScrollView' requires that 'UIWrapperView' conform to 'View'
58 | public var options: Options<Item> {
59 | didSet {
60 | hostingController = .init(rootView: InfiniteScrollView(
| `- error: generic struct 'InfiniteScrollView' requires that 'UIWrapperView' conform to 'View'
61 | arr: arr,
62 | options: options,
/Users/admin/builder/spi-builder-workspace/Sources/InfinityScrollKit/InfinityScrollKit.swift:15:15: note: where 'Cell' = 'UIWrapperView'
13 |
14 | /// A view that displays a paginated array in an infinity scroll.
15 | public struct InfiniteScrollView<
| `- note: where 'Cell' = 'UIWrapperView'
16 | T: Identifiable & Equatable & Sendable,
17 | Cell: View,
/Users/admin/builder/spi-builder-workspace/Sources/InfinityScrollKit/UIInfiniteScrollView.swift:60:40: error: generic struct 'InfiniteScrollView' requires that 'UIWrapperView' conform to 'View'
58 | public var options: Options<Item> {
59 | didSet {
60 | hostingController = .init(rootView: InfiniteScrollView(
| `- error: generic struct 'InfiniteScrollView' requires that 'UIWrapperView' conform to 'View'
61 | arr: arr,
62 | options: options,
/Users/admin/builder/spi-builder-workspace/Sources/InfinityScrollKit/InfinityScrollKit.swift:15:15: note: where 'LastCell' = 'UIWrapperView'
13 |
14 | /// A view that displays a paginated array in an infinity scroll.
15 | public struct InfiniteScrollView<
| `- note: where 'LastCell' = 'UIWrapperView'
16 | T: Identifiable & Equatable & Sendable,
17 | Cell: View,
/Users/admin/builder/spi-builder-workspace/Sources/InfinityScrollKit/UIInfiniteScrollView.swift:60:40: error: generic struct 'InfiniteScrollView' requires that 'UIWrapperView' conform to 'View'
58 | public var options: Options<Item> {
59 | didSet {
60 | hostingController = .init(rootView: InfiniteScrollView(
| `- error: generic struct 'InfiniteScrollView' requires that 'UIWrapperView' conform to 'View'
61 | arr: arr,
62 | options: options,
/Users/admin/builder/spi-builder-workspace/Sources/InfinityScrollKit/InfinityScrollKit.swift:15:15: note: where 'EmptyArrView' = 'UIWrapperView'
13 |
14 | /// A view that displays a paginated array in an infinity scroll.
15 | public struct InfiniteScrollView<
| `- note: where 'EmptyArrView' = 'UIWrapperView'
16 | T: Identifiable & Equatable & Sendable,
17 | Cell: View,
/Users/admin/builder/spi-builder-workspace/Sources/InfinityScrollKit/UIInfiniteScrollView.swift:60:25: error: cannot infer contextual base in reference to member 'init'
58 | public var options: Options<Item> {
59 | didSet {
60 | hostingController = .init(rootView: InfiniteScrollView(
| `- error: cannot infer contextual base in reference to member 'init'
61 | arr: arr,
62 | options: options,
/Users/admin/builder/spi-builder-workspace/Sources/InfinityScrollKit/UIInfiniteScrollView.swift:118:28: error: generic struct 'InfiniteScrollView' requires that 'UIWrapperView' conform to 'View'
116 | UIWrapperView
117 | >> = {
118 | let infiniteScrollView = InfiniteScrollView(
| `- error: generic struct 'InfiniteScrollView' requires that 'UIWrapperView' conform to 'View'
119 | arr: arr,
120 | options: options,
/Users/admin/builder/spi-builder-workspace/Sources/InfinityScrollKit/InfinityScrollKit.swift:15:15: note: where 'Cell' = 'UIWrapperView'
13 |
14 | /// A view that displays a paginated array in an infinity scroll.
15 | public struct InfiniteScrollView<
| `- note: where 'Cell' = 'UIWrapperView'
16 | T: Identifiable & Equatable & Sendable,
17 | Cell: View,
/Users/admin/builder/spi-builder-workspace/Sources/InfinityScrollKit/UIInfiniteScrollView.swift:118:28: error: generic struct 'InfiniteScrollView' requires that 'UIWrapperView' conform to 'View'
116 | UIWrapperView
117 | >> = {
118 | let infiniteScrollView = InfiniteScrollView(
| `- error: generic struct 'InfiniteScrollView' requires that 'UIWrapperView' conform to 'View'
119 | arr: arr,
120 | options: options,
/Users/admin/builder/spi-builder-workspace/Sources/InfinityScrollKit/InfinityScrollKit.swift:15:15: note: where 'LastCell' = 'UIWrapperView'
13 |
14 | /// A view that displays a paginated array in an infinity scroll.
15 | public struct InfiniteScrollView<
| `- note: where 'LastCell' = 'UIWrapperView'
16 | T: Identifiable & Equatable & Sendable,
17 | Cell: View,
/Users/admin/builder/spi-builder-workspace/Sources/InfinityScrollKit/UIInfiniteScrollView.swift:118:28: error: generic struct 'InfiniteScrollView' requires that 'UIWrapperView' conform to 'View'
116 | UIWrapperView
117 | >> = {
118 | let infiniteScrollView = InfiniteScrollView(
| `- error: generic struct 'InfiniteScrollView' requires that 'UIWrapperView' conform to 'View'
119 | arr: arr,
120 | options: options,
/Users/admin/builder/spi-builder-workspace/Sources/InfinityScrollKit/InfinityScrollKit.swift:15:15: note: where 'EmptyArrView' = 'UIWrapperView'
13 |
14 | /// A view that displays a paginated array in an infinity scroll.
15 | public struct InfiniteScrollView<
| `- note: where 'EmptyArrView' = 'UIWrapperView'
16 | T: Identifiable & Equatable & Sendable,
17 | Cell: View,
/Users/admin/builder/spi-builder-workspace/Sources/InfinityScrollKit/UIInfiniteScrollView.swift:49:4: error: 'UIView' is unavailable in watchOS
47 | Item: Identifiable & Equatable & Sendable,
48 | Delegate: UIInfiniteScrollViewDelegate
49 | >: UIView where Delegate.Item == Item {
| `- error: 'UIView' is unavailable in watchOS
50 |
51 | /// Delegate responsible for providing views and handling state.
/Applications/Xcode-27.0.0-Release.Candidate.app/Contents/Developer/Platforms/WatchOS.platform/Developer/SDKs/WatchOS27.0.sdk/System/Library/Frameworks/UIKit.framework/Headers/UIView.h:152:12: note: 'UIView' has been explicitly marked unavailable here
150 |
151 | UIKIT_EXTERN API_AVAILABLE(ios(2.0)) API_UNAVAILABLE(watchos) NS_SWIFT_UI_ACTOR
152 | @interface UIView : UIResponder <NSCoding, UIAppearance, UIAppearanceContainer, UIDynamicItem, UITraitEnvironment, UICoordinateSpace, UIFocusItem, UIFocusItemContainer, CALayerDelegate>
| `- note: 'UIView' has been explicitly marked unavailable here
153 |
154 | @property(class, nonatomic, readonly) Class layerClass; // default is [CALayer class]. Used when creating the underlying layer for the view.
/Users/admin/builder/spi-builder-workspace/Sources/InfinityScrollKit/UIInfiniteScrollView.swift:180:12: error: 'UIView' is unavailable in watchOS
178 | /// A wrapper that makes a `UIView` usable inside SwiftUI.
179 | internal struct UIWrapperView: UIViewRepresentable {
180 | let view: UIView
| `- error: 'UIView' is unavailable in watchOS
181 |
182 | func makeUIView(context: Context) -> UIView { view }
/Applications/Xcode-27.0.0-Release.Candidate.app/Contents/Developer/Platforms/WatchOS.platform/Developer/SDKs/WatchOS27.0.sdk/System/Library/Frameworks/UIKit.framework/Headers/UIView.h:152:12: note: 'UIView' has been explicitly marked unavailable here
150 |
151 | UIKIT_EXTERN API_AVAILABLE(ios(2.0)) API_UNAVAILABLE(watchos) NS_SWIFT_UI_ACTOR
152 | @interface UIView : UIResponder <NSCoding, UIAppearance, UIAppearanceContainer, UIDynamicItem, UITraitEnvironment, UICoordinateSpace, UIFocusItem, UIFocusItemContainer, CALayerDelegate>
| `- note: 'UIView' has been explicitly marked unavailable here
153 |
154 | @property(class, nonatomic, readonly) Class layerClass; // default is [CALayer class]. Used when creating the underlying layer for the view.
/Users/admin/builder/spi-builder-workspace/Sources/InfinityScrollKit/UIInfiniteScrollView.swift:182:27: error: cannot find type 'Context' in scope
180 | let view: UIView
181 |
182 | func makeUIView(context: Context) -> UIView { view }
| `- error: cannot find type 'Context' in scope
183 |
184 | func updateUIView(_ uiView: UIView, context: Context) {}
/Users/admin/builder/spi-builder-workspace/Sources/InfinityScrollKit/UIInfiniteScrollView.swift:182:39: error: 'UIView' is unavailable in watchOS
180 | let view: UIView
181 |
182 | func makeUIView(context: Context) -> UIView { view }
| `- error: 'UIView' is unavailable in watchOS
183 |
184 | func updateUIView(_ uiView: UIView, context: Context) {}
/Applications/Xcode-27.0.0-Release.Candidate.app/Contents/Developer/Platforms/WatchOS.platform/Developer/SDKs/WatchOS27.0.sdk/System/Library/Frameworks/UIKit.framework/Headers/UIView.h:152:12: note: 'UIView' has been explicitly marked unavailable here
150 |
151 | UIKIT_EXTERN API_AVAILABLE(ios(2.0)) API_UNAVAILABLE(watchos) NS_SWIFT_UI_ACTOR
152 | @interface UIView : UIResponder <NSCoding, UIAppearance, UIAppearanceContainer, UIDynamicItem, UITraitEnvironment, UICoordinateSpace, UIFocusItem, UIFocusItemContainer, CALayerDelegate>
| `- note: 'UIView' has been explicitly marked unavailable here
153 |
154 | @property(class, nonatomic, readonly) Class layerClass; // default is [CALayer class]. Used when creating the underlying layer for the view.
/Users/admin/builder/spi-builder-workspace/Sources/InfinityScrollKit/UIInfiniteScrollView.swift:184:47: error: cannot find type 'Context' in scope
182 | func makeUIView(context: Context) -> UIView { view }
183 |
184 | func updateUIView(_ uiView: UIView, context: Context) {}
| `- error: cannot find type 'Context' in scope
185 | }
186 |
/Users/admin/builder/spi-builder-workspace/Sources/InfinityScrollKit/UIInfiniteScrollView.swift:184:30: error: 'UIView' is unavailable in watchOS
182 | func makeUIView(context: Context) -> UIView { view }
183 |
184 | func updateUIView(_ uiView: UIView, context: Context) {}
| `- error: 'UIView' is unavailable in watchOS
185 | }
186 |
/Applications/Xcode-27.0.0-Release.Candidate.app/Contents/Developer/Platforms/WatchOS.platform/Developer/SDKs/WatchOS27.0.sdk/System/Library/Frameworks/UIKit.framework/Headers/UIView.h:152:12: note: 'UIView' has been explicitly marked unavailable here
150 |
151 | UIKIT_EXTERN API_AVAILABLE(ios(2.0)) API_UNAVAILABLE(watchos) NS_SWIFT_UI_ACTOR
152 | @interface UIView : UIResponder <NSCoding, UIAppearance, UIAppearanceContainer, UIDynamicItem, UITraitEnvironment, UICoordinateSpace, UIFocusItem, UIFocusItemContainer, CALayerDelegate>
| `- note: 'UIView' has been explicitly marked unavailable here
153 |
154 | @property(class, nonatomic, readonly) Class layerClass; // default is [CALayer class]. Used when creating the underlying layer for the view.
/Users/admin/builder/spi-builder-workspace/Sources/InfinityScrollKit/UIInfiniteScrollView.swift:179:32: error: cannot find type 'UIViewRepresentable' in scope
177 |
178 | /// A wrapper that makes a `UIView` usable inside SwiftUI.
179 | internal struct UIWrapperView: UIViewRepresentable {
| `- error: cannot find type 'UIViewRepresentable' in scope
180 | let view: UIView
181 |
/Users/admin/builder/spi-builder-workspace/Sources/InfinityScrollKit/UIInfiniteScrollView.swift:188:29: error: 'UIView' is unavailable in watchOS
186 |
187 | /// A default empty `UIView` used as fallback for optional views.
188 | internal class UIEmptyView: UIView {}
| `- error: 'UIView' is unavailable in watchOS
189 | #endif
190 |
/Applications/Xcode-27.0.0-Release.Candidate.app/Contents/Developer/Platforms/WatchOS.platform/Developer/SDKs/WatchOS27.0.sdk/System/Library/Frameworks/UIKit.framework/Headers/UIView.h:152:12: note: 'UIView' has been explicitly marked unavailable here
150 |
151 | UIKIT_EXTERN API_AVAILABLE(ios(2.0)) API_UNAVAILABLE(watchos) NS_SWIFT_UI_ACTOR
152 | @interface UIView : UIResponder <NSCoding, UIAppearance, UIAppearanceContainer, UIDynamicItem, UITraitEnvironment, UICoordinateSpace, UIFocusItem, UIFocusItemContainer, CALayerDelegate>
| `- note: 'UIView' has been explicitly marked unavailable here
153 |
154 | @property(class, nonatomic, readonly) Class layerClass; // default is [CALayer class]. Used when creating the underlying layer for the view.
Failed frontend command:
SwiftCompile normal arm64 (in target 'InfinityScrollKit' from project 'InfinityScrollKit')
cd /Users/admin/builder/spi-builder-workspace/.swiftpm/xcode
/Applications/Xcode-27.0.0-Release.Candidate.app/Contents/Developer/Toolchains/XcodeDefault.xctoolchain/usr/bin/swift-frontend -frontend -emit-module -experimental-skip-non-inlinable-function-bodies-without-types /Users/admin/builder/spi-builder-workspace/Sources/InfinityScrollKit/EmptyArrayView.swift /Users/admin/builder/spi-builder-workspace/Sources/InfinityScrollKit/Extensions/OnRefresh+View.swift /Users/admin/builder/spi-builder-workspace/Sources/InfinityScrollKit/InfinityScrollKit.swift /Users/admin/builder/spi-builder-workspace/Sources/InfinityScrollKit/LastCellView.swift /Users/admin/builder/spi-builder-workspace/Sources/InfinityScrollKit/LazyDStack.swift /Users/admin/builder/spi-builder-workspace/Sources/InfinityScrollKit/NSInfiniteScrollView.swift /Users/admin/builder/spi-builder-workspace/Sources/InfinityScrollKit/Options.swift /Users/admin/builder/spi-builder-workspace/Sources/InfinityScrollKit/UIInfiniteScrollView.swift -target arm64-apple-watchos9.0 -disable-cross-import-overlay-search -load-resolved-plugin /Applications/Xcode-27.0.0-Release.Candidate.app/Contents/Developer/Platforms/WatchOS.platform/Developer/usr/lib/swift/host/plugins/libFoundationMacros.dylib\#/Applications/Xcode-27.0.0-Release.Candidate.app/Contents/Developer/Platforms/WatchOS.platform/Developer/usr/bin/swift-plugin-server\#FoundationMacros -load-resolved-plugin /Applications/Xcode-27.0.0-Release.Candidate.app/Contents/Developer/Platforms/WatchOS.platform/Developer/usr/lib/swift/host/plugins/libObservationMacros.dylib\#/Applications/Xcode-27.0.0-Release.Candidate.app/Contents/Developer/Platforms/WatchOS.platform/Developer/usr/bin/swift-plugin-server\#ObservationMacros -load-resolved-plugin /Applications/Xcode-27.0.0-Release.Candidate.app/Contents/Developer/Platforms/WatchOS.platform/Developer/usr/lib/swift/host/plugins/libPreviewsMacros.dylib\#/Applications/Xcode-27.0.0-Release.Candidate.app/Contents/Developer/Platforms/WatchOS.platform/Developer/usr/bin/swift-plugin-server\#PreviewsMacros -load-resolved-plugin /Applications/Xcode-27.0.0-Release.Candidate.app/Contents/Developer/Platforms/WatchOS.platform/Developer/usr/lib/swift/host/plugins/libSwiftMacros.dylib\#/Applications/Xcode-27.0.0-Release.Candidate.app/Contents/Developer/Platforms/WatchOS.platform/Developer/usr/bin/swift-plugin-server\#SwiftMacros -load-resolved-plugin /Applications/Xcode-27.0.0-Release.Candidate.app/Contents/Developer/Platforms/WatchOS.platform/Developer/usr/lib/swift/host/plugins/libSwiftUIMacros.dylib\#/Applications/Xcode-27.0.0-Release.Candidate.app/Contents/Developer/Platforms/WatchOS.platform/Developer/usr/bin/swift-plugin-server\#SwiftUIMacros -disable-implicit-swift-modules -Xcc -fno-implicit-modules -Xcc -fno-implicit-module-maps -explicit-swift-module-map-file /Users/admin/builder/spi-builder-workspace/.derivedData/Build/Intermediates.noindex/InfinityScrollKit.build/Debug-watchos/InfinityScrollKit-t.build/Objects-normal/arm64/InfinityScrollKit-dependencies-1.json -Xllvm -aarch64-use-tbi -enable-objc-interop -stack-check -sdk /Applications/Xcode-27.0.0-Release.Candidate.app/Contents/Developer/Platforms/WatchOS.platform/Developer/SDKs/WatchOS27.0.sdk -I /Users/admin/builder/spi-builder-workspace/.derivedData/Build/Products/Debug-watchos -Isystem /Applications/Xcode-27.0.0-Release.Candidate.app/Contents/Developer/Platforms/WatchOS.platform/Developer/usr/lib -F /Users/admin/builder/spi-builder-workspace/.derivedData/Build/Products/Debug-watchos -F /Applications/Xcode-27.0.0-Release.Candidate.app/Contents/Developer/Platforms/WatchOS.platform/Developer/Library/Frameworks -F /Applications/Xcode-27.0.0-Release.Candidate.app/Contents/Developer/Platforms/WatchOS.platform/Developer/SDKs/WatchOS27.0.sdk/Developer/Library/Frameworks -module-cache-path /Users/admin/builder/spi-builder-workspace/.derivedData/Build/Intermediates.noindex/SwiftExplicitPrecompiledModules -no-color-diagnostics -Xcc -fno-color-diagnostics -enable-testing -g -debug-info-format\=dwarf -dwarf-version\=4 -profile-generate -profile-coverage-mapping -swift-version 5 -Onone -D SWIFT_PACKAGE -D DEBUG -D SWIFT_MODULE_RESOURCE_BUNDLE_UNAVAILABLE -D Xcode -serialize-debugging-options -enable-experimental-feature DebugDescriptionMacro -empty-abi-descriptor -validate-clang-modules-once -clang-build-session-file /Users/admin/builder/spi-builder-workspace/.derivedData/ModuleCache.noindex/Session.modulevalidation -Xcc -working-directory -Xcc /Users/admin/builder/spi-builder-workspace/.swiftpm/xcode -enable-anonymous-context-mangled-names -file-compilation-dir /Users/admin/builder/spi-builder-workspace/.swiftpm/xcode -Xcc -D_LIBCPP_HARDENING_MODE\=_LIBCPP_HARDENING_MODE_DEBUG -Xcc -ivfsstatcache -Xcc /Users/admin/builder/spi-builder-workspace/.derivedData/SDKStatCaches.noindex/watchos27.0-24R360-e829b21a6f8c9b70876ba0858053c04477534ef55a1706bf4c1112bbb242f0a2.sdkstatcache -Xcc -fmodules-prune-interval\=86400 -Xcc -fmodules-prune-after\=345600 -Xcc -I/Users/admin/builder/spi-builder-workspace/.derivedData/Build/Products/Debug-watchos/include -Xcc -I/Users/admin/builder/spi-builder-workspace/.derivedData/Build/Intermediates.noindex/InfinityScrollKit.build/Debug-watchos/InfinityScrollKit-t.build/DerivedSources-normal/arm64 -Xcc -I/Users/admin/builder/spi-builder-workspace/.derivedData/Build/Intermediates.noindex/InfinityScrollKit.build/Debug-watchos/InfinityScrollKit-t.build/DerivedSources/arm64 -Xcc -I/Users/admin/builder/spi-builder-workspace/.derivedData/Build/Intermediates.noindex/InfinityScrollKit.build/Debug-watchos/InfinityScrollKit-t.build/DerivedSources -Xcc -DSWIFT_PACKAGE -Xcc -DDEBUG\=1 -no-auto-bridging-header-chaining -module-name InfinityScrollKit -package-name spi_builder_workspace -const-gather-protocols-file /Users/admin/builder/spi-builder-workspace/.derivedData/Build/Intermediates.noindex/InfinityScrollKit.build/Debug-watchos/InfinityScrollKit-t.build/Objects-normal/arm64/InfinityScrollKit_const_extract_protocols.json -disable-clang-spi -clang-target arm64-apple-watchos27.0 -target-sdk-version 27.0 -target-sdk-name watchos27.0 -in-process-plugin-server-path /Applications/Xcode-27.0.0-Release.Candidate.app/Contents/Developer/Toolchains/XcodeDefault.xctoolchain/usr/lib/swift/host/libSwiftInProcPluginServer.dylib -emit-module-doc-path /Users/admin/builder/spi-builder-workspace/.derivedData/Build/Intermediates.noindex/InfinityScrollKit.build/Debug-watchos/InfinityScrollKit-t.build/Objects-normal/arm64/InfinityScrollKit.swiftdoc -emit-module-source-info-path /Users/admin/builder/spi-builder-workspace/.derivedData/Build/Intermediates.noindex/InfinityScrollKit.build/Debug-watchos/InfinityScrollKit-t.build/Objects-normal/arm64/InfinityScrollKit.swiftsourceinfo -emit-objc-header-path /Users/admin/builder/spi-builder-workspace/.derivedData/Build/Intermediates.noindex/InfinityScrollKit.build/Debug-watchos/InfinityScrollKit-t.build/Objects-normal/arm64/InfinityScrollKit-Swift.h -serialize-diagnostics-path /Users/admin/builder/spi-builder-workspace/.derivedData/Build/Intermediates.noindex/InfinityScrollKit.build/Debug-watchos/InfinityScrollKit-t.build/Objects-normal/arm64/InfinityScrollKit-primary-emit-module.dia -emit-dependencies-path /Users/admin/builder/spi-builder-workspace/.derivedData/Build/Intermediates.noindex/InfinityScrollKit.build/Debug-watchos/InfinityScrollKit-t.build/Objects-normal/arm64/InfinityScrollKit-primary-emit-module.d -parse-as-library -o /Users/admin/builder/spi-builder-workspace/.derivedData/Build/Intermediates.noindex/InfinityScrollKit.build/Debug-watchos/InfinityScrollKit-t.build/Objects-normal/arm64/InfinityScrollKit.swiftmodule -emit-abi-descriptor-path /Users/admin/builder/spi-builder-workspace/.derivedData/Build/Intermediates.noindex/InfinityScrollKit.build/Debug-watchos/InfinityScrollKit-t.build/Objects-normal/arm64/InfinityScrollKit.abi.json
SwiftCompile normal arm64 Compiling\ Options.swift /Users/admin/builder/spi-builder-workspace/Sources/InfinityScrollKit/Options.swift (in target 'InfinityScrollKit' from project 'InfinityScrollKit')
SwiftCompile normal arm64 /Users/admin/builder/spi-builder-workspace/Sources/InfinityScrollKit/Options.swift (in target 'InfinityScrollKit' from project 'InfinityScrollKit')
cd /Users/admin/builder/spi-builder-workspace/.swiftpm/xcode
builtin-SwiftPerFileCompile Options.swift
SwiftCompile normal arm64 Compiling\ NSInfiniteScrollView.swift /Users/admin/builder/spi-builder-workspace/Sources/InfinityScrollKit/NSInfiniteScrollView.swift (in target 'InfinityScrollKit' from project 'InfinityScrollKit')
SwiftCompile normal arm64 /Users/admin/builder/spi-builder-workspace/Sources/InfinityScrollKit/NSInfiniteScrollView.swift (in target 'InfinityScrollKit' from project 'InfinityScrollKit')
cd /Users/admin/builder/spi-builder-workspace/.swiftpm/xcode
builtin-SwiftPerFileCompile NSInfiniteScrollView.swift
SwiftCompile normal arm64 Compiling\ UIInfiniteScrollView.swift /Users/admin/builder/spi-builder-workspace/Sources/InfinityScrollKit/UIInfiniteScrollView.swift (in target 'InfinityScrollKit' from project 'InfinityScrollKit')
/Users/admin/builder/spi-builder-workspace/Sources/InfinityScrollKit/UIInfiniteScrollView.swift:20:53: error: 'UIView' is unavailable in watchOS
18 | /// - item: The item to render.
19 | /// - at: The index path index for the item.
20 | func cellFor(_ item: Item, at: IndexPath.Index) -> UIView
| `- error: 'UIView' is unavailable in watchOS
21 |
22 | /// Provides a view shown at the end of the list (e.g., a loading spinner).
/Applications/Xcode-27.0.0-Release.Candidate.app/Contents/Developer/Platforms/WatchOS.platform/Developer/SDKs/WatchOS27.0.sdk/System/Library/Frameworks/UIKit.framework/Headers/UIView.h:152:12: note: 'UIView' has been explicitly marked unavailable here
150 |
151 | UIKIT_EXTERN API_AVAILABLE(ios(2.0)) API_UNAVAILABLE(watchos) NS_SWIFT_UI_ACTOR
152 | @interface UIView : UIResponder <NSCoding, UIAppearance, UIAppearanceContainer, UIDynamicItem, UITraitEnvironment, UICoordinateSpace, UIFocusItem, UIFocusItemContainer, CALayerDelegate>
| `- note: 'UIView' has been explicitly marked unavailable here
153 |
154 | @property(class, nonatomic, readonly) Class layerClass; // default is [CALayer class]. Used when creating the underlying layer for the view.
/Users/admin/builder/spi-builder-workspace/Sources/InfinityScrollKit/UIInfiniteScrollView.swift:26:25: error: 'UIView' is unavailable in watchOS
24 | ///
25 | /// When nil is returned, or this is not implemented, a _**ProgressView**_ is displayed.
26 | func lastCellView() -> UIView?
| `- error: 'UIView' is unavailable in watchOS
27 |
28 | /// Provides a view when the array is empty (e.g., "No items yet..." label).
/Applications/Xcode-27.0.0-Release.Candidate.app/Contents/Developer/Platforms/WatchOS.platform/Developer/SDKs/WatchOS27.0.sdk/System/Library/Frameworks/UIKit.framework/Headers/UIView.h:152:12: note: 'UIView' has been explicitly marked unavailable here
150 |
151 | UIKIT_EXTERN API_AVAILABLE(ios(2.0)) API_UNAVAILABLE(watchos) NS_SWIFT_UI_ACTOR
152 | @interface UIView : UIResponder <NSCoding, UIAppearance, UIAppearanceContainer, UIDynamicItem, UITraitEnvironment, UICoordinateSpace, UIFocusItem, UIFocusItemContainer, CALayerDelegate>
| `- note: 'UIView' has been explicitly marked unavailable here
153 |
154 | @property(class, nonatomic, readonly) Class layerClass; // default is [CALayer class]. Used when creating the underlying layer for the view.
/Users/admin/builder/spi-builder-workspace/Sources/InfinityScrollKit/UIInfiniteScrollView.swift:32:27: error: 'UIView' is unavailable in watchOS
30 | ///
31 | /// When nil is returned, or this is not implemented, a Label with the text _**"No items yet..."**_ is displayed.
32 | func emptyArrayView() -> UIView?
| `- error: 'UIView' is unavailable in watchOS
33 |
34 | /// Notifies when loading state changes (useful for updating UI state externally).
/Applications/Xcode-27.0.0-Release.Candidate.app/Contents/Developer/Platforms/WatchOS.platform/Developer/SDKs/WatchOS27.0.sdk/System/Library/Frameworks/UIKit.framework/Headers/UIView.h:152:12: note: 'UIView' has been explicitly marked unavailable here
150 |
151 | UIKIT_EXTERN API_AVAILABLE(ios(2.0)) API_UNAVAILABLE(watchos) NS_SWIFT_UI_ACTOR
152 | @interface UIView : UIResponder <NSCoding, UIAppearance, UIAppearanceContainer, UIDynamicItem, UITraitEnvironment, UICoordinateSpace, UIFocusItem, UIFocusItemContainer, CALayerDelegate>
| `- note: 'UIView' has been explicitly marked unavailable here
153 |
154 | @property(class, nonatomic, readonly) Class layerClass; // default is [CALayer class]. Used when creating the underlying layer for the view.
/Users/admin/builder/spi-builder-workspace/Sources/InfinityScrollKit/UIInfiniteScrollView.swift:39:25: error: 'UIView' is unavailable in watchOS
37 | }
38 | public extension UIInfiniteScrollViewDelegate where Item: Identifiable & Equatable & Sendable {
39 | func lastCellView() -> UIView? { nil }
| `- error: 'UIView' is unavailable in watchOS
40 | func emptyArrayView() -> UIView? { nil }
41 | func onLoadingChanged(_ isLoading: Bool) { }
/Applications/Xcode-27.0.0-Release.Candidate.app/Contents/Developer/Platforms/WatchOS.platform/Developer/SDKs/WatchOS27.0.sdk/System/Library/Frameworks/UIKit.framework/Headers/UIView.h:152:12: note: 'UIView' has been explicitly marked unavailable here
150 |
151 | UIKIT_EXTERN API_AVAILABLE(ios(2.0)) API_UNAVAILABLE(watchos) NS_SWIFT_UI_ACTOR
152 | @interface UIView : UIResponder <NSCoding, UIAppearance, UIAppearanceContainer, UIDynamicItem, UITraitEnvironment, UICoordinateSpace, UIFocusItem, UIFocusItemContainer, CALayerDelegate>
| `- note: 'UIView' has been explicitly marked unavailable here
153 |
154 | @property(class, nonatomic, readonly) Class layerClass; // default is [CALayer class]. Used when creating the underlying layer for the view.
/Users/admin/builder/spi-builder-workspace/Sources/InfinityScrollKit/UIInfiniteScrollView.swift:40:27: error: 'UIView' is unavailable in watchOS
38 | public extension UIInfiniteScrollViewDelegate where Item: Identifiable & Equatable & Sendable {
39 | func lastCellView() -> UIView? { nil }
40 | func emptyArrayView() -> UIView? { nil }
| `- error: 'UIView' is unavailable in watchOS
41 | func onLoadingChanged(_ isLoading: Bool) { }
42 | }
/Applications/Xcode-27.0.0-Release.Candidate.app/Contents/Developer/Platforms/WatchOS.platform/Developer/SDKs/WatchOS27.0.sdk/System/Library/Frameworks/UIKit.framework/Headers/UIView.h:152:12: note: 'UIView' has been explicitly marked unavailable here
150 |
151 | UIKIT_EXTERN API_AVAILABLE(ios(2.0)) API_UNAVAILABLE(watchos) NS_SWIFT_UI_ACTOR
152 | @interface UIView : UIResponder <NSCoding, UIAppearance, UIAppearanceContainer, UIDynamicItem, UITraitEnvironment, UICoordinateSpace, UIFocusItem, UIFocusItemContainer, CALayerDelegate>
| `- note: 'UIView' has been explicitly marked unavailable here
153 |
154 | @property(class, nonatomic, readonly) Class layerClass; // default is [CALayer class]. Used when creating the underlying layer for the view.
/Users/admin/builder/spi-builder-workspace/Sources/InfinityScrollKit/UIInfiniteScrollView.swift:112:38: error: cannot find type 'UIHostingController' in scope
110 | }
111 |
112 | private lazy var hostingController: UIHostingController<InfiniteScrollView<
| `- error: cannot find type 'UIHostingController' in scope
113 | Item,
114 | UIWrapperView,
/Users/admin/builder/spi-builder-workspace/Sources/InfinityScrollKit/UIInfiniteScrollView.swift:60:40: error: generic struct 'InfiniteScrollView' requires that 'UIWrapperView' conform to 'View'
58 | public var options: Options<Item> {
59 | didSet {
60 | hostingController = .init(rootView: InfiniteScrollView(
| `- error: generic struct 'InfiniteScrollView' requires that 'UIWrapperView' conform to 'View'
61 | arr: arr,
62 | options: options,
/Users/admin/builder/spi-builder-workspace/Sources/InfinityScrollKit/InfinityScrollKit.swift:15:15: note: where 'Cell' = 'UIWrapperView'
13 |
14 | /// A view that displays a paginated array in an infinity scroll.
15 | public struct InfiniteScrollView<
| `- note: where 'Cell' = 'UIWrapperView'
16 | T: Identifiable & Equatable & Sendable,
17 | Cell: View,
/Users/admin/builder/spi-builder-workspace/Sources/InfinityScrollKit/UIInfiniteScrollView.swift:60:40: error: generic struct 'InfiniteScrollView' requires that 'UIWrapperView' conform to 'View'
58 | public var options: Options<Item> {
59 | didSet {
60 | hostingController = .init(rootView: InfiniteScrollView(
| `- error: generic struct 'InfiniteScrollView' requires that 'UIWrapperView' conform to 'View'
61 | arr: arr,
62 | options: options,
/Users/admin/builder/spi-builder-workspace/Sources/InfinityScrollKit/InfinityScrollKit.swift:15:15: note: where 'LastCell' = 'UIWrapperView'
13 |
14 | /// A view that displays a paginated array in an infinity scroll.
15 | public struct InfiniteScrollView<
| `- note: where 'LastCell' = 'UIWrapperView'
16 | T: Identifiable & Equatable & Sendable,
17 | Cell: View,
/Users/admin/builder/spi-builder-workspace/Sources/InfinityScrollKit/UIInfiniteScrollView.swift:60:40: error: generic struct 'InfiniteScrollView' requires that 'UIWrapperView' conform to 'View'
58 | public var options: Options<Item> {
59 | didSet {
60 | hostingController = .init(rootView: InfiniteScrollView(
| `- error: generic struct 'InfiniteScrollView' requires that 'UIWrapperView' conform to 'View'
61 | arr: arr,
62 | options: options,
/Users/admin/builder/spi-builder-workspace/Sources/InfinityScrollKit/InfinityScrollKit.swift:15:15: note: where 'EmptyArrView' = 'UIWrapperView'
13 |
14 | /// A view that displays a paginated array in an infinity scroll.
15 | public struct InfiniteScrollView<
| `- note: where 'EmptyArrView' = 'UIWrapperView'
16 | T: Identifiable & Equatable & Sendable,
17 | Cell: View,
/Users/admin/builder/spi-builder-workspace/Sources/InfinityScrollKit/UIInfiniteScrollView.swift:60:25: error: cannot infer contextual base in reference to member 'init'
58 | public var options: Options<Item> {
59 | didSet {
60 | hostingController = .init(rootView: InfiniteScrollView(
| `- error: cannot infer contextual base in reference to member 'init'
61 | arr: arr,
62 | options: options,
/Users/admin/builder/spi-builder-workspace/Sources/InfinityScrollKit/UIInfiniteScrollView.swift:118:28: error: generic struct 'InfiniteScrollView' requires that 'UIWrapperView' conform to 'View'
116 | UIWrapperView
117 | >> = {
118 | let infiniteScrollView = InfiniteScrollView(
| `- error: generic struct 'InfiniteScrollView' requires that 'UIWrapperView' conform to 'View'
119 | arr: arr,
120 | options: options,
/Users/admin/builder/spi-builder-workspace/Sources/InfinityScrollKit/InfinityScrollKit.swift:15:15: note: where 'Cell' = 'UIWrapperView'
13 |
14 | /// A view that displays a paginated array in an infinity scroll.
15 | public struct InfiniteScrollView<
| `- note: where 'Cell' = 'UIWrapperView'
16 | T: Identifiable & Equatable & Sendable,
17 | Cell: View,
/Users/admin/builder/spi-builder-workspace/Sources/InfinityScrollKit/UIInfiniteScrollView.swift:118:28: error: generic struct 'InfiniteScrollView' requires that 'UIWrapperView' conform to 'View'
116 | UIWrapperView
117 | >> = {
118 | let infiniteScrollView = InfiniteScrollView(
| `- error: generic struct 'InfiniteScrollView' requires that 'UIWrapperView' conform to 'View'
119 | arr: arr,
120 | options: options,
/Users/admin/builder/spi-builder-workspace/Sources/InfinityScrollKit/InfinityScrollKit.swift:15:15: note: where 'LastCell' = 'UIWrapperView'
13 |
14 | /// A view that displays a paginated array in an infinity scroll.
15 | public struct InfiniteScrollView<
| `- note: where 'LastCell' = 'UIWrapperView'
16 | T: Identifiable & Equatable & Sendable,
17 | Cell: View,
/Users/admin/builder/spi-builder-workspace/Sources/InfinityScrollKit/UIInfiniteScrollView.swift:118:28: error: generic struct 'InfiniteScrollView' requires that 'UIWrapperView' conform to 'View'
116 | UIWrapperView
117 | >> = {
118 | let infiniteScrollView = InfiniteScrollView(
| `- error: generic struct 'InfiniteScrollView' requires that 'UIWrapperView' conform to 'View'
119 | arr: arr,
120 | options: options,
/Users/admin/builder/spi-builder-workspace/Sources/InfinityScrollKit/InfinityScrollKit.swift:15:15: note: where 'EmptyArrView' = 'UIWrapperView'
13 |
14 | /// A view that displays a paginated array in an infinity scroll.
15 | public struct InfiniteScrollView<
| `- note: where 'EmptyArrView' = 'UIWrapperView'
16 | T: Identifiable & Equatable & Sendable,
17 | Cell: View,
/Users/admin/builder/spi-builder-workspace/Sources/InfinityScrollKit/UIInfiniteScrollView.swift:49:4: error: 'UIView' is unavailable in watchOS
47 | Item: Identifiable & Equatable & Sendable,
48 | Delegate: UIInfiniteScrollViewDelegate
49 | >: UIView where Delegate.Item == Item {
| `- error: 'UIView' is unavailable in watchOS
50 |
51 | /// Delegate responsible for providing views and handling state.
/Applications/Xcode-27.0.0-Release.Candidate.app/Contents/Developer/Platforms/WatchOS.platform/Developer/SDKs/WatchOS27.0.sdk/System/Library/Frameworks/UIKit.framework/Headers/UIView.h:152:12: note: 'UIView' has been explicitly marked unavailable here
150 |
151 | UIKIT_EXTERN API_AVAILABLE(ios(2.0)) API_UNAVAILABLE(watchos) NS_SWIFT_UI_ACTOR
152 | @interface UIView : UIResponder <NSCoding, UIAppearance, UIAppearanceContainer, UIDynamicItem, UITraitEnvironment, UICoordinateSpace, UIFocusItem, UIFocusItemContainer, CALayerDelegate>
| `- note: 'UIView' has been explicitly marked unavailable here
153 |
154 | @property(class, nonatomic, readonly) Class layerClass; // default is [CALayer class]. Used when creating the underlying layer for the view.
/Users/admin/builder/spi-builder-workspace/Sources/InfinityScrollKit/UIInfiniteScrollView.swift:180:12: error: 'UIView' is unavailable in watchOS
178 | /// A wrapper that makes a `UIView` usable inside SwiftUI.
179 | internal struct UIWrapperView: UIViewRepresentable {
180 | let view: UIView
| `- error: 'UIView' is unavailable in watchOS
181 |
182 | func makeUIView(context: Context) -> UIView { view }
/Applications/Xcode-27.0.0-Release.Candidate.app/Contents/Developer/Platforms/WatchOS.platform/Developer/SDKs/WatchOS27.0.sdk/System/Library/Frameworks/UIKit.framework/Headers/UIView.h:152:12: note: 'UIView' has been explicitly marked unavailable here
150 |
151 | UIKIT_EXTERN API_AVAILABLE(ios(2.0)) API_UNAVAILABLE(watchos) NS_SWIFT_UI_ACTOR
152 | @interface UIView : UIResponder <NSCoding, UIAppearance, UIAppearanceContainer, UIDynamicItem, UITraitEnvironment, UICoordinateSpace, UIFocusItem, UIFocusItemContainer, CALayerDelegate>
| `- note: 'UIView' has been explicitly marked unavailable here
153 |
154 | @property(class, nonatomic, readonly) Class layerClass; // default is [CALayer class]. Used when creating the underlying layer for the view.
/Users/admin/builder/spi-builder-workspace/Sources/InfinityScrollKit/UIInfiniteScrollView.swift:182:27: error: cannot find type 'Context' in scope
180 | let view: UIView
181 |
182 | func makeUIView(context: Context) -> UIView { view }
| `- error: cannot find type 'Context' in scope
183 |
184 | func updateUIView(_ uiView: UIView, context: Context) {}
/Users/admin/builder/spi-builder-workspace/Sources/InfinityScrollKit/UIInfiniteScrollView.swift:182:39: error: 'UIView' is unavailable in watchOS
180 | let view: UIView
181 |
182 | func makeUIView(context: Context) -> UIView { view }
| `- error: 'UIView' is unavailable in watchOS
183 |
184 | func updateUIView(_ uiView: UIView, context: Context) {}
/Applications/Xcode-27.0.0-Release.Candidate.app/Contents/Developer/Platforms/WatchOS.platform/Developer/SDKs/WatchOS27.0.sdk/System/Library/Frameworks/UIKit.framework/Headers/UIView.h:152:12: note: 'UIView' has been explicitly marked unavailable here
150 |
151 | UIKIT_EXTERN API_AVAILABLE(ios(2.0)) API_UNAVAILABLE(watchos) NS_SWIFT_UI_ACTOR
152 | @interface UIView : UIResponder <NSCoding, UIAppearance, UIAppearanceContainer, UIDynamicItem, UITraitEnvironment, UICoordinateSpace, UIFocusItem, UIFocusItemContainer, CALayerDelegate>
| `- note: 'UIView' has been explicitly marked unavailable here
153 |
154 | @property(class, nonatomic, readonly) Class layerClass; // default is [CALayer class]. Used when creating the underlying layer for the view.
/Users/admin/builder/spi-builder-workspace/Sources/InfinityScrollKit/UIInfiniteScrollView.swift:184:47: error: cannot find type 'Context' in scope
182 | func makeUIView(context: Context) -> UIView { view }
183 |
184 | func updateUIView(_ uiView: UIView, context: Context) {}
| `- error: cannot find type 'Context' in scope
185 | }
186 |
/Users/admin/builder/spi-builder-workspace/Sources/InfinityScrollKit/UIInfiniteScrollView.swift:184:30: error: 'UIView' is unavailable in watchOS
182 | func makeUIView(context: Context) -> UIView { view }
183 |
184 | func updateUIView(_ uiView: UIView, context: Context) {}
| `- error: 'UIView' is unavailable in watchOS
185 | }
186 |
/Applications/Xcode-27.0.0-Release.Candidate.app/Contents/Developer/Platforms/WatchOS.platform/Developer/SDKs/WatchOS27.0.sdk/System/Library/Frameworks/UIKit.framework/Headers/UIView.h:152:12: note: 'UIView' has been explicitly marked unavailable here
150 |
151 | UIKIT_EXTERN API_AVAILABLE(ios(2.0)) API_UNAVAILABLE(watchos) NS_SWIFT_UI_ACTOR
152 | @interface UIView : UIResponder <NSCoding, UIAppearance, UIAppearanceContainer, UIDynamicItem, UITraitEnvironment, UICoordinateSpace, UIFocusItem, UIFocusItemContainer, CALayerDelegate>
| `- note: 'UIView' has been explicitly marked unavailable here
153 |
154 | @property(class, nonatomic, readonly) Class layerClass; // default is [CALayer class]. Used when creating the underlying layer for the view.
/Users/admin/builder/spi-builder-workspace/Sources/InfinityScrollKit/UIInfiniteScrollView.swift:179:32: error: cannot find type 'UIViewRepresentable' in scope
177 |
178 | /// A wrapper that makes a `UIView` usable inside SwiftUI.
179 | internal struct UIWrapperView: UIViewRepresentable {
| `- error: cannot find type 'UIViewRepresentable' in scope
180 | let view: UIView
181 |
/Users/admin/builder/spi-builder-workspace/Sources/InfinityScrollKit/UIInfiniteScrollView.swift:188:29: error: 'UIView' is unavailable in watchOS
186 |
187 | /// A default empty `UIView` used as fallback for optional views.
188 | internal class UIEmptyView: UIView {}
| `- error: 'UIView' is unavailable in watchOS
189 | #endif
190 |
/Applications/Xcode-27.0.0-Release.Candidate.app/Contents/Developer/Platforms/WatchOS.platform/Developer/SDKs/WatchOS27.0.sdk/System/Library/Frameworks/UIKit.framework/Headers/UIView.h:152:12: note: 'UIView' has been explicitly marked unavailable here
150 |
151 | UIKIT_EXTERN API_AVAILABLE(ios(2.0)) API_UNAVAILABLE(watchos) NS_SWIFT_UI_ACTOR
152 | @interface UIView : UIResponder <NSCoding, UIAppearance, UIAppearanceContainer, UIDynamicItem, UITraitEnvironment, UICoordinateSpace, UIFocusItem, UIFocusItemContainer, CALayerDelegate>
| `- note: 'UIView' has been explicitly marked unavailable here
153 |
154 | @property(class, nonatomic, readonly) Class layerClass; // default is [CALayer class]. Used when creating the underlying layer for the view.
/Users/admin/builder/spi-builder-workspace/Sources/InfinityScrollKit/UIInfiniteScrollView.swift:165:51: error: 'init()' is unavailable in watchOS
163 |
164 | @ViewBuilder private func LastCellView() -> UIWrapperView {
165 | UIWrapperView(view: delegate?.lastCellView() ?? UIEmptyView())
| `- error: 'init()' is unavailable in watchOS
166 | }
167 |
/Applications/Xcode-27.0.0-Release.Candidate.app/Contents/Developer/Platforms/WatchOS.platform/Developer/SDKs/WatchOS27.0.sdk/System/Library/Frameworks/UIKit.framework/Headers/UIView.h:158:1: note: 'init()' has been explicitly marked unavailable here
156 | - (instancetype)initWithFrame:(CGRect)frame NS_DESIGNATED_INITIALIZER;
157 | - (nullable instancetype)initWithCoder:(NSCoder *)coder NS_DESIGNATED_INITIALIZER;
158 | - (instancetype)init API_AVAILABLE(ios(2.0), tvos(9.0), visionos(1.0)) API_UNAVAILABLE(watchos);
| `- note: 'init()' has been explicitly marked unavailable here
159 |
160 | @property(nonatomic,getter=isUserInteractionEnabled) BOOL userInteractionEnabled; // default is YES. if set to NO, user events (touch, keys) are ignored and removed from the event queue.
SwiftCompile normal arm64 /Users/admin/builder/spi-builder-workspace/Sources/InfinityScrollKit/UIInfiniteScrollView.swift (in target 'InfinityScrollKit' from project 'InfinityScrollKit')
cd /Users/admin/builder/spi-builder-workspace/.swiftpm/xcode
builtin-SwiftPerFileCompile UIInfiniteScrollView.swift
SwiftCompile normal arm64 Compiling\ EmptyArrayView.swift /Users/admin/builder/spi-builder-workspace/Sources/InfinityScrollKit/EmptyArrayView.swift (in target 'InfinityScrollKit' from project 'InfinityScrollKit')
SwiftCompile normal arm64 /Users/admin/builder/spi-builder-workspace/Sources/InfinityScrollKit/EmptyArrayView.swift (in target 'InfinityScrollKit' from project 'InfinityScrollKit')
cd /Users/admin/builder/spi-builder-workspace/.swiftpm/xcode
builtin-SwiftPerFileCompile EmptyArrayView.swift
SwiftCompile normal arm64 Compiling\ LastCellView.swift /Users/admin/builder/spi-builder-workspace/Sources/InfinityScrollKit/LastCellView.swift (in target 'InfinityScrollKit' from project 'InfinityScrollKit')
SwiftCompile normal arm64 /Users/admin/builder/spi-builder-workspace/Sources/InfinityScrollKit/LastCellView.swift (in target 'InfinityScrollKit' from project 'InfinityScrollKit')
cd /Users/admin/builder/spi-builder-workspace/.swiftpm/xcode
builtin-SwiftPerFileCompile LastCellView.swift
SwiftCompile normal arm64 Compiling\ InfinityScrollKit.swift /Users/admin/builder/spi-builder-workspace/Sources/InfinityScrollKit/InfinityScrollKit.swift (in target 'InfinityScrollKit' from project 'InfinityScrollKit')
SwiftCompile normal arm64 /Users/admin/builder/spi-builder-workspace/Sources/InfinityScrollKit/InfinityScrollKit.swift (in target 'InfinityScrollKit' from project 'InfinityScrollKit')
cd /Users/admin/builder/spi-builder-workspace/.swiftpm/xcode
builtin-SwiftPerFileCompile InfinityScrollKit.swift
SwiftCompile normal arm64 Compiling\ LazyDStack.swift /Users/admin/builder/spi-builder-workspace/Sources/InfinityScrollKit/LazyDStack.swift (in target 'InfinityScrollKit' from project 'InfinityScrollKit')
SwiftCompile normal arm64 /Users/admin/builder/spi-builder-workspace/Sources/InfinityScrollKit/LazyDStack.swift (in target 'InfinityScrollKit' from project 'InfinityScrollKit')
cd /Users/admin/builder/spi-builder-workspace/.swiftpm/xcode
builtin-SwiftPerFileCompile LazyDStack.swift
SwiftCompile normal arm64 Compiling\ OnRefresh+View.swift /Users/admin/builder/spi-builder-workspace/Sources/InfinityScrollKit/Extensions/OnRefresh+View.swift (in target 'InfinityScrollKit' from project 'InfinityScrollKit')
SwiftCompile normal arm64 /Users/admin/builder/spi-builder-workspace/Sources/InfinityScrollKit/Extensions/OnRefresh+View.swift (in target 'InfinityScrollKit' from project 'InfinityScrollKit')
cd /Users/admin/builder/spi-builder-workspace/.swiftpm/xcode
builtin-SwiftPerFileCompile OnRefresh+View.swift
SwiftExplicitDependencyGeneratePcm arm64_32 /Users/admin/builder/spi-builder-workspace/.derivedData/SDKExplicitPrecompiledModules/SwiftUI-9AYG9OCT5VOJK7V4MX1WYR86T.pcm
SwiftEmitModule normal arm64_32 Emitting\ module\ for\ InfinityScrollKit (in target 'InfinityScrollKit' from project 'InfinityScrollKit')
/Users/admin/builder/spi-builder-workspace/Sources/InfinityScrollKit/UIInfiniteScrollView.swift:20:53: error: 'UIView' is unavailable in watchOS
18 | /// - item: The item to render.
19 | /// - at: The index path index for the item.
20 | func cellFor(_ item: Item, at: IndexPath.Index) -> UIView
| `- error: 'UIView' is unavailable in watchOS
21 |
22 | /// Provides a view shown at the end of the list (e.g., a loading spinner).
/Applications/Xcode-27.0.0-Release.Candidate.app/Contents/Developer/Platforms/WatchOS.platform/Developer/SDKs/WatchOS27.0.sdk/System/Library/Frameworks/UIKit.framework/Headers/UIView.h:152:12: note: 'UIView' has been explicitly marked unavailable here
150 |
151 | UIKIT_EXTERN API_AVAILABLE(ios(2.0)) API_UNAVAILABLE(watchos) NS_SWIFT_UI_ACTOR
152 | @interface UIView : UIResponder <NSCoding, UIAppearance, UIAppearanceContainer, UIDynamicItem, UITraitEnvironment, UICoordinateSpace, UIFocusItem, UIFocusItemContainer, CALayerDelegate>
| `- note: 'UIView' has been explicitly marked unavailable here
153 |
154 | @property(class, nonatomic, readonly) Class layerClass; // default is [CALayer class]. Used when creating the underlying layer for the view.
/Users/admin/builder/spi-builder-workspace/Sources/InfinityScrollKit/UIInfiniteScrollView.swift:26:25: error: 'UIView' is unavailable in watchOS
24 | ///
25 | /// When nil is returned, or this is not implemented, a _**ProgressView**_ is displayed.
26 | func lastCellView() -> UIView?
| `- error: 'UIView' is unavailable in watchOS
27 |
28 | /// Provides a view when the array is empty (e.g., "No items yet..." label).
/Applications/Xcode-27.0.0-Release.Candidate.app/Contents/Developer/Platforms/WatchOS.platform/Developer/SDKs/WatchOS27.0.sdk/System/Library/Frameworks/UIKit.framework/Headers/UIView.h:152:12: note: 'UIView' has been explicitly marked unavailable here
150 |
151 | UIKIT_EXTERN API_AVAILABLE(ios(2.0)) API_UNAVAILABLE(watchos) NS_SWIFT_UI_ACTOR
152 | @interface UIView : UIResponder <NSCoding, UIAppearance, UIAppearanceContainer, UIDynamicItem, UITraitEnvironment, UICoordinateSpace, UIFocusItem, UIFocusItemContainer, CALayerDelegate>
| `- note: 'UIView' has been explicitly marked unavailable here
153 |
154 | @property(class, nonatomic, readonly) Class layerClass; // default is [CALayer class]. Used when creating the underlying layer for the view.
SwiftCompile normal arm64_32 (in target 'InfinityScrollKit' from project 'InfinityScrollKit')
cd /Users/admin/builder/spi-builder-workspace/.swiftpm/xcode
SwiftCompile normal arm64_32 Compiling\ OnRefresh+View.swift /Users/admin/builder/spi-builder-workspace/Sources/InfinityScrollKit/Extensions/OnRefresh+View.swift (in target 'InfinityScrollKit' from project 'InfinityScrollKit')
SwiftCompile normal arm64_32 /Users/admin/builder/spi-builder-workspace/Sources/InfinityScrollKit/Extensions/OnRefresh+View.swift (in target 'InfinityScrollKit' from project 'InfinityScrollKit')
cd /Users/admin/builder/spi-builder-workspace/.swiftpm/xcode
builtin-SwiftPerFileCompile OnRefresh+View.swift
PruneExplicitPrecompiledModules /Users/admin/builder/spi-builder-workspace/.derivedData/SDKExplicitPrecompiledModules
PruneExplicitPrecompiledModules /Users/admin/builder/spi-builder-workspace/.derivedData/Build/Intermediates.noindex/ExplicitPrecompiledModules
PruneExplicitPrecompiledModules /Users/admin/builder/spi-builder-workspace/.derivedData/Build/Intermediates.noindex/SwiftExplicitPrecompiledModules
2026-09-22 03:06:05.651 xcodebuild[869:5346] [MT] IDERunDestination: Supported platforms for the buildables in the current scheme is empty.
** BUILD FAILED **
The following build commands failed:
SwiftCompile normal arm64 (in target 'InfinityScrollKit' from project 'InfinityScrollKit')
SwiftEmitModule normal arm64 Emitting\ module\ for\ InfinityScrollKit (in target 'InfinityScrollKit' from project 'InfinityScrollKit')
Building workspace InfinityScrollKit with scheme InfinityScrollKit
(3 failures)
Command line invocation:
/Applications/Xcode-27.0.0-Release.Candidate.app/Contents/Developer/usr/bin/xcodebuild -IDEClonedSourcePackagesDirPathOverride=/Users/admin/builder/spi-builder-workspace/.dependencies -resolvePackageDependencies
Resolve Package Graph
Resolved source packages:
SymbolKit: https://github.com/swiftlang/swift-docc-symbolkit @ 1.0.0
InfinityScrollKit: /Users/admin/builder/spi-builder-workspace
SwiftDocCPlugin: https://github.com/apple/swift-docc-plugin @ 1.5.0
resolved source packages: SymbolKit, InfinityScrollKit, SwiftDocCPlugin
2026-09-22 03:06:24.712 xcodebuild[1133:6640] [MT] IDERunDestination: Supported platforms for the buildables in the current scheme is empty.
{
"dependencies" : [
{
"identity" : "swift-docc-plugin",
"requirement" : {
"range" : [
{
"lower_bound" : "1.0.0",
"upper_bound" : "2.0.0"
}
]
},
"type" : "sourceControl",
"url" : "https://github.com/apple/swift-docc-plugin"
}
],
"manifest_display_name" : "InfinityScrollKit",
"name" : "InfinityScrollKit",
"path" : "/Users/admin/builder/spi-builder-workspace",
"platforms" : [
{
"name" : "ios",
"version" : "14.0"
},
{
"name" : "tvos",
"version" : "14.0"
},
{
"name" : "maccatalyst",
"version" : "14.0"
},
{
"name" : "macos",
"version" : "14.0"
},
{
"name" : "watchos",
"version" : "7.0"
},
{
"name" : "visionos",
"version" : "1.0"
}
],
"products" : [
{
"name" : "InfinityScrollKit",
"targets" : [
"InfinityScrollKit"
],
"type" : {
"library" : [
"automatic"
]
}
}
],
"targets" : [
{
"c99name" : "InfinityScrollKitTests",
"module_type" : "SwiftTarget",
"name" : "InfinityScrollKitTests",
"path" : "Tests/InfinityScrollKitTests",
"sources" : [
"InfinityScrollKitTests.swift"
],
"target_dependencies" : [
"InfinityScrollKit"
],
"type" : "test"
},
{
"c99name" : "InfinityScrollKit",
"module_type" : "SwiftTarget",
"name" : "InfinityScrollKit",
"path" : "Sources/InfinityScrollKit",
"product_memberships" : [
"InfinityScrollKit"
],
"sources" : [
"EmptyArrayView.swift",
"Extensions/OnRefresh+View.swift",
"InfinityScrollKit.swift",
"LastCellView.swift",
"LazyDStack.swift",
"NSInfiniteScrollView.swift",
"Options.swift",
"UIInfiniteScrollView.swift"
],
"type" : "library"
}
],
"tools_version" : "5.10"
}
{
"workspace" : {
"name" : "InfinityScrollKit",
"schemes" : [
"InfinityScrollKit"
]
}
}
2026-09-22 03:06:31.776 xcodebuild[1191:7039] [MT] IDERunDestination: Supported platforms for the buildables in the current scheme is empty.
Running build ...
env DEVELOPER_DIR=/Applications/Xcode-27.0.0-Release.Candidate.app xcrun xcodebuild -IDEClonedSourcePackagesDirPathOverride=$PWD/.dependencies -skipMacroValidation -skipPackagePluginValidation -derivedDataPath $PWD/.derivedData build -scheme InfinityScrollKit -destination generic/platform=watchOS
Command line invocation:
/Applications/Xcode-27.0.0-Release.Candidate.app/Contents/Developer/usr/bin/xcodebuild -IDEClonedSourcePackagesDirPathOverride=/Users/admin/builder/spi-builder-workspace/.dependencies -skipMacroValidation -skipPackagePluginValidation -derivedDataPath /Users/admin/builder/spi-builder-workspace/.derivedData build -scheme InfinityScrollKit -destination generic/platform=watchOS
Resolve Package Graph
Resolved source packages:
SymbolKit: https://github.com/swiftlang/swift-docc-symbolkit @ 1.0.0
InfinityScrollKit: /Users/admin/builder/spi-builder-workspace
SwiftDocCPlugin: https://github.com/apple/swift-docc-plugin @ 1.5.0
ComputePackagePrebuildTargetDependencyGraph
Prepare packages
CreateBuildRequest
SendProjectDescription
CreateBuildOperation
ComputeTargetDependencyGraph
note: Building targets in dependency order
note: Target dependency graph (2 targets)
Target 'InfinityScrollKit-product' in project 'InfinityScrollKit'
➜ Explicit dependency on target 'InfinityScrollKit' in project 'InfinityScrollKit'
Target 'InfinityScrollKit' in project 'InfinityScrollKit' (no dependencies)
GatherProvisioningInputs
CreateBuildDescription
ClangStatCache /Applications/Xcode-27.0.0-Release.Candidate.app/Contents/Developer/Toolchains/XcodeDefault.xctoolchain/usr/bin/clang-stat-cache /Applications/Xcode-27.0.0-Release.Candidate.app/Contents/Developer/Platforms/WatchOS.platform/Developer/SDKs/WatchOS27.0.sdk /Users/admin/builder/spi-builder-workspace/.derivedData/SDKStatCaches.noindex/watchos27.0-24R360-e829b21a6f8c9b70876ba0858053c04477534ef55a1706bf4c1112bbb242f0a2.sdkstatcache
cd /Users/admin/builder/spi-builder-workspace/.swiftpm/xcode
/Applications/Xcode-27.0.0-Release.Candidate.app/Contents/Developer/Toolchains/XcodeDefault.xctoolchain/usr/bin/clang-stat-cache /Applications/Xcode-27.0.0-Release.Candidate.app/Contents/Developer/Platforms/WatchOS.platform/Developer/SDKs/WatchOS27.0.sdk -o /Users/admin/builder/spi-builder-workspace/.derivedData/SDKStatCaches.noindex/watchos27.0-24R360-e829b21a6f8c9b70876ba0858053c04477534ef55a1706bf4c1112bbb242f0a2.sdkstatcache
SwiftDriver InfinityScrollKit normal arm64_32 com.apple.xcode.tools.swift.compiler (in target 'InfinityScrollKit' from project 'InfinityScrollKit')
cd /Users/admin/builder/spi-builder-workspace/.swiftpm/xcode
builtin-SwiftDriver -- /Applications/Xcode-27.0.0-Release.Candidate.app/Contents/Developer/Toolchains/XcodeDefault.xctoolchain/usr/bin/swiftc -parse-as-library -module-name InfinityScrollKit -Onone @/Users/admin/builder/spi-builder-workspace/.derivedData/Build/Intermediates.noindex/InfinityScrollKit.build/Debug-watchos/InfinityScrollKit-t.build/Objects-normal/arm64_32/InfinityScrollKit.SwiftFileList -DSWIFT_PACKAGE -DDEBUG -DSWIFT_MODULE_RESOURCE_BUNDLE_UNAVAILABLE -DXcode -plugin-path /Applications/Xcode-27.0.0-Release.Candidate.app/Contents/Developer/Toolchains/XcodeDefault.xctoolchain/usr/lib/swift/host/plugins/testing -enable-experimental-feature DebugDescriptionMacro -sdk /Applications/Xcode-27.0.0-Release.Candidate.app/Contents/Developer/Platforms/WatchOS.platform/Developer/SDKs/WatchOS27.0.sdk -target arm64_32-apple-watchos9.0 -g -module-cache-path /Users/admin/builder/spi-builder-workspace/.derivedData/ModuleCache.noindex -Xfrontend -serialize-debugging-options -profile-coverage-mapping -profile-generate -enable-testing -index-store-path /Users/admin/builder/spi-builder-workspace/.derivedData/Index.noindex/DataStore -Xcc -D_LIBCPP_HARDENING_MODE\=_LIBCPP_HARDENING_MODE_DEBUG -swift-version 5 -I /Users/admin/builder/spi-builder-workspace/.derivedData/Build/Products/Debug-watchos -Isystem /Applications/Xcode-27.0.0-Release.Candidate.app/Contents/Developer/Platforms/WatchOS.platform/Developer/usr/lib -F /Users/admin/builder/spi-builder-workspace/.derivedData/Build/Products/Debug-watchos -F /Applications/Xcode-27.0.0-Release.Candidate.app/Contents/Developer/Platforms/WatchOS.platform/Developer/Library/Frameworks -F /Applications/Xcode-27.0.0-Release.Candidate.app/Contents/Developer/Platforms/WatchOS.platform/Developer/SDKs/WatchOS27.0.sdk/Developer/Library/Frameworks -c -j10 -enable-batch-mode -incremental -Xcc -ivfsstatcache -Xcc /Users/admin/builder/spi-builder-workspace/.derivedData/SDKStatCaches.noindex/watchos27.0-24R360-e829b21a6f8c9b70876ba0858053c04477534ef55a1706bf4c1112bbb242f0a2.sdkstatcache -output-file-map /Users/admin/builder/spi-builder-workspace/.derivedData/Build/Intermediates.noindex/InfinityScrollKit.build/Debug-watchos/InfinityScrollKit-t.build/Objects-normal/arm64_32/InfinityScrollKit-OutputFileMap.json -save-temps -no-color-diagnostics -explicit-module-build -module-cache-path /Users/admin/builder/spi-builder-workspace/.derivedData/Build/Intermediates.noindex/SwiftExplicitPrecompiledModules -clang-scanner-module-cache-path /Users/admin/builder/spi-builder-workspace/.derivedData/ModuleCache.noindex -sdk-module-cache-path /Users/admin/builder/spi-builder-workspace/.derivedData/SDKExplicitPrecompiledModules -emit-dependencies -emit-module -emit-module-path /Users/admin/builder/spi-builder-workspace/.derivedData/Build/Intermediates.noindex/InfinityScrollKit.build/Debug-watchos/InfinityScrollKit-t.build/Objects-normal/arm64_32/InfinityScrollKit.swiftmodule -serialize-diagnostics -dependency-scan-serialize-diagnostics-path /Users/admin/builder/spi-builder-workspace/.derivedData/Build/Intermediates.noindex/InfinityScrollKit.build/Debug-watchos/InfinityScrollKit-t.build/Objects-normal/arm64_32/InfinityScrollKit-dependency-scan.dia -validate-clang-modules-once -clang-build-session-file /Users/admin/builder/spi-builder-workspace/.derivedData/ModuleCache.noindex/Session.modulevalidation -Xcc -fmodules-prune-interval\=86400 -Xcc -fmodules-prune-after\=345600 -package-name spi_builder_workspace -emit-const-values -const-gather-protocols-list /Users/admin/builder/spi-builder-workspace/.derivedData/Build/Intermediates.noindex/InfinityScrollKit.build/Debug-watchos/InfinityScrollKit-t.build/Objects-normal/arm64_32/InfinityScrollKit_const_extract_protocols.json -Xcc -I/Users/admin/builder/spi-builder-workspace/.derivedData/Build/Products/Debug-watchos/include -Xcc -I/Users/admin/builder/spi-builder-workspace/.derivedData/Build/Intermediates.noindex/InfinityScrollKit.build/Debug-watchos/InfinityScrollKit-t.build/DerivedSources-normal/arm64_32 -Xcc -I/Users/admin/builder/spi-builder-workspace/.derivedData/Build/Intermediates.noindex/InfinityScrollKit.build/Debug-watchos/InfinityScrollKit-t.build/DerivedSources/arm64_32 -Xcc -I/Users/admin/builder/spi-builder-workspace/.derivedData/Build/Intermediates.noindex/InfinityScrollKit.build/Debug-watchos/InfinityScrollKit-t.build/DerivedSources -Xcc -DSWIFT_PACKAGE -Xcc -DDEBUG\=1 -emit-objc-header -emit-objc-header-path /Users/admin/builder/spi-builder-workspace/.derivedData/Build/Intermediates.noindex/InfinityScrollKit.build/Debug-watchos/InfinityScrollKit-t.build/Objects-normal/arm64_32/InfinityScrollKit-Swift.h -working-directory /Users/admin/builder/spi-builder-workspace/.swiftpm/xcode -experimental-emit-module-separately -disable-cmo
SwiftDriver InfinityScrollKit normal arm64 com.apple.xcode.tools.swift.compiler (in target 'InfinityScrollKit' from project 'InfinityScrollKit')
cd /Users/admin/builder/spi-builder-workspace/.swiftpm/xcode
builtin-SwiftDriver -- /Applications/Xcode-27.0.0-Release.Candidate.app/Contents/Developer/Toolchains/XcodeDefault.xctoolchain/usr/bin/swiftc -parse-as-library -module-name InfinityScrollKit -Onone @/Users/admin/builder/spi-builder-workspace/.derivedData/Build/Intermediates.noindex/InfinityScrollKit.build/Debug-watchos/InfinityScrollKit-t.build/Objects-normal/arm64/InfinityScrollKit.SwiftFileList -DSWIFT_PACKAGE -DDEBUG -DSWIFT_MODULE_RESOURCE_BUNDLE_UNAVAILABLE -DXcode -plugin-path /Applications/Xcode-27.0.0-Release.Candidate.app/Contents/Developer/Toolchains/XcodeDefault.xctoolchain/usr/lib/swift/host/plugins/testing -enable-experimental-feature DebugDescriptionMacro -sdk /Applications/Xcode-27.0.0-Release.Candidate.app/Contents/Developer/Platforms/WatchOS.platform/Developer/SDKs/WatchOS27.0.sdk -target arm64-apple-watchos9.0 -g -module-cache-path /Users/admin/builder/spi-builder-workspace/.derivedData/ModuleCache.noindex -Xfrontend -serialize-debugging-options -profile-coverage-mapping -profile-generate -enable-testing -index-store-path /Users/admin/builder/spi-builder-workspace/.derivedData/Index.noindex/DataStore -Xcc -D_LIBCPP_HARDENING_MODE\=_LIBCPP_HARDENING_MODE_DEBUG -swift-version 5 -I /Users/admin/builder/spi-builder-workspace/.derivedData/Build/Products/Debug-watchos -Isystem /Applications/Xcode-27.0.0-Release.Candidate.app/Contents/Developer/Platforms/WatchOS.platform/Developer/usr/lib -F /Users/admin/builder/spi-builder-workspace/.derivedData/Build/Products/Debug-watchos -F /Applications/Xcode-27.0.0-Release.Candidate.app/Contents/Developer/Platforms/WatchOS.platform/Developer/Library/Frameworks -F /Applications/Xcode-27.0.0-Release.Candidate.app/Contents/Developer/Platforms/WatchOS.platform/Developer/SDKs/WatchOS27.0.sdk/Developer/Library/Frameworks -c -j10 -enable-batch-mode -incremental -Xcc -ivfsstatcache -Xcc /Users/admin/builder/spi-builder-workspace/.derivedData/SDKStatCaches.noindex/watchos27.0-24R360-e829b21a6f8c9b70876ba0858053c04477534ef55a1706bf4c1112bbb242f0a2.sdkstatcache -output-file-map /Users/admin/builder/spi-builder-workspace/.derivedData/Build/Intermediates.noindex/InfinityScrollKit.build/Debug-watchos/InfinityScrollKit-t.build/Objects-normal/arm64/InfinityScrollKit-OutputFileMap.json -save-temps -no-color-diagnostics -explicit-module-build -module-cache-path /Users/admin/builder/spi-builder-workspace/.derivedData/Build/Intermediates.noindex/SwiftExplicitPrecompiledModules -clang-scanner-module-cache-path /Users/admin/builder/spi-builder-workspace/.derivedData/ModuleCache.noindex -sdk-module-cache-path /Users/admin/builder/spi-builder-workspace/.derivedData/SDKExplicitPrecompiledModules -emit-dependencies -emit-module -emit-module-path /Users/admin/builder/spi-builder-workspace/.derivedData/Build/Intermediates.noindex/InfinityScrollKit.build/Debug-watchos/InfinityScrollKit-t.build/Objects-normal/arm64/InfinityScrollKit.swiftmodule -serialize-diagnostics -dependency-scan-serialize-diagnostics-path /Users/admin/builder/spi-builder-workspace/.derivedData/Build/Intermediates.noindex/InfinityScrollKit.build/Debug-watchos/InfinityScrollKit-t.build/Objects-normal/arm64/InfinityScrollKit-dependency-scan.dia -validate-clang-modules-once -clang-build-session-file /Users/admin/builder/spi-builder-workspace/.derivedData/ModuleCache.noindex/Session.modulevalidation -Xcc -fmodules-prune-interval\=86400 -Xcc -fmodules-prune-after\=345600 -package-name spi_builder_workspace -emit-const-values -const-gather-protocols-list /Users/admin/builder/spi-builder-workspace/.derivedData/Build/Intermediates.noindex/InfinityScrollKit.build/Debug-watchos/InfinityScrollKit-t.build/Objects-normal/arm64/InfinityScrollKit_const_extract_protocols.json -Xcc -I/Users/admin/builder/spi-builder-workspace/.derivedData/Build/Products/Debug-watchos/include -Xcc -I/Users/admin/builder/spi-builder-workspace/.derivedData/Build/Intermediates.noindex/InfinityScrollKit.build/Debug-watchos/InfinityScrollKit-t.build/DerivedSources-normal/arm64 -Xcc -I/Users/admin/builder/spi-builder-workspace/.derivedData/Build/Intermediates.noindex/InfinityScrollKit.build/Debug-watchos/InfinityScrollKit-t.build/DerivedSources/arm64 -Xcc -I/Users/admin/builder/spi-builder-workspace/.derivedData/Build/Intermediates.noindex/InfinityScrollKit.build/Debug-watchos/InfinityScrollKit-t.build/DerivedSources -Xcc -DSWIFT_PACKAGE -Xcc -DDEBUG\=1 -emit-objc-header -emit-objc-header-path /Users/admin/builder/spi-builder-workspace/.derivedData/Build/Intermediates.noindex/InfinityScrollKit.build/Debug-watchos/InfinityScrollKit-t.build/Objects-normal/arm64/InfinityScrollKit-Swift.h -working-directory /Users/admin/builder/spi-builder-workspace/.swiftpm/xcode -experimental-emit-module-separately -disable-cmo
SwiftEmitModule normal arm64_32 Emitting\ module\ for\ InfinityScrollKit (in target 'InfinityScrollKit' from project 'InfinityScrollKit')
/Users/admin/builder/spi-builder-workspace/Sources/InfinityScrollKit/UIInfiniteScrollView.swift:20:53: error: 'UIView' is unavailable in watchOS
18 | /// - item: The item to render.
19 | /// - at: The index path index for the item.
20 | func cellFor(_ item: Item, at: IndexPath.Index) -> UIView
| `- error: 'UIView' is unavailable in watchOS
21 |
22 | /// Provides a view shown at the end of the list (e.g., a loading spinner).
/Applications/Xcode-27.0.0-Release.Candidate.app/Contents/Developer/Platforms/WatchOS.platform/Developer/SDKs/WatchOS27.0.sdk/System/Library/Frameworks/UIKit.framework/Headers/UIView.h:152:12: note: 'UIView' has been explicitly marked unavailable here
150 |
151 | UIKIT_EXTERN API_AVAILABLE(ios(2.0)) API_UNAVAILABLE(watchos) NS_SWIFT_UI_ACTOR
152 | @interface UIView : UIResponder <NSCoding, UIAppearance, UIAppearanceContainer, UIDynamicItem, UITraitEnvironment, UICoordinateSpace, UIFocusItem, UIFocusItemContainer, CALayerDelegate>
| `- note: 'UIView' has been explicitly marked unavailable here
153 |
154 | @property(class, nonatomic, readonly) Class layerClass; // default is [CALayer class]. Used when creating the underlying layer for the view.
/Users/admin/builder/spi-builder-workspace/Sources/InfinityScrollKit/UIInfiniteScrollView.swift:26:25: error: 'UIView' is unavailable in watchOS
24 | ///
25 | /// When nil is returned, or this is not implemented, a _**ProgressView**_ is displayed.
26 | func lastCellView() -> UIView?
| `- error: 'UIView' is unavailable in watchOS
27 |
28 | /// Provides a view when the array is empty (e.g., "No items yet..." label).
/Applications/Xcode-27.0.0-Release.Candidate.app/Contents/Developer/Platforms/WatchOS.platform/Developer/SDKs/WatchOS27.0.sdk/System/Library/Frameworks/UIKit.framework/Headers/UIView.h:152:12: note: 'UIView' has been explicitly marked unavailable here
150 |
151 | UIKIT_EXTERN API_AVAILABLE(ios(2.0)) API_UNAVAILABLE(watchos) NS_SWIFT_UI_ACTOR
152 | @interface UIView : UIResponder <NSCoding, UIAppearance, UIAppearanceContainer, UIDynamicItem, UITraitEnvironment, UICoordinateSpace, UIFocusItem, UIFocusItemContainer, CALayerDelegate>
| `- note: 'UIView' has been explicitly marked unavailable here
153 |
154 | @property(class, nonatomic, readonly) Class layerClass; // default is [CALayer class]. Used when creating the underlying layer for the view.
/Users/admin/builder/spi-builder-workspace/Sources/InfinityScrollKit/UIInfiniteScrollView.swift:32:27: error: 'UIView' is unavailable in watchOS
30 | ///
31 | /// When nil is returned, or this is not implemented, a Label with the text _**"No items yet..."**_ is displayed.
32 | func emptyArrayView() -> UIView?
| `- error: 'UIView' is unavailable in watchOS
33 |
34 | /// Notifies when loading state changes (useful for updating UI state externally).
/Applications/Xcode-27.0.0-Release.Candidate.app/Contents/Developer/Platforms/WatchOS.platform/Developer/SDKs/WatchOS27.0.sdk/System/Library/Frameworks/UIKit.framework/Headers/UIView.h:152:12: note: 'UIView' has been explicitly marked unavailable here
150 |
151 | UIKIT_EXTERN API_AVAILABLE(ios(2.0)) API_UNAVAILABLE(watchos) NS_SWIFT_UI_ACTOR
152 | @interface UIView : UIResponder <NSCoding, UIAppearance, UIAppearanceContainer, UIDynamicItem, UITraitEnvironment, UICoordinateSpace, UIFocusItem, UIFocusItemContainer, CALayerDelegate>
| `- note: 'UIView' has been explicitly marked unavailable here
153 |
154 | @property(class, nonatomic, readonly) Class layerClass; // default is [CALayer class]. Used when creating the underlying layer for the view.
/Users/admin/builder/spi-builder-workspace/Sources/InfinityScrollKit/UIInfiniteScrollView.swift:39:25: error: 'UIView' is unavailable in watchOS
37 | }
38 | public extension UIInfiniteScrollViewDelegate where Item: Identifiable & Equatable & Sendable {
39 | func lastCellView() -> UIView? { nil }
| `- error: 'UIView' is unavailable in watchOS
40 | func emptyArrayView() -> UIView? { nil }
41 | func onLoadingChanged(_ isLoading: Bool) { }
/Applications/Xcode-27.0.0-Release.Candidate.app/Contents/Developer/Platforms/WatchOS.platform/Developer/SDKs/WatchOS27.0.sdk/System/Library/Frameworks/UIKit.framework/Headers/UIView.h:152:12: note: 'UIView' has been explicitly marked unavailable here
150 |
151 | UIKIT_EXTERN API_AVAILABLE(ios(2.0)) API_UNAVAILABLE(watchos) NS_SWIFT_UI_ACTOR
152 | @interface UIView : UIResponder <NSCoding, UIAppearance, UIAppearanceContainer, UIDynamicItem, UITraitEnvironment, UICoordinateSpace, UIFocusItem, UIFocusItemContainer, CALayerDelegate>
| `- note: 'UIView' has been explicitly marked unavailable here
153 |
154 | @property(class, nonatomic, readonly) Class layerClass; // default is [CALayer class]. Used when creating the underlying layer for the view.
/Users/admin/builder/spi-builder-workspace/Sources/InfinityScrollKit/UIInfiniteScrollView.swift:40:27: error: 'UIView' is unavailable in watchOS
38 | public extension UIInfiniteScrollViewDelegate where Item: Identifiable & Equatable & Sendable {
39 | func lastCellView() -> UIView? { nil }
40 | func emptyArrayView() -> UIView? { nil }
| `- error: 'UIView' is unavailable in watchOS
41 | func onLoadingChanged(_ isLoading: Bool) { }
42 | }
/Applications/Xcode-27.0.0-Release.Candidate.app/Contents/Developer/Platforms/WatchOS.platform/Developer/SDKs/WatchOS27.0.sdk/System/Library/Frameworks/UIKit.framework/Headers/UIView.h:152:12: note: 'UIView' has been explicitly marked unavailable here
150 |
151 | UIKIT_EXTERN API_AVAILABLE(ios(2.0)) API_UNAVAILABLE(watchos) NS_SWIFT_UI_ACTOR
152 | @interface UIView : UIResponder <NSCoding, UIAppearance, UIAppearanceContainer, UIDynamicItem, UITraitEnvironment, UICoordinateSpace, UIFocusItem, UIFocusItemContainer, CALayerDelegate>
| `- note: 'UIView' has been explicitly marked unavailable here
153 |
154 | @property(class, nonatomic, readonly) Class layerClass; // default is [CALayer class]. Used when creating the underlying layer for the view.
/Users/admin/builder/spi-builder-workspace/Sources/InfinityScrollKit/UIInfiniteScrollView.swift:112:38: error: cannot find type 'UIHostingController' in scope
110 | }
111 |
112 | private lazy var hostingController: UIHostingController<InfiniteScrollView<
| `- error: cannot find type 'UIHostingController' in scope
113 | Item,
114 | UIWrapperView,
/Users/admin/builder/spi-builder-workspace/Sources/InfinityScrollKit/UIInfiniteScrollView.swift:60:40: error: generic struct 'InfiniteScrollView' requires that 'UIWrapperView' conform to 'View'
58 | public var options: Options<Item> {
59 | didSet {
60 | hostingController = .init(rootView: InfiniteScrollView(
| `- error: generic struct 'InfiniteScrollView' requires that 'UIWrapperView' conform to 'View'
61 | arr: arr,
62 | options: options,
/Users/admin/builder/spi-builder-workspace/Sources/InfinityScrollKit/InfinityScrollKit.swift:15:15: note: where 'Cell' = 'UIWrapperView'
13 |
14 | /// A view that displays a paginated array in an infinity scroll.
15 | public struct InfiniteScrollView<
| `- note: where 'Cell' = 'UIWrapperView'
16 | T: Identifiable & Equatable & Sendable,
17 | Cell: View,
/Users/admin/builder/spi-builder-workspace/Sources/InfinityScrollKit/UIInfiniteScrollView.swift:60:40: error: generic struct 'InfiniteScrollView' requires that 'UIWrapperView' conform to 'View'
58 | public var options: Options<Item> {
59 | didSet {
60 | hostingController = .init(rootView: InfiniteScrollView(
| `- error: generic struct 'InfiniteScrollView' requires that 'UIWrapperView' conform to 'View'
61 | arr: arr,
62 | options: options,
/Users/admin/builder/spi-builder-workspace/Sources/InfinityScrollKit/InfinityScrollKit.swift:15:15: note: where 'LastCell' = 'UIWrapperView'
13 |
14 | /// A view that displays a paginated array in an infinity scroll.
15 | public struct InfiniteScrollView<
| `- note: where 'LastCell' = 'UIWrapperView'
16 | T: Identifiable & Equatable & Sendable,
17 | Cell: View,
/Users/admin/builder/spi-builder-workspace/Sources/InfinityScrollKit/UIInfiniteScrollView.swift:60:40: error: generic struct 'InfiniteScrollView' requires that 'UIWrapperView' conform to 'View'
58 | public var options: Options<Item> {
59 | didSet {
60 | hostingController = .init(rootView: InfiniteScrollView(
| `- error: generic struct 'InfiniteScrollView' requires that 'UIWrapperView' conform to 'View'
61 | arr: arr,
62 | options: options,
/Users/admin/builder/spi-builder-workspace/Sources/InfinityScrollKit/InfinityScrollKit.swift:15:15: note: where 'EmptyArrView' = 'UIWrapperView'
13 |
14 | /// A view that displays a paginated array in an infinity scroll.
15 | public struct InfiniteScrollView<
| `- note: where 'EmptyArrView' = 'UIWrapperView'
16 | T: Identifiable & Equatable & Sendable,
17 | Cell: View,
/Users/admin/builder/spi-builder-workspace/Sources/InfinityScrollKit/UIInfiniteScrollView.swift:60:25: error: cannot infer contextual base in reference to member 'init'
58 | public var options: Options<Item> {
59 | didSet {
60 | hostingController = .init(rootView: InfiniteScrollView(
| `- error: cannot infer contextual base in reference to member 'init'
61 | arr: arr,
62 | options: options,
/Users/admin/builder/spi-builder-workspace/Sources/InfinityScrollKit/UIInfiniteScrollView.swift:118:28: error: generic struct 'InfiniteScrollView' requires that 'UIWrapperView' conform to 'View'
116 | UIWrapperView
117 | >> = {
118 | let infiniteScrollView = InfiniteScrollView(
| `- error: generic struct 'InfiniteScrollView' requires that 'UIWrapperView' conform to 'View'
119 | arr: arr,
120 | options: options,
/Users/admin/builder/spi-builder-workspace/Sources/InfinityScrollKit/InfinityScrollKit.swift:15:15: note: where 'Cell' = 'UIWrapperView'
13 |
14 | /// A view that displays a paginated array in an infinity scroll.
15 | public struct InfiniteScrollView<
| `- note: where 'Cell' = 'UIWrapperView'
16 | T: Identifiable & Equatable & Sendable,
17 | Cell: View,
/Users/admin/builder/spi-builder-workspace/Sources/InfinityScrollKit/UIInfiniteScrollView.swift:118:28: error: generic struct 'InfiniteScrollView' requires that 'UIWrapperView' conform to 'View'
116 | UIWrapperView
117 | >> = {
118 | let infiniteScrollView = InfiniteScrollView(
| `- error: generic struct 'InfiniteScrollView' requires that 'UIWrapperView' conform to 'View'
119 | arr: arr,
120 | options: options,
/Users/admin/builder/spi-builder-workspace/Sources/InfinityScrollKit/InfinityScrollKit.swift:15:15: note: where 'LastCell' = 'UIWrapperView'
13 |
14 | /// A view that displays a paginated array in an infinity scroll.
15 | public struct InfiniteScrollView<
| `- note: where 'LastCell' = 'UIWrapperView'
16 | T: Identifiable & Equatable & Sendable,
17 | Cell: View,
/Users/admin/builder/spi-builder-workspace/Sources/InfinityScrollKit/UIInfiniteScrollView.swift:118:28: error: generic struct 'InfiniteScrollView' requires that 'UIWrapperView' conform to 'View'
116 | UIWrapperView
117 | >> = {
118 | let infiniteScrollView = InfiniteScrollView(
| `- error: generic struct 'InfiniteScrollView' requires that 'UIWrapperView' conform to 'View'
119 | arr: arr,
120 | options: options,
/Users/admin/builder/spi-builder-workspace/Sources/InfinityScrollKit/InfinityScrollKit.swift:15:15: note: where 'EmptyArrView' = 'UIWrapperView'
13 |
14 | /// A view that displays a paginated array in an infinity scroll.
15 | public struct InfiniteScrollView<
| `- note: where 'EmptyArrView' = 'UIWrapperView'
16 | T: Identifiable & Equatable & Sendable,
17 | Cell: View,
/Users/admin/builder/spi-builder-workspace/Sources/InfinityScrollKit/UIInfiniteScrollView.swift:49:4: error: 'UIView' is unavailable in watchOS
47 | Item: Identifiable & Equatable & Sendable,
48 | Delegate: UIInfiniteScrollViewDelegate
49 | >: UIView where Delegate.Item == Item {
| `- error: 'UIView' is unavailable in watchOS
50 |
51 | /// Delegate responsible for providing views and handling state.
/Applications/Xcode-27.0.0-Release.Candidate.app/Contents/Developer/Platforms/WatchOS.platform/Developer/SDKs/WatchOS27.0.sdk/System/Library/Frameworks/UIKit.framework/Headers/UIView.h:152:12: note: 'UIView' has been explicitly marked unavailable here
150 |
151 | UIKIT_EXTERN API_AVAILABLE(ios(2.0)) API_UNAVAILABLE(watchos) NS_SWIFT_UI_ACTOR
152 | @interface UIView : UIResponder <NSCoding, UIAppearance, UIAppearanceContainer, UIDynamicItem, UITraitEnvironment, UICoordinateSpace, UIFocusItem, UIFocusItemContainer, CALayerDelegate>
| `- note: 'UIView' has been explicitly marked unavailable here
153 |
154 | @property(class, nonatomic, readonly) Class layerClass; // default is [CALayer class]. Used when creating the underlying layer for the view.
/Users/admin/builder/spi-builder-workspace/Sources/InfinityScrollKit/UIInfiniteScrollView.swift:180:12: error: 'UIView' is unavailable in watchOS
178 | /// A wrapper that makes a `UIView` usable inside SwiftUI.
179 | internal struct UIWrapperView: UIViewRepresentable {
180 | let view: UIView
| `- error: 'UIView' is unavailable in watchOS
181 |
182 | func makeUIView(context: Context) -> UIView { view }
/Applications/Xcode-27.0.0-Release.Candidate.app/Contents/Developer/Platforms/WatchOS.platform/Developer/SDKs/WatchOS27.0.sdk/System/Library/Frameworks/UIKit.framework/Headers/UIView.h:152:12: note: 'UIView' has been explicitly marked unavailable here
150 |
151 | UIKIT_EXTERN API_AVAILABLE(ios(2.0)) API_UNAVAILABLE(watchos) NS_SWIFT_UI_ACTOR
152 | @interface UIView : UIResponder <NSCoding, UIAppearance, UIAppearanceContainer, UIDynamicItem, UITraitEnvironment, UICoordinateSpace, UIFocusItem, UIFocusItemContainer, CALayerDelegate>
| `- note: 'UIView' has been explicitly marked unavailable here
153 |
154 | @property(class, nonatomic, readonly) Class layerClass; // default is [CALayer class]. Used when creating the underlying layer for the view.
/Users/admin/builder/spi-builder-workspace/Sources/InfinityScrollKit/UIInfiniteScrollView.swift:182:27: error: cannot find type 'Context' in scope
180 | let view: UIView
181 |
182 | func makeUIView(context: Context) -> UIView { view }
| `- error: cannot find type 'Context' in scope
183 |
184 | func updateUIView(_ uiView: UIView, context: Context) {}
/Users/admin/builder/spi-builder-workspace/Sources/InfinityScrollKit/UIInfiniteScrollView.swift:182:39: error: 'UIView' is unavailable in watchOS
180 | let view: UIView
181 |
182 | func makeUIView(context: Context) -> UIView { view }
| `- error: 'UIView' is unavailable in watchOS
183 |
184 | func updateUIView(_ uiView: UIView, context: Context) {}
/Applications/Xcode-27.0.0-Release.Candidate.app/Contents/Developer/Platforms/WatchOS.platform/Developer/SDKs/WatchOS27.0.sdk/System/Library/Frameworks/UIKit.framework/Headers/UIView.h:152:12: note: 'UIView' has been explicitly marked unavailable here
150 |
151 | UIKIT_EXTERN API_AVAILABLE(ios(2.0)) API_UNAVAILABLE(watchos) NS_SWIFT_UI_ACTOR
152 | @interface UIView : UIResponder <NSCoding, UIAppearance, UIAppearanceContainer, UIDynamicItem, UITraitEnvironment, UICoordinateSpace, UIFocusItem, UIFocusItemContainer, CALayerDelegate>
| `- note: 'UIView' has been explicitly marked unavailable here
153 |
154 | @property(class, nonatomic, readonly) Class layerClass; // default is [CALayer class]. Used when creating the underlying layer for the view.
/Users/admin/builder/spi-builder-workspace/Sources/InfinityScrollKit/UIInfiniteScrollView.swift:184:47: error: cannot find type 'Context' in scope
182 | func makeUIView(context: Context) -> UIView { view }
183 |
184 | func updateUIView(_ uiView: UIView, context: Context) {}
| `- error: cannot find type 'Context' in scope
185 | }
186 |
/Users/admin/builder/spi-builder-workspace/Sources/InfinityScrollKit/UIInfiniteScrollView.swift:184:30: error: 'UIView' is unavailable in watchOS
182 | func makeUIView(context: Context) -> UIView { view }
183 |
184 | func updateUIView(_ uiView: UIView, context: Context) {}
| `- error: 'UIView' is unavailable in watchOS
185 | }
186 |
/Applications/Xcode-27.0.0-Release.Candidate.app/Contents/Developer/Platforms/WatchOS.platform/Developer/SDKs/WatchOS27.0.sdk/System/Library/Frameworks/UIKit.framework/Headers/UIView.h:152:12: note: 'UIView' has been explicitly marked unavailable here
150 |
151 | UIKIT_EXTERN API_AVAILABLE(ios(2.0)) API_UNAVAILABLE(watchos) NS_SWIFT_UI_ACTOR
152 | @interface UIView : UIResponder <NSCoding, UIAppearance, UIAppearanceContainer, UIDynamicItem, UITraitEnvironment, UICoordinateSpace, UIFocusItem, UIFocusItemContainer, CALayerDelegate>
| `- note: 'UIView' has been explicitly marked unavailable here
153 |
154 | @property(class, nonatomic, readonly) Class layerClass; // default is [CALayer class]. Used when creating the underlying layer for the view.
/Users/admin/builder/spi-builder-workspace/Sources/InfinityScrollKit/UIInfiniteScrollView.swift:179:32: error: cannot find type 'UIViewRepresentable' in scope
177 |
178 | /// A wrapper that makes a `UIView` usable inside SwiftUI.
179 | internal struct UIWrapperView: UIViewRepresentable {
| `- error: cannot find type 'UIViewRepresentable' in scope
180 | let view: UIView
181 |
/Users/admin/builder/spi-builder-workspace/Sources/InfinityScrollKit/UIInfiniteScrollView.swift:188:29: error: 'UIView' is unavailable in watchOS
186 |
187 | /// A default empty `UIView` used as fallback for optional views.
188 | internal class UIEmptyView: UIView {}
| `- error: 'UIView' is unavailable in watchOS
189 | #endif
190 |
/Applications/Xcode-27.0.0-Release.Candidate.app/Contents/Developer/Platforms/WatchOS.platform/Developer/SDKs/WatchOS27.0.sdk/System/Library/Frameworks/UIKit.framework/Headers/UIView.h:152:12: note: 'UIView' has been explicitly marked unavailable here
150 |
151 | UIKIT_EXTERN API_AVAILABLE(ios(2.0)) API_UNAVAILABLE(watchos) NS_SWIFT_UI_ACTOR
152 | @interface UIView : UIResponder <NSCoding, UIAppearance, UIAppearanceContainer, UIDynamicItem, UITraitEnvironment, UICoordinateSpace, UIFocusItem, UIFocusItemContainer, CALayerDelegate>
| `- note: 'UIView' has been explicitly marked unavailable here
153 |
154 | @property(class, nonatomic, readonly) Class layerClass; // default is [CALayer class]. Used when creating the underlying layer for the view.
Failed frontend command:
SwiftCompile normal arm64_32 (in target 'InfinityScrollKit' from project 'InfinityScrollKit')
cd /Users/admin/builder/spi-builder-workspace/.swiftpm/xcode
/Applications/Xcode-27.0.0-Release.Candidate.app/Contents/Developer/Toolchains/XcodeDefault.xctoolchain/usr/bin/swift-frontend -frontend -emit-module -experimental-skip-non-inlinable-function-bodies-without-types /Users/admin/builder/spi-builder-workspace/Sources/InfinityScrollKit/EmptyArrayView.swift /Users/admin/builder/spi-builder-workspace/Sources/InfinityScrollKit/Extensions/OnRefresh+View.swift /Users/admin/builder/spi-builder-workspace/Sources/InfinityScrollKit/InfinityScrollKit.swift /Users/admin/builder/spi-builder-workspace/Sources/InfinityScrollKit/LastCellView.swift /Users/admin/builder/spi-builder-workspace/Sources/InfinityScrollKit/LazyDStack.swift /Users/admin/builder/spi-builder-workspace/Sources/InfinityScrollKit/NSInfiniteScrollView.swift /Users/admin/builder/spi-builder-workspace/Sources/InfinityScrollKit/Options.swift /Users/admin/builder/spi-builder-workspace/Sources/InfinityScrollKit/UIInfiniteScrollView.swift -target arm64_32-apple-watchos9.0 -disable-cross-import-overlay-search -load-resolved-plugin /Applications/Xcode-27.0.0-Release.Candidate.app/Contents/Developer/Platforms/WatchOS.platform/Developer/usr/lib/swift/host/plugins/libFoundationMacros.dylib\#/Applications/Xcode-27.0.0-Release.Candidate.app/Contents/Developer/Platforms/WatchOS.platform/Developer/usr/bin/swift-plugin-server\#FoundationMacros -load-resolved-plugin /Applications/Xcode-27.0.0-Release.Candidate.app/Contents/Developer/Platforms/WatchOS.platform/Developer/usr/lib/swift/host/plugins/libObservationMacros.dylib\#/Applications/Xcode-27.0.0-Release.Candidate.app/Contents/Developer/Platforms/WatchOS.platform/Developer/usr/bin/swift-plugin-server\#ObservationMacros -load-resolved-plugin /Applications/Xcode-27.0.0-Release.Candidate.app/Contents/Developer/Platforms/WatchOS.platform/Developer/usr/lib/swift/host/plugins/libPreviewsMacros.dylib\#/Applications/Xcode-27.0.0-Release.Candidate.app/Contents/Developer/Platforms/WatchOS.platform/Developer/usr/bin/swift-plugin-server\#PreviewsMacros -load-resolved-plugin /Applications/Xcode-27.0.0-Release.Candidate.app/Contents/Developer/Platforms/WatchOS.platform/Developer/usr/lib/swift/host/plugins/libSwiftMacros.dylib\#/Applications/Xcode-27.0.0-Release.Candidate.app/Contents/Developer/Platforms/WatchOS.platform/Developer/usr/bin/swift-plugin-server\#SwiftMacros -load-resolved-plugin /Applications/Xcode-27.0.0-Release.Candidate.app/Contents/Developer/Platforms/WatchOS.platform/Developer/usr/lib/swift/host/plugins/libSwiftUIMacros.dylib\#/Applications/Xcode-27.0.0-Release.Candidate.app/Contents/Developer/Platforms/WatchOS.platform/Developer/usr/bin/swift-plugin-server\#SwiftUIMacros -disable-implicit-swift-modules -Xcc -fno-implicit-modules -Xcc -fno-implicit-module-maps -explicit-swift-module-map-file /Users/admin/builder/spi-builder-workspace/.derivedData/Build/Intermediates.noindex/InfinityScrollKit.build/Debug-watchos/InfinityScrollKit-t.build/Objects-normal/arm64_32/InfinityScrollKit-dependencies-1.json -enable-objc-interop -sdk /Applications/Xcode-27.0.0-Release.Candidate.app/Contents/Developer/Platforms/WatchOS.platform/Developer/SDKs/WatchOS27.0.sdk -I /Users/admin/builder/spi-builder-workspace/.derivedData/Build/Products/Debug-watchos -Isystem /Applications/Xcode-27.0.0-Release.Candidate.app/Contents/Developer/Platforms/WatchOS.platform/Developer/usr/lib -F /Users/admin/builder/spi-builder-workspace/.derivedData/Build/Products/Debug-watchos -F /Applications/Xcode-27.0.0-Release.Candidate.app/Contents/Developer/Platforms/WatchOS.platform/Developer/Library/Frameworks -F /Applications/Xcode-27.0.0-Release.Candidate.app/Contents/Developer/Platforms/WatchOS.platform/Developer/SDKs/WatchOS27.0.sdk/Developer/Library/Frameworks -module-cache-path /Users/admin/builder/spi-builder-workspace/.derivedData/Build/Intermediates.noindex/SwiftExplicitPrecompiledModules -no-color-diagnostics -Xcc -fno-color-diagnostics -enable-testing -g -debug-info-format\=dwarf -dwarf-version\=4 -profile-generate -profile-coverage-mapping -swift-version 5 -Onone -D SWIFT_PACKAGE -D DEBUG -D SWIFT_MODULE_RESOURCE_BUNDLE_UNAVAILABLE -D Xcode -serialize-debugging-options -enable-experimental-feature DebugDescriptionMacro -empty-abi-descriptor -validate-clang-modules-once -clang-build-session-file /Users/admin/builder/spi-builder-workspace/.derivedData/ModuleCache.noindex/Session.modulevalidation -Xcc -working-directory -Xcc /Users/admin/builder/spi-builder-workspace/.swiftpm/xcode -enable-anonymous-context-mangled-names -file-compilation-dir /Users/admin/builder/spi-builder-workspace/.swiftpm/xcode -Xcc -D_LIBCPP_HARDENING_MODE\=_LIBCPP_HARDENING_MODE_DEBUG -Xcc -ivfsstatcache -Xcc /Users/admin/builder/spi-builder-workspace/.derivedData/SDKStatCaches.noindex/watchos27.0-24R360-e829b21a6f8c9b70876ba0858053c04477534ef55a1706bf4c1112bbb242f0a2.sdkstatcache -Xcc -fmodules-prune-interval\=86400 -Xcc -fmodules-prune-after\=345600 -Xcc -I/Users/admin/builder/spi-builder-workspace/.derivedData/Build/Products/Debug-watchos/include -Xcc -I/Users/admin/builder/spi-builder-workspace/.derivedData/Build/Intermediates.noindex/InfinityScrollKit.build/Debug-watchos/InfinityScrollKit-t.build/DerivedSources-normal/arm64_32 -Xcc -I/Users/admin/builder/spi-builder-workspace/.derivedData/Build/Intermediates.noindex/InfinityScrollKit.build/Debug-watchos/InfinityScrollKit-t.build/DerivedSources/arm64_32 -Xcc -I/Users/admin/builder/spi-builder-workspace/.derivedData/Build/Intermediates.noindex/InfinityScrollKit.build/Debug-watchos/InfinityScrollKit-t.build/DerivedSources -Xcc -DSWIFT_PACKAGE -Xcc -DDEBUG\=1 -no-auto-bridging-header-chaining -module-name InfinityScrollKit -package-name spi_builder_workspace -const-gather-protocols-file /Users/admin/builder/spi-builder-workspace/.derivedData/Build/Intermediates.noindex/InfinityScrollKit.build/Debug-watchos/InfinityScrollKit-t.build/Objects-normal/arm64_32/InfinityScrollKit_const_extract_protocols.json -disable-clang-spi -clang-target arm64_32-apple-watchos27.0 -target-sdk-version 27.0 -target-sdk-name watchos27.0 -in-process-plugin-server-path /Applications/Xcode-27.0.0-Release.Candidate.app/Contents/Developer/Toolchains/XcodeDefault.xctoolchain/usr/lib/swift/host/libSwiftInProcPluginServer.dylib -emit-module-doc-path /Users/admin/builder/spi-builder-workspace/.derivedData/Build/Intermediates.noindex/InfinityScrollKit.build/Debug-watchos/InfinityScrollKit-t.build/Objects-normal/arm64_32/InfinityScrollKit.swiftdoc -emit-module-source-info-path /Users/admin/builder/spi-builder-workspace/.derivedData/Build/Intermediates.noindex/InfinityScrollKit.build/Debug-watchos/InfinityScrollKit-t.build/Objects-normal/arm64_32/InfinityScrollKit.swiftsourceinfo -emit-objc-header-path /Users/admin/builder/spi-builder-workspace/.derivedData/Build/Intermediates.noindex/InfinityScrollKit.build/Debug-watchos/InfinityScrollKit-t.build/Objects-normal/arm64_32/InfinityScrollKit-Swift.h -serialize-diagnostics-path /Users/admin/builder/spi-builder-workspace/.derivedData/Build/Intermediates.noindex/InfinityScrollKit.build/Debug-watchos/InfinityScrollKit-t.build/Objects-normal/arm64_32/InfinityScrollKit-primary-emit-module.dia -emit-dependencies-path /Users/admin/builder/spi-builder-workspace/.derivedData/Build/Intermediates.noindex/InfinityScrollKit.build/Debug-watchos/InfinityScrollKit-t.build/Objects-normal/arm64_32/InfinityScrollKit-primary-emit-module.d -parse-as-library -o /Users/admin/builder/spi-builder-workspace/.derivedData/Build/Intermediates.noindex/InfinityScrollKit.build/Debug-watchos/InfinityScrollKit-t.build/Objects-normal/arm64_32/InfinityScrollKit.swiftmodule -emit-abi-descriptor-path /Users/admin/builder/spi-builder-workspace/.derivedData/Build/Intermediates.noindex/InfinityScrollKit.build/Debug-watchos/InfinityScrollKit-t.build/Objects-normal/arm64_32/InfinityScrollKit.abi.json
SwiftCompile normal arm64_32 Compiling\ EmptyArrayView.swift /Users/admin/builder/spi-builder-workspace/Sources/InfinityScrollKit/EmptyArrayView.swift (in target 'InfinityScrollKit' from project 'InfinityScrollKit')
SwiftCompile normal arm64_32 /Users/admin/builder/spi-builder-workspace/Sources/InfinityScrollKit/EmptyArrayView.swift (in target 'InfinityScrollKit' from project 'InfinityScrollKit')
cd /Users/admin/builder/spi-builder-workspace/.swiftpm/xcode
builtin-SwiftPerFileCompile EmptyArrayView.swift
SwiftCompile normal arm64_32 Compiling\ OnRefresh+View.swift /Users/admin/builder/spi-builder-workspace/Sources/InfinityScrollKit/Extensions/OnRefresh+View.swift (in target 'InfinityScrollKit' from project 'InfinityScrollKit')
SwiftCompile normal arm64_32 /Users/admin/builder/spi-builder-workspace/Sources/InfinityScrollKit/Extensions/OnRefresh+View.swift (in target 'InfinityScrollKit' from project 'InfinityScrollKit')
cd /Users/admin/builder/spi-builder-workspace/.swiftpm/xcode
builtin-SwiftPerFileCompile OnRefresh+View.swift
SwiftCompile normal arm64_32 Compiling\ InfinityScrollKit.swift /Users/admin/builder/spi-builder-workspace/Sources/InfinityScrollKit/InfinityScrollKit.swift (in target 'InfinityScrollKit' from project 'InfinityScrollKit')
SwiftCompile normal arm64_32 /Users/admin/builder/spi-builder-workspace/Sources/InfinityScrollKit/InfinityScrollKit.swift (in target 'InfinityScrollKit' from project 'InfinityScrollKit')
cd /Users/admin/builder/spi-builder-workspace/.swiftpm/xcode
builtin-SwiftPerFileCompile InfinityScrollKit.swift
SwiftCompile normal arm64_32 Compiling\ LastCellView.swift /Users/admin/builder/spi-builder-workspace/Sources/InfinityScrollKit/LastCellView.swift (in target 'InfinityScrollKit' from project 'InfinityScrollKit')
SwiftCompile normal arm64_32 /Users/admin/builder/spi-builder-workspace/Sources/InfinityScrollKit/LastCellView.swift (in target 'InfinityScrollKit' from project 'InfinityScrollKit')
cd /Users/admin/builder/spi-builder-workspace/.swiftpm/xcode
builtin-SwiftPerFileCompile LastCellView.swift
SwiftCompile normal arm64_32 Compiling\ NSInfiniteScrollView.swift /Users/admin/builder/spi-builder-workspace/Sources/InfinityScrollKit/NSInfiniteScrollView.swift (in target 'InfinityScrollKit' from project 'InfinityScrollKit')
SwiftCompile normal arm64_32 /Users/admin/builder/spi-builder-workspace/Sources/InfinityScrollKit/NSInfiniteScrollView.swift (in target 'InfinityScrollKit' from project 'InfinityScrollKit')
cd /Users/admin/builder/spi-builder-workspace/.swiftpm/xcode
builtin-SwiftPerFileCompile NSInfiniteScrollView.swift
SwiftCompile normal arm64_32 Compiling\ Options.swift /Users/admin/builder/spi-builder-workspace/Sources/InfinityScrollKit/Options.swift (in target 'InfinityScrollKit' from project 'InfinityScrollKit')
SwiftCompile normal arm64_32 /Users/admin/builder/spi-builder-workspace/Sources/InfinityScrollKit/Options.swift (in target 'InfinityScrollKit' from project 'InfinityScrollKit')
cd /Users/admin/builder/spi-builder-workspace/.swiftpm/xcode
builtin-SwiftPerFileCompile Options.swift
SwiftCompile normal arm64_32 Compiling\ LazyDStack.swift /Users/admin/builder/spi-builder-workspace/Sources/InfinityScrollKit/LazyDStack.swift (in target 'InfinityScrollKit' from project 'InfinityScrollKit')
SwiftCompile normal arm64_32 /Users/admin/builder/spi-builder-workspace/Sources/InfinityScrollKit/LazyDStack.swift (in target 'InfinityScrollKit' from project 'InfinityScrollKit')
cd /Users/admin/builder/spi-builder-workspace/.swiftpm/xcode
builtin-SwiftPerFileCompile LazyDStack.swift
SwiftCompile normal arm64_32 Compiling\ UIInfiniteScrollView.swift /Users/admin/builder/spi-builder-workspace/Sources/InfinityScrollKit/UIInfiniteScrollView.swift (in target 'InfinityScrollKit' from project 'InfinityScrollKit')
/Users/admin/builder/spi-builder-workspace/Sources/InfinityScrollKit/UIInfiniteScrollView.swift:20:53: error: 'UIView' is unavailable in watchOS
18 | /// - item: The item to render.
19 | /// - at: The index path index for the item.
20 | func cellFor(_ item: Item, at: IndexPath.Index) -> UIView
| `- error: 'UIView' is unavailable in watchOS
21 |
22 | /// Provides a view shown at the end of the list (e.g., a loading spinner).
/Applications/Xcode-27.0.0-Release.Candidate.app/Contents/Developer/Platforms/WatchOS.platform/Developer/SDKs/WatchOS27.0.sdk/System/Library/Frameworks/UIKit.framework/Headers/UIView.h:152:12: note: 'UIView' has been explicitly marked unavailable here
150 |
151 | UIKIT_EXTERN API_AVAILABLE(ios(2.0)) API_UNAVAILABLE(watchos) NS_SWIFT_UI_ACTOR
152 | @interface UIView : UIResponder <NSCoding, UIAppearance, UIAppearanceContainer, UIDynamicItem, UITraitEnvironment, UICoordinateSpace, UIFocusItem, UIFocusItemContainer, CALayerDelegate>
| `- note: 'UIView' has been explicitly marked unavailable here
153 |
154 | @property(class, nonatomic, readonly) Class layerClass; // default is [CALayer class]. Used when creating the underlying layer for the view.
/Users/admin/builder/spi-builder-workspace/Sources/InfinityScrollKit/UIInfiniteScrollView.swift:26:25: error: 'UIView' is unavailable in watchOS
24 | ///
25 | /// When nil is returned, or this is not implemented, a _**ProgressView**_ is displayed.
26 | func lastCellView() -> UIView?
| `- error: 'UIView' is unavailable in watchOS
27 |
28 | /// Provides a view when the array is empty (e.g., "No items yet..." label).
/Applications/Xcode-27.0.0-Release.Candidate.app/Contents/Developer/Platforms/WatchOS.platform/Developer/SDKs/WatchOS27.0.sdk/System/Library/Frameworks/UIKit.framework/Headers/UIView.h:152:12: note: 'UIView' has been explicitly marked unavailable here
150 |
151 | UIKIT_EXTERN API_AVAILABLE(ios(2.0)) API_UNAVAILABLE(watchos) NS_SWIFT_UI_ACTOR
152 | @interface UIView : UIResponder <NSCoding, UIAppearance, UIAppearanceContainer, UIDynamicItem, UITraitEnvironment, UICoordinateSpace, UIFocusItem, UIFocusItemContainer, CALayerDelegate>
| `- note: 'UIView' has been explicitly marked unavailable here
153 |
154 | @property(class, nonatomic, readonly) Class layerClass; // default is [CALayer class]. Used when creating the underlying layer for the view.
/Users/admin/builder/spi-builder-workspace/Sources/InfinityScrollKit/UIInfiniteScrollView.swift:32:27: error: 'UIView' is unavailable in watchOS
30 | ///
31 | /// When nil is returned, or this is not implemented, a Label with the text _**"No items yet..."**_ is displayed.
32 | func emptyArrayView() -> UIView?
| `- error: 'UIView' is unavailable in watchOS
33 |
34 | /// Notifies when loading state changes (useful for updating UI state externally).
/Applications/Xcode-27.0.0-Release.Candidate.app/Contents/Developer/Platforms/WatchOS.platform/Developer/SDKs/WatchOS27.0.sdk/System/Library/Frameworks/UIKit.framework/Headers/UIView.h:152:12: note: 'UIView' has been explicitly marked unavailable here
150 |
151 | UIKIT_EXTERN API_AVAILABLE(ios(2.0)) API_UNAVAILABLE(watchos) NS_SWIFT_UI_ACTOR
152 | @interface UIView : UIResponder <NSCoding, UIAppearance, UIAppearanceContainer, UIDynamicItem, UITraitEnvironment, UICoordinateSpace, UIFocusItem, UIFocusItemContainer, CALayerDelegate>
| `- note: 'UIView' has been explicitly marked unavailable here
153 |
154 | @property(class, nonatomic, readonly) Class layerClass; // default is [CALayer class]. Used when creating the underlying layer for the view.
/Users/admin/builder/spi-builder-workspace/Sources/InfinityScrollKit/UIInfiniteScrollView.swift:39:25: error: 'UIView' is unavailable in watchOS
37 | }
38 | public extension UIInfiniteScrollViewDelegate where Item: Identifiable & Equatable & Sendable {
39 | func lastCellView() -> UIView? { nil }
| `- error: 'UIView' is unavailable in watchOS
40 | func emptyArrayView() -> UIView? { nil }
41 | func onLoadingChanged(_ isLoading: Bool) { }
/Applications/Xcode-27.0.0-Release.Candidate.app/Contents/Developer/Platforms/WatchOS.platform/Developer/SDKs/WatchOS27.0.sdk/System/Library/Frameworks/UIKit.framework/Headers/UIView.h:152:12: note: 'UIView' has been explicitly marked unavailable here
150 |
151 | UIKIT_EXTERN API_AVAILABLE(ios(2.0)) API_UNAVAILABLE(watchos) NS_SWIFT_UI_ACTOR
152 | @interface UIView : UIResponder <NSCoding, UIAppearance, UIAppearanceContainer, UIDynamicItem, UITraitEnvironment, UICoordinateSpace, UIFocusItem, UIFocusItemContainer, CALayerDelegate>
| `- note: 'UIView' has been explicitly marked unavailable here
153 |
154 | @property(class, nonatomic, readonly) Class layerClass; // default is [CALayer class]. Used when creating the underlying layer for the view.
/Users/admin/builder/spi-builder-workspace/Sources/InfinityScrollKit/UIInfiniteScrollView.swift:40:27: error: 'UIView' is unavailable in watchOS
38 | public extension UIInfiniteScrollViewDelegate where Item: Identifiable & Equatable & Sendable {
39 | func lastCellView() -> UIView? { nil }
40 | func emptyArrayView() -> UIView? { nil }
| `- error: 'UIView' is unavailable in watchOS
41 | func onLoadingChanged(_ isLoading: Bool) { }
42 | }
/Applications/Xcode-27.0.0-Release.Candidate.app/Contents/Developer/Platforms/WatchOS.platform/Developer/SDKs/WatchOS27.0.sdk/System/Library/Frameworks/UIKit.framework/Headers/UIView.h:152:12: note: 'UIView' has been explicitly marked unavailable here
150 |
151 | UIKIT_EXTERN API_AVAILABLE(ios(2.0)) API_UNAVAILABLE(watchos) NS_SWIFT_UI_ACTOR
152 | @interface UIView : UIResponder <NSCoding, UIAppearance, UIAppearanceContainer, UIDynamicItem, UITraitEnvironment, UICoordinateSpace, UIFocusItem, UIFocusItemContainer, CALayerDelegate>
| `- note: 'UIView' has been explicitly marked unavailable here
153 |
154 | @property(class, nonatomic, readonly) Class layerClass; // default is [CALayer class]. Used when creating the underlying layer for the view.
/Users/admin/builder/spi-builder-workspace/Sources/InfinityScrollKit/UIInfiniteScrollView.swift:112:38: error: cannot find type 'UIHostingController' in scope
110 | }
111 |
112 | private lazy var hostingController: UIHostingController<InfiniteScrollView<
| `- error: cannot find type 'UIHostingController' in scope
113 | Item,
114 | UIWrapperView,
/Users/admin/builder/spi-builder-workspace/Sources/InfinityScrollKit/UIInfiniteScrollView.swift:60:40: error: generic struct 'InfiniteScrollView' requires that 'UIWrapperView' conform to 'View'
58 | public var options: Options<Item> {
59 | didSet {
60 | hostingController = .init(rootView: InfiniteScrollView(
| `- error: generic struct 'InfiniteScrollView' requires that 'UIWrapperView' conform to 'View'
61 | arr: arr,
62 | options: options,
/Users/admin/builder/spi-builder-workspace/Sources/InfinityScrollKit/InfinityScrollKit.swift:15:15: note: where 'Cell' = 'UIWrapperView'
13 |
14 | /// A view that displays a paginated array in an infinity scroll.
15 | public struct InfiniteScrollView<
| `- note: where 'Cell' = 'UIWrapperView'
16 | T: Identifiable & Equatable & Sendable,
17 | Cell: View,
/Users/admin/builder/spi-builder-workspace/Sources/InfinityScrollKit/UIInfiniteScrollView.swift:60:40: error: generic struct 'InfiniteScrollView' requires that 'UIWrapperView' conform to 'View'
58 | public var options: Options<Item> {
59 | didSet {
60 | hostingController = .init(rootView: InfiniteScrollView(
| `- error: generic struct 'InfiniteScrollView' requires that 'UIWrapperView' conform to 'View'
61 | arr: arr,
62 | options: options,
/Users/admin/builder/spi-builder-workspace/Sources/InfinityScrollKit/InfinityScrollKit.swift:15:15: note: where 'LastCell' = 'UIWrapperView'
13 |
14 | /// A view that displays a paginated array in an infinity scroll.
15 | public struct InfiniteScrollView<
| `- note: where 'LastCell' = 'UIWrapperView'
16 | T: Identifiable & Equatable & Sendable,
17 | Cell: View,
/Users/admin/builder/spi-builder-workspace/Sources/InfinityScrollKit/UIInfiniteScrollView.swift:60:40: error: generic struct 'InfiniteScrollView' requires that 'UIWrapperView' conform to 'View'
58 | public var options: Options<Item> {
59 | didSet {
60 | hostingController = .init(rootView: InfiniteScrollView(
| `- error: generic struct 'InfiniteScrollView' requires that 'UIWrapperView' conform to 'View'
61 | arr: arr,
62 | options: options,
/Users/admin/builder/spi-builder-workspace/Sources/InfinityScrollKit/InfinityScrollKit.swift:15:15: note: where 'EmptyArrView' = 'UIWrapperView'
13 |
14 | /// A view that displays a paginated array in an infinity scroll.
15 | public struct InfiniteScrollView<
| `- note: where 'EmptyArrView' = 'UIWrapperView'
16 | T: Identifiable & Equatable & Sendable,
17 | Cell: View,
/Users/admin/builder/spi-builder-workspace/Sources/InfinityScrollKit/UIInfiniteScrollView.swift:60:25: error: cannot infer contextual base in reference to member 'init'
58 | public var options: Options<Item> {
59 | didSet {
60 | hostingController = .init(rootView: InfiniteScrollView(
| `- error: cannot infer contextual base in reference to member 'init'
61 | arr: arr,
62 | options: options,
/Users/admin/builder/spi-builder-workspace/Sources/InfinityScrollKit/UIInfiniteScrollView.swift:118:28: error: generic struct 'InfiniteScrollView' requires that 'UIWrapperView' conform to 'View'
116 | UIWrapperView
117 | >> = {
118 | let infiniteScrollView = InfiniteScrollView(
| `- error: generic struct 'InfiniteScrollView' requires that 'UIWrapperView' conform to 'View'
119 | arr: arr,
120 | options: options,
/Users/admin/builder/spi-builder-workspace/Sources/InfinityScrollKit/InfinityScrollKit.swift:15:15: note: where 'Cell' = 'UIWrapperView'
13 |
14 | /// A view that displays a paginated array in an infinity scroll.
15 | public struct InfiniteScrollView<
| `- note: where 'Cell' = 'UIWrapperView'
16 | T: Identifiable & Equatable & Sendable,
17 | Cell: View,
/Users/admin/builder/spi-builder-workspace/Sources/InfinityScrollKit/UIInfiniteScrollView.swift:118:28: error: generic struct 'InfiniteScrollView' requires that 'UIWrapperView' conform to 'View'
116 | UIWrapperView
117 | >> = {
118 | let infiniteScrollView = InfiniteScrollView(
| `- error: generic struct 'InfiniteScrollView' requires that 'UIWrapperView' conform to 'View'
119 | arr: arr,
120 | options: options,
/Users/admin/builder/spi-builder-workspace/Sources/InfinityScrollKit/InfinityScrollKit.swift:15:15: note: where 'LastCell' = 'UIWrapperView'
13 |
14 | /// A view that displays a paginated array in an infinity scroll.
15 | public struct InfiniteScrollView<
| `- note: where 'LastCell' = 'UIWrapperView'
16 | T: Identifiable & Equatable & Sendable,
17 | Cell: View,
/Users/admin/builder/spi-builder-workspace/Sources/InfinityScrollKit/UIInfiniteScrollView.swift:118:28: error: generic struct 'InfiniteScrollView' requires that 'UIWrapperView' conform to 'View'
116 | UIWrapperView
117 | >> = {
118 | let infiniteScrollView = InfiniteScrollView(
| `- error: generic struct 'InfiniteScrollView' requires that 'UIWrapperView' conform to 'View'
119 | arr: arr,
120 | options: options,
/Users/admin/builder/spi-builder-workspace/Sources/InfinityScrollKit/InfinityScrollKit.swift:15:15: note: where 'EmptyArrView' = 'UIWrapperView'
13 |
14 | /// A view that displays a paginated array in an infinity scroll.
15 | public struct InfiniteScrollView<
| `- note: where 'EmptyArrView' = 'UIWrapperView'
16 | T: Identifiable & Equatable & Sendable,
17 | Cell: View,
/Users/admin/builder/spi-builder-workspace/Sources/InfinityScrollKit/UIInfiniteScrollView.swift:49:4: error: 'UIView' is unavailable in watchOS
47 | Item: Identifiable & Equatable & Sendable,
48 | Delegate: UIInfiniteScrollViewDelegate
49 | >: UIView where Delegate.Item == Item {
| `- error: 'UIView' is unavailable in watchOS
50 |
51 | /// Delegate responsible for providing views and handling state.
/Applications/Xcode-27.0.0-Release.Candidate.app/Contents/Developer/Platforms/WatchOS.platform/Developer/SDKs/WatchOS27.0.sdk/System/Library/Frameworks/UIKit.framework/Headers/UIView.h:152:12: note: 'UIView' has been explicitly marked unavailable here
150 |
151 | UIKIT_EXTERN API_AVAILABLE(ios(2.0)) API_UNAVAILABLE(watchos) NS_SWIFT_UI_ACTOR
152 | @interface UIView : UIResponder <NSCoding, UIAppearance, UIAppearanceContainer, UIDynamicItem, UITraitEnvironment, UICoordinateSpace, UIFocusItem, UIFocusItemContainer, CALayerDelegate>
| `- note: 'UIView' has been explicitly marked unavailable here
153 |
154 | @property(class, nonatomic, readonly) Class layerClass; // default is [CALayer class]. Used when creating the underlying layer for the view.
/Users/admin/builder/spi-builder-workspace/Sources/InfinityScrollKit/UIInfiniteScrollView.swift:180:12: error: 'UIView' is unavailable in watchOS
178 | /// A wrapper that makes a `UIView` usable inside SwiftUI.
179 | internal struct UIWrapperView: UIViewRepresentable {
180 | let view: UIView
| `- error: 'UIView' is unavailable in watchOS
181 |
182 | func makeUIView(context: Context) -> UIView { view }
/Applications/Xcode-27.0.0-Release.Candidate.app/Contents/Developer/Platforms/WatchOS.platform/Developer/SDKs/WatchOS27.0.sdk/System/Library/Frameworks/UIKit.framework/Headers/UIView.h:152:12: note: 'UIView' has been explicitly marked unavailable here
150 |
151 | UIKIT_EXTERN API_AVAILABLE(ios(2.0)) API_UNAVAILABLE(watchos) NS_SWIFT_UI_ACTOR
152 | @interface UIView : UIResponder <NSCoding, UIAppearance, UIAppearanceContainer, UIDynamicItem, UITraitEnvironment, UICoordinateSpace, UIFocusItem, UIFocusItemContainer, CALayerDelegate>
| `- note: 'UIView' has been explicitly marked unavailable here
153 |
154 | @property(class, nonatomic, readonly) Class layerClass; // default is [CALayer class]. Used when creating the underlying layer for the view.
/Users/admin/builder/spi-builder-workspace/Sources/InfinityScrollKit/UIInfiniteScrollView.swift:182:27: error: cannot find type 'Context' in scope
180 | let view: UIView
181 |
182 | func makeUIView(context: Context) -> UIView { view }
| `- error: cannot find type 'Context' in scope
183 |
184 | func updateUIView(_ uiView: UIView, context: Context) {}
/Users/admin/builder/spi-builder-workspace/Sources/InfinityScrollKit/UIInfiniteScrollView.swift:182:39: error: 'UIView' is unavailable in watchOS
180 | let view: UIView
181 |
182 | func makeUIView(context: Context) -> UIView { view }
| `- error: 'UIView' is unavailable in watchOS
183 |
184 | func updateUIView(_ uiView: UIView, context: Context) {}
/Applications/Xcode-27.0.0-Release.Candidate.app/Contents/Developer/Platforms/WatchOS.platform/Developer/SDKs/WatchOS27.0.sdk/System/Library/Frameworks/UIKit.framework/Headers/UIView.h:152:12: note: 'UIView' has been explicitly marked unavailable here
150 |
151 | UIKIT_EXTERN API_AVAILABLE(ios(2.0)) API_UNAVAILABLE(watchos) NS_SWIFT_UI_ACTOR
152 | @interface UIView : UIResponder <NSCoding, UIAppearance, UIAppearanceContainer, UIDynamicItem, UITraitEnvironment, UICoordinateSpace, UIFocusItem, UIFocusItemContainer, CALayerDelegate>
| `- note: 'UIView' has been explicitly marked unavailable here
153 |
154 | @property(class, nonatomic, readonly) Class layerClass; // default is [CALayer class]. Used when creating the underlying layer for the view.
/Users/admin/builder/spi-builder-workspace/Sources/InfinityScrollKit/UIInfiniteScrollView.swift:184:47: error: cannot find type 'Context' in scope
182 | func makeUIView(context: Context) -> UIView { view }
183 |
184 | func updateUIView(_ uiView: UIView, context: Context) {}
| `- error: cannot find type 'Context' in scope
185 | }
186 |
/Users/admin/builder/spi-builder-workspace/Sources/InfinityScrollKit/UIInfiniteScrollView.swift:184:30: error: 'UIView' is unavailable in watchOS
182 | func makeUIView(context: Context) -> UIView { view }
183 |
184 | func updateUIView(_ uiView: UIView, context: Context) {}
| `- error: 'UIView' is unavailable in watchOS
185 | }
186 |
/Applications/Xcode-27.0.0-Release.Candidate.app/Contents/Developer/Platforms/WatchOS.platform/Developer/SDKs/WatchOS27.0.sdk/System/Library/Frameworks/UIKit.framework/Headers/UIView.h:152:12: note: 'UIView' has been explicitly marked unavailable here
150 |
151 | UIKIT_EXTERN API_AVAILABLE(ios(2.0)) API_UNAVAILABLE(watchos) NS_SWIFT_UI_ACTOR
152 | @interface UIView : UIResponder <NSCoding, UIAppearance, UIAppearanceContainer, UIDynamicItem, UITraitEnvironment, UICoordinateSpace, UIFocusItem, UIFocusItemContainer, CALayerDelegate>
| `- note: 'UIView' has been explicitly marked unavailable here
153 |
154 | @property(class, nonatomic, readonly) Class layerClass; // default is [CALayer class]. Used when creating the underlying layer for the view.
/Users/admin/builder/spi-builder-workspace/Sources/InfinityScrollKit/UIInfiniteScrollView.swift:179:32: error: cannot find type 'UIViewRepresentable' in scope
177 |
178 | /// A wrapper that makes a `UIView` usable inside SwiftUI.
179 | internal struct UIWrapperView: UIViewRepresentable {
| `- error: cannot find type 'UIViewRepresentable' in scope
180 | let view: UIView
181 |
/Users/admin/builder/spi-builder-workspace/Sources/InfinityScrollKit/UIInfiniteScrollView.swift:188:29: error: 'UIView' is unavailable in watchOS
186 |
187 | /// A default empty `UIView` used as fallback for optional views.
188 | internal class UIEmptyView: UIView {}
| `- error: 'UIView' is unavailable in watchOS
189 | #endif
190 |
/Applications/Xcode-27.0.0-Release.Candidate.app/Contents/Developer/Platforms/WatchOS.platform/Developer/SDKs/WatchOS27.0.sdk/System/Library/Frameworks/UIKit.framework/Headers/UIView.h:152:12: note: 'UIView' has been explicitly marked unavailable here
150 |
151 | UIKIT_EXTERN API_AVAILABLE(ios(2.0)) API_UNAVAILABLE(watchos) NS_SWIFT_UI_ACTOR
152 | @interface UIView : UIResponder <NSCoding, UIAppearance, UIAppearanceContainer, UIDynamicItem, UITraitEnvironment, UICoordinateSpace, UIFocusItem, UIFocusItemContainer, CALayerDelegate>
| `- note: 'UIView' has been explicitly marked unavailable here
153 |
154 | @property(class, nonatomic, readonly) Class layerClass; // default is [CALayer class]. Used when creating the underlying layer for the view.
/Users/admin/builder/spi-builder-workspace/Sources/InfinityScrollKit/UIInfiniteScrollView.swift:165:51: error: 'init()' is unavailable in watchOS
163 |
164 | @ViewBuilder private func LastCellView() -> UIWrapperView {
165 | UIWrapperView(view: delegate?.lastCellView() ?? UIEmptyView())
| `- error: 'init()' is unavailable in watchOS
166 | }
167 |
/Applications/Xcode-27.0.0-Release.Candidate.app/Contents/Developer/Platforms/WatchOS.platform/Developer/SDKs/WatchOS27.0.sdk/System/Library/Frameworks/UIKit.framework/Headers/UIView.h:158:1: note: 'init()' has been explicitly marked unavailable here
156 | - (instancetype)initWithFrame:(CGRect)frame NS_DESIGNATED_INITIALIZER;
157 | - (nullable instancetype)initWithCoder:(NSCoder *)coder NS_DESIGNATED_INITIALIZER;
158 | - (instancetype)init API_AVAILABLE(ios(2.0), tvos(9.0), visionos(1.0)) API_UNAVAILABLE(watchos);
| `- note: 'init()' has been explicitly marked unavailable here
159 |
160 | @property(nonatomic,getter=isUserInteractionEnabled) BOOL userInteractionEnabled; // default is YES. if set to NO, user events (touch, keys) are ignored and removed from the event queue.
SwiftCompile normal arm64_32 /Users/admin/builder/spi-builder-workspace/Sources/InfinityScrollKit/UIInfiniteScrollView.swift (in target 'InfinityScrollKit' from project 'InfinityScrollKit')
cd /Users/admin/builder/spi-builder-workspace/.swiftpm/xcode
builtin-SwiftPerFileCompile UIInfiniteScrollView.swift
SwiftEmitModule normal arm64 Emitting\ module\ for\ InfinityScrollKit (in target 'InfinityScrollKit' from project 'InfinityScrollKit')
/Users/admin/builder/spi-builder-workspace/Sources/InfinityScrollKit/UIInfiniteScrollView.swift:20:53: error: 'UIView' is unavailable in watchOS
18 | /// - item: The item to render.
19 | /// - at: The index path index for the item.
20 | func cellFor(_ item: Item, at: IndexPath.Index) -> UIView
| `- error: 'UIView' is unavailable in watchOS
21 |
22 | /// Provides a view shown at the end of the list (e.g., a loading spinner).
/Applications/Xcode-27.0.0-Release.Candidate.app/Contents/Developer/Platforms/WatchOS.platform/Developer/SDKs/WatchOS27.0.sdk/System/Library/Frameworks/UIKit.framework/Headers/UIView.h:152:12: note: 'UIView' has been explicitly marked unavailable here
150 |
151 | UIKIT_EXTERN API_AVAILABLE(ios(2.0)) API_UNAVAILABLE(watchos) NS_SWIFT_UI_ACTOR
152 | @interface UIView : UIResponder <NSCoding, UIAppearance, UIAppearanceContainer, UIDynamicItem, UITraitEnvironment, UICoordinateSpace, UIFocusItem, UIFocusItemContainer, CALayerDelegate>
| `- note: 'UIView' has been explicitly marked unavailable here
153 |
154 | @property(class, nonatomic, readonly) Class layerClass; // default is [CALayer class]. Used when creating the underlying layer for the view.
/Users/admin/builder/spi-builder-workspace/Sources/InfinityScrollKit/UIInfiniteScrollView.swift:26:25: error: 'UIView' is unavailable in watchOS
24 | ///
25 | /// When nil is returned, or this is not implemented, a _**ProgressView**_ is displayed.
26 | func lastCellView() -> UIView?
| `- error: 'UIView' is unavailable in watchOS
27 |
28 | /// Provides a view when the array is empty (e.g., "No items yet..." label).
/Applications/Xcode-27.0.0-Release.Candidate.app/Contents/Developer/Platforms/WatchOS.platform/Developer/SDKs/WatchOS27.0.sdk/System/Library/Frameworks/UIKit.framework/Headers/UIView.h:152:12: note: 'UIView' has been explicitly marked unavailable here
150 |
151 | UIKIT_EXTERN API_AVAILABLE(ios(2.0)) API_UNAVAILABLE(watchos) NS_SWIFT_UI_ACTOR
152 | @interface UIView : UIResponder <NSCoding, UIAppearance, UIAppearanceContainer, UIDynamicItem, UITraitEnvironment, UICoordinateSpace, UIFocusItem, UIFocusItemContainer, CALayerDelegate>
| `- note: 'UIView' has been explicitly marked unavailable here
153 |
154 | @property(class, nonatomic, readonly) Class layerClass; // default is [CALayer class]. Used when creating the underlying layer for the view.
/Users/admin/builder/spi-builder-workspace/Sources/InfinityScrollKit/UIInfiniteScrollView.swift:32:27: error: 'UIView' is unavailable in watchOS
30 | ///
31 | /// When nil is returned, or this is not implemented, a Label with the text _**"No items yet..."**_ is displayed.
32 | func emptyArrayView() -> UIView?
| `- error: 'UIView' is unavailable in watchOS
33 |
34 | /// Notifies when loading state changes (useful for updating UI state externally).
/Applications/Xcode-27.0.0-Release.Candidate.app/Contents/Developer/Platforms/WatchOS.platform/Developer/SDKs/WatchOS27.0.sdk/System/Library/Frameworks/UIKit.framework/Headers/UIView.h:152:12: note: 'UIView' has been explicitly marked unavailable here
150 |
151 | UIKIT_EXTERN API_AVAILABLE(ios(2.0)) API_UNAVAILABLE(watchos) NS_SWIFT_UI_ACTOR
152 | @interface UIView : UIResponder <NSCoding, UIAppearance, UIAppearanceContainer, UIDynamicItem, UITraitEnvironment, UICoordinateSpace, UIFocusItem, UIFocusItemContainer, CALayerDelegate>
| `- note: 'UIView' has been explicitly marked unavailable here
153 |
154 | @property(class, nonatomic, readonly) Class layerClass; // default is [CALayer class]. Used when creating the underlying layer for the view.
/Users/admin/builder/spi-builder-workspace/Sources/InfinityScrollKit/UIInfiniteScrollView.swift:39:25: error: 'UIView' is unavailable in watchOS
37 | }
38 | public extension UIInfiniteScrollViewDelegate where Item: Identifiable & Equatable & Sendable {
39 | func lastCellView() -> UIView? { nil }
| `- error: 'UIView' is unavailable in watchOS
40 | func emptyArrayView() -> UIView? { nil }
41 | func onLoadingChanged(_ isLoading: Bool) { }
/Applications/Xcode-27.0.0-Release.Candidate.app/Contents/Developer/Platforms/WatchOS.platform/Developer/SDKs/WatchOS27.0.sdk/System/Library/Frameworks/UIKit.framework/Headers/UIView.h:152:12: note: 'UIView' has been explicitly marked unavailable here
150 |
151 | UIKIT_EXTERN API_AVAILABLE(ios(2.0)) API_UNAVAILABLE(watchos) NS_SWIFT_UI_ACTOR
152 | @interface UIView : UIResponder <NSCoding, UIAppearance, UIAppearanceContainer, UIDynamicItem, UITraitEnvironment, UICoordinateSpace, UIFocusItem, UIFocusItemContainer, CALayerDelegate>
| `- note: 'UIView' has been explicitly marked unavailable here
153 |
154 | @property(class, nonatomic, readonly) Class layerClass; // default is [CALayer class]. Used when creating the underlying layer for the view.
/Users/admin/builder/spi-builder-workspace/Sources/InfinityScrollKit/UIInfiniteScrollView.swift:40:27: error: 'UIView' is unavailable in watchOS
38 | public extension UIInfiniteScrollViewDelegate where Item: Identifiable & Equatable & Sendable {
39 | func lastCellView() -> UIView? { nil }
40 | func emptyArrayView() -> UIView? { nil }
| `- error: 'UIView' is unavailable in watchOS
41 | func onLoadingChanged(_ isLoading: Bool) { }
42 | }
/Applications/Xcode-27.0.0-Release.Candidate.app/Contents/Developer/Platforms/WatchOS.platform/Developer/SDKs/WatchOS27.0.sdk/System/Library/Frameworks/UIKit.framework/Headers/UIView.h:152:12: note: 'UIView' has been explicitly marked unavailable here
150 |
151 | UIKIT_EXTERN API_AVAILABLE(ios(2.0)) API_UNAVAILABLE(watchos) NS_SWIFT_UI_ACTOR
152 | @interface UIView : UIResponder <NSCoding, UIAppearance, UIAppearanceContainer, UIDynamicItem, UITraitEnvironment, UICoordinateSpace, UIFocusItem, UIFocusItemContainer, CALayerDelegate>
| `- note: 'UIView' has been explicitly marked unavailable here
153 |
154 | @property(class, nonatomic, readonly) Class layerClass; // default is [CALayer class]. Used when creating the underlying layer for the view.
/Users/admin/builder/spi-builder-workspace/Sources/InfinityScrollKit/UIInfiniteScrollView.swift:112:38: error: cannot find type 'UIHostingController' in scope
110 | }
111 |
112 | private lazy var hostingController: UIHostingController<InfiniteScrollView<
| `- error: cannot find type 'UIHostingController' in scope
113 | Item,
114 | UIWrapperView,
/Users/admin/builder/spi-builder-workspace/Sources/InfinityScrollKit/UIInfiniteScrollView.swift:60:40: error: generic struct 'InfiniteScrollView' requires that 'UIWrapperView' conform to 'View'
58 | public var options: Options<Item> {
59 | didSet {
60 | hostingController = .init(rootView: InfiniteScrollView(
| `- error: generic struct 'InfiniteScrollView' requires that 'UIWrapperView' conform to 'View'
61 | arr: arr,
62 | options: options,
/Users/admin/builder/spi-builder-workspace/Sources/InfinityScrollKit/InfinityScrollKit.swift:15:15: note: where 'Cell' = 'UIWrapperView'
13 |
14 | /// A view that displays a paginated array in an infinity scroll.
15 | public struct InfiniteScrollView<
| `- note: where 'Cell' = 'UIWrapperView'
16 | T: Identifiable & Equatable & Sendable,
17 | Cell: View,
/Users/admin/builder/spi-builder-workspace/Sources/InfinityScrollKit/UIInfiniteScrollView.swift:60:40: error: generic struct 'InfiniteScrollView' requires that 'UIWrapperView' conform to 'View'
58 | public var options: Options<Item> {
59 | didSet {
60 | hostingController = .init(rootView: InfiniteScrollView(
| `- error: generic struct 'InfiniteScrollView' requires that 'UIWrapperView' conform to 'View'
61 | arr: arr,
62 | options: options,
/Users/admin/builder/spi-builder-workspace/Sources/InfinityScrollKit/InfinityScrollKit.swift:15:15: note: where 'LastCell' = 'UIWrapperView'
13 |
14 | /// A view that displays a paginated array in an infinity scroll.
15 | public struct InfiniteScrollView<
| `- note: where 'LastCell' = 'UIWrapperView'
16 | T: Identifiable & Equatable & Sendable,
17 | Cell: View,
/Users/admin/builder/spi-builder-workspace/Sources/InfinityScrollKit/UIInfiniteScrollView.swift:60:40: error: generic struct 'InfiniteScrollView' requires that 'UIWrapperView' conform to 'View'
58 | public var options: Options<Item> {
59 | didSet {
60 | hostingController = .init(rootView: InfiniteScrollView(
| `- error: generic struct 'InfiniteScrollView' requires that 'UIWrapperView' conform to 'View'
61 | arr: arr,
62 | options: options,
/Users/admin/builder/spi-builder-workspace/Sources/InfinityScrollKit/InfinityScrollKit.swift:15:15: note: where 'EmptyArrView' = 'UIWrapperView'
13 |
14 | /// A view that displays a paginated array in an infinity scroll.
15 | public struct InfiniteScrollView<
| `- note: where 'EmptyArrView' = 'UIWrapperView'
16 | T: Identifiable & Equatable & Sendable,
17 | Cell: View,
/Users/admin/builder/spi-builder-workspace/Sources/InfinityScrollKit/UIInfiniteScrollView.swift:60:25: error: cannot infer contextual base in reference to member 'init'
58 | public var options: Options<Item> {
59 | didSet {
60 | hostingController = .init(rootView: InfiniteScrollView(
| `- error: cannot infer contextual base in reference to member 'init'
61 | arr: arr,
62 | options: options,
/Users/admin/builder/spi-builder-workspace/Sources/InfinityScrollKit/UIInfiniteScrollView.swift:118:28: error: generic struct 'InfiniteScrollView' requires that 'UIWrapperView' conform to 'View'
116 | UIWrapperView
117 | >> = {
118 | let infiniteScrollView = InfiniteScrollView(
| `- error: generic struct 'InfiniteScrollView' requires that 'UIWrapperView' conform to 'View'
119 | arr: arr,
120 | options: options,
/Users/admin/builder/spi-builder-workspace/Sources/InfinityScrollKit/InfinityScrollKit.swift:15:15: note: where 'Cell' = 'UIWrapperView'
13 |
14 | /// A view that displays a paginated array in an infinity scroll.
15 | public struct InfiniteScrollView<
| `- note: where 'Cell' = 'UIWrapperView'
16 | T: Identifiable & Equatable & Sendable,
17 | Cell: View,
/Users/admin/builder/spi-builder-workspace/Sources/InfinityScrollKit/UIInfiniteScrollView.swift:118:28: error: generic struct 'InfiniteScrollView' requires that 'UIWrapperView' conform to 'View'
116 | UIWrapperView
117 | >> = {
118 | let infiniteScrollView = InfiniteScrollView(
| `- error: generic struct 'InfiniteScrollView' requires that 'UIWrapperView' conform to 'View'
119 | arr: arr,
120 | options: options,
/Users/admin/builder/spi-builder-workspace/Sources/InfinityScrollKit/InfinityScrollKit.swift:15:15: note: where 'LastCell' = 'UIWrapperView'
13 |
14 | /// A view that displays a paginated array in an infinity scroll.
15 | public struct InfiniteScrollView<
| `- note: where 'LastCell' = 'UIWrapperView'
16 | T: Identifiable & Equatable & Sendable,
17 | Cell: View,
/Users/admin/builder/spi-builder-workspace/Sources/InfinityScrollKit/UIInfiniteScrollView.swift:118:28: error: generic struct 'InfiniteScrollView' requires that 'UIWrapperView' conform to 'View'
116 | UIWrapperView
117 | >> = {
118 | let infiniteScrollView = InfiniteScrollView(
| `- error: generic struct 'InfiniteScrollView' requires that 'UIWrapperView' conform to 'View'
119 | arr: arr,
120 | options: options,
/Users/admin/builder/spi-builder-workspace/Sources/InfinityScrollKit/InfinityScrollKit.swift:15:15: note: where 'EmptyArrView' = 'UIWrapperView'
13 |
14 | /// A view that displays a paginated array in an infinity scroll.
15 | public struct InfiniteScrollView<
| `- note: where 'EmptyArrView' = 'UIWrapperView'
16 | T: Identifiable & Equatable & Sendable,
17 | Cell: View,
/Users/admin/builder/spi-builder-workspace/Sources/InfinityScrollKit/UIInfiniteScrollView.swift:49:4: error: 'UIView' is unavailable in watchOS
47 | Item: Identifiable & Equatable & Sendable,
48 | Delegate: UIInfiniteScrollViewDelegate
49 | >: UIView where Delegate.Item == Item {
| `- error: 'UIView' is unavailable in watchOS
50 |
51 | /// Delegate responsible for providing views and handling state.
/Applications/Xcode-27.0.0-Release.Candidate.app/Contents/Developer/Platforms/WatchOS.platform/Developer/SDKs/WatchOS27.0.sdk/System/Library/Frameworks/UIKit.framework/Headers/UIView.h:152:12: note: 'UIView' has been explicitly marked unavailable here
150 |
151 | UIKIT_EXTERN API_AVAILABLE(ios(2.0)) API_UNAVAILABLE(watchos) NS_SWIFT_UI_ACTOR
152 | @interface UIView : UIResponder <NSCoding, UIAppearance, UIAppearanceContainer, UIDynamicItem, UITraitEnvironment, UICoordinateSpace, UIFocusItem, UIFocusItemContainer, CALayerDelegate>
| `- note: 'UIView' has been explicitly marked unavailable here
153 |
154 | @property(class, nonatomic, readonly) Class layerClass; // default is [CALayer class]. Used when creating the underlying layer for the view.
/Users/admin/builder/spi-builder-workspace/Sources/InfinityScrollKit/UIInfiniteScrollView.swift:180:12: error: 'UIView' is unavailable in watchOS
178 | /// A wrapper that makes a `UIView` usable inside SwiftUI.
179 | internal struct UIWrapperView: UIViewRepresentable {
180 | let view: UIView
| `- error: 'UIView' is unavailable in watchOS
181 |
182 | func makeUIView(context: Context) -> UIView { view }
/Applications/Xcode-27.0.0-Release.Candidate.app/Contents/Developer/Platforms/WatchOS.platform/Developer/SDKs/WatchOS27.0.sdk/System/Library/Frameworks/UIKit.framework/Headers/UIView.h:152:12: note: 'UIView' has been explicitly marked unavailable here
150 |
151 | UIKIT_EXTERN API_AVAILABLE(ios(2.0)) API_UNAVAILABLE(watchos) NS_SWIFT_UI_ACTOR
152 | @interface UIView : UIResponder <NSCoding, UIAppearance, UIAppearanceContainer, UIDynamicItem, UITraitEnvironment, UICoordinateSpace, UIFocusItem, UIFocusItemContainer, CALayerDelegate>
| `- note: 'UIView' has been explicitly marked unavailable here
153 |
154 | @property(class, nonatomic, readonly) Class layerClass; // default is [CALayer class]. Used when creating the underlying layer for the view.
/Users/admin/builder/spi-builder-workspace/Sources/InfinityScrollKit/UIInfiniteScrollView.swift:182:27: error: cannot find type 'Context' in scope
180 | let view: UIView
181 |
182 | func makeUIView(context: Context) -> UIView { view }
| `- error: cannot find type 'Context' in scope
183 |
184 | func updateUIView(_ uiView: UIView, context: Context) {}
/Users/admin/builder/spi-builder-workspace/Sources/InfinityScrollKit/UIInfiniteScrollView.swift:182:39: error: 'UIView' is unavailable in watchOS
180 | let view: UIView
181 |
182 | func makeUIView(context: Context) -> UIView { view }
| `- error: 'UIView' is unavailable in watchOS
183 |
184 | func updateUIView(_ uiView: UIView, context: Context) {}
/Applications/Xcode-27.0.0-Release.Candidate.app/Contents/Developer/Platforms/WatchOS.platform/Developer/SDKs/WatchOS27.0.sdk/System/Library/Frameworks/UIKit.framework/Headers/UIView.h:152:12: note: 'UIView' has been explicitly marked unavailable here
150 |
151 | UIKIT_EXTERN API_AVAILABLE(ios(2.0)) API_UNAVAILABLE(watchos) NS_SWIFT_UI_ACTOR
152 | @interface UIView : UIResponder <NSCoding, UIAppearance, UIAppearanceContainer, UIDynamicItem, UITraitEnvironment, UICoordinateSpace, UIFocusItem, UIFocusItemContainer, CALayerDelegate>
| `- note: 'UIView' has been explicitly marked unavailable here
153 |
154 | @property(class, nonatomic, readonly) Class layerClass; // default is [CALayer class]. Used when creating the underlying layer for the view.
/Users/admin/builder/spi-builder-workspace/Sources/InfinityScrollKit/UIInfiniteScrollView.swift:184:47: error: cannot find type 'Context' in scope
182 | func makeUIView(context: Context) -> UIView { view }
183 |
184 | func updateUIView(_ uiView: UIView, context: Context) {}
| `- error: cannot find type 'Context' in scope
185 | }
186 |
/Users/admin/builder/spi-builder-workspace/Sources/InfinityScrollKit/UIInfiniteScrollView.swift:184:30: error: 'UIView' is unavailable in watchOS
182 | func makeUIView(context: Context) -> UIView { view }
183 |
184 | func updateUIView(_ uiView: UIView, context: Context) {}
| `- error: 'UIView' is unavailable in watchOS
185 | }
186 |
/Applications/Xcode-27.0.0-Release.Candidate.app/Contents/Developer/Platforms/WatchOS.platform/Developer/SDKs/WatchOS27.0.sdk/System/Library/Frameworks/UIKit.framework/Headers/UIView.h:152:12: note: 'UIView' has been explicitly marked unavailable here
150 |
151 | UIKIT_EXTERN API_AVAILABLE(ios(2.0)) API_UNAVAILABLE(watchos) NS_SWIFT_UI_ACTOR
152 | @interface UIView : UIResponder <NSCoding, UIAppearance, UIAppearanceContainer, UIDynamicItem, UITraitEnvironment, UICoordinateSpace, UIFocusItem, UIFocusItemContainer, CALayerDelegate>
| `- note: 'UIView' has been explicitly marked unavailable here
153 |
154 | @property(class, nonatomic, readonly) Class layerClass; // default is [CALayer class]. Used when creating the underlying layer for the view.
/Users/admin/builder/spi-builder-workspace/Sources/InfinityScrollKit/UIInfiniteScrollView.swift:179:32: error: cannot find type 'UIViewRepresentable' in scope
177 |
178 | /// A wrapper that makes a `UIView` usable inside SwiftUI.
179 | internal struct UIWrapperView: UIViewRepresentable {
| `- error: cannot find type 'UIViewRepresentable' in scope
180 | let view: UIView
181 |
/Users/admin/builder/spi-builder-workspace/Sources/InfinityScrollKit/UIInfiniteScrollView.swift:188:29: error: 'UIView' is unavailable in watchOS
186 |
187 | /// A default empty `UIView` used as fallback for optional views.
188 | internal class UIEmptyView: UIView {}
| `- error: 'UIView' is unavailable in watchOS
189 | #endif
190 |
/Applications/Xcode-27.0.0-Release.Candidate.app/Contents/Developer/Platforms/WatchOS.platform/Developer/SDKs/WatchOS27.0.sdk/System/Library/Frameworks/UIKit.framework/Headers/UIView.h:152:12: note: 'UIView' has been explicitly marked unavailable here
150 |
151 | UIKIT_EXTERN API_AVAILABLE(ios(2.0)) API_UNAVAILABLE(watchos) NS_SWIFT_UI_ACTOR
152 | @interface UIView : UIResponder <NSCoding, UIAppearance, UIAppearanceContainer, UIDynamicItem, UITraitEnvironment, UICoordinateSpace, UIFocusItem, UIFocusItemContainer, CALayerDelegate>
| `- note: 'UIView' has been explicitly marked unavailable here
153 |
154 | @property(class, nonatomic, readonly) Class layerClass; // default is [CALayer class]. Used when creating the underlying layer for the view.
SwiftCompile normal arm64 (in target 'InfinityScrollKit' from project 'InfinityScrollKit')
cd /Users/admin/builder/spi-builder-workspace/.swiftpm/xcode
PruneExplicitPrecompiledModules /Users/admin/builder/spi-builder-workspace/.derivedData/SDKExplicitPrecompiledModules
PruneExplicitPrecompiledModules /Users/admin/builder/spi-builder-workspace/.derivedData/Build/Intermediates.noindex/ExplicitPrecompiledModules
PruneExplicitPrecompiledModules /Users/admin/builder/spi-builder-workspace/.derivedData/Build/Intermediates.noindex/SwiftExplicitPrecompiledModules
2026-09-22 03:06:38.864 xcodebuild[1242:7396] [MT] IDERunDestination: Supported platforms for the buildables in the current scheme is empty.
** BUILD FAILED **
The following build commands failed:
SwiftCompile normal arm64_32 (in target 'InfinityScrollKit' from project 'InfinityScrollKit')
SwiftEmitModule normal arm64_32 Emitting\ module\ for\ InfinityScrollKit (in target 'InfinityScrollKit' from project 'InfinityScrollKit')
Building workspace InfinityScrollKit with scheme InfinityScrollKit
(3 failures)
BUILD FAILURE 6.4 watchOS