The Swift Package Index logo.Swift Package Index

Build Information

Failed to build BinaryEncoding, reference master (8489cb), with Swift 6.4 for watchOS using Xcode 27.0 on 16 Sep 2026 18:27:08 UTC.

Build Command

env DEVELOPER_DIR=/Applications/Xcode-27.0.0-Release.Candidate.app xcrun xcodebuild -IDEClonedSourcePackagesDirPathOverride=$PWD/.dependencies -skipMacroValidation -skipPackagePluginValidation -derivedDataPath $PWD/.derivedData build -scheme BinaryEncoding -destination generic/platform=watchOS

Build Log

========================================
RunAll
========================================
Builder version: 5.1.0
Interrupt handler set up.
========================================
Checkout
========================================
Clone URL: https://github.com/my-mail-ru/swift-binaryencoding.git
Reference: master
Initialized empty Git repository in /Users/admin/builder/spi-builder-workspace/.git/
From https://github.com/my-mail-ru/swift-binaryencoding
 * branch            master     -> FETCH_HEAD
 * [new branch]      master     -> origin/master
HEAD is now at 8489cb7 Swift 4.0
Cloned https://github.com/my-mail-ru/swift-binaryencoding.git
Revision (git rev-parse @):
8489cb745861e869f3fe0f852274105122be025c
SUCCESS checkout https://github.com/my-mail-ru/swift-binaryencoding.git at master
========================================
Build
========================================
Selected platform:         watchOS
Swift version:             6.4
Building package at path:  $PWD
https://github.com/my-mail-ru/swift-binaryencoding.git
Command line invocation:
    /Applications/Xcode-27.0.0-Release.Candidate.app/Contents/Developer/usr/bin/xcodebuild -IDEClonedSourcePackagesDirPathOverride=/Users/admin/builder/spi-builder-workspace/.dependencies -resolvePackageDependencies
Resolve Package Graph
Resolve Package Graph
Resolved source packages:
  BinaryEncoding: /Users/admin/builder/spi-builder-workspace
resolved source packages: BinaryEncoding
2026-09-16 14:26:18.823 xcodebuild[529:3033] [MT] IDERunDestination: Supported platforms for the buildables in the current scheme is empty.
{
  "dependencies" : [
  ],
  "manifest_display_name" : "BinaryEncoding",
  "name" : "BinaryEncoding",
  "path" : "/Users/admin/builder/spi-builder-workspace",
  "platforms" : [
  ],
  "products" : [
    {
      "name" : "BinaryEncoding",
      "targets" : [
        "BinaryEncoding"
      ],
      "type" : {
        "library" : [
          "automatic"
        ]
      }
    }
  ],
  "targets" : [
    {
      "c99name" : "BinaryEncodingTests",
      "module_type" : "SwiftTarget",
      "name" : "BinaryEncodingTests",
      "path" : "Tests/BinaryEncodingTests",
      "sources" : [
        "Data.swift"
      ],
      "target_dependencies" : [
        "BinaryEncoding"
      ],
      "type" : "test"
    },
    {
      "c99name" : "BinaryEncoding",
      "module_type" : "SwiftTarget",
      "name" : "BinaryEncoding",
      "path" : "Sources/BinaryEncoding",
      "product_memberships" : [
        "BinaryEncoding"
      ],
      "sources" : [
        "Common.swift",
        "Data.swift",
        "UnsafeRawBufferPointer.swift"
      ],
      "type" : "library"
    }
  ],
  "tools_version" : "4.0"
}
{
  "workspace" : {
    "name" : "BinaryEncoding",
    "schemes" : [
      "BinaryEncoding"
    ]
  }
}
2026-09-16 14:26:59.946 xcodebuild[648:4144] [MT] IDERunDestination: Supported platforms for the buildables in the current scheme is empty.
Running build ...
env DEVELOPER_DIR=/Applications/Xcode-27.0.0-Release.Candidate.app xcrun xcodebuild -IDEClonedSourcePackagesDirPathOverride=$PWD/.dependencies -skipMacroValidation -skipPackagePluginValidation -derivedDataPath $PWD/.derivedData build -scheme BinaryEncoding -destination generic/platform=watchOS
Command line invocation:
    /Applications/Xcode-27.0.0-Release.Candidate.app/Contents/Developer/usr/bin/xcodebuild -IDEClonedSourcePackagesDirPathOverride=/Users/admin/builder/spi-builder-workspace/.dependencies -skipMacroValidation -skipPackagePluginValidation -derivedDataPath /Users/admin/builder/spi-builder-workspace/.derivedData build -scheme BinaryEncoding -destination generic/platform=watchOS
Resolve Package Graph
Resolved source packages:
  BinaryEncoding: /Users/admin/builder/spi-builder-workspace
ComputePackagePrebuildTargetDependencyGraph
Prepare packages
CreateBuildRequest
SendProjectDescription
CreateBuildOperation
ComputeTargetDependencyGraph
note: Building targets in dependency order
note: Target dependency graph (2 targets)
    Target 'BinaryEncoding-product' in project 'BinaryEncoding'
        ➜ Explicit dependency on target 'BinaryEncoding' in project 'BinaryEncoding'
    Target 'BinaryEncoding' in project 'BinaryEncoding' (no dependencies)
GatherProvisioningInputs
CreateBuildDescription
ExecuteExternalTool /Applications/Xcode-27.0.0-Release.Candidate.app/Contents/Developer/Toolchains/XcodeDefault.xctoolchain/usr/bin/clang -v -E -dM -isysroot /Applications/Xcode-27.0.0-Release.Candidate.app/Contents/Developer/Platforms/WatchOS.platform/Developer/SDKs/WatchOS27.0.sdk -x c -c /dev/null
ExecuteExternalTool /Applications/Xcode-27.0.0-Release.Candidate.app/Contents/Developer/Toolchains/XcodeDefault.xctoolchain/usr/bin/swiftc --version
ExecuteExternalTool /Applications/Xcode-27.0.0-Release.Candidate.app/Contents/Developer/Toolchains/XcodeDefault.xctoolchain/usr/bin/ld -version_details
Build description signature: 0b24f13e281eefe29a7f44403a371d88
Build description path: /Users/admin/builder/spi-builder-workspace/.derivedData/Build/Intermediates.noindex/XCBuildData/0b24f13e281eefe29a7f44403a371d88.xcbuilddata
CreateBuildDirectory /Users/admin/builder/spi-builder-workspace/.derivedData/ModuleCache.noindex
    cd /Users/admin/builder/spi-builder-workspace/.swiftpm/xcode
    builtin-create-build-directory /Users/admin/builder/spi-builder-workspace/.derivedData/ModuleCache.noindex
CreateBuildDirectory /Users/admin/builder/spi-builder-workspace/.derivedData/CompilationCache.noindex
    cd /Users/admin/builder/spi-builder-workspace/.swiftpm/xcode
    builtin-create-build-directory /Users/admin/builder/spi-builder-workspace/.derivedData/CompilationCache.noindex
CreateBuildDirectory /Users/admin/builder/spi-builder-workspace/.derivedData/SDKExplicitPrecompiledModules
    cd /Users/admin/builder/spi-builder-workspace/.swiftpm/xcode
    builtin-create-build-directory /Users/admin/builder/spi-builder-workspace/.derivedData/SDKExplicitPrecompiledModules
CreateBuildDirectory /Users/admin/builder/spi-builder-workspace/.derivedData/Build/Products
    cd /Users/admin/builder/spi-builder-workspace/.swiftpm/xcode
    builtin-create-build-directory /Users/admin/builder/spi-builder-workspace/.derivedData/Build/Products
CreateBuildDirectory /Users/admin/builder/spi-builder-workspace/.derivedData/Build/Intermediates.noindex
    cd /Users/admin/builder/spi-builder-workspace/.swiftpm/xcode
    builtin-create-build-directory /Users/admin/builder/spi-builder-workspace/.derivedData/Build/Intermediates.noindex
ClangStatCache /Applications/Xcode-27.0.0-Release.Candidate.app/Contents/Developer/Toolchains/XcodeDefault.xctoolchain/usr/bin/clang-stat-cache /Applications/Xcode-27.0.0-Release.Candidate.app/Contents/Developer/Platforms/WatchOS.platform/Developer/SDKs/WatchOS27.0.sdk /Users/admin/builder/spi-builder-workspace/.derivedData/SDKStatCaches.noindex/watchos27.0-24R360-e829b21a6f8c9b70876ba0858053c04477534ef55a1706bf4c1112bbb242f0a2.sdkstatcache
    cd /Users/admin/builder/spi-builder-workspace/.swiftpm/xcode
    /Applications/Xcode-27.0.0-Release.Candidate.app/Contents/Developer/Toolchains/XcodeDefault.xctoolchain/usr/bin/clang-stat-cache /Applications/Xcode-27.0.0-Release.Candidate.app/Contents/Developer/Platforms/WatchOS.platform/Developer/SDKs/WatchOS27.0.sdk -o /Users/admin/builder/spi-builder-workspace/.derivedData/SDKStatCaches.noindex/watchos27.0-24R360-e829b21a6f8c9b70876ba0858053c04477534ef55a1706bf4c1112bbb242f0a2.sdkstatcache
CreateBuildDirectory /Users/admin/builder/spi-builder-workspace/.derivedData/Build/Intermediates.noindex/SwiftExplicitPrecompiledModules
    cd /Users/admin/builder/spi-builder-workspace/.swiftpm/xcode
    builtin-create-build-directory /Users/admin/builder/spi-builder-workspace/.derivedData/Build/Intermediates.noindex/SwiftExplicitPrecompiledModules
CreateBuildDirectory /Users/admin/builder/spi-builder-workspace/.derivedData/Build/Intermediates.noindex/PrecompiledHeaders
    cd /Users/admin/builder/spi-builder-workspace/.swiftpm/xcode
    builtin-create-build-directory /Users/admin/builder/spi-builder-workspace/.derivedData/Build/Intermediates.noindex/PrecompiledHeaders
CreateBuildDirectory /Users/admin/builder/spi-builder-workspace/.derivedData/Build/Intermediates.noindex/ExplicitPrecompiledModules
    cd /Users/admin/builder/spi-builder-workspace/.swiftpm/xcode
    builtin-create-build-directory /Users/admin/builder/spi-builder-workspace/.derivedData/Build/Intermediates.noindex/ExplicitPrecompiledModules
CreateBuildDirectory /Users/admin/builder/spi-builder-workspace/.derivedData/Build/Products/Debug-watchos
    cd /Users/admin/builder/spi-builder-workspace/.swiftpm/xcode
    builtin-create-build-directory /Users/admin/builder/spi-builder-workspace/.derivedData/Build/Products/Debug-watchos
CreateBuildDirectory /Users/admin/builder/spi-builder-workspace/.derivedData/Build/Intermediates.noindex/EagerLinkingTBDs/Debug-watchos
    cd /Users/admin/builder/spi-builder-workspace/.swiftpm/xcode
    builtin-create-build-directory /Users/admin/builder/spi-builder-workspace/.derivedData/Build/Intermediates.noindex/EagerLinkingTBDs/Debug-watchos
CreateBuildDirectory /Users/admin/builder/spi-builder-workspace/.derivedData/Build/Products/Debug-watchos/PackageFrameworks
    cd /Users/admin/builder/spi-builder-workspace/.swiftpm/xcode
    builtin-create-build-directory /Users/admin/builder/spi-builder-workspace/.derivedData/Build/Products/Debug-watchos/PackageFrameworks
WriteAuxiliaryFile /Users/admin/builder/spi-builder-workspace/.derivedData/Build/Intermediates.noindex/BinaryEncoding.build/Debug-watchos/BinaryEncoding-t.build/Objects-normal/arm64_32/BinaryEncoding.SwiftFileList (in target 'BinaryEncoding' from project 'BinaryEncoding')
    cd /Users/admin/builder/spi-builder-workspace
    write-file /Users/admin/builder/spi-builder-workspace/.derivedData/Build/Intermediates.noindex/BinaryEncoding.build/Debug-watchos/BinaryEncoding-t.build/Objects-normal/arm64_32/BinaryEncoding.SwiftFileList
WriteAuxiliaryFile /Users/admin/builder/spi-builder-workspace/.derivedData/Build/Intermediates.noindex/BinaryEncoding.build/Debug-watchos/BinaryEncoding-t.build/BinaryEncoding.modulemap (in target 'BinaryEncoding' from project 'BinaryEncoding')
    cd /Users/admin/builder/spi-builder-workspace
    write-file /Users/admin/builder/spi-builder-workspace/.derivedData/Build/Intermediates.noindex/BinaryEncoding.build/Debug-watchos/BinaryEncoding-t.build/BinaryEncoding.modulemap
WriteAuxiliaryFile /Users/admin/builder/spi-builder-workspace/.derivedData/Build/Intermediates.noindex/BinaryEncoding.build/Debug-watchos/BinaryEncoding-t.build/Objects-normal/arm64_32/BinaryEncoding_const_extract_protocols.json (in target 'BinaryEncoding' from project 'BinaryEncoding')
    cd /Users/admin/builder/spi-builder-workspace
    write-file /Users/admin/builder/spi-builder-workspace/.derivedData/Build/Intermediates.noindex/BinaryEncoding.build/Debug-watchos/BinaryEncoding-t.build/Objects-normal/arm64_32/BinaryEncoding_const_extract_protocols.json
WriteAuxiliaryFile /Users/admin/builder/spi-builder-workspace/.derivedData/Build/Intermediates.noindex/BinaryEncoding.build/Debug-watchos/BinaryEncoding-t.build/Objects-normal/arm64_32/BinaryEncoding-OutputFileMap.json (in target 'BinaryEncoding' from project 'BinaryEncoding')
    cd /Users/admin/builder/spi-builder-workspace
    write-file /Users/admin/builder/spi-builder-workspace/.derivedData/Build/Intermediates.noindex/BinaryEncoding.build/Debug-watchos/BinaryEncoding-t.build/Objects-normal/arm64_32/BinaryEncoding-OutputFileMap.json
WriteAuxiliaryFile /Users/admin/builder/spi-builder-workspace/.derivedData/Build/Intermediates.noindex/BinaryEncoding.build/Debug-watchos/BinaryEncoding-t.build/Objects-normal/arm64/BinaryEncoding.SwiftFileList (in target 'BinaryEncoding' from project 'BinaryEncoding')
    cd /Users/admin/builder/spi-builder-workspace
    write-file /Users/admin/builder/spi-builder-workspace/.derivedData/Build/Intermediates.noindex/BinaryEncoding.build/Debug-watchos/BinaryEncoding-t.build/Objects-normal/arm64/BinaryEncoding.SwiftFileList
WriteAuxiliaryFile /Users/admin/builder/spi-builder-workspace/.derivedData/Build/Intermediates.noindex/BinaryEncoding.build/Debug-watchos/BinaryEncoding-t.build/Objects-normal/arm64_32/BinaryEncoding.SwiftConstValuesFileList (in target 'BinaryEncoding' from project 'BinaryEncoding')
    cd /Users/admin/builder/spi-builder-workspace
    write-file /Users/admin/builder/spi-builder-workspace/.derivedData/Build/Intermediates.noindex/BinaryEncoding.build/Debug-watchos/BinaryEncoding-t.build/Objects-normal/arm64_32/BinaryEncoding.SwiftConstValuesFileList
WriteAuxiliaryFile /Users/admin/builder/spi-builder-workspace/.derivedData/Build/Intermediates.noindex/BinaryEncoding.build/Debug-watchos/BinaryEncoding-t.build/Objects-normal/arm64_32/BinaryEncoding.LinkFileList (in target 'BinaryEncoding' from project 'BinaryEncoding')
    cd /Users/admin/builder/spi-builder-workspace
    write-file /Users/admin/builder/spi-builder-workspace/.derivedData/Build/Intermediates.noindex/BinaryEncoding.build/Debug-watchos/BinaryEncoding-t.build/Objects-normal/arm64_32/BinaryEncoding.LinkFileList
WriteAuxiliaryFile /Users/admin/builder/spi-builder-workspace/.derivedData/Build/Intermediates.noindex/BinaryEncoding.build/Debug-watchos/BinaryEncoding-t.build/Objects-normal/arm64/BinaryEncoding_const_extract_protocols.json (in target 'BinaryEncoding' from project 'BinaryEncoding')
    cd /Users/admin/builder/spi-builder-workspace
    write-file /Users/admin/builder/spi-builder-workspace/.derivedData/Build/Intermediates.noindex/BinaryEncoding.build/Debug-watchos/BinaryEncoding-t.build/Objects-normal/arm64/BinaryEncoding_const_extract_protocols.json
WriteAuxiliaryFile /Users/admin/builder/spi-builder-workspace/.derivedData/Build/Intermediates.noindex/BinaryEncoding.build/Debug-watchos/BinaryEncoding-t.build/Objects-normal/arm64/BinaryEncoding.SwiftConstValuesFileList (in target 'BinaryEncoding' from project 'BinaryEncoding')
    cd /Users/admin/builder/spi-builder-workspace
    write-file /Users/admin/builder/spi-builder-workspace/.derivedData/Build/Intermediates.noindex/BinaryEncoding.build/Debug-watchos/BinaryEncoding-t.build/Objects-normal/arm64/BinaryEncoding.SwiftConstValuesFileList
WriteAuxiliaryFile /Users/admin/builder/spi-builder-workspace/.derivedData/Build/Intermediates.noindex/BinaryEncoding.build/Debug-watchos/BinaryEncoding-t.build/Objects-normal/arm64/BinaryEncoding.LinkFileList (in target 'BinaryEncoding' from project 'BinaryEncoding')
    cd /Users/admin/builder/spi-builder-workspace
    write-file /Users/admin/builder/spi-builder-workspace/.derivedData/Build/Intermediates.noindex/BinaryEncoding.build/Debug-watchos/BinaryEncoding-t.build/Objects-normal/arm64/BinaryEncoding.LinkFileList
WriteAuxiliaryFile /Users/admin/builder/spi-builder-workspace/.derivedData/Build/Intermediates.noindex/BinaryEncoding.build/Debug-watchos/BinaryEncoding-t.build/BinaryEncoding.DependencyStaticMetadataFileList (in target 'BinaryEncoding' from project 'BinaryEncoding')
    cd /Users/admin/builder/spi-builder-workspace
    write-file /Users/admin/builder/spi-builder-workspace/.derivedData/Build/Intermediates.noindex/BinaryEncoding.build/Debug-watchos/BinaryEncoding-t.build/BinaryEncoding.DependencyStaticMetadataFileList
WriteAuxiliaryFile /Users/admin/builder/spi-builder-workspace/.derivedData/Build/Intermediates.noindex/BinaryEncoding.build/Debug-watchos/BinaryEncoding-t.build/Objects-normal/arm64/BinaryEncoding-OutputFileMap.json (in target 'BinaryEncoding' from project 'BinaryEncoding')
    cd /Users/admin/builder/spi-builder-workspace
    write-file /Users/admin/builder/spi-builder-workspace/.derivedData/Build/Intermediates.noindex/BinaryEncoding.build/Debug-watchos/BinaryEncoding-t.build/Objects-normal/arm64/BinaryEncoding-OutputFileMap.json
WriteAuxiliaryFile /Users/admin/builder/spi-builder-workspace/.derivedData/Build/Intermediates.noindex/BinaryEncoding.build/Debug-watchos/BinaryEncoding-t.build/BinaryEncoding.DependencyMetadataFileList (in target 'BinaryEncoding' from project 'BinaryEncoding')
    cd /Users/admin/builder/spi-builder-workspace
    write-file /Users/admin/builder/spi-builder-workspace/.derivedData/Build/Intermediates.noindex/BinaryEncoding.build/Debug-watchos/BinaryEncoding-t.build/BinaryEncoding.DependencyMetadataFileList
Copy /Users/admin/builder/spi-builder-workspace/.derivedData/Build/Intermediates.noindex/GeneratedModuleMaps-watchos/BinaryEncoding.modulemap /Users/admin/builder/spi-builder-workspace/.derivedData/Build/Intermediates.noindex/BinaryEncoding.build/Debug-watchos/BinaryEncoding-t.build/BinaryEncoding.modulemap (in target 'BinaryEncoding' from project 'BinaryEncoding')
    cd /Users/admin/builder/spi-builder-workspace
    builtin-copy -exclude .DS_Store -exclude CVS -exclude .svn -exclude .git -exclude .hg -resolve-src-symlinks /Users/admin/builder/spi-builder-workspace/.derivedData/Build/Intermediates.noindex/BinaryEncoding.build/Debug-watchos/BinaryEncoding-t.build/BinaryEncoding.modulemap /Users/admin/builder/spi-builder-workspace/.derivedData/Build/Intermediates.noindex/GeneratedModuleMaps-watchos
SwiftDriver BinaryEncoding normal arm64_32 com.apple.xcode.tools.swift.compiler (in target 'BinaryEncoding' from project 'BinaryEncoding')
    cd /Users/admin/builder/spi-builder-workspace/.swiftpm/xcode
    builtin-SwiftDriver -- /Applications/Xcode-27.0.0-Release.Candidate.app/Contents/Developer/Toolchains/XcodeDefault.xctoolchain/usr/bin/swiftc -parse-as-library -module-name BinaryEncoding -Onone @/Users/admin/builder/spi-builder-workspace/.derivedData/Build/Intermediates.noindex/BinaryEncoding.build/Debug-watchos/BinaryEncoding-t.build/Objects-normal/arm64_32/BinaryEncoding.SwiftFileList -DSWIFT_PACKAGE -DDEBUG -DSWIFT_MODULE_RESOURCE_BUNDLE_UNAVAILABLE -DXcode -plugin-path /Applications/Xcode-27.0.0-Release.Candidate.app/Contents/Developer/Toolchains/XcodeDefault.xctoolchain/usr/lib/swift/host/plugins/testing -enable-experimental-feature DebugDescriptionMacro -sdk /Applications/Xcode-27.0.0-Release.Candidate.app/Contents/Developer/Platforms/WatchOS.platform/Developer/SDKs/WatchOS27.0.sdk -target arm64_32-apple-watchos9.0 -g -module-cache-path /Users/admin/builder/spi-builder-workspace/.derivedData/ModuleCache.noindex -Xfrontend -serialize-debugging-options -profile-coverage-mapping -profile-generate -enable-testing -index-store-path /Users/admin/builder/spi-builder-workspace/.derivedData/Index.noindex/DataStore -Xcc -D_LIBCPP_HARDENING_MODE\=_LIBCPP_HARDENING_MODE_DEBUG -swift-version 4 -I /Users/admin/builder/spi-builder-workspace/.derivedData/Build/Products/Debug-watchos -Isystem /Applications/Xcode-27.0.0-Release.Candidate.app/Contents/Developer/Platforms/WatchOS.platform/Developer/usr/lib -F /Users/admin/builder/spi-builder-workspace/.derivedData/Build/Products/Debug-watchos -F /Applications/Xcode-27.0.0-Release.Candidate.app/Contents/Developer/Platforms/WatchOS.platform/Developer/Library/Frameworks -F /Applications/Xcode-27.0.0-Release.Candidate.app/Contents/Developer/Platforms/WatchOS.platform/Developer/SDKs/WatchOS27.0.sdk/Developer/Library/Frameworks -c -j10 -enable-batch-mode -incremental -Xcc -ivfsstatcache -Xcc /Users/admin/builder/spi-builder-workspace/.derivedData/SDKStatCaches.noindex/watchos27.0-24R360-e829b21a6f8c9b70876ba0858053c04477534ef55a1706bf4c1112bbb242f0a2.sdkstatcache -output-file-map /Users/admin/builder/spi-builder-workspace/.derivedData/Build/Intermediates.noindex/BinaryEncoding.build/Debug-watchos/BinaryEncoding-t.build/Objects-normal/arm64_32/BinaryEncoding-OutputFileMap.json -save-temps -no-color-diagnostics -emit-dependencies -emit-module -emit-module-path /Users/admin/builder/spi-builder-workspace/.derivedData/Build/Intermediates.noindex/BinaryEncoding.build/Debug-watchos/BinaryEncoding-t.build/Objects-normal/arm64_32/BinaryEncoding.swiftmodule -serialize-diagnostics -validate-clang-modules-once -clang-build-session-file /Users/admin/builder/spi-builder-workspace/.derivedData/ModuleCache.noindex/Session.modulevalidation -Xcc -fmodules-prune-interval\=86400 -Xcc -fmodules-prune-after\=345600 -emit-const-values -const-gather-protocols-list /Users/admin/builder/spi-builder-workspace/.derivedData/Build/Intermediates.noindex/BinaryEncoding.build/Debug-watchos/BinaryEncoding-t.build/Objects-normal/arm64_32/BinaryEncoding_const_extract_protocols.json -Xcc -I/Users/admin/builder/spi-builder-workspace/.derivedData/Build/Products/Debug-watchos/include -Xcc -I/Users/admin/builder/spi-builder-workspace/.derivedData/Build/Intermediates.noindex/BinaryEncoding.build/Debug-watchos/BinaryEncoding-t.build/DerivedSources-normal/arm64_32 -Xcc -I/Users/admin/builder/spi-builder-workspace/.derivedData/Build/Intermediates.noindex/BinaryEncoding.build/Debug-watchos/BinaryEncoding-t.build/DerivedSources/arm64_32 -Xcc -I/Users/admin/builder/spi-builder-workspace/.derivedData/Build/Intermediates.noindex/BinaryEncoding.build/Debug-watchos/BinaryEncoding-t.build/DerivedSources -Xcc -DSWIFT_PACKAGE -Xcc -DDEBUG\=1 -emit-objc-header -emit-objc-header-path /Users/admin/builder/spi-builder-workspace/.derivedData/Build/Intermediates.noindex/BinaryEncoding.build/Debug-watchos/BinaryEncoding-t.build/Objects-normal/arm64_32/BinaryEncoding-Swift.h -working-directory /Users/admin/builder/spi-builder-workspace/.swiftpm/xcode -experimental-emit-module-separately -disable-cmo
SwiftDriver BinaryEncoding normal arm64 com.apple.xcode.tools.swift.compiler (in target 'BinaryEncoding' from project 'BinaryEncoding')
    cd /Users/admin/builder/spi-builder-workspace/.swiftpm/xcode
    builtin-SwiftDriver -- /Applications/Xcode-27.0.0-Release.Candidate.app/Contents/Developer/Toolchains/XcodeDefault.xctoolchain/usr/bin/swiftc -parse-as-library -module-name BinaryEncoding -Onone @/Users/admin/builder/spi-builder-workspace/.derivedData/Build/Intermediates.noindex/BinaryEncoding.build/Debug-watchos/BinaryEncoding-t.build/Objects-normal/arm64/BinaryEncoding.SwiftFileList -DSWIFT_PACKAGE -DDEBUG -DSWIFT_MODULE_RESOURCE_BUNDLE_UNAVAILABLE -DXcode -plugin-path /Applications/Xcode-27.0.0-Release.Candidate.app/Contents/Developer/Toolchains/XcodeDefault.xctoolchain/usr/lib/swift/host/plugins/testing -enable-experimental-feature DebugDescriptionMacro -sdk /Applications/Xcode-27.0.0-Release.Candidate.app/Contents/Developer/Platforms/WatchOS.platform/Developer/SDKs/WatchOS27.0.sdk -target arm64-apple-watchos9.0 -g -module-cache-path /Users/admin/builder/spi-builder-workspace/.derivedData/ModuleCache.noindex -Xfrontend -serialize-debugging-options -profile-coverage-mapping -profile-generate -enable-testing -index-store-path /Users/admin/builder/spi-builder-workspace/.derivedData/Index.noindex/DataStore -Xcc -D_LIBCPP_HARDENING_MODE\=_LIBCPP_HARDENING_MODE_DEBUG -swift-version 4 -I /Users/admin/builder/spi-builder-workspace/.derivedData/Build/Products/Debug-watchos -Isystem /Applications/Xcode-27.0.0-Release.Candidate.app/Contents/Developer/Platforms/WatchOS.platform/Developer/usr/lib -F /Users/admin/builder/spi-builder-workspace/.derivedData/Build/Products/Debug-watchos -F /Applications/Xcode-27.0.0-Release.Candidate.app/Contents/Developer/Platforms/WatchOS.platform/Developer/Library/Frameworks -F /Applications/Xcode-27.0.0-Release.Candidate.app/Contents/Developer/Platforms/WatchOS.platform/Developer/SDKs/WatchOS27.0.sdk/Developer/Library/Frameworks -c -j10 -enable-batch-mode -incremental -Xcc -ivfsstatcache -Xcc /Users/admin/builder/spi-builder-workspace/.derivedData/SDKStatCaches.noindex/watchos27.0-24R360-e829b21a6f8c9b70876ba0858053c04477534ef55a1706bf4c1112bbb242f0a2.sdkstatcache -output-file-map /Users/admin/builder/spi-builder-workspace/.derivedData/Build/Intermediates.noindex/BinaryEncoding.build/Debug-watchos/BinaryEncoding-t.build/Objects-normal/arm64/BinaryEncoding-OutputFileMap.json -save-temps -no-color-diagnostics -emit-dependencies -emit-module -emit-module-path /Users/admin/builder/spi-builder-workspace/.derivedData/Build/Intermediates.noindex/BinaryEncoding.build/Debug-watchos/BinaryEncoding-t.build/Objects-normal/arm64/BinaryEncoding.swiftmodule -serialize-diagnostics -validate-clang-modules-once -clang-build-session-file /Users/admin/builder/spi-builder-workspace/.derivedData/ModuleCache.noindex/Session.modulevalidation -Xcc -fmodules-prune-interval\=86400 -Xcc -fmodules-prune-after\=345600 -emit-const-values -const-gather-protocols-list /Users/admin/builder/spi-builder-workspace/.derivedData/Build/Intermediates.noindex/BinaryEncoding.build/Debug-watchos/BinaryEncoding-t.build/Objects-normal/arm64/BinaryEncoding_const_extract_protocols.json -Xcc -I/Users/admin/builder/spi-builder-workspace/.derivedData/Build/Products/Debug-watchos/include -Xcc -I/Users/admin/builder/spi-builder-workspace/.derivedData/Build/Intermediates.noindex/BinaryEncoding.build/Debug-watchos/BinaryEncoding-t.build/DerivedSources-normal/arm64 -Xcc -I/Users/admin/builder/spi-builder-workspace/.derivedData/Build/Intermediates.noindex/BinaryEncoding.build/Debug-watchos/BinaryEncoding-t.build/DerivedSources/arm64 -Xcc -I/Users/admin/builder/spi-builder-workspace/.derivedData/Build/Intermediates.noindex/BinaryEncoding.build/Debug-watchos/BinaryEncoding-t.build/DerivedSources -Xcc -DSWIFT_PACKAGE -Xcc -DDEBUG\=1 -emit-objc-header -emit-objc-header-path /Users/admin/builder/spi-builder-workspace/.derivedData/Build/Intermediates.noindex/BinaryEncoding.build/Debug-watchos/BinaryEncoding-t.build/Objects-normal/arm64/BinaryEncoding-Swift.h -working-directory /Users/admin/builder/spi-builder-workspace/.swiftpm/xcode -experimental-emit-module-separately -disable-cmo
SwiftCompile normal arm64 Compiling\ Data.swift /Users/admin/builder/spi-builder-workspace/Sources/BinaryEncoding/Data.swift (in target 'BinaryEncoding' from project 'BinaryEncoding')
SwiftCompile normal arm64 /Users/admin/builder/spi-builder-workspace/Sources/BinaryEncoding/Data.swift (in target 'BinaryEncoding' from project 'BinaryEncoding')
    cd /Users/admin/builder/spi-builder-workspace/.swiftpm/xcode
    builtin-SwiftPerFileCompile Data.swift
/Users/admin/builder/spi-builder-workspace/Sources/BinaryEncoding/Data.swift:34:55: warning: 'copyBytes(from:count:)' is deprecated: renamed to 'copyMemory(from:byteCount:)' [#DeprecatedDeclaration]
 32 | 	public init(copyFrom: UnsafeRawPointer, count: Int) {
 33 | 		self.init(minimumCapacity: count)
 34 | 		withUnsafeMutableBufferRawPointer { $0.baseAddress!.copyBytes(from: copyFrom, count: count) }
    |                                                       |- warning: 'copyBytes(from:count:)' is deprecated: renamed to 'copyMemory(from:byteCount:)' [#DeprecatedDeclaration]
    |                                                       `- note: use 'copyMemory(from:byteCount:)' instead
 35 | 		self.count = count
 36 | 	}
/Users/admin/builder/spi-builder-workspace/Sources/BinaryEncoding/Data.swift:43:21: warning: 'copyBytes(from:count:)' is deprecated: renamed to 'copyMemory(from:byteCount:)' [#DeprecatedDeclaration]
 41 | 		cont.withUnsafeBufferPointer { from in
 42 | 			withUnsafeMutableBufferRawPointer { to in
 43 | 				to.baseAddress!.copyBytes(from: UnsafeRawPointer(from.baseAddress!), count: cont.count)
    |                     |- warning: 'copyBytes(from:count:)' is deprecated: renamed to 'copyMemory(from:byteCount:)' [#DeprecatedDeclaration]
    |                     `- note: use 'copyMemory(from:byteCount:)' instead
 44 | 			}
 45 | 		}
SwiftEmitModule normal arm64 Emitting\ module\ for\ BinaryEncoding (in target 'BinaryEncoding' from project 'BinaryEncoding')
SwiftCompile normal arm64 (in target 'BinaryEncoding' from project 'BinaryEncoding')
    cd /Users/admin/builder/spi-builder-workspace/.swiftpm/xcode

SwiftCompile normal arm64 Compiling\ UnsafeRawBufferPointer.swift /Users/admin/builder/spi-builder-workspace/Sources/BinaryEncoding/UnsafeRawBufferPointer.swift (in target 'BinaryEncoding' from project 'BinaryEncoding')
/Users/admin/builder/spi-builder-workspace/Sources/BinaryEncoding/UnsafeRawBufferPointer.swift:72:30: error: type 'String' has no member '_fromCodeUnitSequence'
 70 | 			defer { start += withSize }
 71 | 			let utf8buf = UnsafeBufferPointer(start: start.assumingMemoryBound(to: UTF8.CodeUnit.self), count: withSize)
 72 | 			guard let string = String._fromCodeUnitSequence(UTF8.self, input: utf8buf)
    |                              `- error: type 'String' has no member '_fromCodeUnitSequence'
 73 | 				else { throw BinaryEncodingError.stringIsNotUTF8 }
 74 | 			return string
/Users/admin/builder/spi-builder-workspace/Sources/BinaryEncoding/UnsafeRawBufferPointer.swift:141:11: warning: 'copyBytes(from:count:)' is deprecated: renamed to 'copyMemory(from:byteCount:)' [#DeprecatedDeclaration]
139 | 				let size = e - p
140 | 				guard start + size <= end else { throw BinaryEncodingError.bufferIsTooShort }
141 | 				start.copyBytes(from: p, count: size)
    |           |- warning: 'copyBytes(from:count:)' is deprecated: renamed to 'copyMemory(from:byteCount:)' [#DeprecatedDeclaration]
    |           `- note: use 'copyMemory(from:byteCount:)' instead
142 | 				start += size
143 | 			}
/Users/admin/builder/spi-builder-workspace/Sources/BinaryEncoding/UnsafeRawBufferPointer.swift:148:10: warning: 'copyBytes(from:count:)' is deprecated: renamed to 'copyMemory(from:byteCount:)' [#DeprecatedDeclaration]
146 | 		public mutating func write(_ value: UnsafeRawBufferPointer) throws {
147 | 			guard start + value.count <= end else { throw BinaryEncodingError.bufferIsTooShort }
148 | 			start.copyBytes(from: value.baseAddress!, count: value.count)
    |          |- warning: 'copyBytes(from:count:)' is deprecated: renamed to 'copyMemory(from:byteCount:)' [#DeprecatedDeclaration]
    |          `- note: use 'copyMemory(from:byteCount:)' instead
149 | 			start += value.count
150 | 		}
/Users/admin/builder/spi-builder-workspace/Sources/BinaryEncoding/UnsafeRawBufferPointer.swift:193:11: warning: 'copyBytes(from:count:)' is deprecated: renamed to 'copyMemory(from:byteCount:)' [#DeprecatedDeclaration]
191 | 				let size = $0.count * MemoryLayout<C.Iterator.Element>.size
192 | 				guard start + size <= end else { throw BinaryEncodingError.bufferIsTooShort }
193 | 				start.copyBytes(from: UnsafeRawPointer($0.baseAddress!), count: size)
    |           |- warning: 'copyBytes(from:count:)' is deprecated: renamed to 'copyMemory(from:byteCount:)' [#DeprecatedDeclaration]
    |           `- note: use 'copyMemory(from:byteCount:)' instead
194 | 				start += size
195 | 			}
/Users/admin/builder/spi-builder-workspace/Sources/BinaryEncoding/UnsafeRawBufferPointer.swift:205:11: warning: 'copyBytes(from:count:)' is deprecated: renamed to 'copyMemory(from:byteCount:)' [#DeprecatedDeclaration]
203 | 				start.assumingMemoryBound(to: S.self).pointee = numericCast(size)
204 | 				start += MemoryLayout<S>.size
205 | 				start.copyBytes(from: UnsafeRawPointer($0.baseAddress!), count: size)
    |           |- warning: 'copyBytes(from:count:)' is deprecated: renamed to 'copyMemory(from:byteCount:)' [#DeprecatedDeclaration]
    |           `- note: use 'copyMemory(from:byteCount:)' instead
206 | 				start += size
207 | 			}
/Users/admin/builder/spi-builder-workspace/Sources/BinaryEncoding/UnsafeRawBufferPointer.swift:216:11: warning: 'copyBytes(from:count:)' is deprecated: renamed to 'copyMemory(from:byteCount:)' [#DeprecatedDeclaration]
214 | 				try write(UInt(size), as: VarUInt.self)
215 | 				guard start + size <= end else { throw BinaryEncodingError.bufferIsTooShort }
216 | 				start.copyBytes(from: UnsafeRawPointer($0.baseAddress!), count: size)
    |           |- warning: 'copyBytes(from:count:)' is deprecated: renamed to 'copyMemory(from:byteCount:)' [#DeprecatedDeclaration]
    |           `- note: use 'copyMemory(from:byteCount:)' instead
217 | 				start += size
218 | 			}
[#DeprecatedDeclaration]: <https://docs.swift.org/compiler/documentation/diagnostics/deprecated-declaration>
Failed frontend command:
/Applications/Xcode-27.0.0-Release.Candidate.app/Contents/Developer/Toolchains/XcodeDefault.xctoolchain/usr/bin/swift-frontend -frontend -c /Users/admin/builder/spi-builder-workspace/Sources/BinaryEncoding/Common.swift /Users/admin/builder/spi-builder-workspace/Sources/BinaryEncoding/Data.swift -primary-file /Users/admin/builder/spi-builder-workspace/Sources/BinaryEncoding/UnsafeRawBufferPointer.swift -emit-dependencies-path /Users/admin/builder/spi-builder-workspace/.derivedData/Build/Intermediates.noindex/BinaryEncoding.build/Debug-watchos/BinaryEncoding-t.build/Objects-normal/arm64/UnsafeRawBufferPointer.d -emit-const-values-path /Users/admin/builder/spi-builder-workspace/.derivedData/Build/Intermediates.noindex/BinaryEncoding.build/Debug-watchos/BinaryEncoding-t.build/Objects-normal/arm64/UnsafeRawBufferPointer.swiftconstvalues -emit-reference-dependencies-path /Users/admin/builder/spi-builder-workspace/.derivedData/Build/Intermediates.noindex/BinaryEncoding.build/Debug-watchos/BinaryEncoding-t.build/Objects-normal/arm64/UnsafeRawBufferPointer.swiftdeps -serialize-diagnostics-path /Users/admin/builder/spi-builder-workspace/.derivedData/Build/Intermediates.noindex/BinaryEncoding.build/Debug-watchos/BinaryEncoding-t.build/Objects-normal/arm64/UnsafeRawBufferPointer.dia -target arm64-apple-watchos9.0 -Xllvm -aarch64-use-tbi -enable-objc-interop -stack-check -sdk /Applications/Xcode-27.0.0-Release.Candidate.app/Contents/Developer/Platforms/WatchOS.platform/Developer/SDKs/WatchOS27.0.sdk -I /Users/admin/builder/spi-builder-workspace/.derivedData/Build/Products/Debug-watchos -Isystem /Applications/Xcode-27.0.0-Release.Candidate.app/Contents/Developer/Platforms/WatchOS.platform/Developer/usr/lib -F /Users/admin/builder/spi-builder-workspace/.derivedData/Build/Products/Debug-watchos -F /Applications/Xcode-27.0.0-Release.Candidate.app/Contents/Developer/Platforms/WatchOS.platform/Developer/Library/Frameworks -F /Applications/Xcode-27.0.0-Release.Candidate.app/Contents/Developer/Platforms/WatchOS.platform/Developer/SDKs/WatchOS27.0.sdk/Developer/Library/Frameworks -module-cache-path /Users/admin/builder/spi-builder-workspace/.derivedData/ModuleCache.noindex -no-color-diagnostics -Xcc -fno-color-diagnostics -enable-testing -g -debug-info-format\=dwarf -dwarf-version\=4 -profile-generate -profile-coverage-mapping -swift-version 4 -Onone -D SWIFT_PACKAGE -D DEBUG -D SWIFT_MODULE_RESOURCE_BUNDLE_UNAVAILABLE -D Xcode -serialize-debugging-options -enable-experimental-feature DebugDescriptionMacro -empty-abi-descriptor -plugin-path /Applications/Xcode-27.0.0-Release.Candidate.app/Contents/Developer/Toolchains/XcodeDefault.xctoolchain/usr/lib/swift/host/plugins/testing -validate-clang-modules-once -clang-build-session-file /Users/admin/builder/spi-builder-workspace/.derivedData/ModuleCache.noindex/Session.modulevalidation -Xcc -working-directory -Xcc /Users/admin/builder/spi-builder-workspace/.swiftpm/xcode -enable-anonymous-context-mangled-names -file-compilation-dir /Users/admin/builder/spi-builder-workspace/.swiftpm/xcode -Xcc -D_LIBCPP_HARDENING_MODE\=_LIBCPP_HARDENING_MODE_DEBUG -Xcc -ivfsstatcache -Xcc /Users/admin/builder/spi-builder-workspace/.derivedData/SDKStatCaches.noindex/watchos27.0-24R360-e829b21a6f8c9b70876ba0858053c04477534ef55a1706bf4c1112bbb242f0a2.sdkstatcache -Xcc -fmodules-prune-interval\=86400 -Xcc -fmodules-prune-after\=345600 -Xcc -I/Users/admin/builder/spi-builder-workspace/.derivedData/Build/Products/Debug-watchos/include -Xcc -I/Users/admin/builder/spi-builder-workspace/.derivedData/Build/Intermediates.noindex/BinaryEncoding.build/Debug-watchos/BinaryEncoding-t.build/DerivedSources-normal/arm64 -Xcc -I/Users/admin/builder/spi-builder-workspace/.derivedData/Build/Intermediates.noindex/BinaryEncoding.build/Debug-watchos/BinaryEncoding-t.build/DerivedSources/arm64 -Xcc -I/Users/admin/builder/spi-builder-workspace/.derivedData/Build/Intermediates.noindex/BinaryEncoding.build/Debug-watchos/BinaryEncoding-t.build/DerivedSources -Xcc -DSWIFT_PACKAGE -Xcc -DDEBUG\=1 -no-auto-bridging-header-chaining -module-name BinaryEncoding -const-gather-protocols-file /Users/admin/builder/spi-builder-workspace/.derivedData/Build/Intermediates.noindex/BinaryEncoding.build/Debug-watchos/BinaryEncoding-t.build/Objects-normal/arm64/BinaryEncoding_const_extract_protocols.json -disable-clang-spi -target-sdk-version 27.0 -target-sdk-name watchos27.0 -external-plugin-path /Applications/Xcode-27.0.0-Release.Candidate.app/Contents/Developer/Platforms/WatchOS.platform/Developer/usr/lib/swift/host/plugins\#/Applications/Xcode-27.0.0-Release.Candidate.app/Contents/Developer/Platforms/WatchOS.platform/Developer/usr/bin/swift-plugin-server -external-plugin-path /Applications/Xcode-27.0.0-Release.Candidate.app/Contents/Developer/Platforms/WatchOS.platform/Developer/usr/local/lib/swift/host/plugins\#/Applications/Xcode-27.0.0-Release.Candidate.app/Contents/Developer/Platforms/WatchOS.platform/Developer/usr/bin/swift-plugin-server -in-process-plugin-server-path /Applications/Xcode-27.0.0-Release.Candidate.app/Contents/Developer/Toolchains/XcodeDefault.xctoolchain/usr/lib/swift/host/libSwiftInProcPluginServer.dylib -plugin-path /Applications/Xcode-27.0.0-Release.Candidate.app/Contents/Developer/Toolchains/XcodeDefault.xctoolchain/usr/lib/swift/host/plugins -plugin-path /Applications/Xcode-27.0.0-Release.Candidate.app/Contents/Developer/Toolchains/XcodeDefault.xctoolchain/usr/local/lib/swift/host/plugins -parse-as-library -o /Users/admin/builder/spi-builder-workspace/.derivedData/Build/Intermediates.noindex/BinaryEncoding.build/Debug-watchos/BinaryEncoding-t.build/Objects-normal/arm64/UnsafeRawBufferPointer.o -index-unit-output-path /BinaryEncoding.build/Debug-watchos/BinaryEncoding-t.build/Objects-normal/arm64/UnsafeRawBufferPointer.o -index-store-path /Users/admin/builder/spi-builder-workspace/.derivedData/Index.noindex/DataStore -index-system-modules
SwiftCompile normal arm64 /Users/admin/builder/spi-builder-workspace/Sources/BinaryEncoding/UnsafeRawBufferPointer.swift (in target 'BinaryEncoding' from project 'BinaryEncoding')
    cd /Users/admin/builder/spi-builder-workspace/.swiftpm/xcode
    builtin-SwiftPerFileCompile UnsafeRawBufferPointer.swift
SwiftEmitModule normal arm64_32 Emitting\ module\ for\ BinaryEncoding (in target 'BinaryEncoding' from project 'BinaryEncoding')
SwiftCompile normal arm64_32 (in target 'BinaryEncoding' from project 'BinaryEncoding')
    cd /Users/admin/builder/spi-builder-workspace/.swiftpm/xcode

SwiftCompile normal arm64_32 Compiling\ Common.swift /Users/admin/builder/spi-builder-workspace/Sources/BinaryEncoding/Common.swift (in target 'BinaryEncoding' from project 'BinaryEncoding')
SwiftCompile normal arm64_32 /Users/admin/builder/spi-builder-workspace/Sources/BinaryEncoding/Common.swift (in target 'BinaryEncoding' from project 'BinaryEncoding')
    cd /Users/admin/builder/spi-builder-workspace/.swiftpm/xcode
    builtin-SwiftPerFileCompile Common.swift
SwiftCompile normal arm64_32 Compiling\ Data.swift /Users/admin/builder/spi-builder-workspace/Sources/BinaryEncoding/Data.swift (in target 'BinaryEncoding' from project 'BinaryEncoding')
SwiftCompile normal arm64_32 /Users/admin/builder/spi-builder-workspace/Sources/BinaryEncoding/Data.swift (in target 'BinaryEncoding' from project 'BinaryEncoding')
    cd /Users/admin/builder/spi-builder-workspace/.swiftpm/xcode
    builtin-SwiftPerFileCompile Data.swift
/Users/admin/builder/spi-builder-workspace/Sources/BinaryEncoding/Data.swift:34:55: warning: 'copyBytes(from:count:)' is deprecated: renamed to 'copyMemory(from:byteCount:)' [#DeprecatedDeclaration]
 32 | 	public init(copyFrom: UnsafeRawPointer, count: Int) {
 33 | 		self.init(minimumCapacity: count)
 34 | 		withUnsafeMutableBufferRawPointer { $0.baseAddress!.copyBytes(from: copyFrom, count: count) }
    |                                                       |- warning: 'copyBytes(from:count:)' is deprecated: renamed to 'copyMemory(from:byteCount:)' [#DeprecatedDeclaration]
    |                                                       `- note: use 'copyMemory(from:byteCount:)' instead
 35 | 		self.count = count
 36 | 	}
/Users/admin/builder/spi-builder-workspace/Sources/BinaryEncoding/Data.swift:43:21: warning: 'copyBytes(from:count:)' is deprecated: renamed to 'copyMemory(from:byteCount:)' [#DeprecatedDeclaration]
 41 | 		cont.withUnsafeBufferPointer { from in
 42 | 			withUnsafeMutableBufferRawPointer { to in
 43 | 				to.baseAddress!.copyBytes(from: UnsafeRawPointer(from.baseAddress!), count: cont.count)
    |                     |- warning: 'copyBytes(from:count:)' is deprecated: renamed to 'copyMemory(from:byteCount:)' [#DeprecatedDeclaration]
    |                     `- note: use 'copyMemory(from:byteCount:)' instead
 44 | 			}
 45 | 		}
SwiftCompile normal arm64_32 Compiling\ UnsafeRawBufferPointer.swift /Users/admin/builder/spi-builder-workspace/Sources/BinaryEncoding/UnsafeRawBufferPointer.swift (in target 'BinaryEncoding' from project 'BinaryEncoding')
/Users/admin/builder/spi-builder-workspace/Sources/BinaryEncoding/UnsafeRawBufferPointer.swift:72:30: error: type 'String' has no member '_fromCodeUnitSequence'
 70 | 			defer { start += withSize }
 71 | 			let utf8buf = UnsafeBufferPointer(start: start.assumingMemoryBound(to: UTF8.CodeUnit.self), count: withSize)
 72 | 			guard let string = String._fromCodeUnitSequence(UTF8.self, input: utf8buf)
    |                              `- error: type 'String' has no member '_fromCodeUnitSequence'
 73 | 				else { throw BinaryEncodingError.stringIsNotUTF8 }
 74 | 			return string
/Users/admin/builder/spi-builder-workspace/Sources/BinaryEncoding/UnsafeRawBufferPointer.swift:141:11: warning: 'copyBytes(from:count:)' is deprecated: renamed to 'copyMemory(from:byteCount:)' [#DeprecatedDeclaration]
139 | 				let size = e - p
140 | 				guard start + size <= end else { throw BinaryEncodingError.bufferIsTooShort }
141 | 				start.copyBytes(from: p, count: size)
    |           |- warning: 'copyBytes(from:count:)' is deprecated: renamed to 'copyMemory(from:byteCount:)' [#DeprecatedDeclaration]
    |           `- note: use 'copyMemory(from:byteCount:)' instead
142 | 				start += size
143 | 			}
/Users/admin/builder/spi-builder-workspace/Sources/BinaryEncoding/UnsafeRawBufferPointer.swift:148:10: warning: 'copyBytes(from:count:)' is deprecated: renamed to 'copyMemory(from:byteCount:)' [#DeprecatedDeclaration]
146 | 		public mutating func write(_ value: UnsafeRawBufferPointer) throws {
147 | 			guard start + value.count <= end else { throw BinaryEncodingError.bufferIsTooShort }
148 | 			start.copyBytes(from: value.baseAddress!, count: value.count)
    |          |- warning: 'copyBytes(from:count:)' is deprecated: renamed to 'copyMemory(from:byteCount:)' [#DeprecatedDeclaration]
    |          `- note: use 'copyMemory(from:byteCount:)' instead
149 | 			start += value.count
150 | 		}
/Users/admin/builder/spi-builder-workspace/Sources/BinaryEncoding/UnsafeRawBufferPointer.swift:193:11: warning: 'copyBytes(from:count:)' is deprecated: renamed to 'copyMemory(from:byteCount:)' [#DeprecatedDeclaration]
191 | 				let size = $0.count * MemoryLayout<C.Iterator.Element>.size
192 | 				guard start + size <= end else { throw BinaryEncodingError.bufferIsTooShort }
193 | 				start.copyBytes(from: UnsafeRawPointer($0.baseAddress!), count: size)
    |           |- warning: 'copyBytes(from:count:)' is deprecated: renamed to 'copyMemory(from:byteCount:)' [#DeprecatedDeclaration]
    |           `- note: use 'copyMemory(from:byteCount:)' instead
194 | 				start += size
195 | 			}
/Users/admin/builder/spi-builder-workspace/Sources/BinaryEncoding/UnsafeRawBufferPointer.swift:205:11: warning: 'copyBytes(from:count:)' is deprecated: renamed to 'copyMemory(from:byteCount:)' [#DeprecatedDeclaration]
203 | 				start.assumingMemoryBound(to: S.self).pointee = numericCast(size)
204 | 				start += MemoryLayout<S>.size
205 | 				start.copyBytes(from: UnsafeRawPointer($0.baseAddress!), count: size)
    |           |- warning: 'copyBytes(from:count:)' is deprecated: renamed to 'copyMemory(from:byteCount:)' [#DeprecatedDeclaration]
    |           `- note: use 'copyMemory(from:byteCount:)' instead
206 | 				start += size
207 | 			}
SwiftCompile normal arm64_32 /Users/admin/builder/spi-builder-workspace/Sources/BinaryEncoding/UnsafeRawBufferPointer.swift (in target 'BinaryEncoding' from project 'BinaryEncoding')
    cd /Users/admin/builder/spi-builder-workspace/.swiftpm/xcode
    builtin-SwiftPerFileCompile UnsafeRawBufferPointer.swift
SwiftCompile normal arm64 Compiling\ Common.swift /Users/admin/builder/spi-builder-workspace/Sources/BinaryEncoding/Common.swift (in target 'BinaryEncoding' from project 'BinaryEncoding')
SwiftCompile normal arm64 /Users/admin/builder/spi-builder-workspace/Sources/BinaryEncoding/Common.swift (in target 'BinaryEncoding' from project 'BinaryEncoding')
    cd /Users/admin/builder/spi-builder-workspace/.swiftpm/xcode
    builtin-SwiftPerFileCompile Common.swift
SwiftDriverJobDiscovery normal arm64 Emitting module for BinaryEncoding (in target 'BinaryEncoding' from project 'BinaryEncoding')
SwiftDriver\ Compilation\ Requirements BinaryEncoding normal arm64 com.apple.xcode.tools.swift.compiler (in target 'BinaryEncoding' from project 'BinaryEncoding')
    cd /Users/admin/builder/spi-builder-workspace/.swiftpm/xcode
    builtin-Swift-Compilation-Requirements -- /Applications/Xcode-27.0.0-Release.Candidate.app/Contents/Developer/Toolchains/XcodeDefault.xctoolchain/usr/bin/swiftc -parse-as-library -module-name BinaryEncoding -Onone @/Users/admin/builder/spi-builder-workspace/.derivedData/Build/Intermediates.noindex/BinaryEncoding.build/Debug-watchos/BinaryEncoding-t.build/Objects-normal/arm64/BinaryEncoding.SwiftFileList -DSWIFT_PACKAGE -DDEBUG -DSWIFT_MODULE_RESOURCE_BUNDLE_UNAVAILABLE -DXcode -plugin-path /Applications/Xcode-27.0.0-Release.Candidate.app/Contents/Developer/Toolchains/XcodeDefault.xctoolchain/usr/lib/swift/host/plugins/testing -enable-experimental-feature DebugDescriptionMacro -sdk /Applications/Xcode-27.0.0-Release.Candidate.app/Contents/Developer/Platforms/WatchOS.platform/Developer/SDKs/WatchOS27.0.sdk -target arm64-apple-watchos9.0 -g -module-cache-path /Users/admin/builder/spi-builder-workspace/.derivedData/ModuleCache.noindex -Xfrontend -serialize-debugging-options -profile-coverage-mapping -profile-generate -enable-testing -index-store-path /Users/admin/builder/spi-builder-workspace/.derivedData/Index.noindex/DataStore -Xcc -D_LIBCPP_HARDENING_MODE\=_LIBCPP_HARDENING_MODE_DEBUG -swift-version 4 -I /Users/admin/builder/spi-builder-workspace/.derivedData/Build/Products/Debug-watchos -Isystem /Applications/Xcode-27.0.0-Release.Candidate.app/Contents/Developer/Platforms/WatchOS.platform/Developer/usr/lib -F /Users/admin/builder/spi-builder-workspace/.derivedData/Build/Products/Debug-watchos -F /Applications/Xcode-27.0.0-Release.Candidate.app/Contents/Developer/Platforms/WatchOS.platform/Developer/Library/Frameworks -F /Applications/Xcode-27.0.0-Release.Candidate.app/Contents/Developer/Platforms/WatchOS.platform/Developer/SDKs/WatchOS27.0.sdk/Developer/Library/Frameworks -c -j10 -enable-batch-mode -incremental -Xcc -ivfsstatcache -Xcc /Users/admin/builder/spi-builder-workspace/.derivedData/SDKStatCaches.noindex/watchos27.0-24R360-e829b21a6f8c9b70876ba0858053c04477534ef55a1706bf4c1112bbb242f0a2.sdkstatcache -output-file-map /Users/admin/builder/spi-builder-workspace/.derivedData/Build/Intermediates.noindex/BinaryEncoding.build/Debug-watchos/BinaryEncoding-t.build/Objects-normal/arm64/BinaryEncoding-OutputFileMap.json -save-temps -no-color-diagnostics -emit-dependencies -emit-module -emit-module-path /Users/admin/builder/spi-builder-workspace/.derivedData/Build/Intermediates.noindex/BinaryEncoding.build/Debug-watchos/BinaryEncoding-t.build/Objects-normal/arm64/BinaryEncoding.swiftmodule -serialize-diagnostics -validate-clang-modules-once -clang-build-session-file /Users/admin/builder/spi-builder-workspace/.derivedData/ModuleCache.noindex/Session.modulevalidation -Xcc -fmodules-prune-interval\=86400 -Xcc -fmodules-prune-after\=345600 -emit-const-values -const-gather-protocols-list /Users/admin/builder/spi-builder-workspace/.derivedData/Build/Intermediates.noindex/BinaryEncoding.build/Debug-watchos/BinaryEncoding-t.build/Objects-normal/arm64/BinaryEncoding_const_extract_protocols.json -Xcc -I/Users/admin/builder/spi-builder-workspace/.derivedData/Build/Products/Debug-watchos/include -Xcc -I/Users/admin/builder/spi-builder-workspace/.derivedData/Build/Intermediates.noindex/BinaryEncoding.build/Debug-watchos/BinaryEncoding-t.build/DerivedSources-normal/arm64 -Xcc -I/Users/admin/builder/spi-builder-workspace/.derivedData/Build/Intermediates.noindex/BinaryEncoding.build/Debug-watchos/BinaryEncoding-t.build/DerivedSources/arm64 -Xcc -I/Users/admin/builder/spi-builder-workspace/.derivedData/Build/Intermediates.noindex/BinaryEncoding.build/Debug-watchos/BinaryEncoding-t.build/DerivedSources -Xcc -DSWIFT_PACKAGE -Xcc -DDEBUG\=1 -emit-objc-header -emit-objc-header-path /Users/admin/builder/spi-builder-workspace/.derivedData/Build/Intermediates.noindex/BinaryEncoding.build/Debug-watchos/BinaryEncoding-t.build/Objects-normal/arm64/BinaryEncoding-Swift.h -working-directory /Users/admin/builder/spi-builder-workspace/.swiftpm/xcode -experimental-emit-module-separately -disable-cmo
SwiftDriverJobDiscovery normal arm64_32 Emitting module for BinaryEncoding (in target 'BinaryEncoding' from project 'BinaryEncoding')
SwiftDriver\ Compilation\ Requirements BinaryEncoding normal arm64_32 com.apple.xcode.tools.swift.compiler (in target 'BinaryEncoding' from project 'BinaryEncoding')
    cd /Users/admin/builder/spi-builder-workspace/.swiftpm/xcode
    builtin-Swift-Compilation-Requirements -- /Applications/Xcode-27.0.0-Release.Candidate.app/Contents/Developer/Toolchains/XcodeDefault.xctoolchain/usr/bin/swiftc -parse-as-library -module-name BinaryEncoding -Onone @/Users/admin/builder/spi-builder-workspace/.derivedData/Build/Intermediates.noindex/BinaryEncoding.build/Debug-watchos/BinaryEncoding-t.build/Objects-normal/arm64_32/BinaryEncoding.SwiftFileList -DSWIFT_PACKAGE -DDEBUG -DSWIFT_MODULE_RESOURCE_BUNDLE_UNAVAILABLE -DXcode -plugin-path /Applications/Xcode-27.0.0-Release.Candidate.app/Contents/Developer/Toolchains/XcodeDefault.xctoolchain/usr/lib/swift/host/plugins/testing -enable-experimental-feature DebugDescriptionMacro -sdk /Applications/Xcode-27.0.0-Release.Candidate.app/Contents/Developer/Platforms/WatchOS.platform/Developer/SDKs/WatchOS27.0.sdk -target arm64_32-apple-watchos9.0 -g -module-cache-path /Users/admin/builder/spi-builder-workspace/.derivedData/ModuleCache.noindex -Xfrontend -serialize-debugging-options -profile-coverage-mapping -profile-generate -enable-testing -index-store-path /Users/admin/builder/spi-builder-workspace/.derivedData/Index.noindex/DataStore -Xcc -D_LIBCPP_HARDENING_MODE\=_LIBCPP_HARDENING_MODE_DEBUG -swift-version 4 -I /Users/admin/builder/spi-builder-workspace/.derivedData/Build/Products/Debug-watchos -Isystem /Applications/Xcode-27.0.0-Release.Candidate.app/Contents/Developer/Platforms/WatchOS.platform/Developer/usr/lib -F /Users/admin/builder/spi-builder-workspace/.derivedData/Build/Products/Debug-watchos -F /Applications/Xcode-27.0.0-Release.Candidate.app/Contents/Developer/Platforms/WatchOS.platform/Developer/Library/Frameworks -F /Applications/Xcode-27.0.0-Release.Candidate.app/Contents/Developer/Platforms/WatchOS.platform/Developer/SDKs/WatchOS27.0.sdk/Developer/Library/Frameworks -c -j10 -enable-batch-mode -incremental -Xcc -ivfsstatcache -Xcc /Users/admin/builder/spi-builder-workspace/.derivedData/SDKStatCaches.noindex/watchos27.0-24R360-e829b21a6f8c9b70876ba0858053c04477534ef55a1706bf4c1112bbb242f0a2.sdkstatcache -output-file-map /Users/admin/builder/spi-builder-workspace/.derivedData/Build/Intermediates.noindex/BinaryEncoding.build/Debug-watchos/BinaryEncoding-t.build/Objects-normal/arm64_32/BinaryEncoding-OutputFileMap.json -save-temps -no-color-diagnostics -emit-dependencies -emit-module -emit-module-path /Users/admin/builder/spi-builder-workspace/.derivedData/Build/Intermediates.noindex/BinaryEncoding.build/Debug-watchos/BinaryEncoding-t.build/Objects-normal/arm64_32/BinaryEncoding.swiftmodule -serialize-diagnostics -validate-clang-modules-once -clang-build-session-file /Users/admin/builder/spi-builder-workspace/.derivedData/ModuleCache.noindex/Session.modulevalidation -Xcc -fmodules-prune-interval\=86400 -Xcc -fmodules-prune-after\=345600 -emit-const-values -const-gather-protocols-list /Users/admin/builder/spi-builder-workspace/.derivedData/Build/Intermediates.noindex/BinaryEncoding.build/Debug-watchos/BinaryEncoding-t.build/Objects-normal/arm64_32/BinaryEncoding_const_extract_protocols.json -Xcc -I/Users/admin/builder/spi-builder-workspace/.derivedData/Build/Products/Debug-watchos/include -Xcc -I/Users/admin/builder/spi-builder-workspace/.derivedData/Build/Intermediates.noindex/BinaryEncoding.build/Debug-watchos/BinaryEncoding-t.build/DerivedSources-normal/arm64_32 -Xcc -I/Users/admin/builder/spi-builder-workspace/.derivedData/Build/Intermediates.noindex/BinaryEncoding.build/Debug-watchos/BinaryEncoding-t.build/DerivedSources/arm64_32 -Xcc -I/Users/admin/builder/spi-builder-workspace/.derivedData/Build/Intermediates.noindex/BinaryEncoding.build/Debug-watchos/BinaryEncoding-t.build/DerivedSources -Xcc -DSWIFT_PACKAGE -Xcc -DDEBUG\=1 -emit-objc-header -emit-objc-header-path /Users/admin/builder/spi-builder-workspace/.derivedData/Build/Intermediates.noindex/BinaryEncoding.build/Debug-watchos/BinaryEncoding-t.build/Objects-normal/arm64_32/BinaryEncoding-Swift.h -working-directory /Users/admin/builder/spi-builder-workspace/.swiftpm/xcode -experimental-emit-module-separately -disable-cmo
SwiftMergeGeneratedHeaders /Users/admin/builder/spi-builder-workspace/.derivedData/Build/Intermediates.noindex/GeneratedModuleMaps-watchos/BinaryEncoding-Swift.h /Users/admin/builder/spi-builder-workspace/.derivedData/Build/Intermediates.noindex/BinaryEncoding.build/Debug-watchos/BinaryEncoding-t.build/Objects-normal/arm64/BinaryEncoding-Swift.h /Users/admin/builder/spi-builder-workspace/.derivedData/Build/Intermediates.noindex/BinaryEncoding.build/Debug-watchos/BinaryEncoding-t.build/Objects-normal/arm64_32/BinaryEncoding-Swift.h (in target 'BinaryEncoding' from project 'BinaryEncoding')
    cd /Users/admin/builder/spi-builder-workspace
    builtin-swiftHeaderTool -arch arm64 /Users/admin/builder/spi-builder-workspace/.derivedData/Build/Intermediates.noindex/BinaryEncoding.build/Debug-watchos/BinaryEncoding-t.build/Objects-normal/arm64/BinaryEncoding-Swift.h -arch arm64_32 /Users/admin/builder/spi-builder-workspace/.derivedData/Build/Intermediates.noindex/BinaryEncoding.build/Debug-watchos/BinaryEncoding-t.build/Objects-normal/arm64_32/BinaryEncoding-Swift.h -o /Users/admin/builder/spi-builder-workspace/.derivedData/Build/Intermediates.noindex/GeneratedModuleMaps-watchos/BinaryEncoding-Swift.h
Copy /Users/admin/builder/spi-builder-workspace/.derivedData/Build/Products/Debug-watchos/BinaryEncoding.swiftmodule/arm64_32-apple-watchos.swiftmodule /Users/admin/builder/spi-builder-workspace/.derivedData/Build/Intermediates.noindex/BinaryEncoding.build/Debug-watchos/BinaryEncoding-t.build/Objects-normal/arm64_32/BinaryEncoding.swiftmodule (in target 'BinaryEncoding' from project 'BinaryEncoding')
    cd /Users/admin/builder/spi-builder-workspace
    builtin-copy -exclude .DS_Store -exclude CVS -exclude .svn -exclude .git -exclude .hg -resolve-src-symlinks -rename /Users/admin/builder/spi-builder-workspace/.derivedData/Build/Intermediates.noindex/BinaryEncoding.build/Debug-watchos/BinaryEncoding-t.build/Objects-normal/arm64_32/BinaryEncoding.swiftmodule /Users/admin/builder/spi-builder-workspace/.derivedData/Build/Products/Debug-watchos/BinaryEncoding.swiftmodule/arm64_32-apple-watchos.swiftmodule
Copy /Users/admin/builder/spi-builder-workspace/.derivedData/Build/Products/Debug-watchos/BinaryEncoding.swiftmodule/arm64-apple-watchos.swiftmodule /Users/admin/builder/spi-builder-workspace/.derivedData/Build/Intermediates.noindex/BinaryEncoding.build/Debug-watchos/BinaryEncoding-t.build/Objects-normal/arm64/BinaryEncoding.swiftmodule (in target 'BinaryEncoding' from project 'BinaryEncoding')
    cd /Users/admin/builder/spi-builder-workspace
    builtin-copy -exclude .DS_Store -exclude CVS -exclude .svn -exclude .git -exclude .hg -resolve-src-symlinks -rename /Users/admin/builder/spi-builder-workspace/.derivedData/Build/Intermediates.noindex/BinaryEncoding.build/Debug-watchos/BinaryEncoding-t.build/Objects-normal/arm64/BinaryEncoding.swiftmodule /Users/admin/builder/spi-builder-workspace/.derivedData/Build/Products/Debug-watchos/BinaryEncoding.swiftmodule/arm64-apple-watchos.swiftmodule
Copy /Users/admin/builder/spi-builder-workspace/.derivedData/Build/Products/Debug-watchos/BinaryEncoding.swiftmodule/arm64-apple-watchos.swiftdoc /Users/admin/builder/spi-builder-workspace/.derivedData/Build/Intermediates.noindex/BinaryEncoding.build/Debug-watchos/BinaryEncoding-t.build/Objects-normal/arm64/BinaryEncoding.swiftdoc (in target 'BinaryEncoding' from project 'BinaryEncoding')
    cd /Users/admin/builder/spi-builder-workspace
    builtin-copy -exclude .DS_Store -exclude CVS -exclude .svn -exclude .git -exclude .hg -resolve-src-symlinks -rename /Users/admin/builder/spi-builder-workspace/.derivedData/Build/Intermediates.noindex/BinaryEncoding.build/Debug-watchos/BinaryEncoding-t.build/Objects-normal/arm64/BinaryEncoding.swiftdoc /Users/admin/builder/spi-builder-workspace/.derivedData/Build/Products/Debug-watchos/BinaryEncoding.swiftmodule/arm64-apple-watchos.swiftdoc
Copy /Users/admin/builder/spi-builder-workspace/.derivedData/Build/Products/Debug-watchos/BinaryEncoding.swiftmodule/arm64_32-apple-watchos.swiftdoc /Users/admin/builder/spi-builder-workspace/.derivedData/Build/Intermediates.noindex/BinaryEncoding.build/Debug-watchos/BinaryEncoding-t.build/Objects-normal/arm64_32/BinaryEncoding.swiftdoc (in target 'BinaryEncoding' from project 'BinaryEncoding')
    cd /Users/admin/builder/spi-builder-workspace
    builtin-copy -exclude .DS_Store -exclude CVS -exclude .svn -exclude .git -exclude .hg -resolve-src-symlinks -rename /Users/admin/builder/spi-builder-workspace/.derivedData/Build/Intermediates.noindex/BinaryEncoding.build/Debug-watchos/BinaryEncoding-t.build/Objects-normal/arm64_32/BinaryEncoding.swiftdoc /Users/admin/builder/spi-builder-workspace/.derivedData/Build/Products/Debug-watchos/BinaryEncoding.swiftmodule/arm64_32-apple-watchos.swiftdoc
Copy /Users/admin/builder/spi-builder-workspace/.derivedData/Build/Products/Debug-watchos/BinaryEncoding.swiftmodule/arm64_32-apple-watchos.abi.json /Users/admin/builder/spi-builder-workspace/.derivedData/Build/Intermediates.noindex/BinaryEncoding.build/Debug-watchos/BinaryEncoding-t.build/Objects-normal/arm64_32/BinaryEncoding.abi.json (in target 'BinaryEncoding' from project 'BinaryEncoding')
    cd /Users/admin/builder/spi-builder-workspace
    builtin-copy -exclude .DS_Store -exclude CVS -exclude .svn -exclude .git -exclude .hg -resolve-src-symlinks -rename /Users/admin/builder/spi-builder-workspace/.derivedData/Build/Intermediates.noindex/BinaryEncoding.build/Debug-watchos/BinaryEncoding-t.build/Objects-normal/arm64_32/BinaryEncoding.abi.json /Users/admin/builder/spi-builder-workspace/.derivedData/Build/Products/Debug-watchos/BinaryEncoding.swiftmodule/arm64_32-apple-watchos.abi.json
Copy /Users/admin/builder/spi-builder-workspace/.derivedData/Build/Products/Debug-watchos/BinaryEncoding.swiftmodule/arm64-apple-watchos.abi.json /Users/admin/builder/spi-builder-workspace/.derivedData/Build/Intermediates.noindex/BinaryEncoding.build/Debug-watchos/BinaryEncoding-t.build/Objects-normal/arm64/BinaryEncoding.abi.json (in target 'BinaryEncoding' from project 'BinaryEncoding')
    cd /Users/admin/builder/spi-builder-workspace
    builtin-copy -exclude .DS_Store -exclude CVS -exclude .svn -exclude .git -exclude .hg -resolve-src-symlinks -rename /Users/admin/builder/spi-builder-workspace/.derivedData/Build/Intermediates.noindex/BinaryEncoding.build/Debug-watchos/BinaryEncoding-t.build/Objects-normal/arm64/BinaryEncoding.abi.json /Users/admin/builder/spi-builder-workspace/.derivedData/Build/Products/Debug-watchos/BinaryEncoding.swiftmodule/arm64-apple-watchos.abi.json
Copy /Users/admin/builder/spi-builder-workspace/.derivedData/Build/Products/Debug-watchos/BinaryEncoding.swiftmodule/Project/arm64_32-apple-watchos.swiftsourceinfo /Users/admin/builder/spi-builder-workspace/.derivedData/Build/Intermediates.noindex/BinaryEncoding.build/Debug-watchos/BinaryEncoding-t.build/Objects-normal/arm64_32/BinaryEncoding.swiftsourceinfo (in target 'BinaryEncoding' from project 'BinaryEncoding')
    cd /Users/admin/builder/spi-builder-workspace
    builtin-copy -exclude .DS_Store -exclude CVS -exclude .svn -exclude .git -exclude .hg -resolve-src-symlinks -rename /Users/admin/builder/spi-builder-workspace/.derivedData/Build/Intermediates.noindex/BinaryEncoding.build/Debug-watchos/BinaryEncoding-t.build/Objects-normal/arm64_32/BinaryEncoding.swiftsourceinfo /Users/admin/builder/spi-builder-workspace/.derivedData/Build/Products/Debug-watchos/BinaryEncoding.swiftmodule/Project/arm64_32-apple-watchos.swiftsourceinfo
Copy /Users/admin/builder/spi-builder-workspace/.derivedData/Build/Products/Debug-watchos/BinaryEncoding.swiftmodule/Project/arm64-apple-watchos.swiftsourceinfo /Users/admin/builder/spi-builder-workspace/.derivedData/Build/Intermediates.noindex/BinaryEncoding.build/Debug-watchos/BinaryEncoding-t.build/Objects-normal/arm64/BinaryEncoding.swiftsourceinfo (in target 'BinaryEncoding' from project 'BinaryEncoding')
    cd /Users/admin/builder/spi-builder-workspace
    builtin-copy -exclude .DS_Store -exclude CVS -exclude .svn -exclude .git -exclude .hg -resolve-src-symlinks -rename /Users/admin/builder/spi-builder-workspace/.derivedData/Build/Intermediates.noindex/BinaryEncoding.build/Debug-watchos/BinaryEncoding-t.build/Objects-normal/arm64/BinaryEncoding.swiftsourceinfo /Users/admin/builder/spi-builder-workspace/.derivedData/Build/Products/Debug-watchos/BinaryEncoding.swiftmodule/Project/arm64-apple-watchos.swiftsourceinfo
PruneExplicitPrecompiledModules /Users/admin/builder/spi-builder-workspace/.derivedData/Build/Intermediates.noindex/SwiftExplicitPrecompiledModules
PruneExplicitPrecompiledModules /Users/admin/builder/spi-builder-workspace/.derivedData/SDKExplicitPrecompiledModules
PruneExplicitPrecompiledModules /Users/admin/builder/spi-builder-workspace/.derivedData/Build/Intermediates.noindex/ExplicitPrecompiledModules
2026-09-16 14:27:01.644 xcodebuild[649:4185] [MT] IDERunDestination: Supported platforms for the buildables in the current scheme is empty.
** BUILD FAILED **
The following build commands failed:
	SwiftCompile normal arm64 Compiling\ UnsafeRawBufferPointer.swift /Users/admin/builder/spi-builder-workspace/Sources/BinaryEncoding/UnsafeRawBufferPointer.swift (in target 'BinaryEncoding' from project 'BinaryEncoding')
	SwiftCompile normal arm64 /Users/admin/builder/spi-builder-workspace/Sources/BinaryEncoding/UnsafeRawBufferPointer.swift (in target 'BinaryEncoding' from project 'BinaryEncoding')
	Building workspace BinaryEncoding with scheme BinaryEncoding
(3 failures)
Command line invocation:
    /Applications/Xcode-27.0.0-Release.Candidate.app/Contents/Developer/usr/bin/xcodebuild -IDEClonedSourcePackagesDirPathOverride=/Users/admin/builder/spi-builder-workspace/.dependencies -resolvePackageDependencies
Resolve Package Graph
Resolved source packages:
  BinaryEncoding: /Users/admin/builder/spi-builder-workspace
resolved source packages: BinaryEncoding
2026-09-16 14:27:05.314 xcodebuild[672:4365] [MT] IDERunDestination: Supported platforms for the buildables in the current scheme is empty.
{
  "dependencies" : [
  ],
  "manifest_display_name" : "BinaryEncoding",
  "name" : "BinaryEncoding",
  "path" : "/Users/admin/builder/spi-builder-workspace",
  "platforms" : [
  ],
  "products" : [
    {
      "name" : "BinaryEncoding",
      "targets" : [
        "BinaryEncoding"
      ],
      "type" : {
        "library" : [
          "automatic"
        ]
      }
    }
  ],
  "targets" : [
    {
      "c99name" : "BinaryEncodingTests",
      "module_type" : "SwiftTarget",
      "name" : "BinaryEncodingTests",
      "path" : "Tests/BinaryEncodingTests",
      "sources" : [
        "Data.swift"
      ],
      "target_dependencies" : [
        "BinaryEncoding"
      ],
      "type" : "test"
    },
    {
      "c99name" : "BinaryEncoding",
      "module_type" : "SwiftTarget",
      "name" : "BinaryEncoding",
      "path" : "Sources/BinaryEncoding",
      "product_memberships" : [
        "BinaryEncoding"
      ],
      "sources" : [
        "Common.swift",
        "Data.swift",
        "UnsafeRawBufferPointer.swift"
      ],
      "type" : "library"
    }
  ],
  "tools_version" : "4.0"
}
{
  "workspace" : {
    "name" : "BinaryEncoding",
    "schemes" : [
      "BinaryEncoding"
    ]
  }
}
2026-09-16 14:27:06.513 xcodebuild[680:4429] [MT] IDERunDestination: Supported platforms for the buildables in the current scheme is empty.
Running build ...
env DEVELOPER_DIR=/Applications/Xcode-27.0.0-Release.Candidate.app xcrun xcodebuild -IDEClonedSourcePackagesDirPathOverride=$PWD/.dependencies -skipMacroValidation -skipPackagePluginValidation -derivedDataPath $PWD/.derivedData build -scheme BinaryEncoding -destination generic/platform=watchOS
Command line invocation:
    /Applications/Xcode-27.0.0-Release.Candidate.app/Contents/Developer/usr/bin/xcodebuild -IDEClonedSourcePackagesDirPathOverride=/Users/admin/builder/spi-builder-workspace/.dependencies -skipMacroValidation -skipPackagePluginValidation -derivedDataPath /Users/admin/builder/spi-builder-workspace/.derivedData build -scheme BinaryEncoding -destination generic/platform=watchOS
Resolve Package Graph
Resolved source packages:
  BinaryEncoding: /Users/admin/builder/spi-builder-workspace
ComputePackagePrebuildTargetDependencyGraph
Prepare packages
CreateBuildRequest
SendProjectDescription
CreateBuildOperation
ComputeTargetDependencyGraph
note: Building targets in dependency order
note: Target dependency graph (2 targets)
    Target 'BinaryEncoding-product' in project 'BinaryEncoding'
        ➜ Explicit dependency on target 'BinaryEncoding' in project 'BinaryEncoding'
    Target 'BinaryEncoding' in project 'BinaryEncoding' (no dependencies)
GatherProvisioningInputs
CreateBuildDescription
ClangStatCache /Applications/Xcode-27.0.0-Release.Candidate.app/Contents/Developer/Toolchains/XcodeDefault.xctoolchain/usr/bin/clang-stat-cache /Applications/Xcode-27.0.0-Release.Candidate.app/Contents/Developer/Platforms/WatchOS.platform/Developer/SDKs/WatchOS27.0.sdk /Users/admin/builder/spi-builder-workspace/.derivedData/SDKStatCaches.noindex/watchos27.0-24R360-e829b21a6f8c9b70876ba0858053c04477534ef55a1706bf4c1112bbb242f0a2.sdkstatcache
    cd /Users/admin/builder/spi-builder-workspace/.swiftpm/xcode
    /Applications/Xcode-27.0.0-Release.Candidate.app/Contents/Developer/Toolchains/XcodeDefault.xctoolchain/usr/bin/clang-stat-cache /Applications/Xcode-27.0.0-Release.Candidate.app/Contents/Developer/Platforms/WatchOS.platform/Developer/SDKs/WatchOS27.0.sdk -o /Users/admin/builder/spi-builder-workspace/.derivedData/SDKStatCaches.noindex/watchos27.0-24R360-e829b21a6f8c9b70876ba0858053c04477534ef55a1706bf4c1112bbb242f0a2.sdkstatcache
SwiftDriver BinaryEncoding normal arm64 com.apple.xcode.tools.swift.compiler (in target 'BinaryEncoding' from project 'BinaryEncoding')
    cd /Users/admin/builder/spi-builder-workspace/.swiftpm/xcode
    builtin-SwiftDriver -- /Applications/Xcode-27.0.0-Release.Candidate.app/Contents/Developer/Toolchains/XcodeDefault.xctoolchain/usr/bin/swiftc -parse-as-library -module-name BinaryEncoding -Onone @/Users/admin/builder/spi-builder-workspace/.derivedData/Build/Intermediates.noindex/BinaryEncoding.build/Debug-watchos/BinaryEncoding-t.build/Objects-normal/arm64/BinaryEncoding.SwiftFileList -DSWIFT_PACKAGE -DDEBUG -DSWIFT_MODULE_RESOURCE_BUNDLE_UNAVAILABLE -DXcode -plugin-path /Applications/Xcode-27.0.0-Release.Candidate.app/Contents/Developer/Toolchains/XcodeDefault.xctoolchain/usr/lib/swift/host/plugins/testing -enable-experimental-feature DebugDescriptionMacro -sdk /Applications/Xcode-27.0.0-Release.Candidate.app/Contents/Developer/Platforms/WatchOS.platform/Developer/SDKs/WatchOS27.0.sdk -target arm64-apple-watchos9.0 -g -module-cache-path /Users/admin/builder/spi-builder-workspace/.derivedData/ModuleCache.noindex -Xfrontend -serialize-debugging-options -profile-coverage-mapping -profile-generate -enable-testing -index-store-path /Users/admin/builder/spi-builder-workspace/.derivedData/Index.noindex/DataStore -Xcc -D_LIBCPP_HARDENING_MODE\=_LIBCPP_HARDENING_MODE_DEBUG -swift-version 4 -I /Users/admin/builder/spi-builder-workspace/.derivedData/Build/Products/Debug-watchos -Isystem /Applications/Xcode-27.0.0-Release.Candidate.app/Contents/Developer/Platforms/WatchOS.platform/Developer/usr/lib -F /Users/admin/builder/spi-builder-workspace/.derivedData/Build/Products/Debug-watchos -F /Applications/Xcode-27.0.0-Release.Candidate.app/Contents/Developer/Platforms/WatchOS.platform/Developer/Library/Frameworks -F /Applications/Xcode-27.0.0-Release.Candidate.app/Contents/Developer/Platforms/WatchOS.platform/Developer/SDKs/WatchOS27.0.sdk/Developer/Library/Frameworks -c -j10 -enable-batch-mode -incremental -Xcc -ivfsstatcache -Xcc /Users/admin/builder/spi-builder-workspace/.derivedData/SDKStatCaches.noindex/watchos27.0-24R360-e829b21a6f8c9b70876ba0858053c04477534ef55a1706bf4c1112bbb242f0a2.sdkstatcache -output-file-map /Users/admin/builder/spi-builder-workspace/.derivedData/Build/Intermediates.noindex/BinaryEncoding.build/Debug-watchos/BinaryEncoding-t.build/Objects-normal/arm64/BinaryEncoding-OutputFileMap.json -save-temps -no-color-diagnostics -emit-dependencies -emit-module -emit-module-path /Users/admin/builder/spi-builder-workspace/.derivedData/Build/Intermediates.noindex/BinaryEncoding.build/Debug-watchos/BinaryEncoding-t.build/Objects-normal/arm64/BinaryEncoding.swiftmodule -serialize-diagnostics -validate-clang-modules-once -clang-build-session-file /Users/admin/builder/spi-builder-workspace/.derivedData/ModuleCache.noindex/Session.modulevalidation -Xcc -fmodules-prune-interval\=86400 -Xcc -fmodules-prune-after\=345600 -emit-const-values -const-gather-protocols-list /Users/admin/builder/spi-builder-workspace/.derivedData/Build/Intermediates.noindex/BinaryEncoding.build/Debug-watchos/BinaryEncoding-t.build/Objects-normal/arm64/BinaryEncoding_const_extract_protocols.json -Xcc -I/Users/admin/builder/spi-builder-workspace/.derivedData/Build/Products/Debug-watchos/include -Xcc -I/Users/admin/builder/spi-builder-workspace/.derivedData/Build/Intermediates.noindex/BinaryEncoding.build/Debug-watchos/BinaryEncoding-t.build/DerivedSources-normal/arm64 -Xcc -I/Users/admin/builder/spi-builder-workspace/.derivedData/Build/Intermediates.noindex/BinaryEncoding.build/Debug-watchos/BinaryEncoding-t.build/DerivedSources/arm64 -Xcc -I/Users/admin/builder/spi-builder-workspace/.derivedData/Build/Intermediates.noindex/BinaryEncoding.build/Debug-watchos/BinaryEncoding-t.build/DerivedSources -Xcc -DSWIFT_PACKAGE -Xcc -DDEBUG\=1 -emit-objc-header -emit-objc-header-path /Users/admin/builder/spi-builder-workspace/.derivedData/Build/Intermediates.noindex/BinaryEncoding.build/Debug-watchos/BinaryEncoding-t.build/Objects-normal/arm64/BinaryEncoding-Swift.h -working-directory /Users/admin/builder/spi-builder-workspace/.swiftpm/xcode -experimental-emit-module-separately -disable-cmo
SwiftDriver BinaryEncoding normal arm64_32 com.apple.xcode.tools.swift.compiler (in target 'BinaryEncoding' from project 'BinaryEncoding')
    cd /Users/admin/builder/spi-builder-workspace/.swiftpm/xcode
    builtin-SwiftDriver -- /Applications/Xcode-27.0.0-Release.Candidate.app/Contents/Developer/Toolchains/XcodeDefault.xctoolchain/usr/bin/swiftc -parse-as-library -module-name BinaryEncoding -Onone @/Users/admin/builder/spi-builder-workspace/.derivedData/Build/Intermediates.noindex/BinaryEncoding.build/Debug-watchos/BinaryEncoding-t.build/Objects-normal/arm64_32/BinaryEncoding.SwiftFileList -DSWIFT_PACKAGE -DDEBUG -DSWIFT_MODULE_RESOURCE_BUNDLE_UNAVAILABLE -DXcode -plugin-path /Applications/Xcode-27.0.0-Release.Candidate.app/Contents/Developer/Toolchains/XcodeDefault.xctoolchain/usr/lib/swift/host/plugins/testing -enable-experimental-feature DebugDescriptionMacro -sdk /Applications/Xcode-27.0.0-Release.Candidate.app/Contents/Developer/Platforms/WatchOS.platform/Developer/SDKs/WatchOS27.0.sdk -target arm64_32-apple-watchos9.0 -g -module-cache-path /Users/admin/builder/spi-builder-workspace/.derivedData/ModuleCache.noindex -Xfrontend -serialize-debugging-options -profile-coverage-mapping -profile-generate -enable-testing -index-store-path /Users/admin/builder/spi-builder-workspace/.derivedData/Index.noindex/DataStore -Xcc -D_LIBCPP_HARDENING_MODE\=_LIBCPP_HARDENING_MODE_DEBUG -swift-version 4 -I /Users/admin/builder/spi-builder-workspace/.derivedData/Build/Products/Debug-watchos -Isystem /Applications/Xcode-27.0.0-Release.Candidate.app/Contents/Developer/Platforms/WatchOS.platform/Developer/usr/lib -F /Users/admin/builder/spi-builder-workspace/.derivedData/Build/Products/Debug-watchos -F /Applications/Xcode-27.0.0-Release.Candidate.app/Contents/Developer/Platforms/WatchOS.platform/Developer/Library/Frameworks -F /Applications/Xcode-27.0.0-Release.Candidate.app/Contents/Developer/Platforms/WatchOS.platform/Developer/SDKs/WatchOS27.0.sdk/Developer/Library/Frameworks -c -j10 -enable-batch-mode -incremental -Xcc -ivfsstatcache -Xcc /Users/admin/builder/spi-builder-workspace/.derivedData/SDKStatCaches.noindex/watchos27.0-24R360-e829b21a6f8c9b70876ba0858053c04477534ef55a1706bf4c1112bbb242f0a2.sdkstatcache -output-file-map /Users/admin/builder/spi-builder-workspace/.derivedData/Build/Intermediates.noindex/BinaryEncoding.build/Debug-watchos/BinaryEncoding-t.build/Objects-normal/arm64_32/BinaryEncoding-OutputFileMap.json -save-temps -no-color-diagnostics -emit-dependencies -emit-module -emit-module-path /Users/admin/builder/spi-builder-workspace/.derivedData/Build/Intermediates.noindex/BinaryEncoding.build/Debug-watchos/BinaryEncoding-t.build/Objects-normal/arm64_32/BinaryEncoding.swiftmodule -serialize-diagnostics -validate-clang-modules-once -clang-build-session-file /Users/admin/builder/spi-builder-workspace/.derivedData/ModuleCache.noindex/Session.modulevalidation -Xcc -fmodules-prune-interval\=86400 -Xcc -fmodules-prune-after\=345600 -emit-const-values -const-gather-protocols-list /Users/admin/builder/spi-builder-workspace/.derivedData/Build/Intermediates.noindex/BinaryEncoding.build/Debug-watchos/BinaryEncoding-t.build/Objects-normal/arm64_32/BinaryEncoding_const_extract_protocols.json -Xcc -I/Users/admin/builder/spi-builder-workspace/.derivedData/Build/Products/Debug-watchos/include -Xcc -I/Users/admin/builder/spi-builder-workspace/.derivedData/Build/Intermediates.noindex/BinaryEncoding.build/Debug-watchos/BinaryEncoding-t.build/DerivedSources-normal/arm64_32 -Xcc -I/Users/admin/builder/spi-builder-workspace/.derivedData/Build/Intermediates.noindex/BinaryEncoding.build/Debug-watchos/BinaryEncoding-t.build/DerivedSources/arm64_32 -Xcc -I/Users/admin/builder/spi-builder-workspace/.derivedData/Build/Intermediates.noindex/BinaryEncoding.build/Debug-watchos/BinaryEncoding-t.build/DerivedSources -Xcc -DSWIFT_PACKAGE -Xcc -DDEBUG\=1 -emit-objc-header -emit-objc-header-path /Users/admin/builder/spi-builder-workspace/.derivedData/Build/Intermediates.noindex/BinaryEncoding.build/Debug-watchos/BinaryEncoding-t.build/Objects-normal/arm64_32/BinaryEncoding-Swift.h -working-directory /Users/admin/builder/spi-builder-workspace/.swiftpm/xcode -experimental-emit-module-separately -disable-cmo
SwiftCompile normal arm64_32 Compiling\ Common.swift /Users/admin/builder/spi-builder-workspace/Sources/BinaryEncoding/Common.swift (in target 'BinaryEncoding' from project 'BinaryEncoding')
SwiftCompile normal arm64_32 /Users/admin/builder/spi-builder-workspace/Sources/BinaryEncoding/Common.swift (in target 'BinaryEncoding' from project 'BinaryEncoding')
    cd /Users/admin/builder/spi-builder-workspace/.swiftpm/xcode
    builtin-SwiftPerFileCompile Common.swift
SwiftCompile normal arm64_32 Compiling\ Data.swift /Users/admin/builder/spi-builder-workspace/Sources/BinaryEncoding/Data.swift (in target 'BinaryEncoding' from project 'BinaryEncoding')
SwiftCompile normal arm64_32 /Users/admin/builder/spi-builder-workspace/Sources/BinaryEncoding/Data.swift (in target 'BinaryEncoding' from project 'BinaryEncoding')
    cd /Users/admin/builder/spi-builder-workspace/.swiftpm/xcode
    builtin-SwiftPerFileCompile Data.swift
/Users/admin/builder/spi-builder-workspace/Sources/BinaryEncoding/Data.swift:34:55: warning: 'copyBytes(from:count:)' is deprecated: renamed to 'copyMemory(from:byteCount:)' [#DeprecatedDeclaration]
 32 | 	public init(copyFrom: UnsafeRawPointer, count: Int) {
 33 | 		self.init(minimumCapacity: count)
 34 | 		withUnsafeMutableBufferRawPointer { $0.baseAddress!.copyBytes(from: copyFrom, count: count) }
    |                                                       |- warning: 'copyBytes(from:count:)' is deprecated: renamed to 'copyMemory(from:byteCount:)' [#DeprecatedDeclaration]
    |                                                       `- note: use 'copyMemory(from:byteCount:)' instead
 35 | 		self.count = count
 36 | 	}
/Users/admin/builder/spi-builder-workspace/Sources/BinaryEncoding/Data.swift:43:21: warning: 'copyBytes(from:count:)' is deprecated: renamed to 'copyMemory(from:byteCount:)' [#DeprecatedDeclaration]
 41 | 		cont.withUnsafeBufferPointer { from in
 42 | 			withUnsafeMutableBufferRawPointer { to in
 43 | 				to.baseAddress!.copyBytes(from: UnsafeRawPointer(from.baseAddress!), count: cont.count)
    |                     |- warning: 'copyBytes(from:count:)' is deprecated: renamed to 'copyMemory(from:byteCount:)' [#DeprecatedDeclaration]
    |                     `- note: use 'copyMemory(from:byteCount:)' instead
 44 | 			}
 45 | 		}
SwiftEmitModule normal arm64_32 Emitting\ module\ for\ BinaryEncoding (in target 'BinaryEncoding' from project 'BinaryEncoding')
SwiftCompile normal arm64_32 (in target 'BinaryEncoding' from project 'BinaryEncoding')
    cd /Users/admin/builder/spi-builder-workspace/.swiftpm/xcode

SwiftCompile normal arm64_32 Compiling\ UnsafeRawBufferPointer.swift /Users/admin/builder/spi-builder-workspace/Sources/BinaryEncoding/UnsafeRawBufferPointer.swift (in target 'BinaryEncoding' from project 'BinaryEncoding')
SwiftCompile normal arm64_32 /Users/admin/builder/spi-builder-workspace/Sources/BinaryEncoding/UnsafeRawBufferPointer.swift (in target 'BinaryEncoding' from project 'BinaryEncoding')
    cd /Users/admin/builder/spi-builder-workspace/.swiftpm/xcode
    builtin-SwiftPerFileCompile UnsafeRawBufferPointer.swift
/Users/admin/builder/spi-builder-workspace/Sources/BinaryEncoding/UnsafeRawBufferPointer.swift:72:30: error: type 'String' has no member '_fromCodeUnitSequence'
 70 | 			defer { start += withSize }
 71 | 			let utf8buf = UnsafeBufferPointer(start: start.assumingMemoryBound(to: UTF8.CodeUnit.self), count: withSize)
 72 | 			guard let string = String._fromCodeUnitSequence(UTF8.self, input: utf8buf)
    |                              `- error: type 'String' has no member '_fromCodeUnitSequence'
 73 | 				else { throw BinaryEncodingError.stringIsNotUTF8 }
 74 | 			return string
/Users/admin/builder/spi-builder-workspace/Sources/BinaryEncoding/UnsafeRawBufferPointer.swift:141:11: warning: 'copyBytes(from:count:)' is deprecated: renamed to 'copyMemory(from:byteCount:)' [#DeprecatedDeclaration]
139 | 				let size = e - p
140 | 				guard start + size <= end else { throw BinaryEncodingError.bufferIsTooShort }
141 | 				start.copyBytes(from: p, count: size)
    |           |- warning: 'copyBytes(from:count:)' is deprecated: renamed to 'copyMemory(from:byteCount:)' [#DeprecatedDeclaration]
    |           `- note: use 'copyMemory(from:byteCount:)' instead
142 | 				start += size
143 | 			}
/Users/admin/builder/spi-builder-workspace/Sources/BinaryEncoding/UnsafeRawBufferPointer.swift:148:10: warning: 'copyBytes(from:count:)' is deprecated: renamed to 'copyMemory(from:byteCount:)' [#DeprecatedDeclaration]
146 | 		public mutating func write(_ value: UnsafeRawBufferPointer) throws {
147 | 			guard start + value.count <= end else { throw BinaryEncodingError.bufferIsTooShort }
148 | 			start.copyBytes(from: value.baseAddress!, count: value.count)
    |          |- warning: 'copyBytes(from:count:)' is deprecated: renamed to 'copyMemory(from:byteCount:)' [#DeprecatedDeclaration]
    |          `- note: use 'copyMemory(from:byteCount:)' instead
149 | 			start += value.count
150 | 		}
/Users/admin/builder/spi-builder-workspace/Sources/BinaryEncoding/UnsafeRawBufferPointer.swift:193:11: warning: 'copyBytes(from:count:)' is deprecated: renamed to 'copyMemory(from:byteCount:)' [#DeprecatedDeclaration]
191 | 				let size = $0.count * MemoryLayout<C.Iterator.Element>.size
192 | 				guard start + size <= end else { throw BinaryEncodingError.bufferIsTooShort }
193 | 				start.copyBytes(from: UnsafeRawPointer($0.baseAddress!), count: size)
    |           |- warning: 'copyBytes(from:count:)' is deprecated: renamed to 'copyMemory(from:byteCount:)' [#DeprecatedDeclaration]
    |           `- note: use 'copyMemory(from:byteCount:)' instead
194 | 				start += size
195 | 			}
/Users/admin/builder/spi-builder-workspace/Sources/BinaryEncoding/UnsafeRawBufferPointer.swift:205:11: warning: 'copyBytes(from:count:)' is deprecated: renamed to 'copyMemory(from:byteCount:)' [#DeprecatedDeclaration]
203 | 				start.assumingMemoryBound(to: S.self).pointee = numericCast(size)
204 | 				start += MemoryLayout<S>.size
205 | 				start.copyBytes(from: UnsafeRawPointer($0.baseAddress!), count: size)
    |           |- warning: 'copyBytes(from:count:)' is deprecated: renamed to 'copyMemory(from:byteCount:)' [#DeprecatedDeclaration]
    |           `- note: use 'copyMemory(from:byteCount:)' instead
206 | 				start += size
207 | 			}
SwiftEmitModule normal arm64 Emitting\ module\ for\ BinaryEncoding (in target 'BinaryEncoding' from project 'BinaryEncoding')
SwiftCompile normal arm64 (in target 'BinaryEncoding' from project 'BinaryEncoding')
    cd /Users/admin/builder/spi-builder-workspace/.swiftpm/xcode

SwiftCompile normal arm64 Compiling\ Data.swift /Users/admin/builder/spi-builder-workspace/Sources/BinaryEncoding/Data.swift (in target 'BinaryEncoding' from project 'BinaryEncoding')
SwiftCompile normal arm64 /Users/admin/builder/spi-builder-workspace/Sources/BinaryEncoding/Data.swift (in target 'BinaryEncoding' from project 'BinaryEncoding')
    cd /Users/admin/builder/spi-builder-workspace/.swiftpm/xcode
    builtin-SwiftPerFileCompile Data.swift
/Users/admin/builder/spi-builder-workspace/Sources/BinaryEncoding/Data.swift:34:55: warning: 'copyBytes(from:count:)' is deprecated: renamed to 'copyMemory(from:byteCount:)' [#DeprecatedDeclaration]
 32 | 	public init(copyFrom: UnsafeRawPointer, count: Int) {
 33 | 		self.init(minimumCapacity: count)
 34 | 		withUnsafeMutableBufferRawPointer { $0.baseAddress!.copyBytes(from: copyFrom, count: count) }
    |                                                       |- warning: 'copyBytes(from:count:)' is deprecated: renamed to 'copyMemory(from:byteCount:)' [#DeprecatedDeclaration]
    |                                                       `- note: use 'copyMemory(from:byteCount:)' instead
 35 | 		self.count = count
 36 | 	}
/Users/admin/builder/spi-builder-workspace/Sources/BinaryEncoding/Data.swift:43:21: warning: 'copyBytes(from:count:)' is deprecated: renamed to 'copyMemory(from:byteCount:)' [#DeprecatedDeclaration]
 41 | 		cont.withUnsafeBufferPointer { from in
 42 | 			withUnsafeMutableBufferRawPointer { to in
 43 | 				to.baseAddress!.copyBytes(from: UnsafeRawPointer(from.baseAddress!), count: cont.count)
    |                     |- warning: 'copyBytes(from:count:)' is deprecated: renamed to 'copyMemory(from:byteCount:)' [#DeprecatedDeclaration]
    |                     `- note: use 'copyMemory(from:byteCount:)' instead
 44 | 			}
 45 | 		}
SwiftCompile normal arm64 Compiling\ Common.swift /Users/admin/builder/spi-builder-workspace/Sources/BinaryEncoding/Common.swift (in target 'BinaryEncoding' from project 'BinaryEncoding')
SwiftCompile normal arm64 /Users/admin/builder/spi-builder-workspace/Sources/BinaryEncoding/Common.swift (in target 'BinaryEncoding' from project 'BinaryEncoding')
    cd /Users/admin/builder/spi-builder-workspace/.swiftpm/xcode
    builtin-SwiftPerFileCompile Common.swift
SwiftCompile normal arm64 Compiling\ UnsafeRawBufferPointer.swift /Users/admin/builder/spi-builder-workspace/Sources/BinaryEncoding/UnsafeRawBufferPointer.swift (in target 'BinaryEncoding' from project 'BinaryEncoding')
/Users/admin/builder/spi-builder-workspace/Sources/BinaryEncoding/UnsafeRawBufferPointer.swift:72:30: error: type 'String' has no member '_fromCodeUnitSequence'
 70 | 			defer { start += withSize }
 71 | 			let utf8buf = UnsafeBufferPointer(start: start.assumingMemoryBound(to: UTF8.CodeUnit.self), count: withSize)
 72 | 			guard let string = String._fromCodeUnitSequence(UTF8.self, input: utf8buf)
    |                              `- error: type 'String' has no member '_fromCodeUnitSequence'
 73 | 				else { throw BinaryEncodingError.stringIsNotUTF8 }
 74 | 			return string
/Users/admin/builder/spi-builder-workspace/Sources/BinaryEncoding/UnsafeRawBufferPointer.swift:141:11: warning: 'copyBytes(from:count:)' is deprecated: renamed to 'copyMemory(from:byteCount:)' [#DeprecatedDeclaration]
139 | 				let size = e - p
140 | 				guard start + size <= end else { throw BinaryEncodingError.bufferIsTooShort }
141 | 				start.copyBytes(from: p, count: size)
    |           |- warning: 'copyBytes(from:count:)' is deprecated: renamed to 'copyMemory(from:byteCount:)' [#DeprecatedDeclaration]
    |           `- note: use 'copyMemory(from:byteCount:)' instead
142 | 				start += size
143 | 			}
/Users/admin/builder/spi-builder-workspace/Sources/BinaryEncoding/UnsafeRawBufferPointer.swift:148:10: warning: 'copyBytes(from:count:)' is deprecated: renamed to 'copyMemory(from:byteCount:)' [#DeprecatedDeclaration]
146 | 		public mutating func write(_ value: UnsafeRawBufferPointer) throws {
147 | 			guard start + value.count <= end else { throw BinaryEncodingError.bufferIsTooShort }
148 | 			start.copyBytes(from: value.baseAddress!, count: value.count)
    |          |- warning: 'copyBytes(from:count:)' is deprecated: renamed to 'copyMemory(from:byteCount:)' [#DeprecatedDeclaration]
    |          `- note: use 'copyMemory(from:byteCount:)' instead
149 | 			start += value.count
150 | 		}
/Users/admin/builder/spi-builder-workspace/Sources/BinaryEncoding/UnsafeRawBufferPointer.swift:193:11: warning: 'copyBytes(from:count:)' is deprecated: renamed to 'copyMemory(from:byteCount:)' [#DeprecatedDeclaration]
191 | 				let size = $0.count * MemoryLayout<C.Iterator.Element>.size
192 | 				guard start + size <= end else { throw BinaryEncodingError.bufferIsTooShort }
193 | 				start.copyBytes(from: UnsafeRawPointer($0.baseAddress!), count: size)
    |           |- warning: 'copyBytes(from:count:)' is deprecated: renamed to 'copyMemory(from:byteCount:)' [#DeprecatedDeclaration]
    |           `- note: use 'copyMemory(from:byteCount:)' instead
194 | 				start += size
195 | 			}
/Users/admin/builder/spi-builder-workspace/Sources/BinaryEncoding/UnsafeRawBufferPointer.swift:205:11: warning: 'copyBytes(from:count:)' is deprecated: renamed to 'copyMemory(from:byteCount:)' [#DeprecatedDeclaration]
203 | 				start.assumingMemoryBound(to: S.self).pointee = numericCast(size)
204 | 				start += MemoryLayout<S>.size
205 | 				start.copyBytes(from: UnsafeRawPointer($0.baseAddress!), count: size)
    |           |- warning: 'copyBytes(from:count:)' is deprecated: renamed to 'copyMemory(from:byteCount:)' [#DeprecatedDeclaration]
    |           `- note: use 'copyMemory(from:byteCount:)' instead
206 | 				start += size
207 | 			}
/Users/admin/builder/spi-builder-workspace/Sources/BinaryEncoding/UnsafeRawBufferPointer.swift:216:11: warning: 'copyBytes(from:count:)' is deprecated: renamed to 'copyMemory(from:byteCount:)' [#DeprecatedDeclaration]
214 | 				try write(UInt(size), as: VarUInt.self)
215 | 				guard start + size <= end else { throw BinaryEncodingError.bufferIsTooShort }
216 | 				start.copyBytes(from: UnsafeRawPointer($0.baseAddress!), count: size)
    |           |- warning: 'copyBytes(from:count:)' is deprecated: renamed to 'copyMemory(from:byteCount:)' [#DeprecatedDeclaration]
    |           `- note: use 'copyMemory(from:byteCount:)' instead
217 | 				start += size
218 | 			}
[#DeprecatedDeclaration]: <https://docs.swift.org/compiler/documentation/diagnostics/deprecated-declaration>
Failed frontend command:
/Applications/Xcode-27.0.0-Release.Candidate.app/Contents/Developer/Toolchains/XcodeDefault.xctoolchain/usr/bin/swift-frontend -frontend -c /Users/admin/builder/spi-builder-workspace/Sources/BinaryEncoding/Common.swift /Users/admin/builder/spi-builder-workspace/Sources/BinaryEncoding/Data.swift -primary-file /Users/admin/builder/spi-builder-workspace/Sources/BinaryEncoding/UnsafeRawBufferPointer.swift -emit-dependencies-path /Users/admin/builder/spi-builder-workspace/.derivedData/Build/Intermediates.noindex/BinaryEncoding.build/Debug-watchos/BinaryEncoding-t.build/Objects-normal/arm64/UnsafeRawBufferPointer.d -emit-const-values-path /Users/admin/builder/spi-builder-workspace/.derivedData/Build/Intermediates.noindex/BinaryEncoding.build/Debug-watchos/BinaryEncoding-t.build/Objects-normal/arm64/UnsafeRawBufferPointer.swiftconstvalues -emit-reference-dependencies-path /Users/admin/builder/spi-builder-workspace/.derivedData/Build/Intermediates.noindex/BinaryEncoding.build/Debug-watchos/BinaryEncoding-t.build/Objects-normal/arm64/UnsafeRawBufferPointer.swiftdeps -serialize-diagnostics-path /Users/admin/builder/spi-builder-workspace/.derivedData/Build/Intermediates.noindex/BinaryEncoding.build/Debug-watchos/BinaryEncoding-t.build/Objects-normal/arm64/UnsafeRawBufferPointer.dia -target arm64-apple-watchos9.0 -Xllvm -aarch64-use-tbi -enable-objc-interop -stack-check -sdk /Applications/Xcode-27.0.0-Release.Candidate.app/Contents/Developer/Platforms/WatchOS.platform/Developer/SDKs/WatchOS27.0.sdk -I /Users/admin/builder/spi-builder-workspace/.derivedData/Build/Products/Debug-watchos -Isystem /Applications/Xcode-27.0.0-Release.Candidate.app/Contents/Developer/Platforms/WatchOS.platform/Developer/usr/lib -F /Users/admin/builder/spi-builder-workspace/.derivedData/Build/Products/Debug-watchos -F /Applications/Xcode-27.0.0-Release.Candidate.app/Contents/Developer/Platforms/WatchOS.platform/Developer/Library/Frameworks -F /Applications/Xcode-27.0.0-Release.Candidate.app/Contents/Developer/Platforms/WatchOS.platform/Developer/SDKs/WatchOS27.0.sdk/Developer/Library/Frameworks -module-cache-path /Users/admin/builder/spi-builder-workspace/.derivedData/ModuleCache.noindex -no-color-diagnostics -Xcc -fno-color-diagnostics -enable-testing -g -debug-info-format\=dwarf -dwarf-version\=4 -profile-generate -profile-coverage-mapping -swift-version 4 -Onone -D SWIFT_PACKAGE -D DEBUG -D SWIFT_MODULE_RESOURCE_BUNDLE_UNAVAILABLE -D Xcode -serialize-debugging-options -enable-experimental-feature DebugDescriptionMacro -empty-abi-descriptor -plugin-path /Applications/Xcode-27.0.0-Release.Candidate.app/Contents/Developer/Toolchains/XcodeDefault.xctoolchain/usr/lib/swift/host/plugins/testing -validate-clang-modules-once -clang-build-session-file /Users/admin/builder/spi-builder-workspace/.derivedData/ModuleCache.noindex/Session.modulevalidation -Xcc -working-directory -Xcc /Users/admin/builder/spi-builder-workspace/.swiftpm/xcode -enable-anonymous-context-mangled-names -file-compilation-dir /Users/admin/builder/spi-builder-workspace/.swiftpm/xcode -Xcc -D_LIBCPP_HARDENING_MODE\=_LIBCPP_HARDENING_MODE_DEBUG -Xcc -ivfsstatcache -Xcc /Users/admin/builder/spi-builder-workspace/.derivedData/SDKStatCaches.noindex/watchos27.0-24R360-e829b21a6f8c9b70876ba0858053c04477534ef55a1706bf4c1112bbb242f0a2.sdkstatcache -Xcc -fmodules-prune-interval\=86400 -Xcc -fmodules-prune-after\=345600 -Xcc -I/Users/admin/builder/spi-builder-workspace/.derivedData/Build/Products/Debug-watchos/include -Xcc -I/Users/admin/builder/spi-builder-workspace/.derivedData/Build/Intermediates.noindex/BinaryEncoding.build/Debug-watchos/BinaryEncoding-t.build/DerivedSources-normal/arm64 -Xcc -I/Users/admin/builder/spi-builder-workspace/.derivedData/Build/Intermediates.noindex/BinaryEncoding.build/Debug-watchos/BinaryEncoding-t.build/DerivedSources/arm64 -Xcc -I/Users/admin/builder/spi-builder-workspace/.derivedData/Build/Intermediates.noindex/BinaryEncoding.build/Debug-watchos/BinaryEncoding-t.build/DerivedSources -Xcc -DSWIFT_PACKAGE -Xcc -DDEBUG\=1 -no-auto-bridging-header-chaining -module-name BinaryEncoding -const-gather-protocols-file /Users/admin/builder/spi-builder-workspace/.derivedData/Build/Intermediates.noindex/BinaryEncoding.build/Debug-watchos/BinaryEncoding-t.build/Objects-normal/arm64/BinaryEncoding_const_extract_protocols.json -disable-clang-spi -target-sdk-version 27.0 -target-sdk-name watchos27.0 -external-plugin-path /Applications/Xcode-27.0.0-Release.Candidate.app/Contents/Developer/Platforms/WatchOS.platform/Developer/usr/lib/swift/host/plugins\#/Applications/Xcode-27.0.0-Release.Candidate.app/Contents/Developer/Platforms/WatchOS.platform/Developer/usr/bin/swift-plugin-server -external-plugin-path /Applications/Xcode-27.0.0-Release.Candidate.app/Contents/Developer/Platforms/WatchOS.platform/Developer/usr/local/lib/swift/host/plugins\#/Applications/Xcode-27.0.0-Release.Candidate.app/Contents/Developer/Platforms/WatchOS.platform/Developer/usr/bin/swift-plugin-server -in-process-plugin-server-path /Applications/Xcode-27.0.0-Release.Candidate.app/Contents/Developer/Toolchains/XcodeDefault.xctoolchain/usr/lib/swift/host/libSwiftInProcPluginServer.dylib -plugin-path /Applications/Xcode-27.0.0-Release.Candidate.app/Contents/Developer/Toolchains/XcodeDefault.xctoolchain/usr/lib/swift/host/plugins -plugin-path /Applications/Xcode-27.0.0-Release.Candidate.app/Contents/Developer/Toolchains/XcodeDefault.xctoolchain/usr/local/lib/swift/host/plugins -parse-as-library -o /Users/admin/builder/spi-builder-workspace/.derivedData/Build/Intermediates.noindex/BinaryEncoding.build/Debug-watchos/BinaryEncoding-t.build/Objects-normal/arm64/UnsafeRawBufferPointer.o -index-unit-output-path /BinaryEncoding.build/Debug-watchos/BinaryEncoding-t.build/Objects-normal/arm64/UnsafeRawBufferPointer.o -index-store-path /Users/admin/builder/spi-builder-workspace/.derivedData/Index.noindex/DataStore -index-system-modules
SwiftCompile normal arm64 /Users/admin/builder/spi-builder-workspace/Sources/BinaryEncoding/UnsafeRawBufferPointer.swift (in target 'BinaryEncoding' from project 'BinaryEncoding')
    cd /Users/admin/builder/spi-builder-workspace/.swiftpm/xcode
    builtin-SwiftPerFileCompile UnsafeRawBufferPointer.swift
SwiftDriverJobDiscovery normal arm64 Compiling Common.swift (in target 'BinaryEncoding' from project 'BinaryEncoding')
PruneExplicitPrecompiledModules /Users/admin/builder/spi-builder-workspace/.derivedData/Build/Intermediates.noindex/ExplicitPrecompiledModules
PruneExplicitPrecompiledModules /Users/admin/builder/spi-builder-workspace/.derivedData/SDKExplicitPrecompiledModules
PruneExplicitPrecompiledModules /Users/admin/builder/spi-builder-workspace/.derivedData/Build/Intermediates.noindex/SwiftExplicitPrecompiledModules
2026-09-16 14:27:07.466 xcodebuild[681:4455] [MT] IDERunDestination: Supported platforms for the buildables in the current scheme is empty.
** BUILD FAILED **
The following build commands failed:
	SwiftCompile normal arm64 Compiling\ UnsafeRawBufferPointer.swift /Users/admin/builder/spi-builder-workspace/Sources/BinaryEncoding/UnsafeRawBufferPointer.swift (in target 'BinaryEncoding' from project 'BinaryEncoding')
	SwiftCompile normal arm64 /Users/admin/builder/spi-builder-workspace/Sources/BinaryEncoding/UnsafeRawBufferPointer.swift (in target 'BinaryEncoding' from project 'BinaryEncoding')
	Building workspace BinaryEncoding with scheme BinaryEncoding
(3 failures)
BUILD FAILURE 6.4 watchOS