The Swift Package Index logo.Swift Package Index

Build Information

Failed to build SwWidevine, reference 1.1.2 (39ad90), with Swift 6.4 for watchOS using Xcode 27.0 on 24 Sep 2026 22:02:24 UTC.

Build Command

No build command. This typically means the build failed at an early stage where we determine the build command.

Build Log

========================================
RunAll
========================================
Builder version: 5.1.0
Interrupt handler set up.
========================================
Checkout
========================================
Clone URL: https://github.com/mIwr/SwWidevine.git
Reference: 1.1.2
Initialized empty Git repository in /Users/admin/builder/spi-builder-workspace/.git/
From https://github.com/mIwr/SwWidevine
 * tag               1.1.2      -> FETCH_HEAD
HEAD is now at 39ad90f upd: Exclude CryptoSwift package from SPM for Apple devices; chore: Bump SPM dependencies
Cloned https://github.com/mIwr/SwWidevine.git
Revision (git rev-parse @):
39ad90fdcc67a4a669546741c45588f312443454
SUCCESS checkout https://github.com/mIwr/SwWidevine.git at 1.1.2
========================================
Build
========================================
Selected platform:         watchOS
Swift version:             6.4
Building package at path:  $PWD
https://github.com/mIwr/SwWidevine.git
Command line invocation:
    /Applications/Xcode-27.0.0-Release.Candidate.app/Contents/Developer/usr/bin/xcodebuild -IDEClonedSourcePackagesDirPathOverride=/Users/admin/builder/spi-builder-workspace/.dependencies -resolvePackageDependencies
Resolve Package Graph
Fetching from https://github.com/mIwr/SwPSSH
Fetching from https://github.com/apple/swift-protobuf.git
Fetching from https://github.com/mIwr/SwiftRSA
Fetching from https://github.com/mIwr/Digest
Fetching from https://github.com/mIwr/ASN1
Fetching from https://github.com/mIwr/BigInt
Invalid manifest (compiled with: ["/Applications/Xcode-27.0.0-Release.Candidate.app/Contents/Developer/Toolchains/XcodeDefault.xctoolchain/usr/bin/swiftc", "-vfsoverlay", "/var/folders/xq/y_g06wb113726d38xsyx71_h0000gn/T/TemporaryDirectory.4wkIIr/vfs.yaml", "-L", "/Applications/Xcode-27.0.0-Release.Candidate.app/Contents/SharedFrameworks/SwiftPM.framework/SharedSupport/ManifestAPI", "-lPackageDescription", "-Xlinker", "-rpath", "-Xlinker", "/Applications/Xcode-27.0.0-Release.Candidate.app/Contents/SharedFrameworks/SwiftPM.framework/SharedSupport/ManifestAPI", "-target", "arm64-apple-macos14.0", "-plugin-path", "/Applications/Xcode-27.0.0-Release.Candidate.app/Contents/Developer/Toolchains/XcodeDefault.xctoolchain/usr/lib/swift/host/plugins/testing", "-sdk", "/Applications/Xcode-27.0.0-Release.Candidate.app/Contents/Developer/Platforms/MacOSX.platform/Developer/SDKs/MacOSX27.0.sdk", "-swift-version", "5", "-I", "/Applications/Xcode-27.0.0-Release.Candidate.app/Contents/SharedFrameworks/SwiftPM.framework/SharedSupport/ManifestAPI", "-sdk", "/Applications/Xcode-27.0.0-Release.Candidate.app/Contents/Developer/Platforms/MacOSX.platform/Developer/SDKs/MacOSX27.0.sdk", "-package-description-version", "5.10.0", "-Xfrontend", "-serialize-diagnostics-path", "-Xfrontend", "/Users/admin/Library/Caches/org.swift.swiftpm/manifests/ManifestLoading/bigint.dia", "/Package.swift", "-o", "/var/folders/xq/y_g06wb113726d38xsyx71_h0000gn/T/TemporaryDirectory.H4Gh1P/bigint-manifest"])
/Package.swift:7:79: error: reference to member 'v1' cannot be resolved without a contextual type
 5 |     name: "BigInt",
 6 |     platforms: [
 7 |         .macOS(.v10_12), .macCatalyst(.v13), .iOS(.v9), .tvOS(.v9), .watchOS(.v1), .visionOS(.v1)
   |                                                                               `- error: reference to member 'v1' cannot be resolved without a contextual type
 8 |     ],
 9 |     products: [ in https://github.com/mIwr/BigInt
2026-09-24 18:02:19.143 xcodebuild[525:2985] Writing error result bundle to /var/folders/xq/y_g06wb113726d38xsyx71_h0000gn/T/ResultBundle_2026-24-09_18-02-0019.xcresult
xcodebuild: error: Could not resolve package dependencies:
  Invalid manifest (compiled with: ["/Applications/Xcode-27.0.0-Release.Candidate.app/Contents/Developer/Toolchains/XcodeDefault.xctoolchain/usr/bin/swiftc", "-vfsoverlay", "/var/folders/xq/y_g06wb113726d38xsyx71_h0000gn/T/TemporaryDirectory.4wkIIr/vfs.yaml", "-L", "/Applications/Xcode-27.0.0-Release.Candidate.app/Contents/SharedFrameworks/SwiftPM.framework/SharedSupport/ManifestAPI", "-lPackageDescription", "-Xlinker", "-rpath", "-Xlinker", "/Applications/Xcode-27.0.0-Release.Candidate.app/Contents/SharedFrameworks/SwiftPM.framework/SharedSupport/ManifestAPI", "-target", "arm64-apple-macos14.0", "-plugin-path", "/Applications/Xcode-27.0.0-Release.Candidate.app/Contents/Developer/Toolchains/XcodeDefault.xctoolchain/usr/lib/swift/host/plugins/testing", "-sdk", "/Applications/Xcode-27.0.0-Release.Candidate.app/Contents/Developer/Platforms/MacOSX.platform/Developer/SDKs/MacOSX27.0.sdk", "-swift-version", "5", "-I", "/Applications/Xcode-27.0.0-Release.Candidate.app/Contents/SharedFrameworks/SwiftPM.framework/SharedSupport/ManifestAPI", "-sdk", "/Applications/Xcode-27.0.0-Release.Candidate.app/Contents/Developer/Platforms/MacOSX.platform/Developer/SDKs/MacOSX27.0.sdk", "-package-description-version", "5.10.0", "-Xfrontend", "-serialize-diagnostics-path", "-Xfrontend", "/Users/admin/Library/Caches/org.swift.swiftpm/manifests/ManifestLoading/bigint.dia", "/Package.swift", "-o", "/var/folders/xq/y_g06wb113726d38xsyx71_h0000gn/T/TemporaryDirectory.H4Gh1P/bigint-manifest"])
Command line invocation:
    /Applications/Xcode-27.0.0-Release.Candidate.app/Contents/Developer/usr/bin/xcodebuild -IDEClonedSourcePackagesDirPathOverride=/Users/admin/builder/spi-builder-workspace/.dependencies -resolvePackageDependencies
Resolve Package Graph
Updating from https://github.com/mIwr/SwPSSH
Updating from https://github.com/apple/swift-protobuf.git
Updating from https://github.com/mIwr/SwiftRSA
Updating from https://github.com/mIwr/BigInt
Updating from https://github.com/mIwr/Digest
Updating from https://github.com/mIwr/ASN1
Invalid manifest (compiled with: ["/Applications/Xcode-27.0.0-Release.Candidate.app/Contents/Developer/Toolchains/XcodeDefault.xctoolchain/usr/bin/swiftc", "-vfsoverlay", "/var/folders/xq/y_g06wb113726d38xsyx71_h0000gn/T/TemporaryDirectory.g6xcsp/vfs.yaml", "-L", "/Applications/Xcode-27.0.0-Release.Candidate.app/Contents/SharedFrameworks/SwiftPM.framework/SharedSupport/ManifestAPI", "-lPackageDescription", "-Xlinker", "-rpath", "-Xlinker", "/Applications/Xcode-27.0.0-Release.Candidate.app/Contents/SharedFrameworks/SwiftPM.framework/SharedSupport/ManifestAPI", "-target", "arm64-apple-macos14.0", "-plugin-path", "/Applications/Xcode-27.0.0-Release.Candidate.app/Contents/Developer/Toolchains/XcodeDefault.xctoolchain/usr/lib/swift/host/plugins/testing", "-sdk", "/Applications/Xcode-27.0.0-Release.Candidate.app/Contents/Developer/Platforms/MacOSX.platform/Developer/SDKs/MacOSX27.0.sdk", "-swift-version", "5", "-I", "/Applications/Xcode-27.0.0-Release.Candidate.app/Contents/SharedFrameworks/SwiftPM.framework/SharedSupport/ManifestAPI", "-sdk", "/Applications/Xcode-27.0.0-Release.Candidate.app/Contents/Developer/Platforms/MacOSX.platform/Developer/SDKs/MacOSX27.0.sdk", "-package-description-version", "5.10.0", "-Xfrontend", "-serialize-diagnostics-path", "-Xfrontend", "/Users/admin/Library/Caches/org.swift.swiftpm/manifests/ManifestLoading/bigint.dia", "/Package.swift", "-o", "/var/folders/xq/y_g06wb113726d38xsyx71_h0000gn/T/TemporaryDirectory.cigiAQ/bigint-manifest"])
/Package.swift:7:79: error: reference to member 'v1' cannot be resolved without a contextual type
 5 |     name: "BigInt",
 6 |     platforms: [
 7 |         .macOS(.v10_12), .macCatalyst(.v13), .iOS(.v9), .tvOS(.v9), .watchOS(.v1), .visionOS(.v1)
   |                                                                               `- error: reference to member 'v1' cannot be resolved without a contextual type
 8 |     ],
 9 |     products: [ in https://github.com/mIwr/BigInt
2026-09-24 18:02:24.540 xcodebuild[693:4092] Writing error result bundle to /var/folders/xq/y_g06wb113726d38xsyx71_h0000gn/T/ResultBundle_2026-24-09_18-02-0024.xcresult
xcodebuild: error: Could not resolve package dependencies:
  Invalid manifest (compiled with: ["/Applications/Xcode-27.0.0-Release.Candidate.app/Contents/Developer/Toolchains/XcodeDefault.xctoolchain/usr/bin/swiftc", "-vfsoverlay", "/var/folders/xq/y_g06wb113726d38xsyx71_h0000gn/T/TemporaryDirectory.g6xcsp/vfs.yaml", "-L", "/Applications/Xcode-27.0.0-Release.Candidate.app/Contents/SharedFrameworks/SwiftPM.framework/SharedSupport/ManifestAPI", "-lPackageDescription", "-Xlinker", "-rpath", "-Xlinker", "/Applications/Xcode-27.0.0-Release.Candidate.app/Contents/SharedFrameworks/SwiftPM.framework/SharedSupport/ManifestAPI", "-target", "arm64-apple-macos14.0", "-plugin-path", "/Applications/Xcode-27.0.0-Release.Candidate.app/Contents/Developer/Toolchains/XcodeDefault.xctoolchain/usr/lib/swift/host/plugins/testing", "-sdk", "/Applications/Xcode-27.0.0-Release.Candidate.app/Contents/Developer/Platforms/MacOSX.platform/Developer/SDKs/MacOSX27.0.sdk", "-swift-version", "5", "-I", "/Applications/Xcode-27.0.0-Release.Candidate.app/Contents/SharedFrameworks/SwiftPM.framework/SharedSupport/ManifestAPI", "-sdk", "/Applications/Xcode-27.0.0-Release.Candidate.app/Contents/Developer/Platforms/MacOSX.platform/Developer/SDKs/MacOSX27.0.sdk", "-package-description-version", "5.10.0", "-Xfrontend", "-serialize-diagnostics-path", "-Xfrontend", "/Users/admin/Library/Caches/org.swift.swiftpm/manifests/ManifestLoading/bigint.dia", "/Package.swift", "-o", "/var/folders/xq/y_g06wb113726d38xsyx71_h0000gn/T/TemporaryDirectory.cigiAQ/bigint-manifest"])
BUILD FAILURE 6.4 watchOS