Build Information
Failed to build Calder, reference main (2773ad), with Swift 6.2 for Wasm on 14 Oct 2026 01:27:53 UTC.
Build Command
bash -c docker run --pull=always --rm -v "checkouts-54344849-0":/host -w "$PWD" -e JAVA_HOME="/root/.sdkman/candidates/java/current" -e SPI_BUILD="1" -e SPI_PROCESSING="1" registry.gitlab.com/saguaro1/spi-images:wasm-6.2-latest swift build --swift-sdk swift-6.2-RELEASE_wasm 2>&1Build Log
========================================
RunAll
========================================
Builder version: 5.1.2
Interrupt handler set up.
========================================
Checkout
========================================
Clone URL: https://github.com/modern-swift-dev/calder-swiftui.git
Reference: main
Initialized empty Git repository in /host/spi-builder-workspace/.git/
hint: Using 'master' as the name for the initial branch. This default branch name
hint: is subject to change. To configure the initial branch name to use in all
hint: of your new repositories, which will suppress this warning, call:
hint:
hint: git config --global init.defaultBranch <name>
hint:
hint: Names commonly chosen instead of 'master' are 'main', 'trunk' and
hint: 'development'. The just-created branch can be renamed via this command:
hint:
hint: git branch -m <name>
From https://github.com/modern-swift-dev/calder-swiftui
* branch main -> FETCH_HEAD
* [new branch] main -> origin/main
HEAD is now at 2773ad2 bugfix: input number placeholder handling
Cloned https://github.com/modern-swift-dev/calder-swiftui.git
Revision (git rev-parse @):
2773ad27567f2d38b2c6a8f7ff5106d01f24d862
SPI manifest file found: $PWD/.spi.yml
SUCCESS checkout https://github.com/modern-swift-dev/calder-swiftui.git at main
========================================
Build
========================================
Selected platform: wasm
Swift version: 6.2
Building package at path: $PWD
https://github.com/modern-swift-dev/calder-swiftui.git
Running build ...
bash -c docker run --pull=always --rm -v "checkouts-54344849-0":/host -w "$PWD" -e JAVA_HOME="/root/.sdkman/candidates/java/current" -e SPI_BUILD="1" -e SPI_PROCESSING="1" registry.gitlab.com/saguaro1/spi-images:wasm-6.2-latest swift build --swift-sdk swift-6.2-RELEASE_wasm 2>&1
wasm-6.2-latest: Pulling from saguaro1/spi-images
Digest: sha256:c092ff8dc506a2a30e6239b6992792fd4f7dfaaa46cac3b3c48d8fe35e954282
Status: Image is up to date for registry.gitlab.com/saguaro1/spi-images:wasm-6.2-latest
Fetching https://github.com/swiftlang/swift-docc-plugin
Fetching https://github.com/SFSafeSymbols/SFSafeSymbols.git
Fetching https://github.com/apple/swift-collections.git
Fetching https://github.com/modern-swift-dev/swift-markdown-ui.git
Fetching https://github.com/modern-swift-dev/swift-snapshot-testing
[1/2345] Fetching swift-docc-plugin
[236/9474] Fetching swift-docc-plugin, swift-snapshot-testing
Fetched https://github.com/swiftlang/swift-docc-plugin from cache (0.48s)
[2638/7129] Fetching swift-snapshot-testing
[2639/29092] Fetching swift-snapshot-testing, sfsafesymbols
[3852/40425] Fetching swift-snapshot-testing, sfsafesymbols, swift-markdown-ui
[4856/69200] Fetching swift-snapshot-testing, sfsafesymbols, swift-markdown-ui, swift-collections
Fetched https://github.com/modern-swift-dev/swift-snapshot-testing from cache (0.91s)
[34117/62071] Fetching sfsafesymbols, swift-markdown-ui, swift-collections
Fetched https://github.com/apple/swift-collections.git from cache (2.45s)
Fetched https://github.com/SFSafeSymbols/SFSafeSymbols.git from cache (2.46s)
Fetched https://github.com/modern-swift-dev/swift-markdown-ui.git from cache (2.48s)
Computing version for https://github.com/SFSafeSymbols/SFSafeSymbols.git
Computed https://github.com/SFSafeSymbols/SFSafeSymbols.git at 7.0.0 (2.64s)
Computing version for https://github.com/swiftlang/swift-docc-plugin
Computed https://github.com/swiftlang/swift-docc-plugin at 1.5.0 (0.86s)
Fetching https://github.com/swiftlang/swift-docc-symbolkit
[1/3837] Fetching swift-docc-symbolkit
Fetched https://github.com/swiftlang/swift-docc-symbolkit from cache (0.56s)
Computing version for https://github.com/swiftlang/swift-docc-symbolkit
Computed https://github.com/swiftlang/swift-docc-symbolkit at 1.0.0 (0.76s)
Computing version for https://github.com/modern-swift-dev/swift-snapshot-testing
Computed https://github.com/modern-swift-dev/swift-snapshot-testing at 2.2.2 (0.15s)
Fetching https://github.com/pointfreeco/xctest-dynamic-overlay
Fetching https://github.com/swiftlang/swift-syntax
[1/2727] Fetching xctest-dynamic-overlay
[2728/83227] Fetching xctest-dynamic-overlay, swift-syntax
Fetched https://github.com/pointfreeco/xctest-dynamic-overlay from cache (4.52s)
Fetched https://github.com/swiftlang/swift-syntax from cache (4.54s)
Computing version for https://github.com/modern-swift-dev/swift-markdown-ui.git
Computed https://github.com/modern-swift-dev/swift-markdown-ui.git at 3.2.0 (4.69s)
Fetching https://github.com/swiftlang/swift-cmark
[1/18644] Fetching swift-cmark
Fetched https://github.com/swiftlang/swift-cmark from cache (0.79s)
Computing version for https://github.com/swiftlang/swift-cmark
Computed https://github.com/swiftlang/swift-cmark at 0.9.0 (0.97s)
Computing version for https://github.com/apple/swift-collections.git
Computed https://github.com/apple/swift-collections.git at 1.7.3 (0.23s)
Computing version for https://github.com/swiftlang/swift-syntax
Computed https://github.com/swiftlang/swift-syntax at 604.0.0 (0.24s)
Computing version for https://github.com/pointfreeco/xctest-dynamic-overlay
Computed https://github.com/pointfreeco/xctest-dynamic-overlay at 1.13.1 (0.91s)
Creating working copy for https://github.com/SFSafeSymbols/SFSafeSymbols.git
Working copy of https://github.com/SFSafeSymbols/SFSafeSymbols.git resolved at 7.0.0
Creating working copy for https://github.com/modern-swift-dev/swift-markdown-ui.git
Working copy of https://github.com/modern-swift-dev/swift-markdown-ui.git resolved at 3.2.0
Creating working copy for https://github.com/apple/swift-collections.git
Working copy of https://github.com/apple/swift-collections.git resolved at 1.7.3
Creating working copy for https://github.com/swiftlang/swift-docc-plugin
Working copy of https://github.com/swiftlang/swift-docc-plugin resolved at 1.5.0
Creating working copy for https://github.com/modern-swift-dev/swift-snapshot-testing
Working copy of https://github.com/modern-swift-dev/swift-snapshot-testing resolved at 2.2.2
Creating working copy for https://github.com/swiftlang/swift-syntax
Working copy of https://github.com/swiftlang/swift-syntax resolved at 604.0.0
Creating working copy for https://github.com/swiftlang/swift-cmark
Working copy of https://github.com/swiftlang/swift-cmark resolved at 0.9.0
Creating working copy for https://github.com/swiftlang/swift-docc-symbolkit
Working copy of https://github.com/swiftlang/swift-docc-symbolkit resolved at 1.0.0
Creating working copy for https://github.com/pointfreeco/xctest-dynamic-overlay
Working copy of https://github.com/pointfreeco/xctest-dynamic-overlay resolved at 1.13.1
[1/1] Compiling plugin Swift-DocC Preview
[2/2] Compiling plugin Swift-DocC
Building for debugging...
[2/19] Write sources
[2/19] Copying Info.plist
[2/19] Copying Localizable.xcstrings
[2/19] Write sources
[18/19] Write swift-version-24593BA9C3E375BF.txt
[20/62] Emitting module InternalCollectionsUtilities
[21/65] Compiling InternalCollectionsUtilities UnsafeMutablePointer+Extras.swift
[22/65] Compiling InternalCollectionsUtilities UnsafeMutableRawBufferPointer+Extras.swift
[23/65] Compiling InternalCollectionsUtilities UnsafePointer+Extras.swift
[24/65] Compiling InternalCollectionsUtilities UnsafeRawBufferPointer+Extras.swift
[25/65] Compiling InternalCollectionsUtilities _SortedCollection.swift
[26/65] Compiling InternalCollectionsUtilities _UniqueCollection.swift
[27/65] Emitting module SnapshotPreviews
[28/65] Compiling SnapshotPreviews PreviewSnapshot.swift
[30/66] Compiling CalderStdLib String+Manip.swift
[31/67] Compiling CalderStdLib String+Lorem.swift
[32/67] Compiling InternalCollectionsUtilities MutableSpan+Extras.swift
[33/67] Compiling InternalCollectionsUtilities OutputSpan+Extras.swift
[34/67] Compiling InternalCollectionsUtilities RandomAccessCollection+Offsets.swift
[35/67] Compiling InternalCollectionsUtilities Span+Extras.swift
[36/67] Compiling InternalCollectionsUtilities FixedWidthInteger+roundUpToPowerOfTwo.swift
[37/67] Compiling InternalCollectionsUtilities Integer rank.swift
[38/67] Compiling InternalCollectionsUtilities UInt+first and last set bit.swift
[39/67] Compiling InternalCollectionsUtilities UInt+reversed.swift
[40/67] Compiling CalderStdLib String+Search.swift
[43/67] Compiling InternalCollectionsUtilities Iterable+CopyContents.swift
[44/67] Compiling InternalCollectionsUtilities Iterable+Equality.swift
[47/67] Compiling InternalCollectionsUtilities LifetimeOverride.swift
[48/67] Compiling InternalCollectionsUtilities MutableRef.swift
[49/67] Compiling InternalCollectionsUtilities Strideable+LimitHelpers.swift
[50/67] Compiling InternalCollectionsUtilities String+Padding.swift
[51/67] Compiling InternalCollectionsUtilities TemporaryAllocation.swift
[52/67] Compiling InternalCollectionsUtilities _UnsafeBitSet+Index.swift
[53/67] Compiling InternalCollectionsUtilities _UnsafeBitSet+_Word.swift
[54/67] Compiling InternalCollectionsUtilities _UnsafeBitSet.swift
[55/67] Compiling InternalCollectionsUtilities UnsafeBufferPointer+Extras.swift
[56/67] Compiling InternalCollectionsUtilities UnsafeMutableBufferPointer+Extras.swift
[57/67] Compiling InternalCollectionsUtilities BorrowingIteratorProtocol+Equality.swift
[58/67] Compiling InternalCollectionsUtilities BorrowingIteratorProtocol+Extras.swift
[59/67] Compiling InternalCollectionsUtilities Debugging.swift
[60/67] Compiling InternalCollectionsUtilities Descriptions.swift
[62/211] Compiling SpanPreview OutputSpan+InputSpanHelpers.swift
[63/240] Emitting module SpanPreview
[64/242] Compiling SpanPreview MutableSpan+InputSpanHelpers.swift
[65/253] Compiling SpanPreview InputSpan.swift
[66/283] Compiling HeapModule Heap+Invariants.swift
[67/283] Compiling HeapModule Heap+ExpressibleByArrayLiteral.swift
[69/338] Compiling HeapModule Heap+Descriptions.swift
[70/380] Compiling HeapModule _HeapNode.swift
[71/380] Compiling HeapModule Heap.swift
[72/380] Compiling HeapModule Heap+UnsafeHandle.swift
[73/380] Compiling HeapModule Heap+Testing.swift
[74/380] Emitting module HeapModule
[76/381] Compiling DequeModule UniqueDeque+Consumption.swift
[77/381] Compiling DequeModule UniqueDeque+ContainerOperations.swift
[78/381] Compiling DequeModule UniqueDeque+Deprecations.swift
[79/381] Compiling DequeModule UniqueDeque+Descriptions.swift
[80/381] Compiling DequeModule UniqueDeque+Equatable.swift
[81/381] Compiling DequeModule UniqueDeque+Hashable.swift
[82/381] Compiling DequeModule RigidDeque+Prepend.swift
[83/381] Compiling DequeModule RigidDeque+Removals.swift
[90/393] Compiling DequeModule UniqueDeque+Removals.swift
[91/393] Compiling DequeModule UniqueDeque+Replacements.swift
[92/393] Compiling DequeModule UniqueDeque.swift
[93/393] Compiling DequeModule _DequeSlot.swift
[94/393] Compiling DequeModule _UnsafeDequeHandle.swift
[95/393] Compiling DequeModule _UnsafeDequeSegments.swift
[96/393] Compiling _RopeModule RopeMetric.swift
[97/393] Compiling _RopeModule RopeSummary.swift
[98/400] Compiling _RopeModule Rope+Extract.swift
[99/400] Compiling _RopeModule Rope+Find.swift
[100/400] Compiling _RopeModule Rope+ForEachWhile.swift
[101/400] Compiling _RopeModule Rope+Insert.swift
[102/400] Compiling HashTreeCollections TreeSet+SetAlgebra basics.swift
[103/400] Compiling HashTreeCollections TreeSet+SetAlgebra formIntersection.swift
[104/400] Compiling HashTreeCollections TreeSet+SetAlgebra formSymmetricDifference.swift
[105/400] Compiling HashTreeCollections TreeSet+SetAlgebra formUnion.swift
[106/400] Compiling HashTreeCollections TreeSet+SetAlgebra intersection.swift
[107/400] Compiling HashTreeCollections TreeSet+SetAlgebra isDisjoint.swift
[108/410] Compiling _RopeModule _RopeItem.swift
[109/410] Compiling _RopeModule _RopePath.swift
[110/410] Compiling _RopeModule BigString+UTF16View.swift
[111/410] Compiling _RopeModule BigString+UTF8View.swift
[112/410] Compiling _RopeModule BigString+UnicodeScalarView.swift
[113/410] Compiling BitCollections BitSet.Index.swift
[114/410] Compiling BitCollections BitSet._UnsafeHandle.swift
[115/410] Compiling BitCollections BitSet.swift
[116/410] Compiling DequeModule UniqueDeque+Initializers.swift
[117/410] Compiling DequeModule UniqueDeque+Insertions.swift
[118/410] Compiling DequeModule UniqueDeque+Iterable.swift
[119/410] Compiling DequeModule UniqueDeque+Prepend.swift
[121/410] Compiling DequeModule _DequeBuffer.swift
[122/410] Compiling DequeModule _DequeBufferHeader.swift
[123/410] Compiling DequeModule RigidDeque+Append.swift
[124/410] Compiling DequeModule RigidDeque+Consumption.swift
[125/410] Compiling DequeModule RigidDeque+ContainerOperations.swift
[126/410] Compiling DequeModule RigidDeque+Deprecations.swift
[127/410] Compiling DequeModule RigidDeque+Replacements.swift
[128/410] Compiling DequeModule RigidDeque+Testing.swift
[129/410] Compiling DequeModule RigidDeque.swift
[130/410] Compiling DequeModule UniqueDeque+Append.swift
[146/410] Compiling OrderedCollections OrderedSet+Sendable.swift
[147/410] Compiling OrderedCollections OrderedSet+SubSequence.swift
[148/410] Compiling OrderedCollections OrderedSet+Testing.swift
[149/410] Compiling OrderedCollections OrderedSet+UnorderedView.swift
[150/410] Compiling OrderedCollections OrderedSet+UnstableInternals.swift
[151/410] Compiling OrderedCollections OrderedSet.swift
[152/410] Compiling OrderedCollections _UnsafeBitset.swift
[153/410] Compiling _RopeModule Rope+Sequence.swift
[154/410] Compiling _RopeModule Rope+Append.swift
[161/410] Compiling DequeModule RigidDeque+Descriptions.swift
[162/410] Compiling DequeModule RigidDeque+Equatable.swift
[163/410] Compiling DequeModule RigidDeque+Hashable.swift
[164/410] Compiling DequeModule RigidDeque+Initializers.swift
[165/410] Compiling DequeModule RigidDeque+Insertions.swift
[166/410] Compiling DequeModule RigidDeque+Iterable.swift
[181/410] Compiling DequeModule Deque+CustomReflectable.swift
[182/410] Compiling DequeModule Deque+Descriptions.swift
[183/410] Compiling DequeModule Deque+Equatable.swift
[184/410] Compiling DequeModule Deque+ExpressibleByArrayLiteral.swift
[189/410] Compiling DequeModule Deque+Extras.swift
[190/410] Compiling DequeModule Deque+Hashable.swift
[191/410] Compiling DequeModule Deque+Testing.swift
[192/410] Compiling DequeModule Deque._Storage.swift
[193/410] Compiling DequeModule Deque._UnsafeHandle.swift
[194/410] Compiling DequeModule Deque.swift
[195/410] Compiling DequeModule Deque+Codable.swift
[196/410] Compiling DequeModule Deque+Collection.swift
[209/410] Emitting module CalderStdLib
[213/411] Compiling HashTreeCollections TreeSet+SetAlgebra isEqualSet.swift
[214/411] Compiling HashTreeCollections TreeSet+SetAlgebra isStrictSubset.swift
[215/411] Compiling HashTreeCollections TreeSet+SetAlgebra isStrictSuperset.swift
[216/411] Compiling HashTreeCollections TreeSet+SetAlgebra isSubset.swift
[217/411] Compiling HashTreeCollections TreeSet+SetAlgebra isSuperset.swift
[218/411] Compiling HashTreeCollections TreeSet+SetAlgebra subtract.swift
[219/411] Compiling HashTreeCollections TreeSet+SetAlgebra subtracting.swift
[220/411] Compiling HashTreeCollections TreeSet+SetAlgebra symmetricDifference.swift
[221/411] Compiling HashTreeCollections TreeSet+SetAlgebra union.swift
[222/411] Compiling HashTreeCollections TreeSet.swift
[223/411] Emitting module BitCollections
[231/475] Compiling CalderUIKit LayoutConstraintBuilder.swift
[232/475] Compiling CalderUIKit LayoutConstraintMargin.swift
[233/475] Compiling CalderUIKit NSLayoutConstraint+Ext.swift
[234/475] Compiling CalderUIKit NSLayoutDimension+Ext.swift
[235/475] Compiling CalderUIKit NSLayoutXAxisAnchor+Ext.swift
[236/475] Compiling CalderUIKit NSLayoutYAxisAnchor+Ext.swift
[237/475] Compiling CalderUIKit Pinnable.swift
[238/475] Compiling CalderUIKit UILayoutPriority+Ext.swift
[239/475] Compiling CalderUIKit UIView+Constraints.swift
[240/475] Compiling CalderUIKit ContainerViewController.swift
[241/475] Compiling CalderUIKit DelegatingNavigationController.swift
[242/475] Compiling CalderUIKit DelegatingSplitViewController.swift
[243/475] Compiling CalderUIKit DelegatingTabBarController.swift
[244/475] Compiling CalderUIKit NSColor+Blend.swift
[245/475] Compiling CalderUIKit NSColor+Hex.swift
[246/475] Compiling CalderUIKit UIColor+Blend.swift
[247/475] Compiling CalderUIKit UIColor+Ext.swift
[248/475] Compiling CalderUIKit UIColor+Hex.swift
[249/475] Emitting module CalderUIKit
[250/483] Compiling CalderUIKit UIColor+Image.swift
[251/483] Compiling CalderUIKit GradientLayerView.swift
[252/483] Compiling CalderUIKit UIImage+Base64.swift
[253/483] Compiling CalderUIKit UIImage+ColorMask.swift
[254/483] Compiling CalderUIKit UIImage+Thumbnail.swift
[255/483] Compiling CalderUIKit UIImage+Tint.swift
[256/483] Compiling CalderUIKit UIAlertController+Ext.swift
[257/483] Compiling CalderUIKit UIApplication+Ext.swift
[258/483] Compiling CalderUIKit UIApplication+Scene.swift
[259/483] Compiling CalderUIKit UIApplication+URL.swift
[260/483] Compiling CalderUIKit UIBezierPath+Ext.swift
[261/483] Compiling CalderUIKit UICollectionView+Ext.swift
[262/483] Compiling CalderUIKit UIDevice+Ext.swift
[263/483] Compiling CalderUIKit UIFont+Ext.swift
[264/483] Compiling CalderUIKit UINavigationController+Ext.swift
[265/483] Compiling CalderUIKit UISceneDelegate+UIKit.swift
[266/483] Compiling CalderUIKit UIScrollView+Ext.swift
[267/483] Compiling CalderUIKit UITableView+Ext.swift
[268/483] Compiling CalderUIKit UNNotification+Ext.swift
[269/483] Compiling CalderUIKit UNNotificationResponse+Ext.swift
[270/483] Compiling CalderUIKit UNNotificationSettings+Ext.swift
[271/483] Compiling CalderUIKit UNUserNotificationCenter+Ext.swift
[272/483] Compiling CalderUIKit UserNotificationService.swift
[273/483] Compiling CalderUIKit SelfSizingWebView.swift
[274/483] Compiling CalderUIKit WKWebView+UIContentSizeCategory.swift
[275/483] Compiling CalderUIKit WKWebview+Cache.swift
[316/483] Compiling CalderUIKit CLLocation+Ext.swift
[317/483] Compiling CalderUIKit CLLocationCoordinate2D+Ext.swift
[318/483] Compiling CalderUIKit AsyncOperationSerialQueue.swift
[319/483] Compiling CalderUIKit MKAnnotation+Ext.swift
[348/493] Compiling CalderUIKit MKCoordinateRegion+Ext.swift
[349/493] Compiling CalderUIKit MKMapView+Ext.swift
[350/493] Compiling CalderUIKit MKOverlay+Ext.swift
[351/493] Compiling CalderUIKit MapClusteringController.swift
[360/493] Compiling CalderUIKit CGFloat+Spacing.swift
[361/493] Compiling CalderUIKit CGPoint+Ext.swift
[362/493] Compiling CalderUIKit CGRect+Ext.swift
[363/493] Compiling CalderUIKit CGSize+Ext.swift
[364/493] Compiling CalderUIKit BarcodeGenerator.swift
[365/493] Compiling CalderUIKit CIImage+Ext.swift
[366/493] Compiling CalderUIKit URL+Ext.swift
[396/493] Emitting module _RopeModule
[430/493] Emitting module OrderedCollections
[432/494] Emitting module HashTreeCollections
[434/495] Emitting module DequeModule
[435/495] Compiling CalderUIKit UIView+Ext.swift
[436/495] Compiling CalderUIKit UIView+Rtl.swift
[437/495] Compiling CalderUIKit UIViewController+ChildViewController.swift
[438/495] Compiling CalderUIKit UIViewController+ImagePicker.swift
[439/495] Compiling CalderUIKit UIViewController+NSUserActivity.swift
[440/495] Compiling CalderUIKit UIViewController+Scene.swift
[441/495] Compiling CalderUIKit AVAsset+Ext.swift
[442/495] Compiling CalderUIKit AVCaptureDevice+Ext.swift
[443/495] Compiling CalderUIKit AVMetadataMachineReadableCodeObject+Ext.swift
[452/495] Compiling CalderUIKit MapClusteringMap.swift
[453/495] Compiling CalderUIKit CGContext+Ext.swift
/host/spi-builder-workspace/Sources/CalderUIKit/Frameworks/CoreImage/URL+Ext.swift:9:23: error: type 'URL' has no member 'cachesDirectory'
7 | static var applicativeCacheDirectory: URL {
8 | let bundleIdentifier = Bundle.main.bundleIdentifier ?? "app-cache"
9 | let url = URL.cachesDirectory.appendingPathComponent("\(bundleIdentifier)-cache")
| `- error: type 'URL' has no member 'cachesDirectory'
10 |
11 | try? FileManager.default.createDirectory(at: url, withIntermediateDirectories: true)
[454/495] Compiling CalderUIKit CGFloat+Ext.swift
/host/spi-builder-workspace/Sources/CalderUIKit/Frameworks/CoreImage/URL+Ext.swift:9:23: error: type 'URL' has no member 'cachesDirectory'
7 | static var applicativeCacheDirectory: URL {
8 | let bundleIdentifier = Bundle.main.bundleIdentifier ?? "app-cache"
9 | let url = URL.cachesDirectory.appendingPathComponent("\(bundleIdentifier)-cache")
| `- error: type 'URL' has no member 'cachesDirectory'
10 |
11 | try? FileManager.default.createDirectory(at: url, withIntermediateDirectories: true)
/host/spi-builder-workspace/Sources/CalderUIKit/Frameworks/CoreImage/URL+Ext.swift:9:23: error: type 'URL' has no member 'cachesDirectory'
7 | static var applicativeCacheDirectory: URL {
8 | let bundleIdentifier = Bundle.main.bundleIdentifier ?? "app-cache"
9 | let url = URL.cachesDirectory.appendingPathComponent("\(bundleIdentifier)-cache")
| `- error: type 'URL' has no member 'cachesDirectory'
10 |
11 | try? FileManager.default.createDirectory(at: url, withIntermediateDirectories: true)
/host/spi-builder-workspace/Sources/CalderUIKit/Frameworks/CoreImage/URL+Ext.swift:9:23: error: type 'URL' has no member 'cachesDirectory'
7 | static var applicativeCacheDirectory: URL {
8 | let bundleIdentifier = Bundle.main.bundleIdentifier ?? "app-cache"
9 | let url = URL.cachesDirectory.appendingPathComponent("\(bundleIdentifier)-cache")
| `- error: type 'URL' has no member 'cachesDirectory'
10 |
11 | try? FileManager.default.createDirectory(at: url, withIntermediateDirectories: true)
/host/spi-builder-workspace/Sources/CalderUIKit/Frameworks/CoreImage/URL+Ext.swift:9:23: error: type 'URL' has no member 'cachesDirectory'
7 | static var applicativeCacheDirectory: URL {
8 | let bundleIdentifier = Bundle.main.bundleIdentifier ?? "app-cache"
9 | let url = URL.cachesDirectory.appendingPathComponent("\(bundleIdentifier)-cache")
| `- error: type 'URL' has no member 'cachesDirectory'
10 |
11 | try? FileManager.default.createDirectory(at: url, withIntermediateDirectories: true)
/host/spi-builder-workspace/Sources/CalderUIKit/Frameworks/CoreImage/URL+Ext.swift:9:23: error: type 'URL' has no member 'cachesDirectory'
7 | static var applicativeCacheDirectory: URL {
8 | let bundleIdentifier = Bundle.main.bundleIdentifier ?? "app-cache"
9 | let url = URL.cachesDirectory.appendingPathComponent("\(bundleIdentifier)-cache")
| `- error: type 'URL' has no member 'cachesDirectory'
10 |
11 | try? FileManager.default.createDirectory(at: url, withIntermediateDirectories: true)
/host/spi-builder-workspace/Sources/CalderUIKit/Frameworks/CoreImage/URL+Ext.swift:9:23: error: type 'URL' has no member 'cachesDirectory'
7 | static var applicativeCacheDirectory: URL {
8 | let bundleIdentifier = Bundle.main.bundleIdentifier ?? "app-cache"
9 | let url = URL.cachesDirectory.appendingPathComponent("\(bundleIdentifier)-cache")
| `- error: type 'URL' has no member 'cachesDirectory'
10 |
11 | try? FileManager.default.createDirectory(at: url, withIntermediateDirectories: true)
/host/spi-builder-workspace/Sources/CalderUIKit/Frameworks/CoreImage/URL+Ext.swift:9:23: error: type 'URL' has no member 'cachesDirectory'
7 | static var applicativeCacheDirectory: URL {
8 | let bundleIdentifier = Bundle.main.bundleIdentifier ?? "app-cache"
9 | let url = URL.cachesDirectory.appendingPathComponent("\(bundleIdentifier)-cache")
| `- error: type 'URL' has no member 'cachesDirectory'
10 |
11 | try? FileManager.default.createDirectory(at: url, withIntermediateDirectories: true)
/host/spi-builder-workspace/Sources/CalderUIKit/Frameworks/CoreImage/URL+Ext.swift:9:23: error: type 'URL' has no member 'cachesDirectory'
7 | static var applicativeCacheDirectory: URL {
8 | let bundleIdentifier = Bundle.main.bundleIdentifier ?? "app-cache"
9 | let url = URL.cachesDirectory.appendingPathComponent("\(bundleIdentifier)-cache")
| `- error: type 'URL' has no member 'cachesDirectory'
10 |
11 | try? FileManager.default.createDirectory(at: url, withIntermediateDirectories: true)
[482/495] Compiling _RopeModule Rope+Join.swift
[483/495] Compiling _RopeModule Rope+MutatingForEach.swift
[484/495] Compiling _RopeModule Rope+Remove.swift
[485/495] Compiling _RopeModule Rope+RemoveSubrange.swift
[486/495] Compiling _RopeModule Rope+Split.swift
[487/495] Compiling _RopeModule Optional Utilities.swift
[488/495] Compiling _RopeModule String Utilities.swift
[489/495] Compiling _RopeModule String.Index+ABI.swift
[490/495] Compiling _RopeModule _CharacterRecognizer.swift
BUILD FAILURE 6.2 wasm