The Swift Package Index logo.Swift Package Index

Build Information

Failed to build SwiftyESBuild, reference 0.3.0 (046534), with Swift 6.4 for Linux on 19 Sep 2026 20:31:03 UTC.

Build Command

bash -c docker run --pull=always --rm -v "checkouts-53886769-1":/host -w "$PWD" -e JAVA_HOME="/root/.sdkman/candidates/java/current" -e SPI_BUILD="1" -e SPI_PROCESSING="1" registry.gitlab.com/saguaro1/spi-images:basic-6.4-latest swift build --triple x86_64-unknown-linux-gnu 2>&1

Build Log

========================================
RunAll
========================================
Builder version: 5.1.0
Interrupt handler set up.
========================================
Checkout
========================================
Clone URL: https://github.com/tuist/SwiftyESBuild.git
Reference: 0.3.0
Initialized empty Git repository in /host/spi-builder-workspace/.git/
hint: Using 'master' as the name for the initial branch. This default branch name
hint: is subject to change. To configure the initial branch name to use in all
hint: of your new repositories, which will suppress this warning, call:
hint:
hint: 	git config --global init.defaultBranch <name>
hint:
hint: Names commonly chosen instead of 'master' are 'main', 'trunk' and
hint: 'development'. The just-created branch can be renamed via this command:
hint:
hint: 	git branch -m <name>
From https://github.com/tuist/SwiftyESBuild
 * tag               0.3.0      -> FETCH_HEAD
HEAD is now at 0465347 Fix the compatibility with the aarch64 architecture
Cloned https://github.com/tuist/SwiftyESBuild.git
Revision (git rev-parse @):
0465347bb0304c6a509cbb9914bed3f96f36564d
SUCCESS checkout https://github.com/tuist/SwiftyESBuild.git at 0.3.0
========================================
Build
========================================
Selected platform:         linux
Swift version:             6.4
Building package at path:  $PWD
https://github.com/tuist/SwiftyESBuild.git
Running build ...
bash -c docker run --pull=always --rm -v "checkouts-53886769-1":/host -w "$PWD" -e JAVA_HOME="/root/.sdkman/candidates/java/current" -e SPI_BUILD="1" -e SPI_PROCESSING="1" registry.gitlab.com/saguaro1/spi-images:basic-6.4-latest swift build --triple x86_64-unknown-linux-gnu 2>&1
basic-6.4-latest: Pulling from saguaro1/spi-images
Digest: sha256:c77fcce225e223ac0fafed844619173fc6de8d62dd560eeb28db3182af6a282b
Status: Image is up to date for registry.gitlab.com/saguaro1/spi-images:basic-6.4-latest
Fetching https://github.com/apple/swift-docc-plugin
Fetching https://github.com/apple/swift-log.git
Fetching https://github.com/apple/swift-tools-support-core.git
Fetching https://github.com/swift-server/async-http-client.git
[1/8096] Fetching swift-log
[568/10441] Fetching swift-log, swift-docc-plugin
[8332/17839] Fetching swift-log, swift-docc-plugin, swift-tools-support-core
[15399/34036] Fetching swift-log, swift-docc-plugin, swift-tools-support-core, async-http-client
Fetched https://github.com/apple/swift-tools-support-core.git (1.21s)
Fetched https://github.com/apple/swift-docc-plugin (1.21s)
Fetched https://github.com/apple/swift-log.git (1.22s)
Fetched https://github.com/swift-server/async-http-client.git (1.22s)
Computing version for https://github.com/swift-server/async-http-client.git
Computed https://github.com/swift-server/async-http-client.git at 1.18.0 (3.07s)
Fetching https://github.com/apple/swift-nio-transport-services.git
Fetching https://github.com/apple/swift-nio.git
Fetching https://github.com/apple/swift-atomics.git
Fetching https://github.com/apple/swift-nio-http2.git
[1/1875] Fetching swift-atomics
[1876/4738] Fetching swift-atomics, swift-nio-transport-services
[1877/16990] Fetching swift-atomics, swift-nio-transport-services, swift-nio-http2
Fetched https://github.com/apple/swift-atomics.git (0.62s)
[1549/15115] Fetching swift-nio-transport-services, swift-nio-http2
Fetching https://github.com/apple/swift-nio-extras.git
[10583/101188] Fetching swift-nio-transport-services, swift-nio-http2, swift-nio
[31470/107878] Fetching swift-nio-transport-services, swift-nio-http2, swift-nio, swift-nio-extras
Fetched https://github.com/apple/swift-nio-http2.git (1.49s)
[44843/95626] Fetching swift-nio-transport-services, swift-nio, swift-nio-extras
Fetching https://github.com/apple/swift-nio-ssl.git
Fetched https://github.com/apple/swift-nio-transport-services.git (1.53s)
[43702/92763] Fetching swift-nio, swift-nio-extras
Fetched https://github.com/apple/swift-nio-extras.git (0.74s)
[37873/86073] Fetching swift-nio
[59392/102138] Fetching swift-nio, swift-nio-ssl
Fetched https://github.com/apple/swift-nio-ssl.git (1.99s)
Fetched https://github.com/apple/swift-nio.git (5.04s)
Computing version for https://github.com/apple/swift-docc-plugin
Computed https://github.com/apple/swift-docc-plugin at 1.3.0 (5.49s)
Fetching https://github.com/apple/swift-docc-symbolkit
[1/3824] Fetching swift-docc-symbolkit
Fetched https://github.com/apple/swift-docc-symbolkit (0.63s)
Computing version for https://github.com/apple/swift-docc-symbolkit
Computed https://github.com/apple/swift-docc-symbolkit at 1.0.0 (1.06s)
Computing version for https://github.com/apple/swift-tools-support-core.git
Computed https://github.com/apple/swift-tools-support-core.git at 0.5.3 (0.44s)
Fetching https://github.com/apple/swift-system.git
[1/6898] Fetching swift-system
Fetched https://github.com/apple/swift-system.git (0.78s)
Computing version for https://github.com/apple/swift-log.git
Computed https://github.com/apple/swift-log.git at 1.5.4 (1.15s)
Computing version for https://github.com/apple/swift-atomics.git
Computed https://github.com/apple/swift-atomics.git at 1.3.1 (0.33s)
Computing version for https://github.com/apple/swift-nio-transport-services.git
Computed https://github.com/apple/swift-nio-transport-services.git at 1.28.0 (0.42s)
Computing version for https://github.com/apple/swift-system.git
Computed https://github.com/apple/swift-system.git at 1.8.1 (0.40s)
Computing version for https://github.com/apple/swift-nio-ssl.git
Computed https://github.com/apple/swift-nio-ssl.git at 2.37.5 (0.42s)
Computing version for https://github.com/apple/swift-nio.git
Computed https://github.com/apple/swift-nio.git at 2.103.0 (0.57s)
Fetching https://github.com/apple/swift-collections.git
[1/27352] Fetching swift-collections
Fetched https://github.com/apple/swift-collections.git (1.50s)
Computing version for https://github.com/apple/swift-collections.git
Computed https://github.com/apple/swift-collections.git at 1.6.0 (2.03s)
Computing version for https://github.com/apple/swift-nio-extras.git
Computed https://github.com/apple/swift-nio-extras.git at 1.26.0 (0.40s)
Fetching https://github.com/apple/swift-algorithms.git
Fetching https://github.com/apple/swift-http-types.git
[1/6145] Fetching swift-algorithms
[247/8080] Fetching swift-algorithms, swift-http-types
Fetched https://github.com/apple/swift-http-types.git (0.54s)
Fetching https://github.com/apple/swift-http-structured-headers.git
Fetched https://github.com/apple/swift-algorithms.git (0.62s)
[13/1253] Fetching swift-http-structured-headers
Fetched https://github.com/apple/swift-http-structured-headers.git (0.46s)
Computing version for https://github.com/apple/swift-algorithms.git
Computed https://github.com/apple/swift-algorithms.git at 1.2.1 (1.50s)
Fetching https://github.com/apple/swift-numerics.git
[1/6636] Fetching swift-numerics
Fetched https://github.com/apple/swift-numerics.git (0.61s)
Computing version for https://github.com/apple/swift-numerics.git
Computed https://github.com/apple/swift-numerics.git at 1.1.1 (0.93s)
Computing version for https://github.com/apple/swift-http-structured-headers.git
Computed https://github.com/apple/swift-http-structured-headers.git at 1.7.0 (0.32s)
Computing version for https://github.com/apple/swift-http-types.git
Computed https://github.com/apple/swift-http-types.git at 1.8.0 (0.39s)
Computing version for https://github.com/apple/swift-nio-http2.git
Computed https://github.com/apple/swift-nio-http2.git at 1.46.0 (0.33s)
Creating working copy for https://github.com/apple/swift-system.git
Working copy of https://github.com/apple/swift-system.git resolved at 1.8.1
Creating working copy for https://github.com/apple/swift-numerics.git
Working copy of https://github.com/apple/swift-numerics.git resolved at 1.1.1
Creating working copy for https://github.com/apple/swift-algorithms.git
Working copy of https://github.com/apple/swift-algorithms.git resolved at 1.2.1
Creating working copy for https://github.com/swift-server/async-http-client.git
Working copy of https://github.com/swift-server/async-http-client.git resolved at 1.18.0
Creating working copy for https://github.com/apple/swift-nio.git
Working copy of https://github.com/apple/swift-nio.git resolved at 2.103.0
Creating working copy for https://github.com/apple/swift-atomics.git
Working copy of https://github.com/apple/swift-atomics.git resolved at 1.3.1
Creating working copy for https://github.com/apple/swift-tools-support-core.git
Working copy of https://github.com/apple/swift-tools-support-core.git resolved at 0.5.3
Creating working copy for https://github.com/apple/swift-collections.git
Working copy of https://github.com/apple/swift-collections.git resolved at 1.6.0
Creating working copy for https://github.com/apple/swift-docc-plugin
Working copy of https://github.com/apple/swift-docc-plugin resolved at 1.3.0
Creating working copy for https://github.com/apple/swift-nio-http2.git
Working copy of https://github.com/apple/swift-nio-http2.git resolved at 1.46.0
Creating working copy for https://github.com/apple/swift-nio-ssl.git
Working copy of https://github.com/apple/swift-nio-ssl.git resolved at 2.37.5
Creating working copy for https://github.com/apple/swift-nio-transport-services.git
Working copy of https://github.com/apple/swift-nio-transport-services.git resolved at 1.28.0
Creating working copy for https://github.com/apple/swift-http-types.git
Working copy of https://github.com/apple/swift-http-types.git resolved at 1.8.0
Creating working copy for https://github.com/apple/swift-log.git
Working copy of https://github.com/apple/swift-log.git resolved at 1.5.4
Creating working copy for https://github.com/apple/swift-nio-extras.git
Working copy of https://github.com/apple/swift-nio-extras.git resolved at 1.26.0
Creating working copy for https://github.com/apple/swift-http-structured-headers.git
Working copy of https://github.com/apple/swift-http-structured-headers.git resolved at 1.7.0
Creating working copy for https://github.com/apple/swift-docc-symbolkit
Working copy of https://github.com/apple/swift-docc-symbolkit resolved at 1.0.0
Building for debugging...
[Computing dependencies]
[Constructing description]
[Pre-planning 1 / 1288]
[Planning 454 / 1288]
[Planning 821 / 1288]
[Planning 1155 / 1288]
[Planning deferred tasks]
[Constructing 265 / 3146]
[Constructing 2675 / 3146]
[Starting]
[6 / 842]
[122 / 842] NIOCore
[223 / 842]
[237 / 856] NIOConcurrencyHelpers
[243 / 881] SystemPackage
[244 / 881] InternalCollectionsUtilities
[260 / 881] NIOConcurrencyHelpers
[266 / 881] _NIODataStructures
[267 / 881] SystemPackage
[279 / 881] SystemPackage
[280 / 881] SystemPackage
[283 / 882] _NIOBase64
[285 / 882] _NIOBase64
[289 / 884] _NIODataStructures
[292 / 884] NIOConcurrencyHelpers-product
[295 / 884] NIOConcurrencyHelpers
[296 / 884] InternalCollectionsUtilities
[297 / 884] InternalCollectionsUtilities
[299 / 884] InternalCollectionsUtilities
[300 / 884] InternalCollectionsUtilities
[303 / 884] InternalCollectionsUtilities
[306 / 886] _NIOBase64
[312 / 891] Logging
[313 / 891] Logging
[314 / 891] Logging
[314 / 891]
[322 / 891] TSCLibc
[329 / 891] CNIOWASI
[333 / 892] CNIOOpenBSD
[336 / 892] CNIOLLHTTP
[339 / 901] TSCBasic
[341 / 901] TSCBasic
[342 / 901] InternalCollectionsUtilities
[345 / 902] TSCBasic
[346 / 903] TSCBasic
[347 / 903] TSCBasic
[349 / 903] TSCBasic
[357 / 904] ContainersPreview
[367 / 905] Atomics
[372 / 923] ContainersPreview
[373 / 923] CNIODarwin
[380 / 923] CNIOBoringSSL
[380 / 923] SystemPackage
[382 / 924] CNIOBoringSSL
[384 / 924] CNIOBoringSSL
[386 / 924] CNIOBoringSSL
[387 / 924] CNIOBoringSSL
[388 / 924] CNIOBoringSSL
[391 / 924] CNIOBoringSSL
[395 / 924] CNIOBoringSSL
[397 / 924] CNIOBoringSSL
[398 / 924] CNIOBoringSSL
[399 / 925] CNIOBoringSSL
[401 / 925] CNIOBoringSSL
[409 / 925] CNIOBoringSSL
[410 / 925] CNIOBoringSSL
[411 / 925] CNIOBoringSSL
[414 / 925] CNIOBoringSSL
[415 / 925] CNIOBoringSSL
[416 / 925] CNIOBoringSSL
[417 / 925] CNIOBoringSSL
[419 / 925] CNIOBoringSSL
[420 / 925] CNIOBoringSSL
[424 / 925] CNIOBoringSSL
[428 / 925] CNIOBoringSSL
[430 / 925] CNIOBoringSSL
[431 / 925] CNIOBoringSSL
[433 / 925] CNIOBoringSSL
[434 / 925] CNIOBoringSSL
[435 / 925] CNIOBoringSSL
[437 / 925] CNIOBoringSSL
[440 / 925] CNIOBoringSSL
[441 / 925] CNIOBoringSSL
[442 / 925] CNIOBoringSSL
[444 / 925] CNIOBoringSSL
[445 / 925] CNIOBoringSSL
[446 / 925] CNIOBoringSSL
[447 / 925] CNIOBoringSSL
[449 / 925] CNIOBoringSSL
[452 / 925] CNIOBoringSSL
[453 / 925] CNIOBoringSSL
[455 / 925] CNIOBoringSSL
[457 / 925] CNIOBoringSSL
[459 / 925] CNIOBoringSSL
[463 / 925] CNIOBoringSSL
[464 / 925] CNIOBoringSSL
[466 / 925] CNIOBoringSSL
[467 / 925] CNIOBoringSSL
[468 / 925] CNIOBoringSSL
[469 / 925] CNIOBoringSSL
[470 / 925] CNIOBoringSSL
[472 / 925] CNIOBoringSSL
[474 / 925] CNIOBoringSSL
[477 / 925] CNIOBoringSSL
[478 / 925] CNIOBoringSSL
[479 / 925] CNIOBoringSSL
[483 / 925] CNIOBoringSSL
[486 / 925] CNIOBoringSSL
[489 / 925] CNIOBoringSSL
[491 / 925] CNIOBoringSSL
[492 / 925] CNIOBoringSSL
[496 / 925] CNIOBoringSSL
[499 / 925] CNIOBoringSSL
[503 / 925] CNIOBoringSSL
[509 / 925] CNIOBoringSSL
[523 / 925] CNIOBoringSSL
[532 / 925] CNIOBoringSSL
[537 / 925] CNIOBoringSSL
[540 / 925] CNIOBoringSSL
[543 / 925] CNIOBoringSSL
[545 / 925] CNIOBoringSSL
[549 / 925] CNIOBoringSSL
[551 / 925] CNIOBoringSSL
[554 / 925] CNIOBoringSSL
[559 / 925] CNIOBoringSSL
[560 / 925] CNIOBoringSSL
[564 / 925] CNIOBoringSSL
[569 / 925] CNIOBoringSSL
[570 / 925] CNIOBoringSSL
[573 / 925] CNIOBoringSSL
[579 / 925] CNIOBoringSSL
[583 / 925] CNIOBoringSSL
[586 / 925] CNIOBoringSSL
[596 / 925] CNIOBoringSSL
[599 / 925] CNIOBoringSSL
[602 / 925] CNIOBoringSSL
[609 / 925] CNIOBoringSSL
[610 / 925] CNIOBoringSSL
[616 / 925] CNIOBoringSSL
[620 / 925] CNIOBoringSSL
[627 / 925] CNIOBoringSSL
[637 / 925] CNIOBoringSSL
[642 / 925] CNIOBoringSSL
[646 / 925] CNIOBoringSSL
[649 / 925] CNIOBoringSSL
[652 / 925] CNIOBoringSSL
[655 / 925] CNIOBoringSSL
[658 / 925] CNIOBoringSSL
[660 / 925] CNIOBoringSSL
[663 / 925] CNIOBoringSSL
[664 / 925] CNIOBoringSSL
[668 / 925] CNIOBoringSSL
[670 / 925] CNIOBoringSSL
[674 / 925] CNIOBoringSSL
[676 / 925] CNIOBoringSSL
[679 / 925] CNIOBoringSSL
[680 / 925] CNIOBoringSSL
[684 / 925] CNIOBoringSSL
[685 / 925] CNIOBoringSSL
[686 / 925] CNIOBoringSSL
[687 / 925] CNIOBoringSSL
[690 / 925] CNIOBoringSSL
[695 / 925] CNIOBoringSSL
[696 / 925] CNIOBoringSSL
[701 / 925] CNIOBoringSSL
[716 / 925] CNIOBoringSSL
[719 / 925] CNIOBoringSSL
[724 / 925] CNIOBoringSSL
[728 / 925] CNIOBoringSSL
[731 / 925] CNIOBoringSSL
[734 / 925] CNIOBoringSSL
[738 / 925] CNIOBoringSSL
[746 / 925] CNIOBoringSSL
[752 / 925] CNIOBoringSSL
[762 / 925] CNIOBoringSSL
[765 / 925] CNIOBoringSSL
[766 / 925] CNIOBoringSSL
[770 / 925] CNIOBoringSSL
[772 / 925] CNIOBoringSSL
[774 / 925] CNIOBoringSSL
[776 / 925] CNIOBoringSSL
[777 / 925] CNIOBoringSSL
[779 / 925] CNIOBoringSSL
[783 / 925] CAsyncHTTPClient
[790 / 925] ContainersPreview
[795 / 925] CNIOOpenBSD
[799 / 925] Atomics-product
[804 / 926] ContainersPreview
[808 / 929] TSCUtility
[813 / 946] TSCUtility
[815 / 946] Atomics
[817 / 946] TSCUtility
[819 / 946] TSCUtility
[821 / 946] TSCUtility
[827 / 947] TSCUtility
[828 / 947] SwiftToolsSupport-auto-product
[829 / 947] TSCUtility
[830 / 947] SwiftToolsSupport-auto-product
[832 / 947] DequeModule
[832 / 947] CNIOExtrasZlib
[836 / 947]
[839 / 947] Atomics
[839 / 947] DequeModule
[839 / 947] TSCUtility
[842 / 948] DequeModule
[856 / 958] NIOCore
[857 / 959] NIOCore
[858 / 959] DequeModule
[860 / 959] NIOCore
[875 / 974] NIOPosix
[876 / 975] NIOPosix
[876 / 975] NIOEmbedded
[878 / 975] NIOEmbedded
[884 / 975] NIOPosix
[885 / 976] NIOPosix
[890 / 976] NIOCore
[891 / 976] NIOEmbedded
[891 / 976] NIOPosix
[899 / 979] NIOPosix
[912 / 1007] NIOSOCKS
[914 / 1007] NIOTLS
[919 / 1007] NIOSOCKS
[926 / 1007] NIOSSL
[931 / 1008] NIOTLS
[935 / 1008] NIOSOCKS
[938 / 1008] NIOHTTP1
[942 / 1008] NIOPosix
[947 / 1008] NIOHTTP1
[950 / 1009] NIOSOCKS
[955 / 1019] NIOTransportServices
[960 / 1020] NIOTransportServices
[971 / 1021] NIOTransportServices
[977 / 1039] NIOTransportServices
[980 / 1039] NIOHTTPCompression
[981 / 1039] NIOHTTPCompression
[985 / 1039] NIOHTTPCompression
[990 / 1040] NIOSSL
[991 / 1040] NIOPosix
[993 / 1040] NIOSSL
[999 / 1040] NIOSSL
[1008 / 1050] NIOHPACK
[1009 / 1050] NIOHPACK
[1012 / 1050] NIOHPACK
[1019 / 1052] NIOHTTP1
[1020 / 1052] NIOSOCKS-product
[1024 / 1052] NIOHPACK
[1035 / 1062] NIOHTTP2
[1037 / 1062] NIOHTTP2
[1037 / 1063] NIOHTTP2
[1039 / 1063] NIOHPACK
[1041 / 1063] NIOHTTP2
[1051 / 1073] AsyncHTTPClient
[1053 / 1073] AsyncHTTPClient
[1055 / 1073] AsyncHTTPClient
[1057 / 1073] AsyncHTTPClient
[1061 / 1073] AsyncHTTPClient
[1065 / 1082] SwiftyESBuild
error: SwiftCompile normal x86_64 failed with a nonzero exit code. Command line:     cd /host

/host/spi-builder-workspace/Sources/SwiftyESBuild/Downloader.swift:5:8: error: no such module 'NIOFoundationCompat'
  3 | import Logging
  4 | import NIOCore
  5 | import NIOFoundationCompat
    |        `- error: no such module 'NIOFoundationCompat'
  6 | import TSCBasic
  7 | import TSCUtility
Failed frontend command:
/usr/bin/swift-frontend -frontend -emit-module -experimental-skip-non-inlinable-function-bodies-without-types /host/spi-builder-workspace/Sources/SwiftyESBuild/ArchitectureDetector.swift /host/spi-builder-workspace/Sources/SwiftyESBuild/ChecksumValidator.swift /host/spi-builder-workspace/Sources/SwiftyESBuild/Downloader.swift /host/spi-builder-workspace/Sources/SwiftyESBuild/ESBuildVersion.swift /host/spi-builder-workspace/Sources/SwiftyESBuild/Executor.swift /host/spi-builder-workspace/Sources/SwiftyESBuild/SwiftyESBuild.swift /host/spi-builder-workspace/Sources/SwiftyESBuild/Tar.swift -target x86_64-unknown-linux-gnu -disable-objc-interop -I /host/spi-builder-workspace/.build/out/Products/Debug-linux-x86_64 -module-cache-path /host/spi-builder-workspace/.build/out/ModuleCache.noindex -color-diagnostics -Xcc -fcolor-diagnostics -enable-testing -g -debug-info-format\=dwarf -dwarf-version\=4 -swift-version 5 -Onone -D SWIFT_PACKAGE -D DEBUG -D SWIFT_MODULE_RESOURCE_BUNDLE_UNAVAILABLE -D Xcode -serialize-debugging-options -enable-experimental-feature DebugDescriptionMacro -empty-abi-descriptor -external-plugin-path /usr/lib/swift/host/plugins/testing\#/usr/bin/swift-plugin-server -validate-clang-modules-once -clang-build-session-file /host/spi-builder-workspace/.build/out/ModuleCache.noindex/Session.modulevalidation -Xcc -working-directory -Xcc /host -enable-anonymous-context-mangled-names -file-compilation-dir /host -Xcc -fmodule-map-file\=/host/spi-builder-workspace/.build/checkouts/swift-system/Sources/CSystem/include/module.modulemap -Xcc -fmodule-map-file\=/host/spi-builder-workspace/.build/checkouts/swift-tools-support-core/Sources/TSCclibc/include/module.modulemap -Xcc -fmodule-map-file\=/host/spi-builder-workspace/.build/out/Intermediates.noindex/GeneratedModuleMaps-linux-x86_64/CNIOLLHTTP.modulemap -Xcc -fmodule-map-file\=/host/spi-builder-workspace/.build/out/Intermediates.noindex/GeneratedModuleMaps-linux-x86_64/CNIOBoringSSLShims.modulemap -Xcc -fmodule-map-file\=/host/spi-builder-workspace/.build/checkouts/swift-nio-ssl/Sources/CNIOBoringSSL/include/module.modulemap -Xcc -fmodule-map-file\=/host/spi-builder-workspace/.build/out/Intermediates.noindex/GeneratedModuleMaps-linux-x86_64/CNIOExtrasZlib.modulemap -Xcc -fmodule-map-file\=/host/spi-builder-workspace/.build/out/Intermediates.noindex/GeneratedModuleMaps-linux-x86_64/CNIOPosix.modulemap -Xcc -fmodule-map-file\=/host/spi-builder-workspace/.build/out/Intermediates.noindex/GeneratedModuleMaps-linux-x86_64/CNIOWASI.modulemap -Xcc -fmodule-map-file\=/host/spi-builder-workspace/.build/checkouts/swift-nio/Sources/CNIOWindows/include/module.modulemap -Xcc -fmodule-map-file\=/host/spi-builder-workspace/.build/out/Intermediates.noindex/GeneratedModuleMaps-linux-x86_64/CNIOLinux.modulemap -Xcc -fmodule-map-file\=/host/spi-builder-workspace/.build/out/Intermediates.noindex/GeneratedModuleMaps-linux-x86_64/CNIODarwin.modulemap -Xcc -fmodule-map-file\=/host/spi-builder-workspace/.build/out/Intermediates.noindex/GeneratedModuleMaps-linux-x86_64/CNIOFreeBSD.modulemap -Xcc -fmodule-map-file\=/host/spi-builder-workspace/.build/out/Intermediates.noindex/GeneratedModuleMaps-linux-x86_64/CNIOOpenBSD.modulemap -Xcc -fmodule-map-file\=/host/spi-builder-workspace/.build/out/Intermediates.noindex/GeneratedModuleMaps-linux-x86_64/CNIOAtomics.modulemap -Xcc -fmodule-map-file\=/host/spi-builder-workspace/.build/checkouts/swift-atomics/Sources/_AtomicsShims/include/module.modulemap -Xcc -fmodule-map-file\=/host/spi-builder-workspace/.build/out/Intermediates.noindex/GeneratedModuleMaps-linux-x86_64/CAsyncHTTPClient.modulemap -Xcc -fno-omit-frame-pointer -Xcc -D_LIBCPP_HARDENING_MODE\=_LIBCPP_HARDENING_MODE_DEBUG -Xcc -fmodules-prune-interval\=86400 -Xcc -fmodules-prune-after\=345600 -Xcc -I/host/spi-builder-workspace/.build/checkouts/swift-system/Sources/CSystem/include -Xcc -I/host/spi-builder-workspace/.build/checkouts/swift-tools-support-core/Sources/TSCclibc/include -Xcc -I/host/spi-builder-workspace/.build/checkouts/swift-nio/Sources/CNIOLLHTTP/include -Xcc -I/host/spi-builder-workspace/.build/checkouts/swift-nio-ssl/Sources/CNIOBoringSSLShims/include -Xcc -I/host/spi-builder-workspace/.build/checkouts/swift-nio-ssl/Sources/CNIOBoringSSL/include -Xcc -I/host/spi-builder-workspace/.build/checkouts/swift-nio-extras/Sources/CNIOExtrasZlib/include -Xcc -I/host/spi-builder-workspace/.build/checkouts/swift-nio/Sources/CNIOPosix/include -Xcc -I/host/spi-builder-workspace/.build/checkouts/swift-nio/Sources/CNIOWASI/include -Xcc -I/host/spi-builder-workspace/.build/checkouts/swift-nio/Sources/CNIOWindows/include -Xcc -I/host/spi-builder-workspace/.build/checkouts/swift-nio/Sources/CNIOLinux/include -Xcc -I/host/spi-builder-workspace/.build/checkouts/swift-nio/Sources/CNIODarwin/include -Xcc -I/host/spi-builder-workspace/.build/checkouts/swift-nio/Sources/CNIOFreeBSD/include -Xcc -I/host/spi-builder-workspace/.build/checkouts/swift-nio/Sources/CNIOOpenBSD/include -Xcc -I/host/spi-builder-workspace/.build/checkouts/swift-nio/Sources/CNIOAtomics/include -Xcc -I/host/spi-builder-workspace/.build/checkouts/swift-atomics/Sources/_AtomicsShims/include -Xcc -I/host/spi-builder-workspace/.build/checkouts/async-http-client/Sources/CAsyncHTTPClient/include -Xcc -I/host/spi-builder-workspace/.build/out/Products/Debug-linux-x86_64/include -Xcc -I/host/spi-builder-workspace/.build/out/Intermediates.noindex/SwiftyESBuild.build/Debug-linux-x86_64/SwiftyESBuild-t.build/DerivedSources-normal/x86_64 -Xcc -I/host/spi-builder-workspace/.build/out/Intermediates.noindex/SwiftyESBuild.build/Debug-linux-x86_64/SwiftyESBuild-t.build/DerivedSources/x86_64 -Xcc -I/host/spi-builder-workspace/.build/out/Intermediates.noindex/SwiftyESBuild.build/Debug-linux-x86_64/SwiftyESBuild-t.build/DerivedSources -Xcc -DSWIFT_PACKAGE -Xcc -DDEBUG\=1 -no-auto-bridging-header-chaining -module-name SwiftyESBuild -const-gather-protocols-file /host/spi-builder-workspace/.build/out/Intermediates.noindex/SwiftyESBuild.build/Debug-linux-x86_64/SwiftyESBuild-t.build/Objects-normal/x86_64/SwiftyESBuild_const_extract_protocols.json -in-process-plugin-server-path /usr/lib/swift/host/libSwiftInProcPluginServer.so -plugin-path /usr/lib/swift/host/plugins -plugin-path /usr/local/lib/swift/host/plugins -emit-module-doc-path /host/spi-builder-workspace/.build/out/Intermediates.noindex/SwiftyESBuild.build/Debug-linux-x86_64/SwiftyESBuild-t.build/Objects-normal/x86_64/Modules/SwiftyESBuild.swiftdoc -emit-module-source-info-path /host/spi-builder-workspace/.build/out/Intermediates.noindex/SwiftyESBuild.build/Debug-linux-x86_64/SwiftyESBuild-t.build/Objects-normal/x86_64/Modules/SwiftyESBuild.swiftsourceinfo -emit-objc-header-path /host/spi-builder-workspace/.build/out/Intermediates.noindex/SwiftyESBuild.build/Debug-linux-x86_64/SwiftyESBuild-t.build/Objects-normal/x86_64/SwiftyESBuild-Swift.h -serialize-diagnostics-path /host/spi-builder-workspace/.build/out/Intermediates.noindex/SwiftyESBuild.build/Debug-linux-x86_64/SwiftyESBuild-t.build/Objects-normal/x86_64/SwiftyESBuild-primary-emit-module.dia -emit-dependencies-path /host/spi-builder-workspace/.build/out/Intermediates.noindex/SwiftyESBuild.build/Debug-linux-x86_64/SwiftyESBuild-t.build/Objects-normal/x86_64/SwiftyESBuild-primary-emit-module.d -parse-as-library -o /host/spi-builder-workspace/.build/out/Intermediates.noindex/SwiftyESBuild.build/Debug-linux-x86_64/SwiftyESBuild-t.build/Objects-normal/x86_64/Modules/SwiftyESBuild.swiftmodule
error: SwiftCompile normal x86_64 /host/spi-builder-workspace/Sources/SwiftyESBuild/Tar.swift failed with a nonzero exit code. Command line:     cd /host
    builtin-SwiftPerFileCompile Tar.swift
/host/spi-builder-workspace/Sources/SwiftyESBuild/Downloader.swift:5:8: error: no such module 'NIOFoundationCompat'
  3 | import Logging
  4 | import NIOCore
  5 | import NIOFoundationCompat
    |        `- error: no such module 'NIOFoundationCompat'
  6 | import TSCBasic
  7 | import TSCUtility
Failed frontend command:
/usr/bin/swift-frontend -frontend -c /host/spi-builder-workspace/Sources/SwiftyESBuild/ArchitectureDetector.swift /host/spi-builder-workspace/Sources/SwiftyESBuild/ChecksumValidator.swift /host/spi-builder-workspace/Sources/SwiftyESBuild/Downloader.swift /host/spi-builder-workspace/Sources/SwiftyESBuild/ESBuildVersion.swift /host/spi-builder-workspace/Sources/SwiftyESBuild/Executor.swift /host/spi-builder-workspace/Sources/SwiftyESBuild/SwiftyESBuild.swift -primary-file /host/spi-builder-workspace/Sources/SwiftyESBuild/Tar.swift -emit-dependencies-path /host/spi-builder-workspace/.build/out/Intermediates.noindex/SwiftyESBuild.build/Debug-linux-x86_64/SwiftyESBuild-t.build/Objects-normal/x86_64/Tar.d -emit-const-values-path /host/spi-builder-workspace/.build/out/Intermediates.noindex/SwiftyESBuild.build/Debug-linux-x86_64/SwiftyESBuild-t.build/Objects-normal/x86_64/Tar.swiftconstvalues -emit-reference-dependencies-path /host/spi-builder-workspace/.build/out/Intermediates.noindex/SwiftyESBuild.build/Debug-linux-x86_64/SwiftyESBuild-t.build/Objects-normal/x86_64/Tar.swiftdeps -serialize-diagnostics-path /host/spi-builder-workspace/.build/out/Intermediates.noindex/SwiftyESBuild.build/Debug-linux-x86_64/SwiftyESBuild-t.build/Objects-normal/x86_64/Tar.dia -target x86_64-unknown-linux-gnu -disable-objc-interop -I /host/spi-builder-workspace/.build/out/Products/Debug-linux-x86_64 -module-cache-path /host/spi-builder-workspace/.build/out/ModuleCache.noindex -color-diagnostics -Xcc -fcolor-diagnostics -enable-testing -g -debug-info-format\=dwarf -dwarf-version\=4 -swift-version 5 -Onone -D SWIFT_PACKAGE -D DEBUG -D SWIFT_MODULE_RESOURCE_BUNDLE_UNAVAILABLE -D Xcode -serialize-debugging-options -enable-experimental-feature DebugDescriptionMacro -empty-abi-descriptor -external-plugin-path /usr/lib/swift/host/plugins/testing\#/usr/bin/swift-plugin-server -validate-clang-modules-once -clang-build-session-file /host/spi-builder-workspace/.build/out/ModuleCache.noindex/Session.modulevalidation -Xcc -working-directory -Xcc /host -enable-anonymous-context-mangled-names -file-compilation-dir /host -Xcc -fmodule-map-file\=/host/spi-builder-workspace/.build/checkouts/swift-system/Sources/CSystem/include/module.modulemap -Xcc -fmodule-map-file\=/host/spi-builder-workspace/.build/checkouts/swift-tools-support-core/Sources/TSCclibc/include/module.modulemap -Xcc -fmodule-map-file\=/host/spi-builder-workspace/.build/out/Intermediates.noindex/GeneratedModuleMaps-linux-x86_64/CNIOLLHTTP.modulemap -Xcc -fmodule-map-file\=/host/spi-builder-workspace/.build/out/Intermediates.noindex/GeneratedModuleMaps-linux-x86_64/CNIOBoringSSLShims.modulemap -Xcc -fmodule-map-file\=/host/spi-builder-workspace/.build/checkouts/swift-nio-ssl/Sources/CNIOBoringSSL/include/module.modulemap -Xcc -fmodule-map-file\=/host/spi-builder-workspace/.build/out/Intermediates.noindex/GeneratedModuleMaps-linux-x86_64/CNIOExtrasZlib.modulemap -Xcc -fmodule-map-file\=/host/spi-builder-workspace/.build/out/Intermediates.noindex/GeneratedModuleMaps-linux-x86_64/CNIOPosix.modulemap -Xcc -fmodule-map-file\=/host/spi-builder-workspace/.build/out/Intermediates.noindex/GeneratedModuleMaps-linux-x86_64/CNIOWASI.modulemap -Xcc -fmodule-map-file\=/host/spi-builder-workspace/.build/checkouts/swift-nio/Sources/CNIOWindows/include/module.modulemap -Xcc -fmodule-map-file\=/host/spi-builder-workspace/.build/out/Intermediates.noindex/GeneratedModuleMaps-linux-x86_64/CNIOLinux.modulemap -Xcc -fmodule-map-file\=/host/spi-builder-workspace/.build/out/Intermediates.noindex/GeneratedModuleMaps-linux-x86_64/CNIODarwin.modulemap -Xcc -fmodule-map-file\=/host/spi-builder-workspace/.build/out/Intermediates.noindex/GeneratedModuleMaps-linux-x86_64/CNIOFreeBSD.modulemap -Xcc -fmodule-map-file\=/host/spi-builder-workspace/.build/out/Intermediates.noindex/GeneratedModuleMaps-linux-x86_64/CNIOOpenBSD.modulemap -Xcc -fmodule-map-file\=/host/spi-builder-workspace/.build/out/Intermediates.noindex/GeneratedModuleMaps-linux-x86_64/CNIOAtomics.modulemap -Xcc -fmodule-map-file\=/host/spi-builder-workspace/.build/checkouts/swift-atomics/Sources/_AtomicsShims/include/module.modulemap -Xcc -fmodule-map-file\=/host/spi-builder-workspace/.build/out/Intermediates.noindex/GeneratedModuleMaps-linux-x86_64/CAsyncHTTPClient.modulemap -Xcc -fno-omit-frame-pointer -Xcc -D_LIBCPP_HARDENING_MODE\=_LIBCPP_HARDENING_MODE_DEBUG -Xcc -fmodules-prune-interval\=86400 -Xcc -fmodules-prune-after\=345600 -Xcc -I/host/spi-builder-workspace/.build/checkouts/swift-system/Sources/CSystem/include -Xcc -I/host/spi-builder-workspace/.build/checkouts/swift-tools-support-core/Sources/TSCclibc/include -Xcc -I/host/spi-builder-workspace/.build/checkouts/swift-nio/Sources/CNIOLLHTTP/include -Xcc -I/host/spi-builder-workspace/.build/checkouts/swift-nio-ssl/Sources/CNIOBoringSSLShims/include -Xcc -I/host/spi-builder-workspace/.build/checkouts/swift-nio-ssl/Sources/CNIOBoringSSL/include -Xcc -I/host/spi-builder-workspace/.build/checkouts/swift-nio-extras/Sources/CNIOExtrasZlib/include -Xcc -I/host/spi-builder-workspace/.build/checkouts/swift-nio/Sources/CNIOPosix/include -Xcc -I/host/spi-builder-workspace/.build/checkouts/swift-nio/Sources/CNIOWASI/include -Xcc -I/host/spi-builder-workspace/.build/checkouts/swift-nio/Sources/CNIOWindows/include -Xcc -I/host/spi-builder-workspace/.build/checkouts/swift-nio/Sources/CNIOLinux/include -Xcc -I/host/spi-builder-workspace/.build/checkouts/swift-nio/Sources/CNIODarwin/include -Xcc -I/host/spi-builder-workspace/.build/checkouts/swift-nio/Sources/CNIOFreeBSD/include -Xcc -I/host/spi-builder-workspace/.build/checkouts/swift-nio/Sources/CNIOOpenBSD/include -Xcc -I/host/spi-builder-workspace/.build/checkouts/swift-nio/Sources/CNIOAtomics/include -Xcc -I/host/spi-builder-workspace/.build/checkouts/swift-atomics/Sources/_AtomicsShims/include -Xcc -I/host/spi-builder-workspace/.build/checkouts/async-http-client/Sources/CAsyncHTTPClient/include -Xcc -I/host/spi-builder-workspace/.build/out/Products/Debug-linux-x86_64/include -Xcc -I/host/spi-builder-workspace/.build/out/Intermediates.noindex/SwiftyESBuild.build/Debug-linux-x86_64/SwiftyESBuild-t.build/DerivedSources-normal/x86_64 -Xcc -I/host/spi-builder-workspace/.build/out/Intermediates.noindex/SwiftyESBuild.build/Debug-linux-x86_64/SwiftyESBuild-t.build/DerivedSources/x86_64 -Xcc -I/host/spi-builder-workspace/.build/out/Intermediates.noindex/SwiftyESBuild.build/Debug-linux-x86_64/SwiftyESBuild-t.build/DerivedSources -Xcc -DSWIFT_PACKAGE -Xcc -DDEBUG\=1 -no-auto-bridging-header-chaining -module-name SwiftyESBuild -const-gather-protocols-file /host/spi-builder-workspace/.build/out/Intermediates.noindex/SwiftyESBuild.build/Debug-linux-x86_64/SwiftyESBuild-t.build/Objects-normal/x86_64/SwiftyESBuild_const_extract_protocols.json -in-process-plugin-server-path /usr/lib/swift/host/libSwiftInProcPluginServer.so -plugin-path /usr/lib/swift/host/plugins -plugin-path /usr/local/lib/swift/host/plugins -parse-as-library -o /host/spi-builder-workspace/.build/out/Intermediates.noindex/SwiftyESBuild.build/Debug-linux-x86_64/SwiftyESBuild-t.build/Objects-normal/x86_64/Tar.o -index-unit-output-path /SwiftyESBuild.build/Debug-linux-x86_64/SwiftyESBuild-t.build/Objects-normal/x86_64/Tar.o -index-store-path /host/spi-builder-workspace/.build/out -index-system-modules
error: Build failed
BUILD FAILURE 6.4 linux