The Swift Package Index logo.Swift Package Index

Build Information

Failed to build PureMVC, reference 1.6.0 (b4dcba), with Swift 6.4 for Wasm on 17 Sep 2026 01:52:54 UTC.

Build Command

bash -c docker run --pull=always --rm -v "checkouts-54344847-0":/host -w "$PWD" -e JAVA_HOME="/root/.sdkman/candidates/java/current" -e SPI_BUILD="1" -e SPI_PROCESSING="1" registry.gitlab.com/saguaro1/spi-images:wasm-6.4-latest swift build --swift-sdk swift-6.4.x-DEVELOPMENT-SNAPSHOT-2026-09-04-a_wasm 2>&1

Build Log

========================================
RunAll
========================================
Builder version: 5.1.0
Interrupt handler set up.
========================================
Checkout
========================================
Clone URL: https://github.com/puremvc/puremvc-swift-standard-framework.git
Reference: 1.6.0
Initialized empty Git repository in /host/spi-builder-workspace/.git/
hint: Using 'master' as the name for the initial branch. This default branch name
hint: is subject to change. To configure the initial branch name to use in all
hint: of your new repositories, which will suppress this warning, call:
hint:
hint: 	git config --global init.defaultBranch <name>
hint:
hint: Names commonly chosen instead of 'master' are 'main', 'trunk' and
hint: 'development'. The just-created branch can be renamed via this command:
hint:
hint: 	git branch -m <name>
From https://github.com/puremvc/puremvc-swift-standard-framework
 * tag               1.6.0      -> FETCH_HEAD
HEAD is now at b4dcba6 update
Cloned https://github.com/puremvc/puremvc-swift-standard-framework.git
Revision (git rev-parse @):
b4dcba6cbac2280f8971fff222e41882a4e817a8
SUCCESS checkout https://github.com/puremvc/puremvc-swift-standard-framework.git at 1.6.0
========================================
Build
========================================
Selected platform:         wasm
Swift version:             6.4
Building package at path:  $PWD
https://github.com/puremvc/puremvc-swift-standard-framework.git
Running build ...
bash -c docker run --pull=always --rm -v "checkouts-54344847-0":/host -w "$PWD" -e JAVA_HOME="/root/.sdkman/candidates/java/current" -e SPI_BUILD="1" -e SPI_PROCESSING="1" registry.gitlab.com/saguaro1/spi-images:wasm-6.4-latest swift build --swift-sdk swift-6.4.x-DEVELOPMENT-SNAPSHOT-2026-09-04-a_wasm 2>&1
wasm-6.4-latest: Pulling from saguaro1/spi-images
Digest: sha256:4328fdb43c680d205c1d6761b1e3267aa38277eefdda9ddfb17b6a0f1a77857a
Status: Image is up to date for registry.gitlab.com/saguaro1/spi-images:wasm-6.4-latest
Building for debugging...
[Planning deferred tasks]
[26 / 35] PureMVC
error: SwiftCompile normal wasm32 failed with a nonzero exit code. Command line:     cd /host

/host/spi-builder-workspace/Sources/PureMVC/core/Controller.swift:50:36: error: cannot find 'DispatchQueue' in scope
 48 |     // Concurrent queue for commandMap
 49 |     // for speed and convenience of running concurrently while reading, and thread safety of blocking while mutating
 50 |     internal let commandMapQueue = DispatchQueue(label: "org.puremvc.controller.commandMapQueue", attributes: DispatchQueue.Attributes.concurrent)
    |                                    `- error: cannot find 'DispatchQueue' in scope
 51 |
 52 |     // Singleton instance
/host/spi-builder-workspace/Sources/PureMVC/core/Controller.swift:50:111: error: cannot find 'DispatchQueue' in scope
 48 |     // Concurrent queue for commandMap
 49 |     // for speed and convenience of running concurrently while reading, and thread safety of blocking while mutating
 50 |     internal let commandMapQueue = DispatchQueue(label: "org.puremvc.controller.commandMapQueue", attributes: DispatchQueue.Attributes.concurrent)
    |                                                                                                               `- error: cannot find 'DispatchQueue' in scope
 51 |
 52 |     // Singleton instance
/host/spi-builder-workspace/Sources/PureMVC/core/Controller.swift:56:40: error: cannot find 'DispatchQueue' in scope
 54 |
 55 |     // Concurrent queue for singleton instance
 56 |     private static let instanceQueue = DispatchQueue(label: "org.puremvc.controller.instanceQueue", attributes: DispatchQueue.Attributes.concurrent)
    |                                        `- error: cannot find 'DispatchQueue' in scope
 57 |
 58 |     /// Message constant
/host/spi-builder-workspace/Sources/PureMVC/core/Controller.swift:56:113: error: cannot find 'DispatchQueue' in scope
 54 |
 55 |     // Concurrent queue for singleton instance
 56 |     private static let instanceQueue = DispatchQueue(label: "org.puremvc.controller.instanceQueue", attributes: DispatchQueue.Attributes.concurrent)
    |                                                                                                                 `- error: cannot find 'DispatchQueue' in scope
 57 |
 58 |     /// Message constant
/host/spi-builder-workspace/Sources/PureMVC/core/Model.swift:39:34: error: cannot find 'DispatchQueue' in scope
 37 |     // Concurrent queue for proxyMap
 38 |     // for speed and convenience of running concurrently while reading, and thread safety of blocking while mutating
 39 |     internal let proxyMapQueue = DispatchQueue(label: "org.puremvc.model.proxyMapQueue", attributes: DispatchQueue.Attributes.concurrent)
    |                                  `- error: cannot find 'DispatchQueue' in scope
 40 |
 41 |     // Singleton instance
/host/spi-builder-workspace/Sources/PureMVC/core/Model.swift:39:102: error: cannot find 'DispatchQueue' in scope
 37 |     // Concurrent queue for proxyMap
 38 |     // for speed and convenience of running concurrently while reading, and thread safety of blocking while mutating
 39 |     internal let proxyMapQueue = DispatchQueue(label: "org.puremvc.model.proxyMapQueue", attributes: DispatchQueue.Attributes.concurrent)
    |                                                                                                      `- error: cannot find 'DispatchQueue' in scope
 40 |
 41 |     // Singleton instance
/host/spi-builder-workspace/Sources/PureMVC/core/Model.swift:45:40: error: cannot find 'DispatchQueue' in scope
 43 |
 44 |     // Concurrent queue for singleton instance
 45 |     private static let instanceQueue = DispatchQueue(label: "org.puremvc.model.instanceQueue", attributes: DispatchQueue.Attributes.concurrent)
    |                                        `- error: cannot find 'DispatchQueue' in scope
 46 |
 47 |     /// Message constant
/host/spi-builder-workspace/Sources/PureMVC/core/Model.swift:45:108: error: cannot find 'DispatchQueue' in scope
 43 |
 44 |     // Concurrent queue for singleton instance
 45 |     private static let instanceQueue = DispatchQueue(label: "org.puremvc.model.instanceQueue", attributes: DispatchQueue.Attributes.concurrent)
    |                                                                                                            `- error: cannot find 'DispatchQueue' in scope
 46 |
 47 |     /// Message constant
/host/spi-builder-workspace/Sources/PureMVC/core/View.swift:37:37: error: cannot find 'DispatchQueue' in scope
 35 |     // Concurrent queue for mediatorMap
 36 |     // for speed and convenience of running concurrently while reading, and thread safety of blocking while mutating
 37 |     internal let mediatorMapQueue = DispatchQueue(label: "org.puremvc.view.mediatorMapQueue", attributes: DispatchQueue.Attributes.concurrent)
    |                                     `- error: cannot find 'DispatchQueue' in scope
 38 |
 39 |     // Mapping of Notification names to Observer lists
/host/spi-builder-workspace/Sources/PureMVC/core/View.swift:37:107: error: cannot find 'DispatchQueue' in scope
 35 |     // Concurrent queue for mediatorMap
 36 |     // for speed and convenience of running concurrently while reading, and thread safety of blocking while mutating
 37 |     internal let mediatorMapQueue = DispatchQueue(label: "org.puremvc.view.mediatorMapQueue", attributes: DispatchQueue.Attributes.concurrent)
    |                                                                                                           `- error: cannot find 'DispatchQueue' in scope
 38 |
 39 |     // Mapping of Notification names to Observer lists
/host/spi-builder-workspace/Sources/PureMVC/core/View.swift:44:37: error: cannot find 'DispatchQueue' in scope
 42 |     // Concurrent queue for observerMap
 43 |     // for speed and convenience of running concurrently while reading, and thread safety of blocking while mutating
 44 |     internal let observerMapQueue = DispatchQueue(label: "org.puremvc.view.observerMapQueue", attributes: DispatchQueue.Attributes.concurrent)
    |                                     `- error: cannot find 'DispatchQueue' in scope
 45 |
 46 |     // Singleton instance
/host/spi-builder-workspace/Sources/PureMVC/core/View.swift:44:107: error: cannot find 'DispatchQueue' in scope
 42 |     // Concurrent queue for observerMap
 43 |     // for speed and convenience of running concurrently while reading, and thread safety of blocking while mutating
 44 |     internal let observerMapQueue = DispatchQueue(label: "org.puremvc.view.observerMapQueue", attributes: DispatchQueue.Attributes.concurrent)
    |                                                                                                           `- error: cannot find 'DispatchQueue' in scope
 45 |
 46 |     // Singleton instance
/host/spi-builder-workspace/Sources/PureMVC/core/View.swift:50:40: error: cannot find 'DispatchQueue' in scope
 48 |
 49 |     // Concurrent queue for singleton instance
 50 |     private static let instanceQueue = DispatchQueue(label: "org.puremvc.view.instanceQueue", attributes: DispatchQueue.Attributes.concurrent)
    |                                        `- error: cannot find 'DispatchQueue' in scope
 51 |
 52 |     /// Message constant
/host/spi-builder-workspace/Sources/PureMVC/core/View.swift:50:107: error: cannot find 'DispatchQueue' in scope
 48 |
 49 |     // Concurrent queue for singleton instance
 50 |     private static let instanceQueue = DispatchQueue(label: "org.puremvc.view.instanceQueue", attributes: DispatchQueue.Attributes.concurrent)
    |                                                                                                           `- error: cannot find 'DispatchQueue' in scope
 51 |
 52 |     /// Message constant
/host/spi-builder-workspace/Sources/PureMVC/patterns/facade/Facade.swift:45:40: error: cannot find 'DispatchQueue' in scope
 43 |
 44 |     // Concurrent queue for singleton instance
 45 |     private static let instanceQueue = DispatchQueue(label: "org.puremvc.facade.instanceQueue", attributes: DispatchQueue.Attributes.concurrent)
    |                                        `- error: cannot find 'DispatchQueue' in scope
 46 |
 47 |     /// Message Constant
/host/spi-builder-workspace/Sources/PureMVC/patterns/facade/Facade.swift:45:109: error: cannot find 'DispatchQueue' in scope
 43 |
 44 |     // Concurrent queue for singleton instance
 45 |     private static let instanceQueue = DispatchQueue(label: "org.puremvc.facade.instanceQueue", attributes: DispatchQueue.Attributes.concurrent)
    |                                                                                                             `- error: cannot find 'DispatchQueue' in scope
 46 |
 47 |     /// Message Constant
Failed frontend command:
/usr/bin/swift-frontend -frontend -emit-module -experimental-skip-non-inlinable-function-bodies-without-types /host/spi-builder-workspace/Sources/PureMVC/core/Controller.swift /host/spi-builder-workspace/Sources/PureMVC/core/Model.swift /host/spi-builder-workspace/Sources/PureMVC/core/View.swift /host/spi-builder-workspace/Sources/PureMVC/interfaces/ICommand.swift /host/spi-builder-workspace/Sources/PureMVC/interfaces/IController.swift /host/spi-builder-workspace/Sources/PureMVC/interfaces/IFacade.swift /host/spi-builder-workspace/Sources/PureMVC/interfaces/IMediator.swift /host/spi-builder-workspace/Sources/PureMVC/interfaces/IModel.swift /host/spi-builder-workspace/Sources/PureMVC/interfaces/INotification.swift /host/spi-builder-workspace/Sources/PureMVC/interfaces/INotifier.swift /host/spi-builder-workspace/Sources/PureMVC/interfaces/IObserver.swift /host/spi-builder-workspace/Sources/PureMVC/interfaces/IProxy.swift /host/spi-builder-workspace/Sources/PureMVC/interfaces/IView.swift /host/spi-builder-workspace/Sources/PureMVC/patterns/command/MacroCommand.swift /host/spi-builder-workspace/Sources/PureMVC/patterns/command/SimpleCommand.swift /host/spi-builder-workspace/Sources/PureMVC/patterns/facade/Facade.swift /host/spi-builder-workspace/Sources/PureMVC/patterns/mediator/Mediator.swift /host/spi-builder-workspace/Sources/PureMVC/patterns/observer/Notification.swift /host/spi-builder-workspace/Sources/PureMVC/patterns/observer/Notifier.swift /host/spi-builder-workspace/Sources/PureMVC/patterns/observer/Observer.swift /host/spi-builder-workspace/Sources/PureMVC/patterns/proxy/Proxy.swift -target wasm32-unknown-wasip1 -disable-objc-interop -sdk /root/.swiftpm/swift-sdks/swift-6.4.x-DEVELOPMENT-SNAPSHOT-2026-09-04-a_wasm.artifactbundle/swift-6.4.x-DEVELOPMENT-SNAPSHOT-2026-09-04-a_wasm/wasm32-unknown-wasip1/WASI.sdk -sysroot /root/.swiftpm/swift-sdks/swift-6.4.x-DEVELOPMENT-SNAPSHOT-2026-09-04-a_wasm.artifactbundle/swift-6.4.x-DEVELOPMENT-SNAPSHOT-2026-09-04-a_wasm/wasm32-unknown-wasip1/WASI.sdk -I /host/spi-builder-workspace/.build/out/Products/Debug-webassembly-wasm32 -module-cache-path /host/spi-builder-workspace/.build/out/ModuleCache.noindex -color-diagnostics -Xcc -fcolor-diagnostics -enable-testing -g -debug-info-format\=dwarf -dwarf-version\=4 -swift-version 5 -Onone -D SWIFT_PACKAGE -D DEBUG -D SWIFT_MODULE_RESOURCE_BUNDLE_UNAVAILABLE -D Xcode -serialize-debugging-options -enable-experimental-feature DebugDescriptionMacro -empty-abi-descriptor -external-plugin-path /usr/lib/swift/host/plugins/testing\#/usr/bin/swift-plugin-server -validate-clang-modules-once -clang-build-session-file /host/spi-builder-workspace/.build/out/ModuleCache.noindex/Session.modulevalidation -Xcc -working-directory -Xcc /host -resource-dir /root/.swiftpm/swift-sdks/swift-6.4.x-DEVELOPMENT-SNAPSHOT-2026-09-04-a_wasm.artifactbundle/swift-6.4.x-DEVELOPMENT-SNAPSHOT-2026-09-04-a_wasm/wasm32-unknown-wasip1/swift.xctoolchain/usr/lib/swift_static -use-static-resource-dir -enable-anonymous-context-mangled-names -file-compilation-dir /host -Xcc -resource-dir -Xcc /root/.swiftpm/swift-sdks/swift-6.4.x-DEVELOPMENT-SNAPSHOT-2026-09-04-a_wasm.artifactbundle/swift-6.4.x-DEVELOPMENT-SNAPSHOT-2026-09-04-a_wasm/wasm32-unknown-wasip1/swift.xctoolchain/usr/lib/swift_static/clang -Xcc -D_LIBCPP_HARDENING_MODE\=_LIBCPP_HARDENING_MODE_DEBUG -Xcc -fmodules-prune-interval\=86400 -Xcc -fmodules-prune-after\=345600 -Xcc -I/host/spi-builder-workspace/.build/out/Products/Debug-webassembly-wasm32/include -Xcc -I/host/spi-builder-workspace/.build/out/Intermediates.noindex/PureMVC.build/Debug-webassembly-wasm32/PureMVC-t.build/DerivedSources-normal/wasm32 -Xcc -I/host/spi-builder-workspace/.build/out/Intermediates.noindex/PureMVC.build/Debug-webassembly-wasm32/PureMVC-t.build/DerivedSources/wasm32 -Xcc -I/host/spi-builder-workspace/.build/out/Intermediates.noindex/PureMVC.build/Debug-webassembly-wasm32/PureMVC-t.build/DerivedSources -Xcc -DSWIFT_PACKAGE -Xcc -DDEBUG\=1 -no-auto-bridging-header-chaining -module-name PureMVC -const-gather-protocols-file /host/spi-builder-workspace/.build/out/Intermediates.noindex/PureMVC.build/Debug-webassembly-wasm32/PureMVC-t.build/Objects-normal/wasm32/PureMVC_const_extract_protocols.json -in-process-plugin-server-path /usr/lib/swift/host/libSwiftInProcPluginServer.so -plugin-path /usr/lib/swift/host/plugins -plugin-path /usr/local/lib/swift/host/plugins -emit-module-doc-path /host/spi-builder-workspace/.build/out/Intermediates.noindex/PureMVC.build/Debug-webassembly-wasm32/PureMVC-t.build/Objects-normal/wasm32/Modules/PureMVC.swiftdoc -emit-module-source-info-path /host/spi-builder-workspace/.build/out/Intermediates.noindex/PureMVC.build/Debug-webassembly-wasm32/PureMVC-t.build/Objects-normal/wasm32/Modules/PureMVC.swiftsourceinfo -emit-objc-header-path /host/spi-builder-workspace/.build/out/Intermediates.noindex/PureMVC.build/Debug-webassembly-wasm32/PureMVC-t.build/Objects-normal/wasm32/PureMVC-Swift.h -serialize-diagnostics-path /host/spi-builder-workspace/.build/out/Intermediates.noindex/PureMVC.build/Debug-webassembly-wasm32/PureMVC-t.build/Objects-normal/wasm32/PureMVC-primary-emit-module.dia -emit-dependencies-path /host/spi-builder-workspace/.build/out/Intermediates.noindex/PureMVC.build/Debug-webassembly-wasm32/PureMVC-t.build/Objects-normal/wasm32/PureMVC-primary-emit-module.d -parse-as-library -o /host/spi-builder-workspace/.build/out/Intermediates.noindex/PureMVC.build/Debug-webassembly-wasm32/PureMVC-t.build/Objects-normal/wasm32/Modules/PureMVC.swiftmodule
error: Build failed
BUILD FAILURE 6.4 wasm