The Swift Package Index logo.Swift Package Index

Build Information

Failed to build APIClientKit, reference 1.0.0 (139309), with Swift 6.4 for Wasm on 26 Sep 2026 16:11:30 UTC.

Build Command

bash -c docker run --pull=always --rm -v "checkouts-54344844-0":/host -w "$PWD" -e JAVA_HOME="/root/.sdkman/candidates/java/current" -e SPI_BUILD="1" -e SPI_PROCESSING="1" registry.gitlab.com/saguaro1/spi-images:wasm-6.4-latest swift build --swift-sdk swift-6.4.x-DEVELOPMENT-SNAPSHOT-2026-09-04-a_wasm 2>&1

Build Log

========================================
RunAll
========================================
Builder version: 5.1.0
Interrupt handler set up.
========================================
Checkout
========================================
Clone URL: https://github.com/sGerli/APIClientKit.git
Reference: 1.0.0
Initialized empty Git repository in /host/spi-builder-workspace/.git/
hint: Using 'master' as the name for the initial branch. This default branch name
hint: is subject to change. To configure the initial branch name to use in all
hint: of your new repositories, which will suppress this warning, call:
hint:
hint: 	git config --global init.defaultBranch <name>
hint:
hint: Names commonly chosen instead of 'master' are 'main', 'trunk' and
hint: 'development'. The just-created branch can be renamed via this command:
hint:
hint: 	git branch -m <name>
From https://github.com/sGerli/APIClientKit
 * tag               1.0.0      -> FETCH_HEAD
HEAD is now at 1393099 feat: initial commit
Cloned https://github.com/sGerli/APIClientKit.git
Revision (git rev-parse @):
13930992518686933f97357e62ce93b746617d00
SPI manifest file found: $PWD/.spi.yml
SUCCESS checkout https://github.com/sGerli/APIClientKit.git at 1.0.0
========================================
Build
========================================
Selected platform:         wasm
Swift version:             6.4
Building package at path:  $PWD
https://github.com/sGerli/APIClientKit.git
Running build ...
bash -c docker run --pull=always --rm -v "checkouts-54344844-0":/host -w "$PWD" -e JAVA_HOME="/root/.sdkman/candidates/java/current" -e SPI_BUILD="1" -e SPI_PROCESSING="1" registry.gitlab.com/saguaro1/spi-images:wasm-6.4-latest swift build --swift-sdk swift-6.4.x-DEVELOPMENT-SNAPSHOT-2026-09-04-a_wasm 2>&1
wasm-6.4-latest: Pulling from saguaro1/spi-images
Digest: sha256:4328fdb43c680d205c1d6761b1e3267aa38277eefdda9ddfb17b6a0f1a77857a
Status: Image is up to date for registry.gitlab.com/saguaro1/spi-images:wasm-6.4-latest
Fetching https://github.com/swiftlang/swift-docc-plugin
[1/2345] Fetching swift-docc-plugin
Fetched https://github.com/swiftlang/swift-docc-plugin (0.64s)
Computing version for https://github.com/swiftlang/swift-docc-plugin
Computed https://github.com/swiftlang/swift-docc-plugin at 1.5.0 (1.76s)
Fetching https://github.com/swiftlang/swift-docc-symbolkit
[1/3831] Fetching swift-docc-symbolkit
Fetched https://github.com/swiftlang/swift-docc-symbolkit (0.65s)
Computing version for https://github.com/swiftlang/swift-docc-symbolkit
Computed https://github.com/swiftlang/swift-docc-symbolkit at 1.0.0 (0.89s)
Creating working copy for https://github.com/swiftlang/swift-docc-symbolkit
Working copy of https://github.com/swiftlang/swift-docc-symbolkit resolved at 1.0.0
Creating working copy for https://github.com/swiftlang/swift-docc-plugin
Working copy of https://github.com/swiftlang/swift-docc-plugin resolved at 1.5.0
Building for debugging...
[Pre-planning 1 / 124]
[Constructing 2 / 238]
[24 / 41] APIClientKit
[33 / 49] APIClientKit
[34 / 49] APIClientKit
[41 / 53] APIClientKitURLSession
error: SwiftCompile normal wasm32 failed with a nonzero exit code. Command line:     cd /host

/host/spi-builder-workspace/Sources/APIClientKitURLSession/URLSessionAPIClient.swift:20:25: error: cannot find type 'URLSession' in scope
 18 |     public let jsonDecoder: JSONDecoder
 19 |     public let middlewares: [any APIClientMiddleware]
 20 |     public let session: URLSession
    |                         `- error: cannot find type 'URLSession' in scope
 21 |     public let transformRequest: @Sendable (inout URLRequest) -> Void
 22 |
/host/spi-builder-workspace/Sources/APIClientKitURLSession/URLSessionAPIClient.swift:21:51: error: cannot find type 'URLRequest' in scope
 19 |     public let middlewares: [any APIClientMiddleware]
 20 |     public let session: URLSession
 21 |     public let transformRequest: @Sendable (inout URLRequest) -> Void
    |                                                   `- error: cannot find type 'URLRequest' in scope
 22 |
 23 |     public init(
/host/spi-builder-workspace/Sources/APIClientKitURLSession/URLSessionAPIClient.swift:25:18: error: cannot find type 'URLSession' in scope
 23 |     public init(
 24 |         baseURL: URL,
 25 |         session: URLSession = .shared,
    |                  `- error: cannot find type 'URLSession' in scope
 26 |         jsonDecoder: JSONDecoder = JSONDecoder(),
 27 |         middlewares: [any APIClientMiddleware] = [],
/host/spi-builder-workspace/Sources/APIClientKitURLSession/URLSessionAPIClient.swift:28:54: error: cannot find type 'URLRequest' in scope
 26 |         jsonDecoder: JSONDecoder = JSONDecoder(),
 27 |         middlewares: [any APIClientMiddleware] = [],
 28 |         transformRequest: @escaping @Sendable (inout URLRequest) -> Void = { _ in }
    |                                                      `- error: cannot find type 'URLRequest' in scope
 29 |     ) {
 30 |         self.baseURL = baseURL
/host/spi-builder-workspace/Sources/APIClientKitURLSession/URLSessionAPIClient.swift:98:46: error: cannot find type 'HTTPURLResponse' in scope
 96 | }
 97 |
 98 | private func lowercaseHeaders(from response: HTTPURLResponse) -> [String: String] {
    |                                              `- error: cannot find type 'HTTPURLResponse' in scope
 99 |     var out: [String: String] = [:]
100 |     out.reserveCapacity(response.allHeaderFields.count)
Failed frontend command:
/usr/bin/swift-frontend -frontend -emit-module -experimental-skip-non-inlinable-function-bodies-without-types /host/spi-builder-workspace/Sources/APIClientKitURLSession/Exports.swift /host/spi-builder-workspace/Sources/APIClientKitURLSession/URLSessionAPIClient.swift -target wasm32-unknown-wasip1 -disable-objc-interop -sdk /root/.swiftpm/swift-sdks/swift-6.4.x-DEVELOPMENT-SNAPSHOT-2026-09-04-a_wasm.artifactbundle/swift-6.4.x-DEVELOPMENT-SNAPSHOT-2026-09-04-a_wasm/wasm32-unknown-wasip1/WASI.sdk -sysroot /root/.swiftpm/swift-sdks/swift-6.4.x-DEVELOPMENT-SNAPSHOT-2026-09-04-a_wasm.artifactbundle/swift-6.4.x-DEVELOPMENT-SNAPSHOT-2026-09-04-a_wasm/wasm32-unknown-wasip1/WASI.sdk -I /host/spi-builder-workspace/.build/out/Products/Debug-webassembly-wasm32 -module-cache-path /host/spi-builder-workspace/.build/out/ModuleCache.noindex -color-diagnostics -Xcc -fcolor-diagnostics -enable-testing -g -debug-info-format\=dwarf -dwarf-version\=4 -swift-version 6 -Onone -D SWIFT_PACKAGE -D DEBUG -D SWIFT_MODULE_RESOURCE_BUNDLE_UNAVAILABLE -D Xcode -serialize-debugging-options -enable-experimental-feature DebugDescriptionMacro -empty-abi-descriptor -external-plugin-path /usr/lib/swift/host/plugins/testing\#/usr/bin/swift-plugin-server -validate-clang-modules-once -clang-build-session-file /host/spi-builder-workspace/.build/out/ModuleCache.noindex/Session.modulevalidation -Xcc -working-directory -Xcc /host -resource-dir /root/.swiftpm/swift-sdks/swift-6.4.x-DEVELOPMENT-SNAPSHOT-2026-09-04-a_wasm.artifactbundle/swift-6.4.x-DEVELOPMENT-SNAPSHOT-2026-09-04-a_wasm/wasm32-unknown-wasip1/swift.xctoolchain/usr/lib/swift_static -use-static-resource-dir -enable-anonymous-context-mangled-names -file-compilation-dir /host -Xcc -resource-dir -Xcc /root/.swiftpm/swift-sdks/swift-6.4.x-DEVELOPMENT-SNAPSHOT-2026-09-04-a_wasm.artifactbundle/swift-6.4.x-DEVELOPMENT-SNAPSHOT-2026-09-04-a_wasm/wasm32-unknown-wasip1/swift.xctoolchain/usr/lib/swift_static/clang -Xcc -D_LIBCPP_HARDENING_MODE\=_LIBCPP_HARDENING_MODE_DEBUG -Xcc -fmodules-prune-interval\=86400 -Xcc -fmodules-prune-after\=345600 -Xcc -I/host/spi-builder-workspace/.build/out/Products/Debug-webassembly-wasm32/include -Xcc -I/host/spi-builder-workspace/.build/out/Intermediates.noindex/APIClientKit.build/Debug-webassembly-wasm32/APIClientKitURLSession-t.build/DerivedSources-normal/wasm32 -Xcc -I/host/spi-builder-workspace/.build/out/Intermediates.noindex/APIClientKit.build/Debug-webassembly-wasm32/APIClientKitURLSession-t.build/DerivedSources/wasm32 -Xcc -I/host/spi-builder-workspace/.build/out/Intermediates.noindex/APIClientKit.build/Debug-webassembly-wasm32/APIClientKitURLSession-t.build/DerivedSources -Xcc -DSWIFT_PACKAGE -Xcc -DDEBUG\=1 -no-auto-bridging-header-chaining -module-name APIClientKitURLSession -package-name spi_builder_workspace -const-gather-protocols-file /host/spi-builder-workspace/.build/out/Intermediates.noindex/APIClientKit.build/Debug-webassembly-wasm32/APIClientKitURLSession-t.build/Objects-normal/wasm32/APIClientKitURLSession_const_extract_protocols.json -in-process-plugin-server-path /usr/lib/swift/host/libSwiftInProcPluginServer.so -plugin-path /usr/lib/swift/host/plugins -plugin-path /usr/local/lib/swift/host/plugins -emit-module-doc-path /host/spi-builder-workspace/.build/out/Intermediates.noindex/APIClientKit.build/Debug-webassembly-wasm32/APIClientKitURLSession-t.build/Objects-normal/wasm32/Modules/APIClientKitURLSession.swiftdoc -emit-module-source-info-path /host/spi-builder-workspace/.build/out/Intermediates.noindex/APIClientKit.build/Debug-webassembly-wasm32/APIClientKitURLSession-t.build/Objects-normal/wasm32/Modules/APIClientKitURLSession.swiftsourceinfo -emit-objc-header-path /host/spi-builder-workspace/.build/out/Intermediates.noindex/APIClientKit.build/Debug-webassembly-wasm32/APIClientKitURLSession-t.build/Objects-normal/wasm32/APIClientKitURLSession-Swift.h -serialize-diagnostics-path /host/spi-builder-workspace/.build/out/Intermediates.noindex/APIClientKit.build/Debug-webassembly-wasm32/APIClientKitURLSession-t.build/Objects-normal/wasm32/APIClientKitURLSession-primary-emit-module.dia -emit-dependencies-path /host/spi-builder-workspace/.build/out/Intermediates.noindex/APIClientKit.build/Debug-webassembly-wasm32/APIClientKitURLSession-t.build/Objects-normal/wasm32/APIClientKitURLSession-primary-emit-module.d -parse-as-library -o /host/spi-builder-workspace/.build/out/Intermediates.noindex/APIClientKit.build/Debug-webassembly-wasm32/APIClientKitURLSession-t.build/Objects-normal/wasm32/Modules/APIClientKitURLSession.swiftmodule
error: Build failed
BUILD FAILURE 6.4 wasm