Build Information
Failed to build argmax-oss-swift, reference v1.1.1 (1bbc57), with Swift 6.2 for Wasm on 10 Oct 2026 14:14:34 UTC.
Build Command
bash -c docker run --pull=always --rm -v "checkouts-54344845-0":/host -w "$PWD" -e JAVA_HOME="/root/.sdkman/candidates/java/current" -e SPI_BUILD="1" -e SPI_PROCESSING="1" registry.gitlab.com/saguaro1/spi-images:wasm-6.2-latest swift build --swift-sdk swift-6.2-RELEASE_wasm 2>&1Build Log
========================================
RunAll
========================================
Builder version: 5.1.1
Interrupt handler set up.
========================================
Checkout
========================================
Clone URL: https://github.com/argmaxinc/argmax-oss-swift.git
Reference: v1.1.1
Initialized empty Git repository in /host/spi-builder-workspace/.git/
hint: Using 'master' as the name for the initial branch. This default branch name
hint: is subject to change. To configure the initial branch name to use in all
hint: of your new repositories, which will suppress this warning, call:
hint:
hint: git config --global init.defaultBranch <name>
hint:
hint: Names commonly chosen instead of 'master' are 'main', 'trunk' and
hint: 'development'. The just-created branch can be renamed via this command:
hint:
hint: git branch -m <name>
From https://github.com/argmaxinc/argmax-oss-swift
* tag v1.1.1 -> FETCH_HEAD
HEAD is now at 1bbc57c Release v1.1.1
Cloned https://github.com/argmaxinc/argmax-oss-swift.git
Revision (git rev-parse @):
1bbc57cb7fe6410248a685b1c5a3c6d56adc2ed4
SPI manifest file found: $PWD/.spi.yml
SUCCESS checkout https://github.com/argmaxinc/argmax-oss-swift.git at v1.1.1
========================================
Build
========================================
Selected platform: wasm
Swift version: 6.2
Building package at path: $PWD
https://github.com/argmaxinc/argmax-oss-swift.git
Running build ...
bash -c docker run --pull=always --rm -v "checkouts-54344845-0":/host -w "$PWD" -e JAVA_HOME="/root/.sdkman/candidates/java/current" -e SPI_BUILD="1" -e SPI_PROCESSING="1" registry.gitlab.com/saguaro1/spi-images:wasm-6.2-latest swift build --swift-sdk swift-6.2-RELEASE_wasm 2>&1
wasm-6.2-latest: Pulling from saguaro1/spi-images
Digest: sha256:c092ff8dc506a2a30e6239b6992792fd4f7dfaaa46cac3b3c48d8fe35e954282
Status: Image is up to date for registry.gitlab.com/saguaro1/spi-images:wasm-6.2-latest
Fetching https://github.com/apple/swift-argument-parser.git
[1/19096] Fetching swift-argument-parser
Fetched https://github.com/apple/swift-argument-parser.git from cache (0.79s)
Computing version for https://github.com/apple/swift-argument-parser.git
Computed https://github.com/apple/swift-argument-parser.git at 1.8.2 (0.95s)
Creating working copy for https://github.com/apple/swift-argument-parser.git
Working copy of https://github.com/apple/swift-argument-parser.git resolved at 1.8.2
[1/1] Compiling plugin GenerateManual
[2/2] Compiling plugin GenerateDoccReference
Building for debugging...
[2/25] Write sources
[10/25] Write swift-version-24593BA9C3E375BF.txt
error: emit-module command failed with exit code 1 (use -v to see invocation)
[12/59] Emitting module ArgmaxCore
/host/spi-builder-workspace/Sources/ArgmaxCore/ArgmaxCoreError.swift:4:8: warning: module 'Foundation' was not compiled with library evolution support; using it means binary compatibility for 'ArgmaxCore' can't be guaranteed
2 | // Copyright © 2026 Argmax, Inc. All rights reserved.
3 |
4 | import Foundation
| `- warning: module 'Foundation' was not compiled with library evolution support; using it means binary compatibility for 'ArgmaxCore' can't be guaranteed
5 |
6 | @frozen
/host/spi-builder-workspace/Sources/ArgmaxCore/AutoTokenizerWrapper.swift:4:8: warning: module 'Foundation' was not compiled with library evolution support; using it means binary compatibility for 'ArgmaxCore' can't be guaranteed
2 | // Copyright © 2026 Argmax, Inc. All rights reserved.
3 |
4 | import Foundation
| `- warning: module 'Foundation' was not compiled with library evolution support; using it means binary compatibility for 'ArgmaxCore' can't be guaranteed
5 |
6 | /// Public factory for loading tokenizers, mirroring the `AutoTokenizer` API.
/host/spi-builder-workspace/Sources/ArgmaxCore/ConcurrencyUtilities.swift:4:8: warning: module 'Foundation' was not compiled with library evolution support; using it means binary compatibility for 'ArgmaxCore' can't be guaranteed
2 | // Copyright © 2024 Argmax, Inc. All rights reserved.
3 |
4 | import Foundation
| `- warning: module 'Foundation' was not compiled with library evolution support; using it means binary compatibility for 'ArgmaxCore' can't be guaranteed
5 | import os.lock
6 |
/host/spi-builder-workspace/Sources/ArgmaxCore/ConcurrencyUtilities.swift:5:8: error: no such module 'os.lock'
3 |
4 | import Foundation
5 | import os.lock
| `- error: no such module 'os.lock'
6 |
7 | // MARK: - Concurrency Utilities
[13/63] Emitting module ArgumentParserToolInfo
[14/63] Compiling ArgumentParserToolInfo ToolInfo.swift
[15/64] Wrapping AST for ArgumentParserToolInfo for debugging
[17/111] Compiling ArgumentParser ParserError.swift
/host/spi-builder-workspace/Sources/ArgmaxCore/ConcurrencyUtilities.swift:5:8: error: no such module 'os.lock'
3 |
4 | import Foundation
5 | import os.lock
| `- error: no such module 'os.lock'
6 |
7 | // MARK: - Concurrency Utilities
[18/111] Compiling ArgumentParser SplitArguments.swift
/host/spi-builder-workspace/Sources/ArgmaxCore/ConcurrencyUtilities.swift:5:8: error: no such module 'os.lock'
3 |
4 | import Foundation
5 | import os.lock
| `- error: no such module 'os.lock'
6 |
7 | // MARK: - Concurrency Utilities
[19/111] Compiling ArgumentParser DumpHelpGenerator.swift
/host/spi-builder-workspace/Sources/ArgmaxCore/ConcurrencyUtilities.swift:5:8: error: no such module 'os.lock'
3 |
4 | import Foundation
5 | import os.lock
| `- error: no such module 'os.lock'
6 |
7 | // MARK: - Concurrency Utilities
[20/111] Compiling ArgumentParser Mutex.swift
/host/spi-builder-workspace/Sources/ArgmaxCore/ConcurrencyUtilities.swift:5:8: error: no such module 'os.lock'
3 |
4 | import Foundation
5 | import os.lock
| `- error: no such module 'os.lock'
6 |
7 | // MARK: - Concurrency Utilities
[21/111] Compiling ArgumentParser ParsableCommand.swift
/host/spi-builder-workspace/Sources/ArgmaxCore/ConcurrencyUtilities.swift:5:8: error: no such module 'os.lock'
3 |
4 | import Foundation
5 | import os.lock
| `- error: no such module 'os.lock'
6 |
7 | // MARK: - Concurrency Utilities
[22/111] Compiling ArgumentParser ArgumentDecoder.swift
/host/spi-builder-workspace/Sources/ArgmaxCore/ConcurrencyUtilities.swift:5:8: error: no such module 'os.lock'
3 |
4 | import Foundation
5 | import os.lock
| `- error: no such module 'os.lock'
6 |
7 | // MARK: - Concurrency Utilities
[23/111] Compiling ArgumentParser ArgumentDefinition.swift
/host/spi-builder-workspace/Sources/ArgmaxCore/ConcurrencyUtilities.swift:5:8: error: no such module 'os.lock'
3 |
4 | import Foundation
5 | import os.lock
| `- error: no such module 'os.lock'
6 |
7 | // MARK: - Concurrency Utilities
[24/111] Compiling ArgumentParser ArgumentSet.swift
/host/spi-builder-workspace/Sources/ArgmaxCore/ConcurrencyUtilities.swift:5:8: error: no such module 'os.lock'
3 |
4 | import Foundation
5 | import os.lock
| `- error: no such module 'os.lock'
6 |
7 | // MARK: - Concurrency Utilities
[25/111] Compiling ArgumentParser ArgumentHelp.swift
/host/spi-builder-workspace/Sources/ArgmaxCore/ConcurrencyUtilities.swift:5:8: error: no such module 'os.lock'
3 |
4 | import Foundation
5 | import os.lock
| `- error: no such module 'os.lock'
6 |
7 | // MARK: - Concurrency Utilities
[26/111] Compiling ArgumentParser Name.swift
/host/spi-builder-workspace/Sources/ArgmaxCore/ConcurrencyUtilities.swift:5:8: error: no such module 'os.lock'
3 |
4 | import Foundation
5 | import os.lock
| `- error: no such module 'os.lock'
6 |
7 | // MARK: - Concurrency Utilities
[27/111] Compiling ArgumentParser Parsed.swift
/host/spi-builder-workspace/Sources/ArgmaxCore/ConcurrencyUtilities.swift:5:8: error: no such module 'os.lock'
3 |
4 | import Foundation
5 | import os.lock
| `- error: no such module 'os.lock'
6 |
7 | // MARK: - Concurrency Utilities
[28/111] Compiling ArgumentParser ParsedValues.swift
/host/spi-builder-workspace/Sources/ArgmaxCore/ConcurrencyUtilities.swift:5:8: error: no such module 'os.lock'
3 |
4 | import Foundation
5 | import os.lock
| `- error: no such module 'os.lock'
6 |
7 | // MARK: - Concurrency Utilities
[29/111] Compiling ArgumentParser AsyncParsableCommand.swift
/host/spi-builder-workspace/Sources/ArgmaxCore/ConcurrencyUtilities.swift:5:8: error: no such module 'os.lock'
3 |
4 | import Foundation
5 | import os.lock
| `- error: no such module 'os.lock'
6 |
7 | // MARK: - Concurrency Utilities
[30/111] Compiling ArgumentParser CommandConfiguration.swift
/host/spi-builder-workspace/Sources/ArgmaxCore/ConcurrencyUtilities.swift:5:8: error: no such module 'os.lock'
3 |
4 | import Foundation
5 | import os.lock
| `- error: no such module 'os.lock'
6 |
7 | // MARK: - Concurrency Utilities
[31/111] Compiling ArgumentParser CommandGroup.swift
/host/spi-builder-workspace/Sources/ArgmaxCore/ConcurrencyUtilities.swift:5:8: error: no such module 'os.lock'
3 |
4 | import Foundation
5 | import os.lock
| `- error: no such module 'os.lock'
6 |
7 | // MARK: - Concurrency Utilities
[32/111] Compiling ArgumentParser EnumerableFlag.swift
/host/spi-builder-workspace/Sources/ArgmaxCore/ConcurrencyUtilities.swift:5:8: error: no such module 'os.lock'
3 |
4 | import Foundation
5 | import os.lock
| `- error: no such module 'os.lock'
6 |
7 | // MARK: - Concurrency Utilities
[33/111] Compiling ArgumentParser CompletionsGenerator.swift
/host/spi-builder-workspace/Sources/ArgmaxCore/ArgmaxCoreError.swift:4:8: warning: module 'Foundation' was not compiled with library evolution support; using it means binary compatibility for 'ArgmaxCore' can't be guaranteed
2 | // Copyright © 2026 Argmax, Inc. All rights reserved.
3 |
4 | import Foundation
| `- warning: module 'Foundation' was not compiled with library evolution support; using it means binary compatibility for 'ArgmaxCore' can't be guaranteed
5 |
6 | @frozen
/host/spi-builder-workspace/Sources/ArgmaxCore/AutoTokenizerWrapper.swift:4:8: warning: module 'Foundation' was not compiled with library evolution support; using it means binary compatibility for 'ArgmaxCore' can't be guaranteed
2 | // Copyright © 2026 Argmax, Inc. All rights reserved.
3 |
4 | import Foundation
| `- warning: module 'Foundation' was not compiled with library evolution support; using it means binary compatibility for 'ArgmaxCore' can't be guaranteed
5 |
6 | /// Public factory for loading tokenizers, mirroring the `AutoTokenizer` API.
/host/spi-builder-workspace/Sources/ArgmaxCore/ConcurrencyUtilities.swift:4:8: warning: module 'Foundation' was not compiled with library evolution support; using it means binary compatibility for 'ArgmaxCore' can't be guaranteed
2 | // Copyright © 2024 Argmax, Inc. All rights reserved.
3 |
4 | import Foundation
| `- warning: module 'Foundation' was not compiled with library evolution support; using it means binary compatibility for 'ArgmaxCore' can't be guaranteed
5 | import os.lock
6 |
/host/spi-builder-workspace/Sources/ArgmaxCore/ConcurrencyUtilities.swift:5:8: error: no such module 'os.lock'
3 |
4 | import Foundation
5 | import os.lock
| `- error: no such module 'os.lock'
6 |
7 | // MARK: - Concurrency Utilities
[34/111] Compiling ArgumentParser FishCompletionsGenerator.swift
/host/spi-builder-workspace/Sources/ArgmaxCore/ArgmaxCoreError.swift:4:8: warning: module 'Foundation' was not compiled with library evolution support; using it means binary compatibility for 'ArgmaxCore' can't be guaranteed
2 | // Copyright © 2026 Argmax, Inc. All rights reserved.
3 |
4 | import Foundation
| `- warning: module 'Foundation' was not compiled with library evolution support; using it means binary compatibility for 'ArgmaxCore' can't be guaranteed
5 |
6 | @frozen
/host/spi-builder-workspace/Sources/ArgmaxCore/AutoTokenizerWrapper.swift:4:8: warning: module 'Foundation' was not compiled with library evolution support; using it means binary compatibility for 'ArgmaxCore' can't be guaranteed
2 | // Copyright © 2026 Argmax, Inc. All rights reserved.
3 |
4 | import Foundation
| `- warning: module 'Foundation' was not compiled with library evolution support; using it means binary compatibility for 'ArgmaxCore' can't be guaranteed
5 |
6 | /// Public factory for loading tokenizers, mirroring the `AutoTokenizer` API.
/host/spi-builder-workspace/Sources/ArgmaxCore/ConcurrencyUtilities.swift:4:8: warning: module 'Foundation' was not compiled with library evolution support; using it means binary compatibility for 'ArgmaxCore' can't be guaranteed
2 | // Copyright © 2024 Argmax, Inc. All rights reserved.
3 |
4 | import Foundation
| `- warning: module 'Foundation' was not compiled with library evolution support; using it means binary compatibility for 'ArgmaxCore' can't be guaranteed
5 | import os.lock
6 |
/host/spi-builder-workspace/Sources/ArgmaxCore/ConcurrencyUtilities.swift:5:8: error: no such module 'os.lock'
3 |
4 | import Foundation
5 | import os.lock
| `- error: no such module 'os.lock'
6 |
7 | // MARK: - Concurrency Utilities
[35/111] Compiling ArgumentParser ZshCompletionsGenerator.swift
/host/spi-builder-workspace/Sources/ArgmaxCore/ArgmaxCoreError.swift:4:8: warning: module 'Foundation' was not compiled with library evolution support; using it means binary compatibility for 'ArgmaxCore' can't be guaranteed
2 | // Copyright © 2026 Argmax, Inc. All rights reserved.
3 |
4 | import Foundation
| `- warning: module 'Foundation' was not compiled with library evolution support; using it means binary compatibility for 'ArgmaxCore' can't be guaranteed
5 |
6 | @frozen
/host/spi-builder-workspace/Sources/ArgmaxCore/AutoTokenizerWrapper.swift:4:8: warning: module 'Foundation' was not compiled with library evolution support; using it means binary compatibility for 'ArgmaxCore' can't be guaranteed
2 | // Copyright © 2026 Argmax, Inc. All rights reserved.
3 |
4 | import Foundation
| `- warning: module 'Foundation' was not compiled with library evolution support; using it means binary compatibility for 'ArgmaxCore' can't be guaranteed
5 |
6 | /// Public factory for loading tokenizers, mirroring the `AutoTokenizer` API.
/host/spi-builder-workspace/Sources/ArgmaxCore/ConcurrencyUtilities.swift:4:8: warning: module 'Foundation' was not compiled with library evolution support; using it means binary compatibility for 'ArgmaxCore' can't be guaranteed
2 | // Copyright © 2024 Argmax, Inc. All rights reserved.
3 |
4 | import Foundation
| `- warning: module 'Foundation' was not compiled with library evolution support; using it means binary compatibility for 'ArgmaxCore' can't be guaranteed
5 | import os.lock
6 |
/host/spi-builder-workspace/Sources/ArgmaxCore/ConcurrencyUtilities.swift:5:8: error: no such module 'os.lock'
3 |
4 | import Foundation
5 | import os.lock
| `- error: no such module 'os.lock'
6 |
7 | // MARK: - Concurrency Utilities
[36/111] Compiling ArgumentParser Argument.swift
/host/spi-builder-workspace/Sources/ArgmaxCore/ArgmaxCoreError.swift:4:8: warning: module 'Foundation' was not compiled with library evolution support; using it means binary compatibility for 'ArgmaxCore' can't be guaranteed
2 | // Copyright © 2026 Argmax, Inc. All rights reserved.
3 |
4 | import Foundation
| `- warning: module 'Foundation' was not compiled with library evolution support; using it means binary compatibility for 'ArgmaxCore' can't be guaranteed
5 |
6 | @frozen
/host/spi-builder-workspace/Sources/ArgmaxCore/AutoTokenizerWrapper.swift:4:8: warning: module 'Foundation' was not compiled with library evolution support; using it means binary compatibility for 'ArgmaxCore' can't be guaranteed
2 | // Copyright © 2026 Argmax, Inc. All rights reserved.
3 |
4 | import Foundation
| `- warning: module 'Foundation' was not compiled with library evolution support; using it means binary compatibility for 'ArgmaxCore' can't be guaranteed
5 |
6 | /// Public factory for loading tokenizers, mirroring the `AutoTokenizer` API.
/host/spi-builder-workspace/Sources/ArgmaxCore/ConcurrencyUtilities.swift:4:8: warning: module 'Foundation' was not compiled with library evolution support; using it means binary compatibility for 'ArgmaxCore' can't be guaranteed
2 | // Copyright © 2024 Argmax, Inc. All rights reserved.
3 |
4 | import Foundation
| `- warning: module 'Foundation' was not compiled with library evolution support; using it means binary compatibility for 'ArgmaxCore' can't be guaranteed
5 | import os.lock
6 |
/host/spi-builder-workspace/Sources/ArgmaxCore/ConcurrencyUtilities.swift:5:8: error: no such module 'os.lock'
3 |
4 | import Foundation
5 | import os.lock
| `- error: no such module 'os.lock'
6 |
7 | // MARK: - Concurrency Utilities
[37/111] Compiling ArgumentParser ArgumentDiscussion.swift
/host/spi-builder-workspace/Sources/ArgmaxCore/ArgmaxCoreError.swift:4:8: warning: module 'Foundation' was not compiled with library evolution support; using it means binary compatibility for 'ArgmaxCore' can't be guaranteed
2 | // Copyright © 2026 Argmax, Inc. All rights reserved.
3 |
4 | import Foundation
| `- warning: module 'Foundation' was not compiled with library evolution support; using it means binary compatibility for 'ArgmaxCore' can't be guaranteed
5 |
6 | @frozen
/host/spi-builder-workspace/Sources/ArgmaxCore/AutoTokenizerWrapper.swift:4:8: warning: module 'Foundation' was not compiled with library evolution support; using it means binary compatibility for 'ArgmaxCore' can't be guaranteed
2 | // Copyright © 2026 Argmax, Inc. All rights reserved.
3 |
4 | import Foundation
| `- warning: module 'Foundation' was not compiled with library evolution support; using it means binary compatibility for 'ArgmaxCore' can't be guaranteed
5 |
6 | /// Public factory for loading tokenizers, mirroring the `AutoTokenizer` API.
/host/spi-builder-workspace/Sources/ArgmaxCore/ConcurrencyUtilities.swift:4:8: warning: module 'Foundation' was not compiled with library evolution support; using it means binary compatibility for 'ArgmaxCore' can't be guaranteed
2 | // Copyright © 2024 Argmax, Inc. All rights reserved.
3 |
4 | import Foundation
| `- warning: module 'Foundation' was not compiled with library evolution support; using it means binary compatibility for 'ArgmaxCore' can't be guaranteed
5 | import os.lock
6 |
/host/spi-builder-workspace/Sources/ArgmaxCore/ConcurrencyUtilities.swift:5:8: error: no such module 'os.lock'
3 |
4 | import Foundation
5 | import os.lock
| `- error: no such module 'os.lock'
6 |
7 | // MARK: - Concurrency Utilities
[38/111] Compiling ArgumentParser Flag.swift
/host/spi-builder-workspace/Sources/ArgmaxCore/ConcurrencyUtilities.swift:5:8: error: no such module 'os.lock'
3 |
4 | import Foundation
5 | import os.lock
| `- error: no such module 'os.lock'
6 |
7 | // MARK: - Concurrency Utilities
[39/111] Compiling ArgumentParser NameSpecification.swift
/host/spi-builder-workspace/Sources/ArgmaxCore/ConcurrencyUtilities.swift:5:8: error: no such module 'os.lock'
3 |
4 | import Foundation
5 | import os.lock
| `- error: no such module 'os.lock'
6 |
7 | // MARK: - Concurrency Utilities
[40/111] Compiling ArgumentParser Option.swift
/host/spi-builder-workspace/Sources/ArgmaxCore/ConcurrencyUtilities.swift:5:8: error: no such module 'os.lock'
3 |
4 | import Foundation
5 | import os.lock
| `- error: no such module 'os.lock'
6 |
7 | // MARK: - Concurrency Utilities
[41/111] Compiling ArgumentParser OptionGroup.swift
/host/spi-builder-workspace/Sources/ArgmaxCore/ConcurrencyUtilities.swift:5:8: error: no such module 'os.lock'
3 |
4 | import Foundation
5 | import os.lock
| `- error: no such module 'os.lock'
6 |
7 | // MARK: - Concurrency Utilities
[42/111] Compiling ArgumentParser BashCompletionsGenerator.swift
/host/spi-builder-workspace/Sources/ArgmaxCore/ConcurrencyUtilities.swift:5:8: error: no such module 'os.lock'
3 |
4 | import Foundation
5 | import os.lock
| `- error: no such module 'os.lock'
6 |
7 | // MARK: - Concurrency Utilities
[43/111] Compiling ArgumentParser ExpressibleByArgument.swift
/host/spi-builder-workspace/Sources/ArgmaxCore/ConcurrencyUtilities.swift:5:8: error: no such module 'os.lock'
3 |
4 | import Foundation
5 | import os.lock
| `- error: no such module 'os.lock'
6 |
7 | // MARK: - Concurrency Utilities
[44/111] Compiling ArgumentParser ParsableArguments.swift
/host/spi-builder-workspace/Sources/ArgmaxCore/ConcurrencyUtilities.swift:5:8: error: no such module 'os.lock'
3 |
4 | import Foundation
5 | import os.lock
| `- error: no such module 'os.lock'
6 |
7 | // MARK: - Concurrency Utilities
[45/111] Compiling ArgumentParser ArgumentVisibility.swift
/host/spi-builder-workspace/Sources/ArgmaxCore/ConcurrencyUtilities.swift:5:8: error: no such module 'os.lock'
3 |
4 | import Foundation
5 | import os.lock
| `- error: no such module 'os.lock'
6 |
7 | // MARK: - Concurrency Utilities
[46/111] Compiling ArgumentParser CompletionKind.swift
/host/spi-builder-workspace/Sources/ArgmaxCore/ConcurrencyUtilities.swift:5:8: error: no such module 'os.lock'
3 |
4 | import Foundation
5 | import os.lock
| `- error: no such module 'os.lock'
6 |
7 | // MARK: - Concurrency Utilities
[47/111] Compiling ArgumentParser Errors.swift
/host/spi-builder-workspace/Sources/ArgmaxCore/ConcurrencyUtilities.swift:5:8: error: no such module 'os.lock'
3 |
4 | import Foundation
5 | import os.lock
| `- error: no such module 'os.lock'
6 |
7 | // MARK: - Concurrency Utilities
[48/111] Compiling ArgumentParser CommandParser.swift
/host/spi-builder-workspace/Sources/ArgmaxCore/ConcurrencyUtilities.swift:5:8: error: no such module 'os.lock'
3 |
4 | import Foundation
5 | import os.lock
| `- error: no such module 'os.lock'
6 |
7 | // MARK: - Concurrency Utilities
[49/111] Compiling ArgumentParser InputKey.swift
/host/spi-builder-workspace/Sources/ArgmaxCore/ConcurrencyUtilities.swift:5:8: error: no such module 'os.lock'
3 |
4 | import Foundation
5 | import os.lock
| `- error: no such module 'os.lock'
6 |
7 | // MARK: - Concurrency Utilities
[50/111] Compiling ArgumentParser InputOrigin.swift
/host/spi-builder-workspace/Sources/ArgmaxCore/ConcurrencyUtilities.swift:5:8: error: no such module 'os.lock'
3 |
4 | import Foundation
5 | import os.lock
| `- error: no such module 'os.lock'
6 |
7 | // MARK: - Concurrency Utilities
[51/111] Compiling ArgumentParser ParentCommand.swift
/host/spi-builder-workspace/Sources/ArgmaxCore/ConcurrencyUtilities.swift:5:8: error: no such module 'os.lock'
3 |
4 | import Foundation
5 | import os.lock
| `- error: no such module 'os.lock'
6 |
7 | // MARK: - Concurrency Utilities
BUILD FAILURE 6.2 wasm