Build Information
Failed to build SDGCommandLine, reference 3.0.6 (0fbf6c), with Swift 6.4 for visionOS using Xcode 27.0 on 19 Sep 2026 13:58:27 UTC.
Build Command
env DEVELOPER_DIR=/Applications/Xcode-27.0.0-Release.Candidate.app xcrun xcodebuild -IDEClonedSourcePackagesDirPathOverride=$PWD/.dependencies -skipMacroValidation -skipPackagePluginValidation -derivedDataPath $PWD/.derivedData build -scheme SDGCommandLine-Package -destination generic/platform=xrOSBuild Log
3 |
Swift.FloatingPoint.isEqual:2:6: note: protocol requires function 'isEqual(to:)' with type '(Float80) -> Bool'
1 | protocol FloatingPoint {
2 | func isEqual(to other: Self) -> Bool}
| `- note: protocol requires function 'isEqual(to:)' with type '(Float80) -> Bool'
3 |
Swift.FloatingPoint.isLess:2:6: note: protocol requires function 'isLess(than:)' with type '(Float80) -> Bool'
1 | protocol FloatingPoint {
2 | func isLess(than other: Self) -> Bool}
| `- note: protocol requires function 'isLess(than:)' with type '(Float80) -> Bool'
3 |
Swift.FloatingPoint.isLessThanOrEqualTo:2:6: note: protocol requires function 'isLessThanOrEqualTo' with type '(Float80) -> Bool'
1 | protocol FloatingPoint {
2 | func isLessThanOrEqualTo(_ other: Self) -> Bool}
| `- note: protocol requires function 'isLessThanOrEqualTo' with type '(Float80) -> Bool'
3 |
Swift.FloatingPoint.isNormal:2:5: note: protocol requires property 'isNormal' with type 'Bool'
1 | protocol FloatingPoint {
2 | var isNormal: Bool { get }}
| `- note: protocol requires property 'isNormal' with type 'Bool'
3 |
Swift.FloatingPoint.isFinite:2:5: note: protocol requires property 'isFinite' with type 'Bool'
1 | protocol FloatingPoint {
2 | var isFinite: Bool { get }}
| `- note: protocol requires property 'isFinite' with type 'Bool'
3 |
Swift.FloatingPoint.isZero:2:5: note: protocol requires property
SwiftCompile normal arm64 /Users/admin/builder/spi-builder-workspace/.dependencies/checkouts/SDGCornerstone/Sources/SDGMathematics/Data.swift (in target 'SDGMathematics' from project 'SDGCornerstone')
cd /Users/admin/builder/spi-builder-workspace/.swiftpm/xcode
builtin-SwiftPerFileCompile Data.swift
SwiftCompile normal arm64 /Users/admin/builder/spi-builder-workspace/.dependencies/checkouts/SDGCornerstone/Sources/SDGMathematics/Float.swift (in target 'SDGMathematics' from project 'SDGCornerstone')
cd /Users/admin/builder/spi-builder-workspace/.swiftpm/xcode
builtin-SwiftPerFileCompile Float.swift
SwiftCompile normal arm64 /Users/admin/builder/spi-builder-workspace/.dependencies/checkouts/SDGCornerstone/Sources/SDGMathematics/FunctionAnalysis.swift (in target 'SDGMathematics' from project 'SDGCornerstone')
cd /Users/admin/builder/spi-builder-workspace/.swiftpm/xcode
builtin-SwiftPerFileCompile FunctionAnalysis.swift
SwiftCompile normal arm64 /Users/admin/builder/spi-builder-workspace/.dependencies/checkouts/SDGCornerstone/Sources/SDGMathematics/Int.swift (in target 'SDGMathematics' from project 'SDGCornerstone')
cd /Users/admin/builder/spi-builder-workspace/.swiftpm/xcode
builtin-SwiftPerFileCompile Int.swift
'isZero' with type 'Bool'
1 | protocol FloatingPoint {
2 | var isZero: Bool { get }}
| `- note: protocol requires property 'isZero' with type 'Bool'
3 |
Swift.FloatingPoint.isSubnormal:2:5: note: protocol requires property 'isSubnormal' with type 'Bool'
1 | protocol FloatingPoint {
2 | var isSubnormal: Bool { get }}
| `- note: protocol requires property 'isSubnormal' with type 'Bool'
3 |
Swift.FloatingPoint.isInfinite:2:5: note: protocol requires property 'isInfinite' with type 'Bool'
1 | protocol FloatingPoint {
2 | var isInfinite: Bool { get }}
| `- note: protocol requires property 'isInfinite' with type 'Bool'
3 |
Swift.FloatingPoint.isNaN:2:5: note: protocol requires property 'isNaN' with type 'Bool'
1 | protocol FloatingPoint {
2 | var isNaN: Bool { get }}
| `- note: protocol requires property 'isNaN' with type 'Bool'
3 |
Swift.FloatingPoint.isSignalingNaN:2:5: note: protocol requires property 'isSignalingNaN' with type 'Bool'
1 | protocol FloatingPoint {
2 | var isSignalingNaN: Bool { get }}
| `- note: protocol requires property 'isSignalingNaN' with type 'Bool'
3 |
Swift.FloatingPoint.isCanonical:2:5: note: protocol requires property 'isCanonical' with type 'Bool'
1 | protocol FloatingPoint {
2 | var isCanonical: Bool { get }}
| `- note: protocol requires property 'isCanonical' with type 'Bool'
3 |
Swift.CustomStringConvertible.description:2:5: note: protocol requires property 'description' with type 'String'
1 | protocol CustomStringConvertible {
2 | var description: String { get }}
| `- note: protocol requires property 'description' with type 'String'
3 |
/Users/admin/builder/spi-builder-workspace/.dependencies/checkouts/SDGCornerstone/Sources/SDGMathematics/Numeric Protocols/RealArithmetic.swift:117:15: note: protocol requires function 'sin' with type '(Angle<Float80>) -> Float80'
115 | /// - Parameters:
116 | /// - angle: The angle.
117 | static func sin(_ angle: Angle<Self>) -> Self
| `- note: protocol requires function 'sin' with type '(Angle<Float80>) -> Float80'
118 |
119 | // @documentation(SDGCornerstone.RealArithmetic.cos(_:))
:
181 | /// - Parameters:
182 | /// - tangent: The tangent.
183 | static func arctan(_ tangent: Self) -> Angle<Self>
| `- note: protocol requires function 'arctan' with type '(Float80) -> Angle<Float80>'
184 |
185 | // @documentation(SDGCornerstone.RealArithmetic.arccsc(_:))
Swift.Numeric.init:2:1: note: protocol requires initializer 'init(exactly:)' with type '(exactly: T)'
1 | protocol Numeric {
2 | init?<T>(exactly source: T) where T : BinaryInteger}
| `- note: protocol requires initializer 'init(exactly:)' with type '(exactly: T)'
3 |
/Users/admin/builder/spi-builder-workspace/.dependencies/checkouts/SDGCornerstone/Sources/SDGMathematics/Numeric Protocols/WholeArithmetic.swift:215:15: note: protocol requires function 'random(in:using:)' with type '<R> (in: ClosedRange<Float80>, using: inout R) -> Float80'
213 | /// - range: The allowed range for the random value.
214 | /// - generator: The randomizer to use to generate the random value.
215 | static func random<R>(in range: ClosedRange<Self>, using generator: inout R) -> Self
| `- note: protocol requires function 'random(in:using:)' with type '<R> (in: ClosedRange<Float80>, using: inout R) -> Float80'
216 | where R: RandomNumberGenerator
217 | }
/Users/admin/builder/spi-builder-workspace/.dependencies/checkouts/SDGCornerstone/Sources/SDGMathematics/Numeric Protocols/PointProtocol.swift:23:18: note: protocol requires nested type 'Vector'
21 |
22 | /// The type to be used as a vector.
23 | associatedtype Vector: Negatable
| `- note: protocol requires nested type 'Vector'
24 |
25 | // @documentation(PointProtocol.+(Self, Vector))
/Users/admin/builder/spi-builder-workspace/.dependencies/checkouts/SDGCornerstone/Sources/SDGMathematics/Float.swift:322:13: error: 'Float80' is unavailable: Float80 is not available on target platform.
320 |
321 | #if !(PLATFORM_LACKS_SWIFT_FLOAT_80 || ((os(macOS) || os(Linux)) && arch(arm64)))
322 | extension Float80: Decodable, Encodable, FloatFamily {
| `- error: 'Float80' is unavailable: Float80 is not available on target platform.
323 |
324 | // MARK: - Decodable
Swift.Float80:2:23: note: 'Float80' has been explicitly marked unavailable here
1 | @available(*, unavailable, message: "Float80 is not available on target platform.")
2 | @frozen public struct Float80 {
| `- note: 'Float80' has been explicitly marked unavailable here
3 | public init()
4 | }
SwiftCompile normal arm64 Compiling\ Subtractable.swift,\ VectorProtocol.swift,\ WholeArithmetic.swift /Users/admin/builder/spi-builder-workspace/.dependencies/checkouts/SDGCornerstone/Sources/SDGMathematics/Numeric\ Protocols/Subtractable.swift /Users/admin/builder/spi-builder-workspace/.dependencies/checkouts/SDGCornerstone/Sources/SDGMathematics/Numeric\ Protocols/VectorProtocol.swift /Users/admin/builder/spi-builder-workspace/.dependencies/checkouts/SDGCornerstone/Sources/SDGMathematics/Numeric\ Protocols/WholeArithmetic.swift (in target 'SDGMathematics' from project 'SDGCornerstone')
SwiftCompile normal arm64 /Users/admin/builder/spi-builder-workspace/.dependencies/checkouts/SDGCornerstone/Sources/SDGMathematics/Numeric\ Protocols/Subtractable.swift (in target 'SDGMathematics' from project 'SDGCornerstone')
cd /Users/admin/builder/spi-builder-workspace/.swiftpm/xcode
builtin-SwiftPerFileCompile Subtractable.swift
SwiftCompile normal arm64 /Users/admin/builder/spi-builder-workspace/.dependencies/checkouts/SDGCornerstone/Sources/SDGMathematics/Numeric\ Protocols/VectorProtocol.swift (in target 'SDGMathematics' from project 'SDGCornerstone')
cd /Users/admin/builder/spi-builder-workspace/.swiftpm/xcode
builtin-SwiftPerFileCompile VectorProtocol.swift
SwiftCompile normal arm64 /Users/admin/builder/spi-builder-workspace/.dependencies/checkouts/SDGCornerstone/Sources/SDGMathematics/Numeric\ Protocols/WholeArithmetic.swift (in target 'SDGMathematics' from project 'SDGCornerstone')
cd /Users/admin/builder/spi-builder-workspace/.swiftpm/xcode
builtin-SwiftPerFileCompile WholeArithmetic.swift
SwiftCompile normal arm64 Compiling\ NumericAdditiveArithmetic.swift,\ OneDimensionalPoint.swift,\ OneDimensionalVector.swift /Users/admin/builder/spi-builder-workspace/.dependencies/checkouts/SDGCornerstone/Sources/SDGMathematics/Numeric\ Protocols/NumericAdditiveArithmetic.swift /Users/admin/builder/spi-builder-workspace/.dependencies/checkouts/SDGCornerstone/Sources/SDGMathematics/Numeric\ Protocols/OneDimensionalPoint.swift /Users/admin/builder/spi-builder-workspace/.dependencies/checkouts/SDGCornerstone/Sources/SDGMathematics/Numeric\ Protocols/OneDimensionalVector.swift (in target 'SDGMathematics' from project 'SDGCornerstone')
SwiftCompile normal arm64 /Users/admin/builder/spi-builder-workspace/.dependencies/checkouts/SDGCornerstone/Sources/SDGMathematics/Numeric\ Protocols/NumericAdditiveArithmetic.swift (in target 'SDGMathematics' from project 'SDGCornerstone')
cd /Users/admin/builder/spi-builder-workspace/.swiftpm/xcode
builtin-SwiftPerFileCompile NumericAdditiveArithmetic.swift
SwiftCompile normal arm64 /Users/admin/builder/spi-builder-workspace/.dependencies/checkouts/SDGCornerstone/Sources/SDGMathematics/Numeric\ Protocols/OneDimensionalPoint.swift (in target 'SDGMathematics' from project 'SDGCornerstone')
cd /Users/admin/builder/spi-builder-workspace/.swiftpm/xcode
builtin-SwiftPerFileCompile OneDimensionalPoint.swift
SwiftCompile normal arm64 /Users/admin/builder/spi-builder-workspace/.dependencies/checkouts/SDGCornerstone/Sources/SDGMathematics/Numeric\ Protocols/OneDimensionalVector.swift (in target 'SDGMathematics' from project 'SDGCornerstone')
cd /Users/admin/builder/spi-builder-workspace/.swiftpm/xcode
builtin-SwiftPerFileCompile OneDimensionalVector.swift
SwiftEmitModule normal arm64 Emitting\ module\ for\ SDGMathematics (in target 'SDGMathematics' from project 'SDGCornerstone')
/Users/admin/builder/spi-builder-workspace/.dependencies/checkouts/SDGCornerstone/Sources/SDGMathematics/Float.swift:29:31: error: 'Float80' is unavailable: Float80 is not available on target platform.
27 | // @documentation(FloatMax)
28 | /// The member of the `Float` family with the largest bit field.
29 | public typealias FloatMax = Float80
| `- error: 'Float80' is unavailable: Float80 is not available on target platform.
30 | #endif
31 |
Swift.Float80:2:23: note: 'Float80' has been explicitly marked unavailable here
1 | @available(*, unavailable, message: "Float80 is not available on target platform.")
2 | @frozen public struct Float80 {
| `- note: 'Float80' has been explicitly marked unavailable here
3 | public init()
4 | }
/Users/admin/builder/spi-builder-workspace/.dependencies/checkouts/SDGCornerstone/Sources/SDGMathematics/Float.swift:339:22: error: type alias 'Vector' references itself
320 |
321 | #if !(PLATFORM_LACKS_SWIFT_FLOAT_80 || ((os(macOS) || os(Linux)) && arch(arm64)))
322 | extension Float80: Decodable, Encodable, FloatFamily {
| `- note: through reference here
323 |
324 | // MARK: - Decodable
:
337 | // MARK: - PointProtocol
338 |
339 | public typealias Vector = Stride
| | `- note: while resolving type 'Stride'
| `- error: type alias 'Vector' references itself
340 |
341 | // MARK: - RealArithmetic
/Users/admin/builder/spi-builder-workspace/.dependencies/checkouts/SDGCornerstone/Sources/SDGMathematics/Float.swift:339:22: error: type alias 'Vector' references itself
320 |
321 | #if !(PLATFORM_LACKS_SWIFT_FLOAT_80 || ((os(macOS) || os(Linux)) && arch(arm64)))
322 | extension Float80: Decodable, Encodable, FloatFamily {
| `- note: through reference here
323 |
324 | // MARK: - Decodable
:
337 | // MARK: - PointProtocol
338 |
339 | public typealias Vector = Stride
| | `- note: while resolving type 'Stride'
| `- error: type alias 'Vector' references itself
340 |
341 | // MARK: - RealArithmetic
/Users/admin/builder/spi-builder-workspace/.dependencies/checkouts/SDGCornerstone/Sources/SDGMathematics/Float.swift:343:26: error: 'Float80' is unavailable: Float80 is not available on target platform.
341 | // MARK: - RealArithmetic
342 |
343 | public static let e: Float80 = 0x1.5BF0A8B145769535p1
| `- error: 'Float80' is unavailable: Float80 is not available on target platform.
344 |
345 | @inlinable public static func log(_ antilogarithm: Self) -> Self {
Swift.Float80:2:23: note: 'Float80' has been explicitly marked unavailable here
1 | @available(*, unavailable, message: "Float80 is not available on target platform.")
2 | @frozen public struct Float80 {
| `- note: 'Float80' has been explicitly marked unavailable here
3 | public init()
4 | }
/Users/admin/builder/spi-builder-workspace/.dependencies/checkouts/SDGCornerstone/Sources/SDGMathematics/Float.swift:322:3: error: extension outside of file declaring struct 'Float80' prevents automatic synthesis of 'hash(into:)' for protocol 'Hashable'
320 |
321 | #if !(PLATFORM_LACKS_SWIFT_FLOAT_80 || ((os(macOS) || os(Linux)) && arch(arm64)))
322 | extension Float80: Decodable, Encodable, FloatFamily {
| |- error: extension outside of file declaring struct 'Float80' prevents automatic synthesis of 'hash(into:)' for protocol 'Hashable'
| `- note: add stubs for conformance
323 |
324 | // MARK: - Decodable
Swift.Float80:2:23: note: type declared here
1 | @available(*, unavailable, message: "Float80 is not available on target platform.")
2 | @frozen public struct Float80 {
| `- note: type declared here
3 | public init()
4 | }
/Users/admin/builder/spi-builder-workspace/.dependencies/checkouts/SDGCornerstone/Sources/SDGMathematics/Float.swift:322:3: error: type 'Float80' does not conform to protocol 'BinaryFloatingPoint'
320 |
321 | #if !(PLATFORM_LACKS_SWIFT_FLOAT_80 || ((os(macOS) || os(Linux)) && arch(arm64)))
322 | extension Float80: Decodable, Encodable, FloatFamily {
| `- error: type 'Float80' does not conform to protocol 'BinaryFloatingPoint'
323 |
324 | // MARK: - Decodable
/Users/admin/builder/spi-builder-workspace/.dependencies/checkouts/SDGCornerstone/Sources/SDGMathematics/Float.swift:322:3: error: type 'Float80' does not conform to protocol 'CustomDebugStringConvertible'
320 |
321 | #if !(PLATFORM_LACKS_SWIFT_FLOAT_80 || ((os(macOS) || os(Linux)) && arch(arm64)))
322 | extension Float80: Decodable, Encodable, FloatFamily {
| `- error: type 'Float80' does not conform to protocol 'CustomDebugStringConvertible'
323 |
324 | // MARK: - Decodable
/Users/admin/builder/spi-builder-workspace/.dependencies/checkouts/SDGCornerstone/Sources/SDGMathematics/Float.swift:322:3: error: type 'Float80' does not conform to protocol 'LosslessStringConvertible'
320 |
321 | #if !(PLATFORM_LACKS_SWIFT_FLOAT_80 || ((os(macOS) || os(Linux)) && arch(arm64)))
322 | extension Float80: Decodable, Encodable, FloatFamily {
| `- error: type 'Float80' does not conform to protocol 'LosslessStringConvertible'
323 |
324 | // MARK: - Decodable
/Users/admin/builder/spi-builder-workspace/.dependencies/checkouts/SDGCornerstone/Sources/SDGMathematics/Numeric Protocols/WholeArithmetic.swift:226:21: note: candidate would match if 'String' conformed to 'UIntFamily'
224 | /// - Parameters:
225 | /// - uInt: The unsigned integer.
226 | @inlinable public init<U: UIntFamily>(_ uInt: U) {
| `- note: candidate would match if 'String' conformed to 'UIntFamily'
227 | self.init(UIntMax(uInt))
228 | }
/Users/admin/builder/spi-builder-workspace/.dependencies/checkouts/SDGCornerstone/Sources/SDGMathematics/Numeric Protocols/IntegralArithmetic.swift:33:21: note: candidate would match if 'String' conformed to 'IntFamily'
31 | /// - Parameters:
32 | /// - int: An instance of a member of the `Int` family.
33 | @inlinable public init<I: IntFamily>(_ int: I) {
| `- note: candidate would match if 'String' conformed to 'IntFamily'
34 | self.init(IntMax(int))
35 | }
Swift.BinaryFloatingPoint.init:2:19: note: candidate would match if 'String' conformed to 'BinaryFloatingPoint'
1 | protocol BinaryFloatingPoint {
2 | @inlinable public init<Source>(_ value: Source) where Source : BinaryFloatingPoint}
| `- note: candidate would match if 'String' conformed to 'BinaryFloatingPoint'
3 |
Swift.BinaryFloatingPoint.init:2:19: note: candidate would match if 'Float80.RawSignificand' conformed to 'FixedWidthInteger'
1 | protocol BinaryFloatingPoint {
2 | @inlinable public init<Source>(_ value: Source) where Source : BinaryInteger}
| `- note: candidate would match if 'Float80.RawSignificand' conformed to 'FixedWidthInteger'
3 |
/Users/admin/builder/spi-builder-workspace/.dependencies/checkouts/SDGCornerstone/Sources/SDGMathematics/Float.swift:322:3: error: type 'Float80' does not conform to protocol 'ExpressibleByFloatLiteral'
320 |
321 | #if !(PLATFORM_LACKS_SWIFT_FLOAT_80 || ((os(macOS) || os(Linux)) && arch(arm64)))
322 | extension Float80: Decodable, Encodable, FloatFamily {
| `- error: type 'Float80' does not conform to protocol 'ExpressibleByFloatLiteral'
323 |
324 | // MARK: - Decodable
Swift.ExpressibleByFloatLiteral.FloatLiteralType:2:16: note: unable to infer associated type 'FloatLiteralType' for protocol 'ExpressibleByFloatLiteral'
1 | protocol ExpressibleByFloatLiteral {
2 | associatedtype FloatLiteralType : _ExpressibleByBuiltinFloatLiteral}
| `- note: unable to infer associated type 'FloatLiteralType' for protocol 'ExpressibleByFloatLiteral'
3 |
/Users/admin/builder/spi-builder-workspace/.dependencies/checkouts/SDGCornerstone/Sources/SDGMathematics/Numeric Protocols/RationalArithmetic.swift:125:21: note: candidate would match and infer 'FloatLiteralType' = 'FloatMax' (aka 'Float80') if 'FloatMax' (aka 'Float80') conformed to '_ExpressibleByBuiltinFloatLiteral'
123 | // MARK: - ExpressibleByFloatLiteral
124 |
125 | @inlinable public init(floatLiteral: FloatMax) {
| `- note: candidate would match and infer 'FloatLiteralType' = 'FloatMax' (aka 'Float80') if 'FloatMax' (aka 'Float80') conformed to '_ExpressibleByBuiltinFloatLiteral'
126 | self.init(floatLiteral)
127 | }
/Users/admin/builder/spi-builder-workspace/.dependencies/checkouts/SDGCornerstone/Sources/SDGMathematics/Float.swift:322:3: error: instance method 'formRemainder(mod:)' has different argument labels from those required by protocol 'FloatingPoint' ('formRemainder(dividingBy:)')
320 |
321 | #if !(PLATFORM_LACKS_SWIFT_FLOAT_80 || ((os(macOS) || os(Linux)) && arch(arm64)))
322 | extension Float80: Decodable, Encodable, FloatFamily {
| `- error: instance method 'formRemainder(mod:)' has different argument labels from those required by protocol 'FloatingPoint' ('formRemainder(dividingBy:)')
323 |
324 | // MARK: - Decodable
/Users/admin/builder/spi-builder-workspace/.dependencies/checkouts/SDGCornerstone/Sources/SDGMathematics/Numeric Protocols/WholeArithmetic.swift:242:35: note: 'formRemainder(mod:)' declared here
240 | }
241 |
242 | @inlinable public mutating func formRemainder(mod divisor: Self) {
| `- note: 'formRemainder(mod:)' declared here
243 | self −= dividedAccordingToEuclid(by: divisor) × divisor
244 | }
Swift.FloatingPoint.formRemainder:2:15: note: requirement 'formRemainder(dividingBy:)' declared here
1 | protocol FloatingPoint {
2 | mutating func formRemainder(dividingBy other: Self)}
| `- note: requirement 'formRemainder(dividingBy:)' declared here
3 |
/Users/admin/builder/spi-builder-workspace/.dependencies/checkouts/SDGCornerstone/Sources/SDGMathematics/Float.swift:322:3: error: type 'Float80' does not conform to protocol 'FloatingPoint'
320 |
321 | #if !(PLATFORM_LACKS_SWIFT_FLOAT_80 || ((os(macOS) || os(Linux)) && arch(arm64)))
322 | extension Float80: Decodable, Encodable, FloatFamily {
| `- error: type 'Float80' does not conform to protocol 'FloatingPoint'
323 |
324 | // MARK: - Decodable
/Users/admin/builder/spi-builder-workspace/.dependencies/checkouts/SDGCornerstone/Sources/SDGMathematics/Float.swift:322:3: error: type 'Float80' does not conform to protocol 'CustomStringConvertible'
320 |
321 | #if !(PLATFORM_LACKS_SWIFT_FLOAT_80 || ((os(macOS) || os(Linux)) && arch(arm64)))
322 | extension Float80: Decodable, Encodable, FloatFamily {
| `- error: type 'Float80' does not conform to protocol 'CustomStringConvertible'
323 |
324 | // MARK: - Decodable
/Users/admin/builder/spi-builder-workspace/.dependencies/checkouts/SDGCornerstone/Sources/SDGMathematics/Float.swift:322:3: error: type 'Float80' does not conform to protocol 'RealArithmetic'
167 | }
168 |
169 | @inlinable public static func sin(_ angle: Angle<Self>) -> Self {
| `- note: candidate would match if 'Float80' conformed to 'ElementaryFunctions'
170 | return Self.sin(angle.inRadians)
171 | }
:
183 | }
184 |
185 | @inlinable public static func arctan(_ tangent: Self) -> Angle<Self> {
| `- note: candidate would match if 'Float80' conformed to 'ElementaryFunctions'
186 | return Self.atan(tangent).radians
187 | }
:
320 |
321 | #if !(PLATFORM_LACKS_SWIFT_FLOAT_80 || ((os(macOS) || os(Linux)) && arch(arm64)))
322 | extension Float80: Decodable, Encodable, FloatFamily {
| `- error: type 'Float80' does not conform to protocol 'RealArithmetic'
323 |
324 | // MARK: - Decodable
/Users/admin/builder/spi-builder-workspace/.dependencies/checkouts/SDGCornerstone/Sources/SDGMathematics/Float.swift:322:3: error: type 'Float80' does not conform to protocol 'Strideable'
320 |
321 | #if !(PLATFORM_LACKS_SWIFT_FLOAT_80 || ((os(macOS) || os(Linux)) && arch(arm64)))
322 | extension Float80: Decodable, Encodable, FloatFamily {
| `- error: type 'Float80' does not conform to protocol 'Strideable'
323 |
324 | // MARK: - Decodable
Swift.Strideable.Stride:2:16: note: ambiguous inference of associated type 'Stride': 'Self' vs. 'Self.Vector'
1 | protocol Strideable {
2 | associatedtype Stride : Comparable, SignedNumeric}
| `- note: ambiguous inference of associated type 'Stride': 'Self' vs. 'Self.Vector'
3 |
Swift.Strideable._step:2:31: note: matching requirement '_step(after:from:by:)' to this declaration inferred associated type to 'Self'
1 | protocol Strideable {
2 | @inlinable public static func _step(after current: (index: Int?, value: Self), from start: Self, by distance: Self.Stride) -> (index: Int?, value: Self)}
| `- note: matching requirement '_step(after:from:by:)' to this declaration inferred associated type to 'Self'
3 |
/Users/admin/builder/spi-builder-workspace/.dependencies/checkouts/SDGCornerstone/Sources/SDGMathematics/Numeric Protocols/OneDimensionalPoint.swift:59:26: note: matching requirement 'distance(to:)' to this declaration inferred associated type to 'Self.Vector'
57 | /// - Parameters:
58 | /// - other: The value to which the distance should be measured.
59 | @inlinable public func distance(to other: Self) -> Vector {
| `- note: matching requirement 'distance(to:)' to this declaration inferred associated type to 'Self.Vector'
60 | return other − self
61 | }
/Users/admin/builder/spi-builder-workspace/.dependencies/checkouts/SDGCornerstone/Sources/SDGMathematics/Float.swift:322:3: error: type 'Float80' does not conform to protocol 'Numeric'
320 |
321 | #if !(PLATFORM_LACKS_SWIFT_FLOAT_80 || ((os(macOS) || os(Linux)) && arch(arm64)))
322 | extension Float80: Decodable, Encodable, FloatFamily {
| `- error: type 'Float80' does not conform to protocol 'Numeric'
323 |
324 | // MARK: - Decodable
Swift.BinaryFloatingPoint.init:2:19: note: candidate has non-matching type '(exactly: Source)' [with Magnitude = Float80]
1 | protocol BinaryFloatingPoint {
2 | @inlinable public init?<Source>(exactly value: Source) where Source : BinaryFloatingPoint}
| `- note: candidate has non-matching type '(exactly: Source)' [with Magnitude = Float80]
3 |
Swift.BinaryFloatingPoint.init:2:19: note: candidate would match if 'Float80.RawSignificand' conformed to 'FixedWidthInteger'
1 | protocol BinaryFloatingPoint {
2 | @inlinable public init?<Source>(exactly value: Source) where Source : BinaryInteger}
| `- note: candidate would match if 'Float80.RawSignificand' conformed to 'FixedWidthInteger'
3 |
/Users/admin/builder/spi-builder-workspace/.dependencies/checkouts/SDGCornerstone/Sources/SDGMathematics/Float.swift:322:3: error: type 'Float80' does not conform to protocol 'WholeArithmetic'
320 |
321 | #if !(PLATFORM_LACKS_SWIFT_FLOAT_80 || ((os(macOS) || os(Linux)) && arch(arm64)))
322 | extension Float80: Decodable, Encodable, FloatFamily {
| `- error: type 'Float80' does not conform to protocol 'WholeArithmetic'
323 |
324 | // MARK: - Decodable
/Users/admin/builder/spi-builder-workspace/.dependencies/checkouts/SDGCornerstone/Sources/SDGMathematics/Numeric Protocols/RationalArithmetic.swift:101:33: note: candidate has non-matching type '<Self, R> (in: Range<Self>, using: inout R) -> Self'
99 | /// - range: The allowed range for the random value.
100 | /// - generator: The randomizer to use to generate the random value.
101 | @inlinable public static func random<R>(in range: Range<Self>, using generator: inout R) -> Self
| `- note: candidate has non-matching type '<Self, R> (in: Range<Self>, using: inout R) -> Self'
102 | where R: RandomNumberGenerator {
103 |
:
159 | /// - range: The allowed range for the random value.
160 | /// - generator: The randomizer to use to generate the random value.
161 | @inlinable public static func random<R>(in range: Range<Self>, using generator: inout R) -> Self
| `- note: candidate has non-matching type '<Self, R> (in: Range<Self>, using: inout R) -> Self'
162 | where R: RandomNumberGenerator {
163 | return _random(in: range, using: &generator)
Swift.BinaryFloatingPoint.random:2:31: note: candidate has non-matching type '<Self, T> (in: Range<Self>, using: inout T) -> Self'
1 | protocol BinaryFloatingPoint {
2 | @inlinable public static func random<T>(in range: Range<Self>, using generator: inout T) -> Self where T : RandomNumberGenerator}
| `- note: candidate has non-matching type '<Self, T> (in: Range<Self>, using: inout T) -> Self'
3 |
Swift.BinaryFloatingPoint.random:2:31: note: candidate would match if 'Float80.RawSignificand' conformed to 'FixedWidthInteger'
1 | protocol BinaryFloatingPoint {
2 | @inlinable public static func random<T>(in range: ClosedRange<Self>, using generator: inout T) -> Self where T : RandomNumberGenerator}
| `- note: candidate would match if 'Float80.RawSignificand' conformed to 'FixedWidthInteger'
3 |
/Users/admin/builder/spi-builder-workspace/.dependencies/checkouts/SDGCornerstone/Sources/SDGMathematics/Float.swift:322:3: error: type 'Float80' does not conform to protocol 'PointProtocol'
320 |
321 | #if !(PLATFORM_LACKS_SWIFT_FLOAT_80 || ((os(macOS) || os(Linux)) && arch(arm64)))
322 | extension Float80: Decodable, Encodable, FloatFamily {
| |- error: type 'Float80' does not conform to protocol 'PointProtocol'
| `- note: add stubs for conformance
323 |
324 | // MARK: - Decodable
Swift.BinaryFloatingPoint.RawSignificand:2:16: note: protocol requires nested type 'RawSignificand'
1 | protocol BinaryFloatingPoint {
2 | associatedtype RawSignificand : UnsignedInteger}
| `- note: protocol requires nested type 'RawSignificand'
3 |
Swift.BinaryFloatingPoint.RawExponent:2:16: note: protocol requires nested type 'RawExponent'
1 | protocol BinaryFloatingPoint {
2 | associatedtype RawExponent : UnsignedInteger}
| `- note: protocol requires nested type 'RawExponent'
3 |
Swift.BinaryFloatingPoint.exponentBitCount:2:12: note: protocol requires property 'exponentBitCount' with type 'Int'
1 | protocol BinaryFloatingPoint {
2 | static var exponentBitCount: Int { get }}
| `- note: protocol requires property 'exponentBitCount' with type 'Int'
3 |
Swift.BinaryFloatingPoint.significandBitCount:2:12: note: protocol requires property 'significandBitCount' with type 'Int'
1 | protocol BinaryFloatingPoint {
2 | static var significandBitCount: Int { get }}
| `- note: protocol requires property 'significandBitCount' with type 'Int'
3 |
Swift.BinaryFloatingPoint.binade:2:5: note: protocol requires property 'binade' with type 'Float80'
1 | protocol BinaryFloatingPoint {
2 | var binade: Self { get }}
| `- note: protocol requires property 'binade' with type 'Float80'
3 |
Swift.BinaryFloatingPoint.significandWidth:2:5: note: protocol requires property 'significandWidth' with type 'Int'
1 | protocol BinaryFloatingPoint {
2 | var significandWidth: Int { get }}
| `- note: protocol requires property 'significandWidth' with type 'Int'
3 |
Swift.CustomDebugStringConvertible.debugDescription:2:5: note: protocol requires property 'debugDescription' with type 'String'
1 | protocol CustomDebugStringConvertible {
2 | var debugDescription: String { get }}
| `- note: protocol requires property 'debugDescription' with type 'String'
3 |
Swift.LosslessStringConvertible.init:2:1: note: protocol requires initializer 'init(_:)' with type 'String'
1 | protocol LosslessStringConvertible {
2 | init?(_ description: String)}
| `- note: protocol requires initializer 'init(_:)' with type 'String'
3 |
Swift.FloatingPoint.Exponent:2:16: note: protocol requires nested type 'Exponent'
1 | protocol FloatingPoint {
2 | associatedtype Exponent : SignedInteger}
| `- note: protocol requires nested type 'Exponent'
3 |
Swift.FloatingPoint.nan:2:12: note: protocol requires property 'nan' with type 'Float80'
1 | protocol FloatingPoint {
2 | static var nan: Self { get }}
| `- note: protocol requires property 'nan' with type 'Float80'
3 |
Swift.FloatingPoint.signalingNaN:2:12: note: protocol requires property 'signalingNaN' with type 'Float80'
1 | protocol FloatingPoint {
2 | static var signalingNaN: Self { get }}
| `- note: protocol requires property 'signalingNaN' with type 'Float80'
3 |
Swift.FloatingPoint.infinity:2:12: note: protocol requires property 'infinity' with type 'Float80'
1 | protocol FloatingPoint {
2 | static var infinity: Self { get }}
| `- note: protocol requires property 'infinity' with type 'Float80'
3 |
Swift.FloatingPoint.greatestFiniteMagnitude:2:12: note: protocol requires property 'greatestFiniteMagnitude' with type 'Float80'
1 | protocol FloatingPoint {
2 | static var greatestFiniteMagnitude: Self { get }}
| `- note: protocol requires property 'greatestFiniteMagnitude' with type 'Float80'
3 |
Swift.FloatingPoint.pi:2:12: note: protocol requires property 'pi' with type 'Float80'
1 | protocol FloatingPoint {
2 | static var pi: Self { get }}
| `- note: protocol requires property 'pi' with type 'Float80'
3 |
Swift.FloatingPoint.ulp:2:5: note: protocol requires property 'ulp' with type 'Float80'
1 | protocol FloatingPoint {
2 | var ulp: Self { get }}
| `- note: protocol requires property 'ulp' with type 'Float80'
3 |
Swift.FloatingPoint.leastNormalMagnitude:2:12: note: protocol requires property 'leastNormalMagnitude' with type 'Float80'
1 | protocol FloatingPoint {
2 | static var leastNormalMagnitude: Self { get }}
| `- note: protocol requires property 'leastNormalMagnitude' with type 'Float80'
3 |
Swift.FloatingPoint.leastNonzeroMagnitude:2:12: note: protocol requires property 'leastNonzeroMagnitude' with type 'Float80'
1 | protocol FloatingPoint {
2 | static var leastNonzeroMagnitude: Self { get }}
| `- note: protocol requires property 'leastNonzeroMagnitude' with type 'Float80'
3 |
Swift.FloatingPoint.sign:2:5: note: protocol requires property 'sign' with type 'FloatingPointSign'
1 | protocol FloatingPoint {
2 | var sign: FloatingPointSign { get }}
| `- note: protocol requires property 'sign' with type 'FloatingPointSign'
3 |
Swift.FloatingPoint.significand:2:5: note: protocol requires property 'significand' with type 'Float80'
1 | protocol FloatingPoint {
2 | var significand: Self { get }}
| `- note: protocol requires property 'significand' with type 'Float80'
3 |
Swift.FloatingPoint.formTruncatingRemainder:2:15: note: protocol requires function 'formTruncatingRemainder(dividingBy:)' with type '(Float80) -> ()'
1 | protocol FloatingPoint {
2 | mutating func formTruncatingRemainder(dividingBy other: Self)}
| `- note: protocol requires function 'formTruncatingRemainder(dividingBy:)' with type '(Float80) -> ()'
3 |
Swift.FloatingPoint.formSquareRoot:2:15: note: protocol requires function 'formSquareRoot()' with type '() -> ()'
1 | protocol FloatingPoint {
2 | mutating func formSquareRoot()}
| `- note: protocol requires function 'formSquareRoot()' with type '() -> ()'
3 |
Swift.FloatingPoint.addProduct:2:15: note: protocol requires function 'addProduct' with type '(Float80, Float80) -> ()'
1 | protocol FloatingPoint {
2 | mutating func addProduct(_ lhs: Self, _ rhs: Self)}
| `- note: protocol requires function 'addProduct' with type '(Float80, Float80) -> ()'
3 |
Swift.FloatingPoint.nextUp:2:5: note: protocol requires property 'nextUp' with type 'Float80'
1 | protocol FloatingPoint {
2 | var nextUp: Self { get }}
| `- note: protocol requires property 'nextUp' with type 'Float80'
3 |
Swift.FloatingPoint.isEqual:2:6: note: protocol requires function 'isEqual(to:)' with type '(Float80) -> Bool'
1 | protocol FloatingPoint {
2 | func isEqual(to other: Self) -> Bool}
| `- note: protocol requires function 'isEqual(to:)' with type '(Float80) -> Bool'
3 |
Swift.FloatingPoint.isLess:2:6: note: protocol requires function 'isLess(than:)' with type '(Float80) -> Bool'
1 | protocol FloatingPoint {
2 | func isLess(than other: Self) -> Bool}
| `- note: protocol requires function 'isLess(than:)' with type '(Float80) -> Bool'
3 |
Swift.FloatingPoint.isLessThanOrEqualTo:2:6: note: protocol requires function 'isLessThanOrEqualTo' with type '(Float80) -> Bool'
1 | protocol FloatingPoint {
2 | func isLessThanOrEqualTo(_ other: Self) -> Bool}
| `- note: protocol requires function 'isLessThanOrEqualTo' with type '(Float80) -> Bool'
3 |
Swift.FloatingPoint.isNormal:2:5: note: protocol requires property 'isNormal' with type 'Bool'
1 | protocol FloatingPoint {
2 | var isNormal: Bool { get }}
| `- note: protocol requires property 'isNormal' with type 'Bool'
3 |
Swift.FloatingPoint.isFinite:2:5: note: protocol requires property 'isFinite' with type 'Bool'
1 | protocol FloatingPoint {
2 | var isFinite: Bool { get }}
| `- note: protocol requires property 'isFinite' with type 'Bool'
3 |
Swift.FloatingPoint.isZero:2:5: note: protocol requires property 'isZero' with type 'Bool'
1 | protocol FloatingPoint {
2 | var isZero: Bool { get }}
| `- note: protocol requires property 'isZero' with type 'Bool'
3 |
Swift.FloatingPoint.isSubnormal:2:5: note: protocol requires property 'isSubnormal' with type 'Bool'
1 | protocol FloatingPoint {
2 | var isSubnormal: Bool { get }}
| `- note: protocol requires property 'isSubnormal' with type 'Bool'
3 |
Swift.FloatingPoint.isInfinite:2:5: note: protocol requires property 'isInfinite' with type 'Bool'
1 | protocol FloatingPoint {
2 | var isInfinite: Bool { get }}
| `- note: protocol requires property 'isInfinite' with type 'Bool'
3 |
Swift.FloatingPoint.isNaN:2:5: note: protocol requires property 'isNaN' with type 'Bool'
1 | protocol FloatingPoint {
2 | var isNaN: Bool { get }}
| `- note: protocol requires property 'isNaN' with type 'Bool'
3 |
Swift.FloatingPoint.isSignalingNaN:2:5: note: protocol requires property 'isSignalingNaN' with type 'Bool'
1 | protocol FloatingPoint {
2 | var isSignalingNaN: Bool { get }}
| `- note: protocol requires property 'isSignalingNaN' with type 'Bool'
3 |
Swift.FloatingPoint.isCanonical:2:5: note: protocol requires property 'isCanonical' with type 'Bool'
1 | protocol FloatingPoint {
2 | var isCanonical: Bool { get }}
| `- note: protocol requires property 'isCanonical' with type 'Bool'
3 |
Swift.CustomStringConvertible.description:2:5: note: protocol requires property 'description' with type 'String'
1 | protocol CustomStringConvertible {
2 | var description: String { get }}
| `- note: protocol requires property 'description' with type 'String'
3 |
/Users/admin/builder/spi-builder-workspace/.dependencies/checkouts/SDGCornerstone/Sources/SDGMathematics/Numeric Protocols/RealArithmetic.swift:117:15: note: protocol requires function 'sin' with type '(Angle<Float80>) -> Float80'
115 | /// - Parameters:
116 | /// - angle: The angle.
117 | static func sin(_ angle: Angle<Self>) -> Self
| `- note: protocol requires function 'sin' with type '(Angle<Float80>) -> Float80'
118 |
119 | // @documentation(SDGCornerstone.RealArithmetic.cos(_:))
:
181 | /// - Parameters:
182 | /// - tangent: The tangent.
183 | static func arctan(_ tangent: Self) -> Angle<Self>
| `- note: protocol requires function 'arctan' with type '(Float80) -> Angle<Float80>'
184 |
185 | // @documentation(SDGCornerstone.RealArithmetic.arccsc(_:))
Swift.Numeric.init:2:1: note: protocol requires initializer 'init(exactly:)' with type '(exactly: T)'
1 | protocol Numeric {
2 | init?<T>(exactly source: T) where T : BinaryInteger}
| `- note: protocol requires initializer 'init(exactly:)' with type '(exactly: T)'
3 |
/Users/admin/builder/spi-builder-workspace/.dependencies/checkouts/SDGCornerstone/Sources/SDGMathematics/Numeric Protocols/WholeArithmetic.swift:215:15: note: protocol requires function 'random(in:using:)' with type '<R> (in: ClosedRange<Float80>, using: inout R) -> Float80'
213 | /// - range: The allowed range for the random value.
214 | /// - generator: The randomizer to use to generate the random value.
215 | static func random<R>(in range: ClosedRange<Self>, using generator: inout R) -> Self
| `- note: protocol requires function 'random(in:using:)' with type '<R> (in: ClosedRange<Float80>, using: inout R) -> Float80'
216 | where R: RandomNumberGenerator
217 | }
/Users/admin/builder/spi-builder-workspace/.dependencies/checkouts/SDGCornerstone/Sources/SDGMathematics/Numeric Protocols/PointProtocol.swift:23:18: note: protocol requires nested type 'Vector'
21 |
22 | /// The type to be used as a vector.
23 | associatedtype Vector: Negatable
| `- note: protocol requires nested type 'Vector'
24 |
25 | // @documentation(PointProtocol.+(Self, Vector))
/Users/admin/builder/spi-builder-workspace/.dependencies/checkouts/SDGCornerstone/Sources/SDGMathematics/Float.swift:322:13: error: 'Float80' is unavailable: Float80 is not available on target platform.
320 |
321 | #if !(PLATFORM_LACKS_SWIFT_FLOAT_80 || ((os(macOS) || os(Linux)) && arch(arm64)))
322 | extension Float80: Decodable, Encodable, FloatFamily {
| `- error: 'Float80' is unavailable: Float80 is not available on target platform.
323 |
324 | // MARK: - Decodable
Swift.Float80:2:23: note: 'Float80' has been explicitly marked unavailable here
1 | @available(*, unavailable, message: "Float80 is not available on target platform.")
2 | @frozen public struct Float80 {
| `- note: 'Float80' has been explicitly marked unavailable here
3 | public init()
4 | }
/Users/admin/builder/spi-builder-workspace/.dependencies/checkouts/SDGCornerstone/Sources/SDGMathematics/Float.swift:346:19: error: type 'Float80' has no member 'log10'
344 |
345 | @inlinable public static func log(_ antilogarithm: Self) -> Self {
346 | return Self.log10(antilogarithm)
| `- error: type 'Float80' has no member 'log10'
347 | }
348 |
Failed frontend command:
/Applications/Xcode-27.0.0-Release.Candidate.app/Contents/Developer/Toolchains/XcodeDefault.xctoolchain/usr/bin/swift-frontend -frontend -emit-module -experimental-skip-non-inlinable-function-bodies-without-types /Users/admin/builder/spi-builder-workspace/.dependencies/checkouts/SDGCornerstone/Sources/SDGMathematics/Angle.swift /Users/admin/builder/spi-builder-workspace/.dependencies/checkouts/SDGCornerstone/Sources/SDGMathematics/BitField.swift /Users/admin/builder/spi-builder-workspace/.dependencies/checkouts/SDGCornerstone/Sources/SDGMathematics/ClosedRange.swift /Users/admin/builder/spi-builder-workspace/.dependencies/checkouts/SDGCornerstone/Sources/SDGMathematics/Comparable.swift /Users/admin/builder/spi-builder-workspace/.dependencies/checkouts/SDGCornerstone/Sources/SDGMathematics/Data.swift /Users/admin/builder/spi-builder-workspace/.dependencies/checkouts/SDGCornerstone/Sources/SDGMathematics/Float.swift /Users/admin/builder/spi-builder-workspace/.dependencies/checkouts/SDGCornerstone/Sources/SDGMathematics/FunctionAnalysis.swift /Users/admin/builder/spi-builder-workspace/.dependencies/checkouts/SDGCornerstone/Sources/SDGMathematics/Int.swift /Users/admin/builder/spi-builder-workspace/.dependencies/checkouts/SDGCornerstone/Sources/SDGMathematics/Measurement.swift /Users/admin/builder/spi-builder-workspace/.dependencies/checkouts/SDGCornerstone/Sources/SDGMathematics/Numeric\ Protocols/Addable.swift /Users/admin/builder/spi-builder-workspace/.dependencies/checkouts/SDGCornerstone/Sources/SDGMathematics/Numeric\ Protocols/FixedScaleOneDimensionalPoint.swift /Users/admin/builder/spi-builder-workspace/.dependencies/checkouts/SDGCornerstone/Sources/SDGMathematics/Numeric\ Protocols/GenericAdditiveArithmetic.swift /Users/admin/builder/spi-builder-workspace/.dependencies/checkouts/SDGCornerstone/Sources/SDGMathematics/Numeric\ Protocols/IntegerProtocol.swift /Users/admin/builder/spi-builder-workspace/.dependencies/checkouts/SDGCornerstone/Sources/SDGMathematics/Numeric\ Protocols/IntegralArithmetic.swift /Users/admin/builder/spi-builder-workspace/.dependencies/checkouts/SDGCornerstone/Sources/SDGMathematics/Numeric\ Protocols/Negatable.swift /Users/admin/builder/spi-builder-workspace/.dependencies/checkouts/SDGCornerstone/Sources/SDGMathematics/Numeric\ Protocols/NumericAdditiveArithmetic.swift /Users/admin/builder/spi-builder-workspace/.dependencies/checkouts/SDGCornerstone/Sources/SDGMathematics/Numeric\ Protocols/OneDimensionalPoint.swift /Users/admin/builder/spi-builder-workspace/.dependencies/checkouts/SDGCornerstone/Sources/SDGMathematics/Numeric\ Protocols/OneDimensionalVector.swift /Users/admin/builder/spi-builder-workspace/.dependencies/checkouts/SDGCornerstone/Sources/SDGMathematics/Numeric\ Protocols/PointProtocol.swift /Users/admin/builder/spi-builder-workspace/.dependencies/checkouts/SDGCornerstone/Sources/SDGMathematics/Numeric\ Protocols/RationalArithmetic.swift /Users/admin/builder/spi-builder-workspace/.dependencies/checkouts/SDGCornerstone/Sources/SDGMathematics/Numeric\ Protocols/RationalNumberProtocol.swift /Users/admin/builder/spi-builder-workspace/.dependencies/checkouts/SDGCornerstone/Sources/SDGMathematics/Numeric\ Protocols/RationalVector.swift /Users/admin/builder/spi-builder-workspace/.dependencies/checkouts/SDGCornerstone/Sources/SDGMathematics/Numeric\ Protocols/RealArithmetic.swift /Users/admin/builder/spi-builder-workspace/.dependencies/checkouts/SDGCornerstone/Sources/SDGMathematics/Numeric\ Protocols/RealNumberProtocol.swift /Users/admin/builder/spi-builder-workspace/.dependencies/checkouts/SDGCornerstone/Sources/SDGMathematics/Numeric\ Protocols/Subtractable.swift /Users/admin/builder/spi-builder-workspace/.dependencies/checkouts/SDGCornerstone/Sources/SDGMathematics/Numeric\ Protocols/VectorProtocol.swift /Users/admin/builder/spi-builder-workspace/.dependencies/checkouts/SDGCornerstone/Sources/SDGMathematics/Numeric\ Protocols/WholeArithmetic.swift /Users/admin/builder/spi-builder-workspace/.dependencies/checkouts/SDGCornerstone/Sources/SDGMathematics/Numeric\ Protocols/WholeNumberProtocol.swift /Users/admin/builder/spi-builder-workspace/.dependencies/checkouts/SDGCornerstone/Sources/SDGMathematics/Operators.swift /Users/admin/builder/spi-builder-workspace/.dependencies/checkouts/SDGCornerstone/Sources/SDGMathematics/OrderedEnumeration.swift /Users/admin/builder/spi-builder-workspace/.dependencies/checkouts/SDGCornerstone/Sources/SDGMathematics/Sequence.swift /Users/admin/builder/spi-builder-workspace/.dependencies/checkouts/SDGCornerstone/Sources/SDGMathematics/Tuple.swift /Users/admin/builder/spi-builder-workspace/.dependencies/checkouts/SDGCornerstone/Sources/SDGMathematics/UInt.swift -target arm64-apple-xros1.0 -module-can-import-version CoreGraphics 2049 2049.0.0 -disable-cross-import-overlay-search -load-resolved-plugin /Applications/Xcode-27.0.0-Release.Candidate.app/Contents/Developer/Platforms/XROS.platform/Developer/usr/lib/swift/host/plugins/libFoundationMacros.dylib\#/Applications/Xcode-27.0.0-Release.Candidate.app/Contents/Developer/Platforms/XROS.platform/Developer/usr/bin/swift-plugin-server\#FoundationMacros -load-resolved-plugin /Applications/Xcode-27.0.0-Release.Candidate.app/Contents/Developer/Platforms/XROS.platform/Developer/usr/lib/swift/host/plugins/libObservationMacros.dylib\#/Applications/Xcode-27.0.0-Release.Candidate.app/Contents/Developer/Platforms/XROS.platform/Developer/usr/bin/swift-plugin-server\#ObservationMacros -load-resolved-plugin /Applications/Xcode-27.0.0-Release.Candidate.app/Contents/Developer/Platforms/XROS.platform/Developer/usr/lib/swift/host/plugins/libSwiftMacros.dylib\#/Applications/Xcode-27.0.0-Release.Candidate.app/Contents/Developer/Platforms/XROS.platform/Developer/usr/bin/swift-plugin-server\#SwiftMacros -disable-implicit-swift-modules -Xcc -fno-implicit-modules -Xcc -fno-implicit-module-maps -explicit-swift-module-map-file /Users/admin/builder/spi-builder-workspace/.derivedData/Build/Intermediates.noindex/SDGCornerstone.build/Debug-xros/SDGMathematics-t.build/Objects-normal/arm64/SDGMathematics-dependencies-1.json -Xllvm -aarch64-use-tbi -enable-objc-interop -stack-check -sdk /Applications/Xcode-27.0.0-Release.Candidate.app/Contents/Developer/Platforms/XROS.platform/Developer/SDKs/XROS27.0.sdk -I /Users/admin/builder/spi-builder-workspace/.derivedData/Build/Products/Debug-xros -Isystem /Applications/Xcode-27.0.0-Release.Candidate.app/Contents/Developer/Platforms/XROS.platform/Developer/usr/lib -F /Users/admin/builder/spi-builder-workspace/.derivedData/Build/Products/Debug-xros/PackageFrameworks -F /Users/admin/builder/spi-builder-workspace/.derivedData/Build/Products/Debug-xros -F /Applications/Xcode-27.0.0-Release.Candidate.app/Contents/Developer/Platforms/XROS.platform/Developer/Library/Frameworks -F /Applications/Xcode-27.0.0-Release.Candidate.app/Contents/Developer/Platforms/XROS.platform/Developer/SDKs/XROS27.0.sdk/Developer/Library/Frameworks -module-cache-path /Users/admin/builder/spi-builder-workspace/.derivedData/Build/Intermediates.noindex/SwiftExplicitPrecompiledModules -no-color-diagnostics -Xcc -fno-color-diagnostics -enable-testing -g -debug-info-format\=dwarf -dwarf-version\=4 -suppress-warnings -profile-generate -profile-coverage-mapping -swift-version 5 -Onone -D SWIFT_PACKAGE -D DEBUG -D SWIFT_MODULE_RESOURCE_BUNDLE_UNAVAILABLE -D Xcode -serialize-debugging-options -enable-experimental-feature DebugDescriptionMacro -empty-abi-descriptor -validate-clang-modules-once -clang-build-session-file /Users/admin/builder/spi-builder-workspace/.derivedData/ModuleCache.noindex/Session.modulevalidation -Xcc -working-directory -Xcc /Users/admin/builder/spi-builder-workspace/.swiftpm/xcode -enable-anonymous-context-mangled-names -file-compilation-dir /Users/admin/builder/spi-builder-workspace/.swiftpm/xcode -Xcc -fmodule-map-file\=/Users/admin/builder/spi-builder-workspace/.dependencies/checkouts/swift-numerics/Sources/_NumericsShims/include/module.modulemap -Xcc -D_LIBCPP_HARDENING_MODE\=_LIBCPP_HARDENING_MODE_DEBUG -Xcc -ivfsstatcache -Xcc /Users/admin/builder/spi-builder-workspace/.derivedData/SDKStatCaches.noindex/xros27.0-24M361-e829b21a6f8c9b70876ba0858053c044735bd543db762f57723cac368afd1ce4.sdkstatcache -Xcc -fmodules-prune-interval\=86400 -Xcc -fmodules-prune-after\=345600 -Xcc -I/Users/admin/builder/spi-builder-workspace/.dependencies/checkouts/swift-numerics/Sources/_NumericsShims/include -Xcc -I/Users/admin/builder/spi-builder-workspace/.derivedData/Build/Products/Debug-xros/include -Xcc -I/Users/admin/builder/spi-builder-workspace/.derivedData/Build/Intermediates.noindex/SDGCornerstone.build/Debug-xros/SDGMathematics-t.build/DerivedSources-normal/arm64 -Xcc -I/Users/admin/builder/spi-builder-workspace/.derivedData/Build/Intermediates.noindex/SDGCornerstone.build/Debug-xros/SDGMathematics-t.build/DerivedSources/arm64 -Xcc -I/Users/admin/builder/spi-builder-workspace/.derivedData/Build/Intermediates.noindex/SDGCornerstone.build/Debug-xros/SDGMathematics-t.build/DerivedSources -Xcc -DSWIFT_PACKAGE -Xcc -DDEBUG\=1 -no-auto-bridging-header-chaining -module-name SDGMathematics -const-gather-protocols-file /Users/admin/builder/spi-builder-workspace/.derivedData/Build/Intermediates.noindex/SDGCornerstone.build/Debug-xros/SDGMathematics-t.build/Objects-normal/arm64/SDGMathematics_const_extract_protocols.json -disable-clang-spi -clang-target arm64-apple-xros27.0 -target-sdk-version 27.0 -target-sdk-name xros27.0 -in-process-plugin-server-path /Applications/Xcode-27.0.0-Release.Candidate.app/Contents/Developer/Toolchains/XcodeDefault.xctoolchain/usr/lib/swift/host/libSwiftInProcPluginServer.dylib -emit-module-doc-path /Users/admin/builder/spi-builder-workspace/.derivedData/Build/Intermediates.noindex/SDGCornerstone.build/Debug-xros/SDGMathematics-t.build/Objects-normal/arm64/SDGMathematics.swiftdoc -emit-module-source-info-path /Users/admin/builder/spi-builder-workspace/.derivedData/Build/Intermediates.noindex/SDGCornerstone.build/Debug-xros/SDGMathematics-t.build/Objects-normal/arm64/SDGMathematics.swiftsourceinfo -emit-objc-header-path /Users/admin/builder/spi-builder-workspace/.derivedData/Build/Intermediates.noindex/SDGCornerstone.build/Debug-xros/SDGMathematics-t.build/Objects-normal/arm64/SDGMathematics-Swift.h -serialize-diagnostics-path /Users/admin/builder/spi-builder-workspace/.derivedData/Build/Intermediates.noindex/SDGCornerstone.build/Debug-xros/SDGMathematics-t.build/Objects-normal/arm64/SDGMathematics-primary-emit-module.dia -emit-dependencies-path /Users/admin/builder/spi-builder-workspace/.derivedData/Build/Intermediates.noindex/SDGCornerstone.build/Debug-xros/SDGMathematics-t.build/Objects-normal/arm64/SDGMathematics-primary-emit-module.d -parse-as-library -o /Users/admin/builder/spi-builder-workspace/.derivedData/Build/Intermediates.noindex/SDGCornerstone.build/Debug-xros/SDGMathematics-t.build/Objects-normal/arm64/SDGMathematics.swiftmodule -emit-abi-descriptor-path /Users/admin/builder/spi-builder-workspace/.derivedData/Build/Intermediates.noindex/SDGCornerstone.build/Debug-xros/SDGMathematics-t.build/Objects-normal/arm64/SDGMathematics.abi.json
SwiftCompile normal arm64 (in target 'SDGMathematics' from project 'SDGCornerstone')
cd /Users/admin/builder/spi-builder-workspace/.swiftpm/xcode
SwiftCompile normal arm64 Compiling\ Angle.swift,\ BitField.swift,\ ClosedRange.swift,\ Comparable.swift /Users/admin/builder/spi-builder-workspace/.dependencies/checkouts/SDGCornerstone/Sources/SDGMathematics/Angle.swift /Users/admin/builder/spi-builder-workspace/.dependencies/checkouts/SDGCornerstone/Sources/SDGMathematics/BitField.swift /Users/admin/builder/spi-builder-workspace/.dependencies/checkouts/SDGCornerstone/Sources/SDGMathematics/ClosedRange.swift /Users/admin/builder/spi-builder-workspace/.dependencies/checkouts/SDGCornerstone/Sources/SDGMathematics/Comparable.swift (in target 'SDGMathematics' from project 'SDGCornerstone')
SwiftCompile normal arm64 /Users/admin/builder/spi-builder-workspace/.dependencies/checkouts/SDGCornerstone/Sources/SDGMathematics/Angle.swift (in target 'SDGMathematics' from project 'SDGCornerstone')
cd /Users/admin/builder/spi-builder-workspace/.swiftpm/xcode
builtin-SwiftPerFileCompile Angle.swift
SwiftCompile normal arm64 /Users/admin/builder/spi-builder-workspace/.dependencies/checkouts/SDGCornerstone/Sources/SDGMathematics/BitField.swift (in target 'SDGMathematics' from project 'SDGCornerstone')
cd /Users/admin/builder/spi-builder-workspace/.swiftpm/xcode
builtin-SwiftPerFileCompile BitField.swift
SwiftCompile normal arm64 /Users/admin/builder/spi-builder-workspace/.dependencies/checkouts/SDGCornerstone/Sources/SDGMathematics/ClosedRange.swift (in target 'SDGMathematics' from project 'SDGCornerstone')
cd /Users/admin/builder/spi-builder-workspace/.swiftpm/xcode
builtin-SwiftPerFileCompile ClosedRange.swift
SwiftCompile normal arm64 /Users/admin/builder/spi-builder-workspace/.dependencies/checkouts/SDGCornerstone/Sources/SDGMathematics/Comparable.swift (in target 'SDGMathematics' from project 'SDGCornerstone')
cd /Users/admin/builder/spi-builder-workspace/.swiftpm/xcode
builtin-SwiftPerFileCompile Comparable.swift
SwiftCompile normal arm64 Compiling\ PointProtocol.swift,\ RationalArithmetic.swift,\ RationalNumberProtocol.swift /Users/admin/builder/spi-builder-workspace/.dependencies/checkouts/SDGCornerstone/Sources/SDGMathematics/Numeric\ Protocols/PointProtocol.swift /Users/admin/builder/spi-builder-workspace/.dependencies/checkouts/SDGCornerstone/Sources/SDGMathematics/Numeric\ Protocols/RationalArithmetic.swift /Users/admin/builder/spi-builder-workspace/.dependencies/checkouts/SDGCornerstone/Sources/SDGMathematics/Numeric\ Protocols/RationalNumberProtocol.swift (in target 'SDGMathematics' from project 'SDGCornerstone')
SwiftCompile normal arm64 /Users/admin/builder/spi-builder-workspace/.dependencies/checkouts/SDGCornerstone/Sources/SDGMathematics/Numeric\ Protocols/PointProtocol.swift (in target 'SDGMathematics' from project 'SDGCornerstone')
cd /Users/admin/builder/spi-builder-workspace/.swiftpm/xcode
builtin-SwiftPerFileCompile PointProtocol.swift
SwiftCompile normal arm64 /Users/admin/builder/spi-builder-workspace/.dependencies/checkouts/SDGCornerstone/Sources/SDGMathematics/Numeric\ Protocols/RationalArithmetic.swift (in target 'SDGMathematics' from project 'SDGCornerstone')
cd /Users/admin/builder/spi-builder-workspace/.swiftpm/xcode
builtin-SwiftPerFileCompile RationalArithmetic.swift
SwiftCompile normal arm64 /Users/admin/builder/spi-builder-workspace/.dependencies/checkouts/SDGCornerstone/Sources/SDGMathematics/Numeric\ Protocols/RationalNumberProtocol.swift (in target 'SDGMathematics' from project 'SDGCornerstone')
cd /Users/admin/builder/spi-builder-workspace/.swiftpm/xcode
builtin-SwiftPerFileCompile RationalNumberProtocol.swift
SwiftCompile normal arm64 Compiling\ RationalVector.swift,\ RealArithmetic.swift,\ RealNumberProtocol.swift /Users/admin/builder/spi-builder-workspace/.dependencies/checkouts/SDGCornerstone/Sources/SDGMathematics/Numeric\ Protocols/RationalVector.swift /Users/admin/builder/spi-builder-workspace/.dependencies/checkouts/SDGCornerstone/Sources/SDGMathematics/Numeric\ Protocols/RealArithmetic.swift /Users/admin/builder/spi-builder-workspace/.dependencies/checkouts/SDGCornerstone/Sources/SDGMathematics/Numeric\ Protocols/RealNumberProtocol.swift (in target 'SDGMathematics' from project 'SDGCornerstone')
SwiftCompile normal arm64 /Users/admin/builder/spi-builder-workspace/.dependencies/checkouts/SDGCornerstone/Sources/SDGMathematics/Numeric\ Protocols/RationalVector.swift (in target 'SDGMathematics' from project 'SDGCornerstone')
cd /Users/admin/builder/spi-builder-workspace/.swiftpm/xcode
builtin-SwiftPerFileCompile RationalVector.swift
SwiftCompile normal arm64 /Users/admin/builder/spi-builder-workspace/.dependencies/checkouts/SDGCornerstone/Sources/SDGMathematics/Numeric\ Protocols/RealArithmetic.swift (in target 'SDGMathematics' from project 'SDGCornerstone')
cd /Users/admin/builder/spi-builder-workspace/.swiftpm/xcode
builtin-SwiftPerFileCompile RealArithmetic.swift
SwiftCompile normal arm64 /Users/admin/builder/spi-builder-workspace/.dependencies/checkouts/SDGCornerstone/Sources/SDGMathematics/Numeric\ Protocols/RealNumberProtocol.swift (in target 'SDGMathematics' from project 'SDGCornerstone')
cd /Users/admin/builder/spi-builder-workspace/.swiftpm/xcode
builtin-SwiftPerFileCompile RealNumberProtocol.swift
SwiftCompile normal arm64 Compiling\ Sequence.swift,\ Tuple.swift,\ UInt.swift /Users/admin/builder/spi-builder-workspace/.dependencies/checkouts/SDGCornerstone/Sources/SDGMathematics/Sequence.swift /Users/admin/builder/spi-builder-workspace/.dependencies/checkouts/SDGCornerstone/Sources/SDGMathematics/Tuple.swift /Users/admin/builder/spi-builder-workspace/.dependencies/checkouts/SDGCornerstone/Sources/SDGMathematics/UInt.swift (in target 'SDGMathematics' from project 'SDGCornerstone')
SwiftCompile normal arm64 /Users/admin/builder/spi-builder-workspace/.dependencies/checkouts/SDGCornerstone/Sources/SDGMathematics/Sequence.swift (in target 'SDGMathematics' from project 'SDGCornerstone')
cd /Users/admin/builder/spi-builder-workspace/.swiftpm/xcode
builtin-SwiftPerFileCompile Sequence.swift
SwiftCompile normal arm64 /Users/admin/builder/spi-builder-workspace/.dependencies/checkouts/SDGCornerstone/Sources/SDGMathematics/Tuple.swift (in target 'SDGMathematics' from project 'SDGCornerstone')
cd /Users/admin/builder/spi-builder-workspace/.swiftpm/xcode
builtin-SwiftPerFileCompile Tuple.swift
SwiftCompile normal arm64 /Users/admin/builder/spi-builder-workspace/.dependencies/checkouts/SDGCornerstone/Sources/SDGMathematics/UInt.swift (in target 'SDGMathematics' from project 'SDGCornerstone')
cd /Users/admin/builder/spi-builder-workspace/.swiftpm/xcode
builtin-SwiftPerFileCompile UInt.swift
SwiftDriverJobDiscovery normal arm64 Compiling WholeNumberProtocol.swift, Operators.swift, OrderedEnumeration.swift (in target 'SDGMathematics' from project 'SDGCornerstone')
SwiftDriverJobDiscovery normal arm64 Compiling NumericAdditiveArithmetic.swift, OneDimensionalPoint.swift, OneDimensionalVector.swift (in target 'SDGMathematics' from project 'SDGCornerstone')
SwiftDriverJobDiscovery normal arm64 Compiling IntegerProtocol.swift, IntegralArithmetic.swift, Negatable.swift (in target 'SDGMathematics' from project 'SDGCornerstone')
SwiftDriverJobDiscovery normal arm64 Compiling PointProtocol.swift, RationalArithmetic.swift, RationalNumberProtocol.swift (in target 'SDGMathematics' from project 'SDGCornerstone')
SwiftDriverJobDiscovery normal arm64 Compiling Subtractable.swift, VectorProtocol.swift, WholeArithmetic.swift (in target 'SDGMathematics' from project 'SDGCornerstone')
SwiftDriverJobDiscovery normal arm64 Compiling Measurement.swift, Addable.swift, FixedScaleOneDimensionalPoint.swift, GenericAdditiveArithmetic.swift (in target 'SDGMathematics' from project 'SDGCornerstone')
SwiftDriverJobDiscovery normal arm64 Compiling RationalVector.swift, RealArithmetic.swift, RealNumberProtocol.swift (in target 'SDGMathematics' from project 'SDGCornerstone')
SwiftDriverJobDiscovery normal arm64 Compiling Angle.swift, BitField.swift, ClosedRange.swift, Comparable.swift (in target 'SDGMathematics' from project 'SDGCornerstone')
PruneExplicitPrecompiledModules /Users/admin/builder/spi-builder-workspace/.derivedData/SDKExplicitPrecompiledModules
PruneExplicitPrecompiledModules /Users/admin/builder/spi-builder-workspace/.derivedData/Build/Intermediates.noindex/SwiftExplicitPrecompiledModules
PruneExplicitPrecompiledModules /Users/admin/builder/spi-builder-workspace/.derivedData/Build/Intermediates.noindex/ExplicitPrecompiledModules
2026-09-19 09:57:56.398 xcodebuild[1288:7153] [MT] IDERunDestination: Supported platforms for the buildables in the current scheme is empty.
** BUILD FAILED **
The following build commands failed:
SwiftEmitModule normal arm64 Emitting\ module\ for\ SDGMathematics (in target 'SDGMathematics' from project 'SDGCornerstone')
SwiftCompile normal arm64 (in target 'SDGMathematics' from project 'SDGCornerstone')
Building workspace SDGCommandLine with scheme SDGCommandLine-Package
(3 failures)
Command line invocation:
/Applications/Xcode-27.0.0-Release.Candidate.app/Contents/Developer/usr/bin/xcodebuild -IDEClonedSourcePackagesDirPathOverride=/Users/admin/builder/spi-builder-workspace/.dependencies -resolvePackageDependencies
Resolve Package Graph
failed to retrieve search paths with pkg-config; maybe pkg-config is not installedcouldn't find pc file for sqlite3
Resolved source packages:
SymbolKit: https://github.com/SDGGiesbrecht/swift-docc-symbolkit @ 0.50800.0
Yams: https://github.com/jpsim/Yams.git @ 5.4.0
SwiftPM: https://github.com/SDGGiesbrecht/swift-package-manager @ 0.50800.0
swift-tools-support-core: https://github.com/apple/swift-tools-support-core @ 0.5.2
SDGSwift: https://github.com/SDGGiesbrecht/SDGSwift @ 14.0.0
swift-numerics: https://github.com/apple/swift-numerics @ 1.1.1
SDGCommandLine: /Users/admin/builder/spi-builder-workspace
swift-markdown: https://github.com/SDGGiesbrecht/swift-markdown @ 0.50800.0
swift-collections: https://github.com/apple/swift-collections @ 1.6.0
swift-driver: https://github.com/SDGGiesbrecht/swift-driver @ 0.50800.0
llbuild: https://github.com/SDGGiesbrecht/swift-llbuild @ 0.50800.0
cmark-gfm: https://github.com/SDGGiesbrecht/swift-cmark @ 0.50800.0
swift-crypto: https://github.com/SDGGiesbrecht/swift-crypto @ 0.20400.0
SDGCornerstone: https://github.com/SDGGiesbrecht/SDGCornerstone @ 10.2.0
SwiftSyntax: https://github.com/SDGGiesbrecht/swift-syntax @ 0.50800.0
swift-system: https://github.com/apple/swift-system.git @ 1.1.1
swift-argument-parser: https://github.com/apple/swift-argument-parser.git @ 1.8.2
resolved source packages: SymbolKit, Yams, SwiftPM, swift-tools-support-core, SDGSwift, swift-numerics, SDGCommandLine, swift-markdown, swift-collections, swift-driver, llbuild, cmark-gfm, swift-crypto, SDGCornerstone, SwiftSyntax, swift-system, swift-argument-parser
2026-09-19 09:58:11.650 xcodebuild[1647:8803] [MT] IDERunDestination: Supported platforms for the buildables in the current scheme is empty.
{
"dependencies" : [
{
"identity" : "sdgcornerstone",
"requirement" : {
"range" : [
{
"lower_bound" : "10.1.2",
"upper_bound" : "11.0.0"
}
]
},
"type" : "sourceControl",
"url" : "https://github.com/SDGGiesbrecht/SDGCornerstone"
},
{
"identity" : "sdgswift",
"requirement" : {
"range" : [
{
"lower_bound" : "14.0.0",
"upper_bound" : "15.0.0"
}
]
},
"type" : "sourceControl",
"url" : "https://github.com/SDGGiesbrecht/SDGSwift"
}
],
"manifest_display_name" : "SDGCommandLine",
"name" : "SDGCommandLine",
"path" : "/Users/admin/builder/spi-builder-workspace",
"platforms" : [
],
"products" : [
{
"name" : "SDGCommandLine",
"targets" : [
"SDGCommandLine"
],
"type" : {
"library" : [
"automatic"
]
}
},
{
"name" : "SDGCommandLineTestUtilities",
"targets" : [
"SDGCommandLineTestUtilities"
],
"type" : {
"library" : [
"automatic"
]
}
},
{
"name" : "SDGExportedCommandLineInterface",
"targets" : [
"SDGExportedCommandLineInterface"
],
"type" : {
"library" : [
"automatic"
]
}
},
{
"name" : "test_tool",
"targets" : [
"test_tool"
],
"type" : {
"executable" : null
}
},
{
"name" : "empty_tool",
"targets" : [
"empty_tool"
],
"type" : {
"executable" : null
}
}
],
"targets" : [
{
"c99name" : "test_tool",
"module_type" : "SwiftTarget",
"name" : "test_tool",
"path" : "Tests/test_tool",
"product_memberships" : [
"test_tool"
],
"sources" : [
"Tool.swift",
"main.swift"
],
"target_dependencies" : [
"SDGCommandLine",
"TestTool"
],
"type" : "executable"
},
{
"c99name" : "empty_tool",
"module_type" : "SwiftTarget",
"name" : "empty_tool",
"path" : "Tests/empty_tool",
"product_memberships" : [
"empty_tool"
],
"sources" : [
"Empty.swift",
"main.swift"
],
"type" : "executable"
},
{
"c99name" : "TestTool",
"module_type" : "SwiftTarget",
"name" : "TestTool",
"path" : "Tests/TestTool",
"product_dependencies" : [
"SDGText",
"SDGLocalization",
"SDGVersioning"
],
"product_memberships" : [
"test_tool"
],
"sources" : [
"DemonstrateRepeatedArgument.swift",
"DemonstrateTextFormatting.swift",
"Execute.swift",
"Fail.swift",
"Language.swift",
"RejectArgument.swift",
"Tool.swift"
],
"target_dependencies" : [
"SDGCommandLine"
],
"type" : "library"
},
{
"c99name" : "SDGExportedCommandLineInterfaceTests",
"module_type" : "SwiftTarget",
"name" : "SDGExportedCommandLineInterfaceTests",
"path" : "Tests/SDGExportedCommandLineInterfaceTests",
"product_dependencies" : [
"SDGExternalProcess",
"SDGPersistenceTestUtilities",
"SDGXCTestUtilities"
],
"sources" : [
"APITests.swift",
"InternalTests.swift"
],
"target_dependencies" : [
"SDGExportedCommandLineInterface",
"SDGCommandLineTestUtilities",
"test_tool",
"empty_tool"
],
"type" : "test"
},
{
"c99name" : "SDGExportedCommandLineInterface",
"module_type" : "SwiftTarget",
"name" : "SDGExportedCommandLineInterface",
"path" : "Sources/SDGExportedCommandLineInterface",
"product_dependencies" : [
"SDGText",
"SDGPersistence",
"SDGExternalProcess"
],
"product_memberships" : [
"SDGExportedCommandLineInterface"
],
"sources" : [
"ArgumentInterface.swift",
"CommandInterface.Version1.swift",
"CommandInterface.Version2.swift",
"CommandInterface.swift",
"DecodedCommandInterface.swift",
"OptionInterface.swift"
],
"target_dependencies" : [
"SDGCommandLine"
],
"type" : "library"
},
{
"c99name" : "SDGCommandLineTests",
"module_type" : "SwiftTarget",
"name" : "SDGCommandLineTests",
"path" : "Tests/SDGCommandLineTests",
"product_dependencies" : [
"SDGControlFlow",
"SDGLogic",
"SDGCollections",
"SDGText",
"SDGLocalization",
"SDGExternalProcess",
"SDGVersioning",
"SDGXCTestUtilities",
"SDGPersistenceTestUtilities",
"SDGLocalizationTestUtilities",
"SDGSwift",
"SDGSwiftPackageManager"
],
"sources" : [
"APITests.swift",
"Examples/ReadMe.swift",
"InternalTests.swift",
"RepositoryRoot.swift",
"TestCase.swift"
],
"target_dependencies" : [
"SDGCommandLineTestUtilities",
"TestTool"
],
"type" : "test"
},
{
"c99name" : "SDGCommandLineTestUtilities",
"module_type" : "SwiftTarget",
"name" : "SDGCommandLineTestUtilities",
"path" : "Sources/SDGCommandLineTestUtilities",
"product_dependencies" : [
"SDGControlFlow",
"SDGLogic",
"SDGText",
"SDGLocalization",
"SDGTesting",
"SDGPersistenceTestUtilities"
],
"product_memberships" : [
"SDGCommandLineTestUtilities"
],
"sources" : [
"Command.swift"
],
"target_dependencies" : [
"SDGCommandLine",
"SDGCommandLineLocalizations"
],
"type" : "library"
},
{
"c99name" : "SDGCommandLineLocalizations",
"module_type" : "SwiftTarget",
"name" : "SDGCommandLineLocalizations",
"path" : "Sources/SDGCommandLineLocalizations",
"product_dependencies" : [
"SDGLocalization"
],
"product_memberships" : [
"SDGCommandLine",
"SDGCommandLineTestUtilities",
"SDGExportedCommandLineInterface",
"test_tool"
],
"sources" : [
"APILocalization.swift",
"Exports.swift",
"InterfaceLocalization.swift",
"SystemLocalization.swift"
],
"type" : "library"
},
{
"c99name" : "SDGCommandLine",
"module_type" : "SwiftTarget",
"name" : "SDGCommandLine",
"path" : "Sources/SDGCommandLine",
"product_dependencies" : [
"SDGControlFlow",
"SDGLogic",
"SDGMathematics",
"SDGCollections",
"SDGText",
"SDGPersistence",
"SDGLocalization",
"SDGExternalProcess",
"SDGVersioning",
"SDGSwift"
],
"product_memberships" : [
"SDGCommandLine",
"SDGCommandLineTestUtilities",
"SDGExportedCommandLineInterface",
"test_tool"
],
"sources" : [
"Argument/AnyArgumentTypeDefinition.swift",
"Argument/ArgumentInterface.swift",
"Argument/ArgumentType.swift",
"Argument/ArgumentTypeDefinition.swift",
"Argument/DirectArguments.swift",
"Command/Command.Error.swift",
"Command/Command.Output.swift",
"Command/Command.swift",
"Command/EmptyCache.swift",
"Command/ExportInterface.swift",
"Command/Help.swift",
"Command/SetLanguage.swift",
"Command/VersionSubcommand.swift",
"Option/AnyOption.swift",
"Option/Option.swift",
"Option/OptionInterface.swift",
"Option/Options.swift",
"Output/Colour.swift",
"Output/FontWeight.swift",
"Output/StringFamily.swift",
"Output/TextFormat.swift",
"Output/Underline.swift",
"Package/Build.swift",
"Package/Package.swift",
"ProcessInfo.swift",
"Tool.swift"
],
"target_dependencies" : [
"SDGCommandLineLocalizations"
],
"type" : "library"
}
],
"tools_version" : "5.7"
}
{
"workspace" : {
"name" : "SDGCommandLine",
"schemes" : [
"empty_tool",
"SDGCommandLine",
"SDGCommandLine-Package",
"SDGCommandLineTestUtilities",
"SDGExportedCommandLineInterface",
"SwiftPM-Perf",
"test_tool"
]
}
}
2026-09-19 09:58:15.604 xcodebuild[1666:8930] [MT] IDERunDestination: Supported platforms for the buildables in the current scheme is empty.
{
"workspace" : {
"name" : "SDGCommandLine",
"schemes" : [
"empty_tool",
"SDGCommandLine",
"SDGCommandLine-Package",
"SDGCommandLineTestUtilities",
"SDGExportedCommandLineInterface",
"SwiftPM-Perf",
"test_tool"
]
}
}
2026-09-19 09:58:19.267 xcodebuild[1679:9022] [MT] IDERunDestination: Supported platforms for the buildables in the current scheme is empty.
Running build ...
env DEVELOPER_DIR=/Applications/Xcode-27.0.0-Release.Candidate.app xcrun xcodebuild -IDEClonedSourcePackagesDirPathOverride=$PWD/.dependencies -skipMacroValidation -skipPackagePluginValidation -derivedDataPath $PWD/.derivedData build -scheme SDGCommandLine-Package -destination generic/platform=xrOS
Command line invocation:
/Applications/Xcode-27.0.0-Release.Candidate.app/Contents/Developer/usr/bin/xcodebuild -IDEClonedSourcePackagesDirPathOverride=/Users/admin/builder/spi-builder-workspace/.dependencies -skipMacroValidation -skipPackagePluginValidation -derivedDataPath /Users/admin/builder/spi-builder-workspace/.derivedData build -scheme SDGCommandLine-Package -destination generic/platform=xrOS
Resolve Package Graph
failed to retrieve search paths with pkg-config; maybe pkg-config is not installedcouldn't find pc file for sqlite3
Resolved source packages:
swift-markdown: https://github.com/SDGGiesbrecht/swift-markdown @ 0.50800.0
swift-numerics: https://github.com/apple/swift-numerics @ 1.1.1
swift-system: https://github.com/apple/swift-system.git @ 1.1.1
swift-driver: https://github.com/SDGGiesbrecht/swift-driver @ 0.50800.0
SDGCornerstone: https://github.com/SDGGiesbrecht/SDGCornerstone @ 10.2.0
swift-crypto: https://github.com/SDGGiesbrecht/swift-crypto @ 0.20400.0
cmark-gfm: https://github.com/SDGGiesbrecht/swift-cmark @ 0.50800.0
Yams: https://github.com/jpsim/Yams.git @ 5.4.0
SwiftSyntax: https://github.com/SDGGiesbrecht/swift-syntax @ 0.50800.0
SymbolKit: https://github.com/SDGGiesbrecht/swift-docc-symbolkit @ 0.50800.0
swift-tools-support-core: https://github.com/apple/swift-tools-support-core @ 0.5.2
SDGSwift: https://github.com/SDGGiesbrecht/SDGSwift @ 14.0.0
SwiftPM: https://github.com/SDGGiesbrecht/swift-package-manager @ 0.50800.0
swift-argument-parser: https://github.com/apple/swift-argument-parser.git @ 1.8.2
SDGCommandLine: /Users/admin/builder/spi-builder-workspace
swift-collections: https://github.com/apple/swift-collections @ 1.6.0
llbuild: https://github.com/SDGGiesbrecht/swift-llbuild @ 0.50800.0
ComputePackagePrebuildTargetDependencyGraph
Prepare packages
CreateBuildRequest
SendProjectDescription
CreateBuildOperation
ComputeTargetDependencyGraph
note: Building targets in dependency order
note: Target dependency graph (43 targets)
Target 'empty_tool-product' in project 'SDGCommandLine' (no dependencies)
Target 'test_tool-product' in project 'SDGCommandLine'
➜ Explicit dependency on target 'SDGCommandLineLocalizations' in project 'SDGCommandLine'
➜ Explicit dependency on target 'SDGCommandLine' in project 'SDGCommandLine'
➜ Explicit dependency on target 'TestTool' in project 'SDGCommandLine'
➜ Explicit dependency on target 'SDGLocalization-product' in project 'SDGCornerstone'
➜ Explicit dependency on target 'SDGControlFlow-product' in project 'SDGCornerstone'
➜ Explicit dependency on target 'SDGLogic-product' in project 'SDGCornerstone'
➜ Explicit dependency on target 'SDGMathematics-product' in project 'SDGCornerstone'
➜ Explicit dependency on target 'SDGCollections-product' in project 'SDGCornerstone'
➜ Explicit dependency on target 'SDGText-product' in project 'SDGCornerstone'
➜ Explicit dependency on target 'SDGPersistence-product' in project 'SDGCornerstone'
➜ Explicit dependency on target 'SDGExternalProcess-product' in project 'SDGCornerstone'
➜ Explicit dependency on target 'SDGVersioning-product' in project 'SDGCornerstone'
➜ Explicit dependency on target 'SDGSwift-product' in project 'SDGSwift'
Target 'TestTool' in project 'SDGCommandLine'
➜ Explicit dependency on target 'SDGCommandLineLocalizations' in project 'SDGCommandLine'
➜ Explicit dependency on target 'SDGCommandLine' in project 'SDGCommandLine'
➜ Explicit dependency on target 'SDGLocalization-product' in project 'SDGCornerstone'
➜ Explicit dependency on target 'SDGControlFlow-product' in project 'SDGCornerstone'
➜ Explicit dependency on target 'SDGLogic-product' in project 'SDGCornerstone'
➜ Explicit dependency on target 'SDGMathematics-product' in project 'SDGCornerstone'
➜ Explicit dependency on target 'SDGCollections-product' in project 'SDGCornerstone'
➜ Explicit dependency on target 'SDGText-product' in project 'SDGCornerstone'
➜ Explicit dependency on target 'SDGPersistence-product' in project 'SDGCornerstone'
➜ Explicit dependency on target 'SDGExternalProcess-product' in project 'SDGCornerstone'
➜ Explicit dependency on target 'SDGVersioning-product' in project 'SDGCornerstone'
➜ Explicit dependency on target 'SDGSwift-product' in project 'SDGSwift'
Target 'SDGExportedCommandLineInterface-product' in project 'SDGCommandLine'
➜ Explicit dependency on target 'SDGExportedCommandLineInterface' in project 'SDGCommandLine'
➜ Explicit dependency on target 'SDGCommandLineLocalizations' in project 'SDGCommandLine'
➜ Explicit dependency on target 'SDGCommandLine' in project 'SDGCommandLine'
➜ Explicit dependency on target 'SDGLocalization-product' in project 'SDGCornerstone'
➜ Explicit dependency on target 'SDGControlFlow-product' in project 'SDGCornerstone'
➜ Explicit dependency on target 'SDGLogic-product' in project 'SDGCornerstone'
➜ Explicit dependency on target 'SDGMathematics-product' in project 'SDGCornerstone'
➜ Explicit dependency on target 'SDGCollections-product' in project 'SDGCornerstone'
➜ Explicit dependency on target 'SDGText-product' in project 'SDGCornerstone'
➜ Explicit dependency on target 'SDGPersistence-product' in project 'SDGCornerstone'
➜ Explicit dependency on target 'SDGExternalProcess-product' in project 'SDGCornerstone'
➜ Explicit dependency on target 'SDGVersioning-product' in project 'SDGCornerstone'
➜ Explicit dependency on target 'SDGSwift-product' in project 'SDGSwift'
Target 'SDGExportedCommandLineInterface' in project 'SDGCommandLine'
➜ Explicit dependency on target 'SDGCommandLineLocalizations' in project 'SDGCommandLine'
➜ Explicit dependency on target 'SDGCommandLine' in project 'SDGCommandLine'
➜ Explicit dependency on target 'SDGLocalization-product' in project 'SDGCornerstone'
➜ Explicit dependency on target 'SDGControlFlow-product' in project 'SDGCornerstone'
➜ Explicit dependency on target 'SDGLogic-product' in project 'SDGCornerstone'
➜ Explicit dependency on target 'SDGMathematics-product' in project 'SDGCornerstone'
➜ Explicit dependency on target 'SDGCollections-product' in project 'SDGCornerstone'
➜ Explicit dependency on target 'SDGText-product' in project 'SDGCornerstone'
➜ Explicit dependency on target 'SDGPersistence-product' in project 'SDGCornerstone'
➜ Explicit dependency on target 'SDGExternalProcess-product' in project 'SDGCornerstone'
➜ Explicit dependency on target 'SDGVersioning-product' in project 'SDGCornerstone'
➜ Explicit dependency on target 'SDGSwift-product' in project 'SDGSwift'
Target 'SDGCommandLineTestUtilities-product' in project 'SDGCommandLine'
➜ Explicit dependency on target 'SDGCommandLineTestUtilities' in project 'SDGCommandLine'
➜ Explicit dependency on target 'SDGCommandLineLocalizations' in project 'SDGCommandLine'
➜ Explicit dependency on target 'SDGCommandLine' in project 'SDGCommandLine'
➜ Explicit dependency on target 'SDGLocalization-product' in project 'SDGCornerstone'
➜ Explicit dependency on target 'SDGControlFlow-product' in project 'SDGCornerstone'
➜ Explicit dependency on target 'SDGLogic-product' in project 'SDGCornerstone'
➜ Explicit dependency on target 'SDGMathematics-product' in project 'SDGCornerstone'
➜ Explicit dependency on target 'SDGCollections-product' in project 'SDGCornerstone'
➜ Explicit dependency on target 'SDGText-product' in project 'SDGCornerstone'
➜ Explicit dependency on target 'SDGPersistence-product' in project 'SDGCornerstone'
➜ Explicit dependency on target 'SDGExternalProcess-product' in project 'SDGCornerstone'
➜ Explicit dependency on target 'SDGVersioning-product' in project 'SDGCornerstone'
➜ Explicit dependency on target 'SDGSwift-product' in project 'SDGSwift'
➜ Explicit dependency on target 'SDGTesting-product' in project 'SDGCornerstone'
➜ Explicit dependency on target 'SDGPersistenceTestUtilities-product' in project 'SDGCornerstone'
Target 'SDGCommandLineTestUtilities' in project 'SDGCommandLine'
➜ Explicit dependency on target 'SDGCommandLineLocalizations' in project 'SDGCommandLine'
➜ Explicit dependency on target 'SDGCommandLine' in project 'SDGCommandLine'
➜ Explicit dependency on target 'SDGLocalization-product' in project 'SDGCornerstone'
➜ Explicit dependency on target 'SDGControlFlow-product' in project 'SDGCornerstone'
➜ Explicit dependency on target 'SDGLogic-product' in project 'SDGCornerstone'
➜ Explicit dependency on target 'SDGMathematics-product' in project 'SDGCornerstone'
➜ Explicit dependency on target 'SDGCollections-product' in project 'SDGCornerstone'
➜ Explicit dependency on target 'SDGText-product' in project 'SDGCornerstone'
➜ Explicit dependency on target 'SDGPersistence-product' in project 'SDGCornerstone'
➜ Explicit dependency on target 'SDGExternalProcess-product' in project 'SDGCornerstone'
➜ Explicit dependency on target 'SDGVersioning-product' in project 'SDGCornerstone'
➜ Explicit dependency on target 'SDGSwift-product' in project 'SDGSwift'
➜ Explicit dependency on target 'SDGTesting-product' in project 'SDGCornerstone'
➜ Explicit dependency on target 'SDGPersistenceTestUtilities-product' in project 'SDGCornerstone'
Target 'SDGPersistenceTestUtilities-product' in project 'SDGCornerstone'
➜ Explicit dependency on target 'SDGPersistenceTestUtilities' in project 'SDGCornerstone'
➜ Explicit dependency on target 'SDGControlFlow' in project 'SDGCornerstone'
➜ Explicit dependency on target 'SDGLogic' in project 'SDGCornerstone'
➜ Explicit dependency on target 'SDGMathematics' in project 'SDGCornerstone'
➜ Explicit dependency on target 'SDGCollections' in project 'SDGCornerstone'
➜ Explicit dependency on target 'SDGText' in project 'SDGCornerstone'
➜ Explicit dependency on target 'SDGPersistence' in project 'SDGCornerstone'
➜ Explicit dependency on target 'SDGLocalization' in project 'SDGCornerstone'
➜ Explicit dependency on target 'SDGCornerstoneLocalizations' in project 'SDGCornerstone'
➜ Explicit dependency on target 'SDGTesting' in project 'SDGCornerstone'
➜ Explicit dependency on target 'SDGCalendar' in project 'SDGCornerstone'
➜ Explicit dependency on target 'RealModule-product' in project 'swift-numerics'
➜ Explicit dependency on target 'OrderedCollections-product' in project 'swift-collections'
Target 'SDGPersistenceTestUtilities' in project 'SDGCornerstone'
➜ Explicit dependency on target 'SDGControlFlow' in project 'SDGCornerstone'
➜ Explicit dependency on target 'SDGLogic' in project 'SDGCornerstone'
➜ Explicit dependency on target 'SDGMathematics' in project 'SDGCornerstone'
➜ Explicit dependency on target 'SDGCollections' in project 'SDGCornerstone'
➜ Explicit dependency on target 'SDGText' in project 'SDGCornerstone'
➜ Explicit dependency on target 'SDGPersistence' in project 'SDGCornerstone'
➜ Explicit dependency on target 'SDGLocalization' in project 'SDGCornerstone'
➜ Explicit dependency on target 'SDGCornerstoneLocalizations' in project 'SDGCornerstone'
➜ Explicit dependency on target 'SDGTesting' in project 'SDGCornerstone'
➜ Explicit dependency on target 'SDGCalendar' in project 'SDGCornerstone'
➜ Explicit dependency on target 'RealModule-product' in project 'swift-numerics'
➜ Explicit dependency on target 'OrderedCollections-product' in project 'swift-collections'
Target 'SDGCalendar' in project 'SDGCornerstone'
➜ Explicit dependency on target 'SDGControlFlow' in project 'SDGCornerstone'
➜ Explicit dependency on target 'SDGLogic' in project 'SDGCornerstone'
➜ Explicit dependency on target 'SDGMathematics' in project 'SDGCornerstone'
➜ Explicit dependency on target 'SDGCollections' in project 'SDGCornerstone'
➜ Explicit dependency on target 'SDGText' in project 'SDGCornerstone'
➜ Explicit dependency on target 'SDGPersistence' in project 'SDGCornerstone'
➜ Explicit dependency on target 'SDGLocalization' in project 'SDGCornerstone'
➜ Explicit dependency on target 'SDGCornerstoneLocalizations' in project 'SDGCornerstone'
➜ Explicit dependency on target 'RealModule-product' in project 'swift-numerics'
➜ Explicit dependency on target 'OrderedCollections-product' in project 'swift-collections'
Target 'SDGTesting-product' in project 'SDGCornerstone'
➜ Explicit dependency on target 'SDGTesting' in project 'SDGCornerstone'
➜ Explicit dependency on target 'SDGControlFlow' in project 'SDGCornerstone'
➜ Explicit dependency on target 'SDGLogic' in project 'SDGCornerstone'
➜ Explicit dependency on target 'SDGMathematics' in project 'SDGCornerstone'
➜ Explicit dependency on target 'SDGCollections' in project 'SDGCornerstone'
➜ Explicit dependency on target 'SDGText' in project 'SDGCornerstone'
➜ Explicit dependency on target 'SDGPersistence' in project 'SDGCornerstone'
➜ Explicit dependency on target 'SDGLocalization' in project 'SDGCornerstone'
➜ Explicit dependency on target 'SDGCornerstoneLocalizations' in project 'SDGCornerstone'
➜ Explicit dependency on target 'RealModule-product' in project 'swift-numerics'
➜ Explicit dependency on target 'OrderedCollections-product' in project 'swift-collections'
Target 'SDGTesting' in project 'SDGCornerstone'
➜ Explicit dependency on target 'SDGControlFlow' in project 'SDGCornerstone'
➜ Explicit dependency on target 'SDGLogic' in project 'SDGCornerstone'
➜ Explicit dependency on target 'SDGMathematics' in project 'SDGCornerstone'
➜ Explicit dependency on target 'SDGCollections' in project 'SDGCornerstone'
➜ Explicit dependency on target 'SDGText' in project 'SDGCornerstone'
➜ Explicit dependency on target 'SDGPersistence' in project 'SDGCornerstone'
➜ Explicit dependency on target 'SDGLocalization' in project 'SDGCornerstone'
➜ Explicit dependency on target 'SDGCornerstoneLocalizations' in project 'SDGCornerstone'
➜ Explicit dependency on target 'RealModule-product' in project 'swift-numerics'
➜ Explicit dependency on target 'OrderedCollections-product' in project 'swift-collections'
Target 'SDGCommandLine-product' in project 'SDGCommandLine'
➜ Explicit dependency on target 'SDGCommandLine' in project 'SDGCommandLine'
➜ Explicit dependency on target 'SDGCommandLineLocalizations' in project 'SDGCommandLine'
➜ Explicit dependency on target 'SDGLocalization-product' in project 'SDGCornerstone'
➜ Explicit dependency on target 'SDGControlFlow-product' in project 'SDGCornerstone'
➜ Explicit dependency on target 'SDGLogic-product' in project 'SDGCornerstone'
➜ Explicit dependency on target 'SDGMathematics-product' in project 'SDGCornerstone'
➜ Explicit dependency on target 'SDGCollections-product' in project 'SDGCornerstone'
➜ Explicit dependency on target 'SDGText-product' in project 'SDGCornerstone'
➜ Explicit dependency on target 'SDGPersistence-product' in project 'SDGCornerstone'
➜ Explicit dependency on target 'SDGExternalProcess-product' in project 'SDGCornerstone'
➜ Explicit dependency on target 'SDGVersioning-product' in project 'SDGCornerstone'
➜ Explicit dependency on target 'SDGSwift-product' in project 'SDGSwift'
Target 'SDGCommandLine' in project 'SDGCommandLine'
➜ Explicit dependency on target 'SDGCommandLineLocalizations' in project 'SDGCommandLine'
➜ Explicit dependency on target 'SDGLocalization-product' in project 'SDGCornerstone'
➜ Explicit dependency on target 'SDGControlFlow-product' in project 'SDGCornerstone'
➜ Explicit dependency on target 'SDGLogic-product' in project 'SDGCornerstone'
➜ Explicit dependency on target 'SDGMathematics-product' in project 'SDGCornerstone'
➜ Explicit dependency on target 'SDGCollections-product' in project 'SDGCornerstone'
➜ Explicit dependency on target 'SDGText-product' in project 'SDGCornerstone'
➜ Explicit dependency on target 'SDGPersistence-product' in project 'SDGCornerstone'
➜ Explicit dependency on target 'SDGExternalProcess-product' in project 'SDGCornerstone'
➜ Explicit dependency on target 'SDGVersioning-product' in project 'SDGCornerstone'
➜ Explicit dependency on target 'SDGSwift-product' in project 'SDGSwift'
Target 'SDGSwift-product' in project 'SDGSwift'
➜ Explicit dependency on target 'SDGSwift' in project 'SDGSwift'
➜ Explicit dependency on target 'SDGSwiftLocalizations' in project 'SDGSwift'
➜ Explicit dependency on target 'SDGLocalization-product' in project 'SDGCornerstone'
➜ Explicit dependency on target 'SDGControlFlow-product' in project 'SDGCornerstone'
➜ Explicit dependency on target 'SDGLogic-product' in project 'SDGCornerstone'
➜ Explicit dependency on target 'SDGMathematics-product' in project 'SDGCornerstone'
➜ Explicit dependency on target 'SDGCollections-product' in project 'SDGCornerstone'
➜ Explicit dependency on target 'SDGText-product' in project 'SDGCornerstone'
➜ Explicit dependency on target 'SDGExternalProcess-product' in project 'SDGCornerstone'
➜ Explicit dependency on target 'SDGVersioning-product' in project 'SDGCornerstone'
Target 'SDGSwift' in project 'SDGSwift'
➜ Explicit dependency on target 'SDGSwiftLocalizations' in project 'SDGSwift'
➜ Explicit dependency on target 'SDGLocalization-product' in project 'SDGCornerstone'
➜ Explicit dependency on target 'SDGControlFlow-product' in project 'SDGCornerstone'
➜ Explicit dependency on target 'SDGLogic-product' in project 'SDGCornerstone'
➜ Explicit dependency on target 'SDGMathematics-product' in project 'SDGCornerstone'
➜ Explicit dependency on target 'SDGCollections-product' in project 'SDGCornerstone'
➜ Explicit dependency on target 'SDGText-product' in project 'SDGCornerstone'
➜ Explicit dependency on target 'SDGExternalProcess-product' in project 'SDGCornerstone'
➜ Explicit dependency on target 'SDGVersioning-product' in project 'SDGCornerstone'
Target 'SDGSwiftLocalizations' in project 'SDGSwift'
➜ Explicit dependency on target 'SDGLocalization-product' in project 'SDGCornerstone'
Target 'SDGVersioning-product' in project 'SDGCornerstone'
➜ Explicit dependency on target 'SDGVersioning' in project 'SDGCornerstone'
➜ Explicit dependency on target 'SDGControlFlow' in project 'SDGCornerstone'
➜ Explicit dependency on target 'SDGLogic' in project 'SDGCornerstone'
➜ Explicit dependency on target 'SDGMathematics' in project 'SDGCornerstone'
➜ Explicit dependency on target 'SDGCollections' in project 'SDGCornerstone'
➜ Explicit dependency on target 'SDGText' in project 'SDGCornerstone'
➜ Explicit dependency on target 'SDGPersistence' in project 'SDGCornerstone'
➜ Explicit dependency on target 'SDGLocalization' in project 'SDGCornerstone'
➜ Explicit dependency on target 'SDGCornerstoneLocalizations' in project 'SDGCornerstone'
➜ Explicit dependency on target 'RealModule-product' in project 'swift-numerics'
➜ Explicit dependency on target 'OrderedCollections-product' in project 'swift-collections'
Target 'SDGVersioning' in project 'SDGCornerstone'
➜ Explicit dependency on target 'SDGControlFlow' in project 'SDGCornerstone'
➜ Explicit dependency on target 'SDGLogic' in project 'SDGCornerstone'
➜ Explicit dependency on target 'SDGMathematics' in project 'SDGCornerstone'
➜ Explicit dependency on target 'SDGCollections' in project 'SDGCornerstone'
➜ Explicit dependency on target 'SDGText' in project 'SDGCornerstone'
➜ Explicit dependency on target 'SDGPersistence' in project 'SDGCornerstone'
➜ Explicit dependency on target 'SDGLocalization' in project 'SDGCornerstone'
➜ Explicit dependency on target 'SDGCornerstoneLocalizations' in project 'SDGCornerstone'
➜ Explicit dependency on target 'RealModule-product' in project 'swift-numerics'
➜ Explicit dependency on target 'OrderedCollections-product' in project 'swift-collections'
Target 'SDGCornerstoneLocalizations' in project 'SDGCornerstone'
➜ Explicit dependency on target 'SDGControlFlow' in project 'SDGCornerstone'
➜ Explicit dependency on target 'SDGLogic' in project 'SDGCornerstone'
➜ Explicit dependency on target 'SDGMathematics' in project 'SDGCornerstone'
➜ Explicit dependency on target 'SDGCollections' in project 'SDGCornerstone'
➜ Explicit dependency on target 'SDGText' in project 'SDGCornerstone'
➜ Explicit dependency on target 'SDGPersistence' in project 'SDGCornerstone'
➜ Explicit dependency on target 'SDGLocalization' in project 'SDGCornerstone'
➜ Explicit dependency on target 'RealModule-product' in project 'swift-numerics'
➜ Explicit dependency on target 'OrderedCollections-product' in project 'swift-collections'
Target 'SDGExternalProcess-product' in project 'SDGCornerstone'
➜ Explicit dependency on target 'SDGExternalProcess' in project 'SDGCornerstone'
➜ Explicit dependency on target 'SDGControlFlow' in project 'SDGCornerstone'
➜ Explicit dependency on target 'SDGLogic' in project 'SDGCornerstone'
➜ Explicit dependency on target 'SDGMathematics' in project 'SDGCornerstone'
➜ Explicit dependency on target 'SDGCollections' in project 'SDGCornerstone'
➜ Explicit dependency on target 'SDGText' in project 'SDGCornerstone'
➜ Explicit dependency on target 'SDGPersistence' in project 'SDGCornerstone'
➜ Explicit dependency on target 'SDGLocalization' in project 'SDGCornerstone'
➜ Explicit dependency on target 'RealModule-product' in project 'swift-numerics'
➜ Explicit dependency on target 'OrderedCollections-product' in project 'swift-collections'
Target 'SDGExternalProcess' in project 'SDGCornerstone'
➜ Explicit dependency on target 'SDGControlFlow' in project 'SDGCornerstone'
➜ Explicit dependency on target 'SDGLogic' in project 'SDGCornerstone'
➜ Explicit dependency on target 'SDGMathematics' in project 'SDGCornerstone'
➜ Explicit dependency on target 'SDGCollections' in project 'SDGCornerstone'
➜ Explicit dependency on target 'SDGText' in project 'SDGCornerstone'
➜ Explicit dependency on target 'SDGPersistence' in project 'SDGCornerstone'
➜ Explicit dependency on target 'SDGLocalization' in project 'SDGCornerstone'
➜ Explicit dependency on target 'RealModule-product' in project 'swift-numerics'
➜ Explicit dependency on target 'OrderedCollections-product' in project 'swift-collections'
Target 'SDGPersistence-product' in project 'SDGCornerstone'
➜ Explicit dependency on target 'SDGPersistence' in project 'SDGCornerstone'
➜ Explicit dependency on target 'SDGControlFlow' in project 'SDGCornerstone'
➜ Explicit dependency on target 'SDGLogic' in project 'SDGCornerstone'
➜ Explicit dependency on target 'SDGMathematics' in project 'SDGCornerstone'
➜ Explicit dependency on target 'SDGCollections' in project 'SDGCornerstone'
➜ Explicit dependency on target 'SDGText' in project 'SDGCornerstone'
➜ Explicit dependency on target 'RealModule-product' in project 'swift-numerics'
➜ Explicit dependency on target 'OrderedCollections-product' in project 'swift-collections'
Target 'SDGText-product' in project 'SDGCornerstone'
➜ Explicit dependency on target 'SDGText' in project 'SDGCornerstone'
➜ Explicit dependency on target 'SDGControlFlow' in project 'SDGCornerstone'
➜ Explicit dependency on target 'SDGLogic' in project 'SDGCornerstone'
➜ Explicit dependency on target 'SDGMathematics' in project 'SDGCornerstone'
➜ Explicit dependency on target 'SDGCollections' in project 'SDGCornerstone'
➜ Explicit dependency on target 'RealModule-product' in project 'swift-numerics'
➜ Explicit dependency on target 'OrderedCollections-product' in project 'swift-collections'
Target 'SDGCollections-product' in project 'SDGCornerstone'
➜ Explicit dependency on target 'SDGCollections' in project 'SDGCornerstone'
➜ Explicit dependency on target 'SDGControlFlow' in project 'SDGCornerstone'
➜ Explicit dependency on target 'SDGLogic' in project 'SDGCornerstone'
➜ Explicit dependency on target 'SDGMathematics' in project 'SDGCornerstone'
➜ Explicit dependency on target 'RealModule-product' in project 'swift-numerics'
➜ Explicit dependency on target 'OrderedCollections-product' in project 'swift-collections'
Target 'SDGMathematics-product' in project 'SDGCornerstone'
➜ Explicit dependency on target 'SDGMathematics' in project 'SDGCornerstone'
➜ Explicit dependency on target 'SDGControlFlow' in project 'SDGCornerstone'
➜ Explicit dependency on target 'SDGLogic' in project 'SDGCornerstone'
➜ Explicit dependency on target 'RealModule-product' in project 'swift-numerics'
Target 'SDGLogic-product' in project 'SDGCornerstone'
➜ Explicit dependency on target 'SDGLogic' in project 'SDGCornerstone'
Target 'SDGControlFlow-product' in project 'SDGCornerstone'
➜ Explicit dependency on target 'SDGControlFlow' in project 'SDGCornerstone'
Target 'SDGCommandLineLocalizations' in project 'SDGCommandLine'
➜ Explicit dependency on target 'SDGLocalization-product' in project 'SDGCornerstone'
Target 'SDGLocalization-product' in project 'SDGCornerstone'
➜ Explicit dependency on target 'SDGLocalization' in project 'SDGCornerstone'
➜ Explicit dependency on target 'SDGControlFlow' in project 'SDGCornerstone'
➜ Explicit dependency on target 'SDGLogic' in project 'SDGCornerstone'
➜ Explicit dependency on target 'SDGMathematics' in project 'SDGCornerstone'
➜ Explicit dependency on target 'SDGCollections' in project 'SDGCornerstone'
➜ Explicit dependency on target 'SDGText' in project 'SDGCornerstone'
➜ Explicit dependency on target 'SDGPersistence' in project 'SDGCornerstone'
➜ Explicit dependency on target 'RealModule-product' in project 'swift-numerics'
➜ Explicit dependency on target 'OrderedCollections-product' in project 'swift-collections'
Target 'SDGLocalization' in project 'SDGCornerstone'
➜ Explicit dependency on target 'SDGControlFlow' in project 'SDGCornerstone'
➜ Explicit dependency on target 'SDGLogic' in project 'SDGCornerstone'
➜ Explicit dependency on target 'SDGMathematics' in project 'SDGCornerstone'
➜ Explicit dependency on target 'SDGCollections' in project 'SDGCornerstone'
➜ Explicit dependency on target 'SDGText' in project 'SDGCornerstone'
➜ Explicit dependency on target 'SDGPersistence' in project 'SDGCornerstone'
➜ Explicit dependency on target 'RealModule-product' in project 'swift-numerics'
➜ Explicit dependency on target 'OrderedCollections-product' in project 'swift-collections'
Target 'SDGPersistence' in project 'SDGCornerstone'
➜ Explicit dependency on target 'SDGControlFlow' in project 'SDGCornerstone'
➜ Explicit dependency on target 'SDGLogic' in project 'SDGCornerstone'
➜ Explicit dependency on target 'SDGMathematics' in project 'SDGCornerstone'
➜ Explicit dependency on target 'SDGCollections' in project 'SDGCornerstone'
➜ Explicit dependency on target 'SDGText' in project 'SDGCornerstone'
➜ Explicit dependency on target 'RealModule-product' in project 'swift-numerics'
➜ Explicit dependency on target 'OrderedCollections-product' in project 'swift-collections'
Target 'SDGText' in project 'SDGCornerstone'
➜ Explicit dependency on target 'SDGControlFlow' in project 'SDGCornerstone'
➜ Explicit dependency on target 'SDGLogic' in project 'SDGCornerstone'
➜ Explicit dependency on target 'SDGMathematics' in project 'SDGCornerstone'
➜ Explicit dependency on target 'SDGCollections' in project 'SDGCornerstone'
➜ Explicit dependency on target 'RealModule-product' in project 'swift-numerics'
➜ Explicit dependency on target 'OrderedCollections-product' in project 'swift-collections'
Target 'SDGCollections' in project 'SDGCornerstone'
➜ Explicit dependency on target 'SDGControlFlow' in project 'SDGCornerstone'
➜ Explicit dependency on target 'SDGLogic' in project 'SDGCornerstone'
➜ Explicit dependency on target 'SDGMathematics' in project 'SDGCornerstone'
➜ Explicit dependency on target 'RealModule-product' in project 'swift-numerics'
➜ Explicit dependency on target 'OrderedCollections-product' in project 'swift-collections'
Target 'OrderedCollections-product' in project 'swift-collections'
➜ Explicit dependency on target 'OrderedCollections' in project 'swift-collections'
➜ Explicit dependency on target 'InternalCollectionsUtilities' in project 'swift-collections'
Target 'OrderedCollections' in project 'swift-collections'
➜ Explicit dependency on target 'InternalCollectionsUtilities' in project 'swift-collections'
Target 'InternalCollectionsUtilities' in project 'swift-collections' (no dependencies)
Target 'SDGMathematics' in project 'SDGCornerstone'
➜ Explicit dependency on target 'SDGControlFlow' in project 'SDGCornerstone'
➜ Explicit dependency on target 'SDGLogic' in project 'SDGCornerstone'
➜ Explicit dependency on target 'RealModule-product' in project 'swift-numerics'
Target 'RealModule-product' in project 'swift-numerics'
➜ Explicit dependency on target 'RealModule' in project 'swift-numerics'
➜ Explicit dependency on target '_NumericsShims' in project 'swift-numerics'
Target 'RealModule' in project 'swift-numerics'
➜ Explicit dependency on target '_NumericsShims' in project 'swift-numerics'
Target '_NumericsShims' in project 'swift-numerics' (no dependencies)
Target 'SDGLogic' in project 'SDGCornerstone' (no dependencies)
Target 'SDGControlFlow' in project 'SDGCornerstone' (no dependencies)
GatherProvisioningInputs
CreateBuildDescription
ClangStatCache /Applications/Xcode-27.0.0-Release.Candidate.app/Contents/Developer/Toolchains/XcodeDefault.xctoolchain/usr/bin/clang-stat-cache /Applications/Xcode-27.0.0-Release.Candidate.app/Contents/Developer/Platforms/XROS.platform/Developer/SDKs/XROS27.0.sdk /Users/admin/builder/spi-builder-workspace/.derivedData/SDKStatCaches.noindex/xros27.0-24M361-e829b21a6f8c9b70876ba0858053c044735bd543db762f57723cac368afd1ce4.sdkstatcache
cd /Users/admin/builder/spi-builder-workspace/.swiftpm/xcode
/Applications/Xcode-27.0.0-Release.Candidate.app/Contents/Developer/Toolchains/XcodeDefault.xctoolchain/usr/bin/clang-stat-cache /Applications/Xcode-27.0.0-Release.Candidate.app/Contents/Developer/Platforms/XROS.platform/Developer/SDKs/XROS27.0.sdk -o /Users/admin/builder/spi-builder-workspace/.derivedData/SDKStatCaches.noindex/xros27.0-24M361-e829b21a6f8c9b70876ba0858053c044735bd543db762f57723cac368afd1ce4.sdkstatcache
SwiftDriver SDGMathematics normal arm64 com.apple.xcode.tools.swift.compiler (in target 'SDGMathematics' from project 'SDGCornerstone')
cd /Users/admin/builder/spi-builder-workspace/.swiftpm/xcode
builtin-SwiftDriver -- /Applications/Xcode-27.0.0-Release.Candidate.app/Contents/Developer/Toolchains/XcodeDefault.xctoolchain/usr/bin/swiftc -parse-as-library -module-name SDGMathematics -Onone @/Users/admin/builder/spi-builder-workspace/.derivedData/Build/Intermediates.noindex/SDGCornerstone.build/Debug-xros/SDGMathematics-t.build/Objects-normal/arm64/SDGMathematics.SwiftFileList -DSWIFT_PACKAGE -DDEBUG -DSWIFT_MODULE_RESOURCE_BUNDLE_UNAVAILABLE -Xcc -fmodule-map-file\=/Users/admin/builder/spi-builder-workspace/.dependencies/checkouts/swift-numerics/Sources/_NumericsShims/include/module.modulemap -DXcode -plugin-path /Applications/Xcode-27.0.0-Release.Candidate.app/Contents/Developer/Toolchains/XcodeDefault.xctoolchain/usr/lib/swift/host/plugins/testing -enable-experimental-feature DebugDescriptionMacro -sdk /Applications/Xcode-27.0.0-Release.Candidate.app/Contents/Developer/Platforms/XROS.platform/Developer/SDKs/XROS27.0.sdk -target arm64-apple-xros1.0 -g -module-cache-path /Users/admin/builder/spi-builder-workspace/.derivedData/ModuleCache.noindex -Xfrontend -serialize-debugging-options -profile-coverage-mapping -profile-generate -enable-testing -suppress-warnings -index-store-path /Users/admin/builder/spi-builder-workspace/.derivedData/Index.noindex/DataStore -Xcc -D_LIBCPP_HARDENING_MODE\=_LIBCPP_HARDENING_MODE_DEBUG -swift-version 5 -I /Users/admin/builder/spi-builder-workspace/.derivedData/Build/Products/Debug-xros -Isystem /Applications/Xcode-27.0.0-Release.Candidate.app/Contents/Developer/Platforms/XROS.platform/Developer/usr/lib -F /Users/admin/builder/spi-builder-workspace/.derivedData/Build/Products/Debug-xros/PackageFrameworks -F /Users/admin/builder/spi-builder-workspace/.derivedData/Build/Products/Debug-xros -F /Applications/Xcode-27.0.0-Release.Candidate.app/Contents/Developer/Platforms/XROS.platform/Developer/Library/Frameworks -F /Applications/Xcode-27.0.0-Release.Candidate.app/Contents/Developer/Platforms/XROS.platform/Developer/SDKs/XROS27.0.sdk/Developer/Library/Frameworks -c -j10 -enable-batch-mode -incremental -Xcc -ivfsstatcache -Xcc /Users/admin/builder/spi-builder-workspace/.derivedData/SDKStatCaches.noindex/xros27.0-24M361-e829b21a6f8c9b70876ba0858053c044735bd543db762f57723cac368afd1ce4.sdkstatcache -output-file-map /Users/admin/builder/spi-builder-workspace/.derivedData/Build/Intermediates.noindex/SDGCornerstone.build/Debug-xros/SDGMathematics-t.build/Objects-normal/arm64/SDGMathematics-OutputFileMap.json -save-temps -no-color-diagnostics -explicit-module-build -module-cache-path /Users/admin/builder/spi-builder-workspace/.derivedData/Build/Intermediates.noindex/SwiftExplicitPrecompiledModules -clang-scanner-module-cache-path /Users/admin/builder/spi-builder-workspace/.derivedData/ModuleCache.noindex -sdk-module-cache-path /Users/admin/builder/spi-builder-workspace/.derivedData/SDKExplicitPrecompiledModules -emit-dependencies -emit-module -emit-module-path /Users/admin/builder/spi-builder-workspace/.derivedData/Build/Intermediates.noindex/SDGCornerstone.build/Debug-xros/SDGMathematics-t.build/Objects-normal/arm64/SDGMathematics.swiftmodule -serialize-diagnostics -dependency-scan-serialize-diagnostics-path /Users/admin/builder/spi-builder-workspace/.derivedData/Build/Intermediates.noindex/SDGCornerstone.build/Debug-xros/SDGMathematics-t.build/Objects-normal/arm64/SDGMathematics-dependency-scan.dia -validate-clang-modules-once -clang-build-session-file /Users/admin/builder/spi-builder-workspace/.derivedData/ModuleCache.noindex/Session.modulevalidation -Xcc -fmodules-prune-interval\=86400 -Xcc -fmodules-prune-after\=345600 -emit-const-values -const-gather-protocols-list /Users/admin/builder/spi-builder-workspace/.derivedData/Build/Intermediates.noindex/SDGCornerstone.build/Debug-xros/SDGMathematics-t.build/Objects-normal/arm64/SDGMathematics_const_extract_protocols.json -Xcc -I/Users/admin/builder/spi-builder-workspace/.dependencies/checkouts/swift-numerics/Sources/_NumericsShims/include -Xcc -I/Users/admin/builder/spi-builder-workspace/.derivedData/Build/Products/Debug-xros/include -Xcc -I/Users/admin/builder/spi-builder-workspace/.derivedData/Build/Intermediates.noindex/SDGCornerstone.build/Debug-xros/SDGMathematics-t.build/DerivedSources-normal/arm64 -Xcc -I/Users/admin/builder/spi-builder-workspace/.derivedData/Build/Intermediates.noindex/SDGCornerstone.build/Debug-xros/SDGMathematics-t.build/DerivedSources/arm64 -Xcc -I/Users/admin/builder/spi-builder-workspace/.derivedData/Build/Intermediates.noindex/SDGCornerstone.build/Debug-xros/SDGMathematics-t.build/DerivedSources -Xcc -DSWIFT_PACKAGE -Xcc -DDEBUG\=1 -emit-objc-header -emit-objc-header-path /Users/admin/builder/spi-builder-workspace/.derivedData/Build/Intermediates.noindex/SDGCornerstone.build/Debug-xros/SDGMathematics-t.build/Objects-normal/arm64/SDGMathematics-Swift.h -working-directory /Users/admin/builder/spi-builder-workspace/.swiftpm/xcode -experimental-emit-module-separately -disable-cmo
SwiftCompile normal arm64 Compiling\ Int.swift /Users/admin/builder/spi-builder-workspace/.dependencies/checkouts/SDGCornerstone/Sources/SDGMathematics/Int.swift (in target 'SDGMathematics' from project 'SDGCornerstone')
SwiftCompile normal arm64 /Users/admin/builder/spi-builder-workspace/.dependencies/checkouts/SDGCornerstone/Sources/SDGMathematics/Int.swift (in target 'SDGMathematics' from project 'SDGCornerstone')
cd /Users/admin/builder/spi-builder-workspace/.swiftpm/xcode
builtin-SwiftPerFileCompile Int.swift
SwiftEmitModule normal arm64 Emitting\ module\ for\ SDGMathematics (in target 'SDGMathematics' from project 'SDGCornerstone')
/Users/admin/builder/spi-builder-workspace/.dependencies/checkouts/SDGCornerstone/Sources/SDGMathematics/Float.swift:29:31: error: 'Float80' is unavailable: Float80 is not available on target platform.
27 | // @documentation(FloatMax)
28 | /// The member of the `Float` family with the largest bit field.
29 | public typealias FloatMax = Float80
| `- error: 'Float80' is unavailable: Float80 is not available on target platform.
30 | #endif
31 |
Swift.Float80:2:23: note: 'Float80' has been explicitly marked unavailable here
1 | @available(*, unavailable, message: "Float80 is not available on target platform.")
2 | @frozen public struct Float80 {
| `- note: 'Float80' has been explicitly marked unavailable here
3 | public init()
4 | }
/Users/admin/builder/spi-builder-workspace/.dependencies/checkouts/SDGCornerstone/Sources/SDGMathematics/Float.swift:339:22: error: type alias 'Vector' references itself
320 |
321 | #if !(PLATFORM_LACKS_SWIFT_FLOAT_80 || ((os(macOS) || os(Linux)) && arch(arm64)))
322 | extension Float80: Decodable, Encodable, FloatFamily {
| `- note: through reference here
323 |
324 | // MARK: - Decodable
:
337 | // MARK: - PointProtocol
338 |
339 | public typealias Vector = Stride
| | `- note: while resolving type 'Stride'
| `- error: type alias 'Vector' references itself
340 |
341 | // MARK: - RealArithmetic
/Users/admin/builder/spi-builder-workspace/.dependencies/checkouts/SDGCornerstone/Sources/SDGMathematics/Float.swift:339:22: error: type alias 'Vector' references itself
320 |
321 | #if !(PLATFORM_LACKS_SWIFT_FLOAT_80 || ((os(macOS) || os(Linux)) && arch(arm64)))
322 | extension Float80: Decodable, Encodable, FloatFamily {
| `- note: through reference here
323 |
324 | // MARK: - Decodable
:
337 | // MARK: - PointProtocol
338 |
339 | public typealias Vector = Stride
| | `- note: while resolving type 'Stride'
| `- error: type alias 'Vector' references itself
340 |
341 | // MARK: - RealArithmetic
/Users/admin/builder/spi-builder-workspace/.dependencies/checkouts/SDGCornerstone/Sources/SDGMathematics/Float.swift:343:26: error: 'Float80' is unavailable: Float80 is not available on target platform.
341 | // MARK: - RealArithmetic
342 |
343 | public static let e: Float80 = 0x1.5BF0A8B145769535p1
| `- error: 'Float80' is unavailable: Float80 is not available on target platform.
344 |
345 | @inlinable public static func log(_ antilogarithm: Self) -> Self {
Swift.Float80:2:23: note: 'Float80' has been explicitly marked unavailable here
1 | @available(*, unavailable, message: "Float80 is not available on target platform.")
2 | @frozen public struct Float80 {
| `- note: 'Float80' has been explicitly marked unavailable here
3 | public init()
4 | }
/Users/admin/builder/spi-builder-workspace/.dependencies/checkouts/SDGCornerstone/Sources/SDGMathematics/Float.swift:322:3: error: extension outside of file declaring struct 'Float80' prevents automatic synthesis of 'hash(into:)' for protocol 'Hashable'
320 |
321 | #if !(PLATFORM_LACKS_SWIFT_FLOAT_80 || ((os(macOS) || os(Linux)) && arch(arm64)))
322 | extension Float80: Decodable, Encodable, FloatFamily {
| |- error: extension outside of file declaring struct 'Float80' prevents automatic synthesis of 'hash(into:)' for protocol 'Hashable'
| `- note: add stubs for conformance
323 |
324 | // MARK: - Decodable
Swift.Float80:2:23: note: type declared here
1 | @available(*, unavailable, message: "Float80 is not available on target platform.")
2 | @frozen public struct Float80 {
| `- note: type declared here
3 | public init()
4 | }
/Users/admin/builder/spi-builder-workspace/.dependencies/checkouts/SDGCornerstone/Sources/SDGMathematics/Float.swift:322:3: error: type 'Float80' does not conform to protocol 'BinaryFloatingPoint'
320 |
321 | #if !(PLATFORM_LACKS_SWIFT_FLOAT_80 || ((os(macOS) || os(Linux)) && arch(arm64)))
322 | extension Float80: Decodable, Encodable, FloatFamily {
| `- error: type 'Float80' does not conform to protocol 'BinaryFloatingPoint'
323 |
324 | // MARK: - Decodable
/Users/admin/builder/spi-builder-workspace/.dependencies/checkouts/SDGCornerstone/Sources/SDGMathematics/Float.swift:322:3: error: type 'Float80' does not conform to protocol 'CustomDebugStringConvertible'
320 |
321 | #if !(PLATFORM_LACKS_SWIFT_FLOAT_80 || ((os(macOS) || os(Linux)) && arch(arm64)))
322 | extension Float80: Decodable, Encodable, FloatFamily {
| `- error: type 'Float80' does not conform to protocol 'CustomDebugStringConvertible'
323 |
324 | // MARK: - Decodable
/Users/admin/builder/spi-builder-workspace/.dependencies/checkouts/SDGCornerstone/Sources/SDGMathematics/Float.swift:322:3: error: type 'Float80' does not conform to protocol 'LosslessStringConvertible'
320 |
321 | #if !(PLATFORM_LACKS_SWIFT_FLOAT_80 || ((os(macOS) || os(Linux)) && arch(arm64)))
322 | extension Float80: Decodable, Encodable, FloatFamily {
| `- error: type 'Float80' does not conform to protocol 'LosslessStringConvertible'
323 |
324 | // MARK: - Decodable
/Users/admin/builder/spi-builder-workspace/.dependencies/checkouts/SDGCornerstone/Sources/SDGMathematics/Numeric Protocols/WholeArithmetic.swift:226:21: note: candidate would match if 'String' conformed to 'UIntFamily'
224 | /// - Parameters:
225 | /// - uInt: The unsigned integer.
226 | @inlinable public init<U: UIntFamily>(_ uInt: U) {
| `- note: candidate would match if 'String' conformed to 'UIntFamily'
227 | self.init(UIntMax(uInt))
228 | }
/Users/admin/builder/spi-builder-workspace/.dependencies/checkouts/SDGCornerstone/Sources/SDGMathematics/Numeric Protocols/IntegralArithmetic.swift:33:21: note: candidate would match if 'String' conformed to 'IntFamily'
31 | /// - Parameters:
32 | /// - int: An instance of a member of the `Int` family.
33 | @inlinable public init<I: IntFamily>(_ int: I) {
| `- note: candidate would match if 'String' conformed to 'IntFamily'
34 | self.init(IntMax(int))
35 | }
Swift.BinaryFloatingPoint.init:2:19: note: candidate would match if 'String' conformed to 'BinaryFloatingPoint'
1 | protocol BinaryFloatingPoint {
2 | @inlinable public init<Source>(_ value: Source) where Source : BinaryFloatingPoint}
| `- note: candidate would match if 'String' conformed to 'BinaryFloatingPoint'
3 |
Swift.BinaryFloatingPoint.init:2:19: note: candidate would match if 'Float80.RawSignificand' conformed to 'FixedWidthInteger'
1 | protocol BinaryFloatingPoint {
2 | @inlinable public init<Source>(_ value: Source) where Source : BinaryInteger}
| `- note: candidate would match if 'Float80.RawSignificand' conformed to 'FixedWidthInteger'
3 |
/Users/admin/builder/spi-builder-workspace/.dependencies/checkouts/SDGCornerstone/Sources/SDGMathematics/Float.swift:322:3: error: type 'Float80' does not conform to protocol 'ExpressibleByFloatLiteral'
320 |
321 | #if !(PLATFORM_LACKS_SWIFT_FLOAT_80 || ((os(macOS) || os(Linux)) && arch(arm64)))
322 | extension Float80: Decodable, Encodable, FloatFamily {
| `- error: type 'Float80' does not conform to protocol 'ExpressibleByFloatLiteral'
323 |
324 | // MARK: - Decodable
Swift.ExpressibleByFloatLiteral.FloatLiteralType:2:16: note: unable to infer associated type 'FloatLiteralType' for protocol 'ExpressibleByFloatLiteral'
1 | protocol ExpressibleByFloatLiteral {
2 | associatedtype FloatLiteralType : _ExpressibleByBuiltinFloatLiteral}
| `- note: unable to infer associated type 'FloatLiteralType' for protocol 'ExpressibleByFloatLiteral'
3 |
/Users/admin/builder/spi-builder-workspace/.dependencies/checkouts/SDGCornerstone/Sources/SDGMathematics/Numeric Protocols/RationalArithmetic.swift:125:21: note: candidate would match and infer 'FloatLiteralType' = 'FloatMax' (aka 'Float80') if 'FloatMax' (aka 'Float80') conformed to '_ExpressibleByBuiltinFloatLiteral'
123 | // MARK: - ExpressibleByFloatLiteral
124 |
125 | @inlinable public init(floatLiteral: FloatMax) {
| `- note: candidate would match and infer 'FloatLiteralType' = 'FloatMax' (aka 'Float80') if 'FloatMax' (aka 'Float80') conformed to '_ExpressibleByBuiltinFloatLiteral'
126 | self.init(floatLiteral)
127 | }
/Users/admin/builder/spi-builder-workspace/.dependencies/checkouts/SDGCornerstone/Sources/SDGMathematics/Float.swift:322:3: error: instance method 'formRemainder(mod:)' has different argument labels from those required by protocol 'FloatingPoint' ('formRemainder(dividingBy:)')
320 |
321 | #if !(PLATFORM_LACKS_SWIFT_FLOAT_80 || ((os(macOS) || os(Linux)) && arch(arm64)))
322 | extension Float80: Decodable, Encodable, FloatFamily {
| `- error: instance method 'formRemainder(mod:)' has different argument labels from those required by protocol 'FloatingPoint' ('formRemainder(dividingBy:)')
323 |
324 | // MARK: - Decodable
/Users/admin/builder/spi-builder-workspace/.dependencies/checkouts/SDGCornerstone/Sources/SDGMathematics/Numeric Protocols/WholeArithmetic.swift:242:35: note: 'formRemainder(mod:)' declared here
240 | }
241 |
242 | @inlinable public mutating func formRemainder(mod divisor: Self) {
| `- note: 'formRemainder(mod:)' declared here
243 | self −= dividedAccordingToEuclid(by: divisor) × divisor
244 | }
Swift.FloatingPoint.formRemainder:2:15: note: requirement 'formRemainder(dividingBy:)' declared here
1 | protocol FloatingPoint {
2 | mutating func formRemainder(dividingBy other: Self)}
| `- note: requirement 'formRemainder(dividingBy:)' declared here
3 |
/Users/admin/builder/spi-builder-workspace/.dependencies/checkouts/SDGCornerstone/Sources/SDGMathematics/Float.swift:322:3: error: type 'Float80' does not conform to protocol 'FloatingPoint'
320 |
321 | #if !(PLATFORM_LACKS_SWIFT_FLOAT_80 || ((os(macOS) || os(Linux)) && arch(arm64)))
322 | extension Float80: Decodable, Encodable, FloatFamily {
| `- error: type 'Float80' does not conform to protocol 'FloatingPoint'
323 |
324 | // MARK: - Decodable
/Users/admin/builder/spi-builder-workspace/.dependencies/checkouts/SDGCornerstone/Sources/SDGMathematics/Float.swift:322:3: error: type 'Float80' does not conform to protocol 'CustomStringConvertible'
320 |
321 | #if !(PLATFORM_LACKS_SWIFT_FLOAT_80 || ((os(macOS) || os(Linux)) && arch(arm64)))
322 | extension Float80: Decodable, Encodable, FloatFamily {
| `- error: type 'Float80' does not conform to protocol 'CustomStringConvertible'
323 |
324 | // MARK: - Decodable
/Users/admin/builder/spi-builder-workspace/.dependencies/checkouts/SDGCornerstone/Sources/SDGMathematics/Float.swift:322:3: error: type 'Float80' does not conform to protocol 'RealArithmetic'
167 | }
168 |
169 | @inlinable public static func sin(_ angle: Angle<Self>) -> Self {
| `- note: candidate would match if 'Float80' conformed to 'ElementaryFunctions'
170 | return Self.sin(angle.inRadians)
171 | }
:
183 | }
184 |
185 | @inlinable public static func arctan(_ tangent: Self) -> Angle<Self> {
| `- note: candidate would match if 'Float80' conformed to 'ElementaryFunctions'
186 | return Self.atan(tangent).radians
187 | }
:
320 |
321 | #if !(PLATFORM_LACKS_SWIFT_FLOAT_80 || ((os(macOS) || os(Linux)) && arch(arm64)))
322 | extension Float80: Decodable, Encodable, FloatFamily {
| `- error: type 'Float80' does not conform to protocol 'RealArithmetic'
323 |
324 | // MARK: - Decodable
/Users/admin/builder/spi-builder-workspace/.dependencies/checkouts/SDGCornerstone/Sources/SDGMathematics/Float.swift:322:3: error: type 'Float80' does not conform to protocol 'Strideable'
320 |
321 | #if !(PLATFORM_LACKS_SWIFT_FLOAT_80 || ((os(macOS) || os(Linux)) && arch(arm64)))
322 | extension Float80: Decodable, Encodable, FloatFamily {
| `- error: type 'Float80' does not conform to protocol 'Strideable'
323 |
324 | // MARK: - Decodable
Swift.Strideable.Stride:2:16: note: ambiguous inference of associated type 'Stride': 'Self' vs. 'Self.Vector'
1 | protocol Strideable {
2 | associatedtype Stride : Comparable, SignedNumeric}
| `- note: ambiguous inference of associated type 'Stride': 'Self' vs. 'Self.Vector'
3 |
Swift.Strideable._step:2:31: note: matching requirement '_step(after:from:by:)' to this declaration inferred associated type to 'Self'
1 | protocol Strideable {
2 | @inlinable public static func _step(after current: (index: Int?, value: Self), from start: Self, by distance: Self.Stride) -> (index: Int?, value: Self)}
| `- note: matching requirement '_step(after:from:by:)' to this declaration inferred associated type to 'Self'
3 |
/Users/admin/builder/spi-builder-workspace/.dependencies/checkouts/SDGCornerstone/Sources/SDGMathematics/Numeric Protocols/OneDimensionalPoint.swift:59:26: note: matching requirement 'distance(to:)' to this declaration inferred associated type to 'Self.Vector'
57 | /// - Parameters:
58 | /// - other: The value to which the distance should be measured.
59 | @inlinable public func distance(to other: Self) -> Vector {
| `- note: matching requirement 'distance(to:)' to this declaration inferred associated type to 'Self.Vector'
60 | return other − self
61 | }
/Users/admin/builder/spi-builder-workspace/.dependencies/checkouts/SDGCornerstone/Sources/SDGMathematics/Float.swift:322:3: error: type 'Float80' does not conform to protocol 'Numeric'
320 |
321 | #if !(PLATFORM_LACKS_SWIFT_FLOAT_80 || ((os(macOS) || os(Linux)) && arch(arm64)))
322 | extension Float80: Decodable, Encodable, FloatFamily {
| `- error: type 'Float80' does not conform to protocol 'Numeric'
323 |
324 | // MARK: - Decodable
Swift.BinaryFloatingPoint.init:2:19: note: candidate has non-matching type '(exactly: Source)' [with Magnitude = Float80]
1 | protocol BinaryFloatingPoint {
2 | @inlinable public init?<Source>(exactly value: Source) where Source : BinaryFloatingPoint}
| `- note: candidate has non-matching type '(exactly: Source)' [with Magnitude = Float80]
3 |
Swift.BinaryFloatingPoint.init:2:19: note: candidate would match if 'Float80.RawSignificand' conformed to 'FixedWidthInteger'
1 | protocol BinaryFloatingPoint {
2 | @inlinable public init?<Source>(exactly value: Source) where Source : BinaryInteger}
| `- note: candidate would match if 'Float80.RawSignificand' conformed to 'FixedWidthInteger'
3 |
/Users/admin/builder/spi-builder-workspace/.dependencies/checkouts/SDGCornerstone/Sources/SDGMathematics/Float.swift:322:3: error: type 'Float80' does not conform to protocol 'WholeArithmetic'
320 |
321 | #if !(PLATFORM_LACKS_SWIFT_FLOAT_80 || ((os(macOS) || os(Linux)) && arch(arm64)))
322 | extension Float80: Decodable, Encodable, FloatFamily {
| `- error: type 'Float80' does not conform to protocol 'WholeArithmetic'
323 |
324 | // MARK: - Decodable
/Users/admin/builder/spi-builder-workspace/.dependencies/checkouts/SDGCornerstone/Sources/SDGMathematics/Numeric Protocols/RationalArithmetic.swift:101:33: note: candidate has non-matching type '<Self, R> (in: Range<Self>, using: inout R) -> Self'
99 | /// - range: The allowed range for the random value.
100 | /// - generator: The randomizer to use to generate the random value.
101 | @inlinable public static func random<R>(in range: Range<Self>, using generator: inout R) -> Self
| `- note: candidate has non-matching type '<Self, R> (in: Range<Self>, using: inout R) -> Self'
102 | where R: RandomNumberGenerator {
103 |
:
159 | /// - range: The allowed range for the random value.
160 | /// - generator: The randomizer to use to generate the random value.
161 | @inlinable public static func random<R>(in range: Range<Self>, using generator: inout R) -> Self
| `- note: candidate has non-matching type '<Self, R> (in: Range<Self>, using: inout R) -> Self'
162 | where R: RandomNumberGenerator {
163 | return _random(in: range, using: &generator)
Swift.BinaryFloatingPoint.random:2:31: note: candidate has non-matching type '<Self, T> (in: Range<Self>, using: inout T) -> Self'
1 | protocol BinaryFloatingPoint {
2 | @inlinable public static func random<T>(in range: Range<Self>, using generator: inout T) -> Self where T : RandomNumberGenerator}
| `- note: candidate has non-matching type '<Self, T> (in: Range<Self>, using: inout T) -> Self'
3 |
Swift.BinaryFloatingPoint.random:2:31: note: candidate would match if 'Float80.RawSignificand' conformed to 'FixedWidthInteger'
1 | protocol BinaryFloatingPoint {
2 | @inlinable public static func random<T>(in range: ClosedRange<Self>, using generator: inout T) -> Self where T : RandomNumberGenerator}
| `- note: candidate would match if 'Float80.RawSignificand' conformed to 'FixedWidthInteger'
3 |
/Users/admin/builder/spi-builder-workspace/.dependencies/checkouts/SDGCornerstone/Sources/SDGMathematics/Float.swift:322:3: error: type 'Float80' does not conform to protocol 'PointProtocol'
320 |
321 | #if !(PLATFORM_LACKS_SWIFT_FLOAT_80 || ((os(macOS) || os(Linux)) && arch(arm64)))
322 | extension Float80: Decodable, Encodable, FloatFamily {
| |- error: type 'Float80' does not conform to protocol 'PointProtocol'
| `- note: add stubs for conformance
323 |
324 | // MARK: - Decodable
Swift.BinaryFloatingPoint.RawSignificand:2:16: note: protocol requires nested type 'RawSignificand'
1 | protocol BinaryFloatingPoint {
2 | associatedtype RawSignificand : UnsignedInteger}
| `- note: protocol requires nested type 'RawSignificand'
3 |
Swift.BinaryFloatingPoint.RawExponent:2:16: note: protocol requires nested type 'RawExponent'
1 | protocol BinaryFloatingPoint {
2 | associatedtype RawExponent : UnsignedInteger}
| `- note: protocol requires nested type 'RawExponent'
3 |
Swift.BinaryFloatingPoint.exponentBitCount:2:12: note: protocol requires property 'exponentBitCount' with type 'Int'
1 | protocol BinaryFloatingPoint {
2 | static var exponentBitCount: Int { get }}
| `- note: protocol requires property 'exponentBitCount' with type 'Int'
3 |
Swift.BinaryFloatingPoint.significandBitCount:2:12: note: protocol requires property 'significandBitCount' with type 'Int'
1 | protocol BinaryFloatingPoint {
2 | static var significandBitCount: Int { get }}
| `- note: protocol requires property 'significandBitCount' with type 'Int'
3 |
Swift.BinaryFloatingPoint.binade:2:5: note: protocol requires property 'binade' with type 'Float80'
1 | protocol BinaryFloatingPoint {
2 | var binade: Self { get }}
| `- note: protocol requires property 'binade' with type 'Float80'
3 |
Swift.BinaryFloatingPoint.significandWidth:2:5: note: protocol requires property 'significandWidth' with type 'Int'
1 | protocol BinaryFloatingPoint {
2 | var significandWidth: Int { get }}
| `- note: protocol requires property 'significandWidth' with type 'Int'
3 |
Swift.CustomDebugStringConvertible.debugDescription:2:5: note: protocol requires property 'debugDescription' with type 'String'
1 | protocol CustomDebugStringConvertible {
2 | var debugDescription: String { get }}
| `- note: protocol requires property 'debugDescription' with type 'String'
3 |
Swift.LosslessStringConvertible.init:2:1: note: protocol requires initializer 'init(_:)' with type 'String'
1 | protocol LosslessStringConvertible {
2 | init?(_ description: String)}
| `- note: protocol requires initializer 'init(_:)' with type 'String'
3 |
Swift.FloatingPoint.Exponent:2:16: note: protocol requires nested type 'Exponent'
1 | protocol FloatingPoint {
2 | associatedtype Exponent : SignedInteger}
| `- note: protocol requires nested type 'Exponent'
3 |
Swift.FloatingPoint.nan:2:12: note: protocol requires property 'nan' with type 'Float80'
1 | protocol FloatingPoint {
2 | static var nan: Self { get }}
| `- note: protocol requires property 'nan' with type 'Float80'
3 |
Swift.FloatingPoint.signalingNaN:2:12: note: protocol requires property 'signalingNaN' with type 'Float80'
1 | protocol FloatingPoint {
2 | static var signalingNaN: Self { get }}
| `- note: protocol requires property 'signalingNaN' with type 'Float80'
3 |
Swift.FloatingPoint.infinity:2:12: note: protocol requires property 'infinity' with type 'Float80'
1 | protocol FloatingPoint {
2 | static var infinity: Self { get }}
| `- note: protocol requires property 'infinity' with type 'Float80'
3 |
Swift.FloatingPoint.greatestFiniteMagnitude:2:12: note: protocol requires property 'greatestFiniteMagnitude' with type 'Float80'
1 | protocol FloatingPoint {
2 | static var greatestFiniteMagnitude: Self { get }}
| `- note: protocol requires property 'greatestFiniteMagnitude' with type 'Float80'
3 |
Swift.FloatingPoint.pi:2:12: note: protocol requires property 'pi' with type 'Float80'
1 | protocol FloatingPoint {
2 | static var pi: Self { get }}
| `- note: protocol requires property 'pi' with type 'Float80'
3 |
Swift.FloatingPoint.ulp:2:5: note: protocol requires property 'ulp' with type 'Float80'
1 | protocol FloatingPoint {
2 | var ulp: Self { get }}
| `- note: protocol requires property 'ulp' with type 'Float80'
3 |
Swift.FloatingPoint.leastNormalMagnitude:2:12: note: protocol requires property 'leastNormalMagnitude' with type 'Float80'
1 | protocol FloatingPoint {
2 | static var leastNormalMagnitude: Self { get }}
| `- note: protocol requires property 'leastNormalMagnitude' with type 'Float80'
3 |
Swift.FloatingPoint.leastNonzeroMagnitude:2:12: note: protocol requires property 'leastNonzeroMagnitude' with type 'Float80'
1 | protocol FloatingPoint {
2 | static var leastNonzeroMagnitude: Self { get }}
| `- note: protocol requires property 'leastNonzeroMagnitude' with type 'Float80'
3 |
Swift.FloatingPoint.sign:2:5: note: protocol requires property 'sign' with type 'FloatingPointSign'
1 | protocol FloatingPoint {
2 | var sign: FloatingPointSign { get }}
| `- note: protocol requires property 'sign' with type 'FloatingPointSign'
3 |
Swift.FloatingPoint.significand:2:5: note: protocol requires property 'significand' with type 'Float80'
1 | protocol FloatingPoint {
2 | var significand: Self { get }}
| `- note: protocol requires property 'significand' with type 'Float80'
3 |
Swift.FloatingPoint.formTruncatingRemainder:2:15: note: protocol requires function 'formTruncatingRemainder(dividingBy:)' with type '(Float80) -> ()'
1 | protocol FloatingPoint {
2 | mutating func formTruncatingRemainder(dividingBy other: Self)}
| `- note: protocol requires function 'formTruncatingRemainder(dividingBy:)' with type '(Float80) -> ()'
3 |
Swift.FloatingPoint.formSquareRoot:2:15: note: protocol requires function 'formSquareRoot()' with type '() -> ()'
1 | protocol FloatingPoint {
2 | mutating func formSquareRoot()}
| `- note: protocol requires function 'formSquareRoot()' with type '() -> ()'
3 |
Swift.FloatingPoint.addProduct:2:15: note: protocol requires function 'addProduct' with type '(Float80, Float80) -> ()'
1 | protocol FloatingPoint {
2 | mutating func addProduct(_ lhs: Self, _ rhs: Self)}
| `- note: protocol requires function 'addProduct' with type '(Float80, Float80) -> ()'
3 |
Swift.FloatingPoint.nextUp:2:5: note: protocol requires property 'nextUp' with type 'Float80'
1 | protocol FloatingPoint {
2 | var nextUp: Self { get }}
| `- note: protocol requires property 'nextUp' with type 'Float80'
3 |
Swift.FloatingPoint.isEqual:2:6: note: protocol requires function 'isEqual(to:)' with type '(Float80) -> Bool'
1 | protocol FloatingPoint {
2 | func isEqual(to other: Self) -> Bool}
| `- note: protocol requires function 'isEqual(to:)' with type '(Float80) -> Bool'
3 |
Swift.FloatingPoint.isLess:2:6: note: protocol requires function 'isLess(than:)' with type '(Float80) -> Bool'
1 | protocol FloatingPoint {
2 | func isLess(than other: Self) -> Bool}
| `- note: protocol requires function 'isLess(than:)' with type '(Float80) -> Bool'
3 |
Swift.FloatingPoint.isLessThanOrEqualTo:2:6: note: protocol requires function 'isLessThanOrEqualTo' with type '(Float80) -> Bool'
1 | protocol FloatingPoint {
2 | func isLessThanOrEqualTo(_ other: Self) -> Bool}
| `- note: protocol requires function 'isLessThanOrEqualTo' with type '(Float80) -> Bool'
3 |
Swift.FloatingPoint.isNormal:2:5: note: protocol requires property 'isNormal' with type 'Bool'
1 | protocol FloatingPoint {
2 | var isNormal: Bool { get }}
| `- note: protocol requires property 'isNormal' with type 'Bool'
3 |
Swift.FloatingPoint.isFinite:2:5: note: protocol requires property 'isFinite' with type 'Bool'
1 | protocol FloatingPoint {
2 | var isFinite: Bool { get }}
| `- note: protocol requires property 'isFinite' with type 'Bool'
3 |
Swift.FloatingPoint.isZero:2:5: note: protocol requires property
'isZero' with type 'Bool'
1 | protocol FloatingPoint {
2 | var isZero: Bool { get }}
| `- note: protocol requires property 'isZero' with type 'Bool'
3 |
Swift.FloatingPoint.isSubnormal:2:5: note: protocol requires property 'isSubnormal' with type 'Bool'
1 | protocol FloatingPoint {
2 | var isSubnormal: Bool { get }}
| `- note: protocol requires property 'isSubnormal' with type 'Bool'
3 |
Swift.FloatingPoint.isInfinite:2:5: note: protocol requires property 'isInfinite' with type 'Bool'
1 | protocol FloatingPoint {
2 | var isInfinite: Bool { get }}
| `- note: protocol requires property 'isInfinite' with type 'Bool'
3 |
Swift.FloatingPoint.isNaN:2:5: note: protocol requires property 'isNaN' with type 'Bool'
1 | protocol FloatingPoint {
2 | var isNaN: Bool { get }}
| `- note: protocol requires property 'isNaN' with type 'Bool'
3 |
Swift.FloatingPoint.isSignalingNaN:2:5: note: protocol requires property 'isSignalingNaN' with type 'Bool'
1 | protocol FloatingPoint {
2 | var isSignalingNaN: Bool { get }}
| `- note: protocol requires property 'isSignalingNaN' with type 'Bool'
3 |
Swift.FloatingPoint.isCanonical:2:5: note: protocol requires property 'isCanonical' with type 'Bool'
1 | protocol FloatingPoint {
2 | var isCanonical: Bool { get }}
| `- note: protocol requires property 'isCanonical' with type 'Bool'
3 |
Swift.CustomStringConvertible.description:2:5: note: protocol requires property 'description' with type 'String'
1 | protocol CustomStringConvertible {
2 | var description: String { get }}
| `- note: protocol requires property 'description' with type 'String'
3 |
/Users/admin/builder/spi-builder-workspace/.dependencies/checkouts/SDGCornerstone/Sources/SDGMathematics/Numeric Protocols/RealArithmetic.swift:117:15: note: protocol requires function 'sin' with type '(Angle<Float80>) -> Float80'
115 | /// - Parameters:
116 | /// - angle: The angle.
117 | static func sin(_ angle: Angle<Self>) -> Self
| `- note: protocol requires function 'sin' with type '(Angle<Float80>) -> Float80'
118 |
119 | // @documentation(SDGCornerstone.RealArithmetic.cos(_:))
:
181 | /// - Parameters:
182 | /// - tangent: The tangent.
183 | static func arctan(_ tangent: Self) -> Angle<Self>
| `- note: protocol requires function 'arctan' with type '(Float80) -> Angle<Float80>'
184 |
185 | // @documentation(SDGCornerstone.RealArithmetic.arccsc(_:))
Swift.Numeric.init:2:1: note: protocol requires initializer 'init(exactly:)' with type '(exactly: T)'
1 | protocol Numeric {
2 | init?<T>(exactly source: T) where T : BinaryInteger}
| `- note: protocol requires initializer 'init(exactly:)' with type '(exactly: T)'
3 |
/Users/admin/builder/spi-builder-workspace/.dependencies/checkouts/SDGCornerstone/Sources/SDGMathematics/Numeric Protocols/WholeArithmetic.swift:215:15: note: protocol requires function 'random(in:using:)' with type '<R> (in: ClosedRange<Float80>, using: inout R) -> Float80'
213 | /// - range: The allowed range for the random value.
214 | /// - generator: The randomizer to use to generate the random value.
215 | static func random<R>(in range: ClosedRange<Self>, using generator: inout R) -> Self
| `- note: protocol requires function 'random(in:using:)' with type '<R> (in: ClosedRange<Float80>, using: inout R) -> Float80'
216 | where R: RandomNumberGenerator
217 | }
/Users/admin/builder/spi-builder-workspace/.dependencies/checkouts/SDGCornerstone/Sources/SDGMathematics/Numeric Protocols/PointProtocol.swift:23:18: note: protocol requires nested type 'Vector'
21 |
22 | /// The type to be used as a vector.
23 | associatedtype Vector: Negatable
| `- note: protocol requires nested type 'Vector'
24 |
25 | // @documentation(PointProtocol.+(Self, Vector))
/Users/admin/builder/spi-builder-workspace/.dependencies/checkouts/SDGCornerstone/Sources/SDGMathematics/Float.swift:322:13: error: 'Float80' is unavailable: Float80 is not available on target platform.
320 |
321 | #if !(PLATFORM_LACKS_SWIFT_FLOAT_80 || ((os(macOS) || os(Linux)) && arch(arm64)))
322 | extension Float80: Decodable, Encodable, FloatFamily {
| `- error: 'Float80' is unavailable: Float80 is not available on target platform.
323 |
324 | // MARK: - Decodable
Swift.Float80:2:23: note: 'Float80' has been explicitly marked unavailable here
1 | @available(*, unavailable, message: "Float80 is not available on target platform.")
2 | @frozen public struct Float80 {
| `- note: 'Float80' has been explicitly marked unavailable here
3 | public init()
4 | }
/Users/admin/builder/spi-builder-workspace/.dependencies/checkouts/SDGCornerstone/Sources/SDGMathematics/Float.swift:346:19: error: type 'Float80' has no member 'log10'
344 |
345 | @inlinable public static func log(_ antilogarithm: Self) -> Self {
346 | return Self.log10(antilogarithm)
| `- error: type 'Float80' has no member 'log10'
347 | }
348 |
Failed frontend command:
SwiftCompile normal arm64 (in target 'SDGMathematics' from project 'SDGCornerstone')
cd /Users/admin/builder/spi-builder-workspace/.swiftpm/xcode
/Applications/Xcode-27.0.0-Release.Candidate.app/Contents/Developer/Toolchains/XcodeDefault.xctoolchain/usr/bin/swift-frontend -frontend -emit-module -experimental-skip-non-inlinable-function-bodies-without-types /Users/admin/builder/spi-builder-workspace/.dependencies/checkouts/SDGCornerstone/Sources/SDGMathematics/Angle.swift /Users/admin/builder/spi-builder-workspace/.dependencies/checkouts/SDGCornerstone/Sources/SDGMathematics/BitField.swift /Users/admin/builder/spi-builder-workspace/.dependencies/checkouts/SDGCornerstone/Sources/SDGMathematics/ClosedRange.swift /Users/admin/builder/spi-builder-workspace/.dependencies/checkouts/SDGCornerstone/Sources/SDGMathematics/Comparable.swift /Users/admin/builder/spi-builder-workspace/.dependencies/checkouts/SDGCornerstone/Sources/SDGMathematics/Data.swift /Users/admin/builder/spi-builder-workspace/.dependencies/checkouts/SDGCornerstone/Sources/SDGMathematics/Float.swift /Users/admin/builder/spi-builder-workspace/.dependencies/checkouts/SDGCornerstone/Sources/SDGMathematics/FunctionAnalysis.swift /Users/admin/builder/spi-builder-workspace/.dependencies/checkouts/SDGCornerstone/Sources/SDGMathematics/Int.swift /Users/admin/builder/spi-builder-workspace/.dependencies/checkouts/SDGCornerstone/Sources/SDGMathematics/Measurement.swift /Users/admin/builder/spi-builder-workspace/.dependencies/checkouts/SDGCornerstone/Sources/SDGMathematics/Numeric\ Protocols/Addable.swift /Users/admin/builder/spi-builder-workspace/.dependencies/checkouts/SDGCornerstone/Sources/SDGMathematics/Numeric\ Protocols/FixedScaleOneDimensionalPoint.swift /Users/admin/builder/spi-builder-workspace/.dependencies/checkouts/SDGCornerstone/Sources/SDGMathematics/Numeric\ Protocols/GenericAdditiveArithmetic.swift /Users/admin/builder/spi-builder-workspace/.dependencies/checkouts/SDGCornerstone/Sources/SDGMathematics/Numeric\ Protocols/IntegerProtocol.swift /Users/admin/builder/spi-builder-workspace/.dependencies/checkouts/SDGCornerstone/Sources/SDGMathematics/Numeric\ Protocols/IntegralArithmetic.swift /Users/admin/builder/spi-builder-workspace/.dependencies/checkouts/SDGCornerstone/Sources/SDGMathematics/Numeric\ Protocols/Negatable.swift /Users/admin/builder/spi-builder-workspace/.dependencies/checkouts/SDGCornerstone/Sources/SDGMathematics/Numeric\ Protocols/NumericAdditiveArithmetic.swift /Users/admin/builder/spi-builder-workspace/.dependencies/checkouts/SDGCornerstone/Sources/SDGMathematics/Numeric\ Protocols/OneDimensionalPoint.swift /Users/admin/builder/spi-builder-workspace/.dependencies/checkouts/SDGCornerstone/Sources/SDGMathematics/Numeric\ Protocols/OneDimensionalVector.swift /Users/admin/builder/spi-builder-workspace/.dependencies/checkouts/SDGCornerstone/Sources/SDGMathematics/Numeric\ Protocols/PointProtocol.swift /Users/admin/builder/spi-builder-workspace/.dependencies/checkouts/SDGCornerstone/Sources/SDGMathematics/Numeric\ Protocols/RationalArithmetic.swift /Users/admin/builder/spi-builder-workspace/.dependencies/checkouts/SDGCornerstone/Sources/SDGMathematics/Numeric\ Protocols/RationalNumberProtocol.swift /Users/admin/builder/spi-builder-workspace/.dependencies/checkouts/SDGCornerstone/Sources/SDGMathematics/Numeric\ Protocols/RationalVector.swift /Users/admin/builder/spi-builder-workspace/.dependencies/checkouts/SDGCornerstone/Sources/SDGMathematics/Numeric\ Protocols/RealArithmetic.swift /Users/admin/builder/spi-builder-workspace/.dependencies/checkouts/SDGCornerstone/Sources/SDGMathematics/Numeric\ Protocols/RealNumberProtocol.swift /Users/admin/builder/spi-builder-workspace/.dependencies/checkouts/SDGCornerstone/Sources/SDGMathematics/Numeric\ Protocols/Subtractable.swift /Users/admin/builder/spi-builder-workspace/.dependencies/checkouts/SDGCornerstone/Sources/SDGMathematics/Numeric\ Protocols/VectorProtocol.swift /Users/admin/builder/spi-builder-workspace/.dependencies/checkouts/SDGCornerstone/Sources/SDGMathematics/Numeric\ Protocols/WholeArithmetic.swift /Users/admin/builder/spi-builder-workspace/.dependencies/checkouts/SDGCornerstone/Sources/SDGMathematics/Numeric\ Protocols/WholeNumberProtocol.swift /Users/admin/builder/spi-builder-workspace/.dependencies/checkouts/SDGCornerstone/Sources/SDGMathematics/Operators.swift /Users/admin/builder/spi-builder-workspace/.dependencies/checkouts/SDGCornerstone/Sources/SDGMathematics/OrderedEnumeration.swift /Users/admin/builder/spi-builder-workspace/.dependencies/checkouts/SDGCornerstone/Sources/SDGMathematics/Sequence.swift /Users/admin/builder/spi-builder-workspace/.dependencies/checkouts/SDGCornerstone/Sources/SDGMathematics/Tuple.swift /Users/admin/builder/spi-builder-workspace/.dependencies/checkouts/SDGCornerstone/Sources/SDGMathematics/UInt.swift -target arm64-apple-xros1.0 -module-can-import-version CoreGraphics 2049 2049.0.0 -disable-cross-import-overlay-search -load-resolved-plugin /Applications/Xcode-27.0.0-Release.Candidate.app/Contents/Developer/Platforms/XROS.platform/Developer/usr/lib/swift/host/plugins/libFoundationMacros.dylib\#/Applications/Xcode-27.0.0-Release.Candidate.app/Contents/Developer/Platforms/XROS.platform/Developer/usr/bin/swift-plugin-server\#FoundationMacros -load-resolved-plugin /Applications/Xcode-27.0.0-Release.Candidate.app/Contents/Developer/Platforms/XROS.platform/Developer/usr/lib/swift/host/plugins/libObservationMacros.dylib\#/Applications/Xcode-27.0.0-Release.Candidate.app/Contents/Developer/Platforms/XROS.platform/Developer/usr/bin/swift-plugin-server\#ObservationMacros -load-resolved-plugin /Applications/Xcode-27.0.0-Release.Candidate.app/Contents/Developer/Platforms/XROS.platform/Developer/usr/lib/swift/host/plugins/libSwiftMacros.dylib\#/Applications/Xcode-27.0.0-Release.Candidate.app/Contents/Developer/Platforms/XROS.platform/Developer/usr/bin/swift-plugin-server\#SwiftMacros -disable-implicit-swift-modules -Xcc -fno-implicit-modules -Xcc -fno-implicit-module-maps -explicit-swift-module-map-file /Users/admin/builder/spi-builder-workspace/.derivedData/Build/Intermediates.noindex/SDGCornerstone.build/Debug-xros/SDGMathematics-t.build/Objects-normal/arm64/SDGMathematics-dependencies-1.json -Xllvm -aarch64-use-tbi -enable-objc-interop -stack-check -sdk /Applications/Xcode-27.0.0-Release.Candidate.app/Contents/Developer/Platforms/XROS.platform/Developer/SDKs/XROS27.0.sdk -I /Users/admin/builder/spi-builder-workspace/.derivedData/Build/Products/Debug-xros -Isystem /Applications/Xcode-27.0.0-Release.Candidate.app/Contents/Developer/Platforms/XROS.platform/Developer/usr/lib -F /Users/admin/builder/spi-builder-workspace/.derivedData/Build/Products/Debug-xros/PackageFrameworks -F /Users/admin/builder/spi-builder-workspace/.derivedData/Build/Products/Debug-xros -F /Applications/Xcode-27.0.0-Release.Candidate.app/Contents/Developer/Platforms/XROS.platform/Developer/Library/Frameworks -F /Applications/Xcode-27.0.0-Release.Candidate.app/Contents/Developer/Platforms/XROS.platform/Developer/SDKs/XROS27.0.sdk/Developer/Library/Frameworks -module-cache-path /Users/admin/builder/spi-builder-workspace/.derivedData/Build/Intermediates.noindex/SwiftExplicitPrecompiledModules -no-color-diagnostics -Xcc -fno-color-diagnostics -enable-testing -g -debug-info-format\=dwarf -dwarf-version\=4 -suppress-warnings -profile-generate -profile-coverage-mapping -swift-version 5 -Onone -D SWIFT_PACKAGE -D DEBUG -D SWIFT_MODULE_RESOURCE_BUNDLE_UNAVAILABLE -D Xcode -serialize-debugging-options -enable-experimental-feature DebugDescriptionMacro -empty-abi-descriptor -validate-clang-modules-once -clang-build-session-file /Users/admin/builder/spi-builder-workspace/.derivedData/ModuleCache.noindex/Session.modulevalidation -Xcc -working-directory -Xcc /Users/admin/builder/spi-builder-workspace/.swiftpm/xcode -enable-anonymous-context-mangled-names -file-compilation-dir /Users/admin/builder/spi-builder-workspace/.swiftpm/xcode -Xcc -fmodule-map-file\=/Users/admin/builder/spi-builder-workspace/.dependencies/checkouts/swift-numerics/Sources/_NumericsShims/include/module.modulemap -Xcc -D_LIBCPP_HARDENING_MODE\=_LIBCPP_HARDENING_MODE_DEBUG -Xcc -ivfsstatcache -Xcc /Users/admin/builder/spi-builder-workspace/.derivedData/SDKStatCaches.noindex/xros27.0-24M361-e829b21a6f8c9b70876ba0858053c044735bd543db762f57723cac368afd1ce4.sdkstatcache -Xcc -fmodules-prune-interval\=86400 -Xcc -fmodules-prune-after\=345600 -Xcc -I/Users/admin/builder/spi-builder-workspace/.dependencies/checkouts/swift-numerics/Sources/_NumericsShims/include -Xcc -I/Users/admin/builder/spi-builder-workspace/.derivedData/Build/Products/Debug-xros/include -Xcc -I/Users/admin/builder/spi-builder-workspace/.derivedData/Build/Intermediates.noindex/SDGCornerstone.build/Debug-xros/SDGMathematics-t.build/DerivedSources-normal/arm64 -Xcc -I/Users/admin/builder/spi-builder-workspace/.derivedData/Build/Intermediates.noindex/SDGCornerstone.build/Debug-xros/SDGMathematics-t.build/DerivedSources/arm64 -Xcc -I/Users/admin/builder/spi-builder-workspace/.derivedData/Build/Intermediates.noindex/SDGCornerstone.build/Debug-xros/SDGMathematics-t.build/DerivedSources -Xcc -DSWIFT_PACKAGE -Xcc -DDEBUG\=1 -no-auto-bridging-header-chaining -module-name SDGMathematics -const-gather-protocols-file /Users/admin/builder/spi-builder-workspace/.derivedData/Build/Intermediates.noindex/SDGCornerstone.build/Debug-xros/SDGMathematics-t.build/Objects-normal/arm64/SDGMathematics_const_extract_protocols.json -disable-clang-spi -clang-target arm64-apple-xros27.0 -target-sdk-version 27.0 -target-sdk-name xros27.0 -in-process-plugin-server-path /Applications/Xcode-27.0.0-Release.Candidate.app/Contents/Developer/Toolchains/XcodeDefault.xctoolchain/usr/lib/swift/host/libSwiftInProcPluginServer.dylib -emit-module-doc-path /Users/admin/builder/spi-builder-workspace/.derivedData/Build/Intermediates.noindex/SDGCornerstone.build/Debug-xros/SDGMathematics-t.build/Objects-normal/arm64/SDGMathematics.swiftdoc -emit-module-source-info-path /Users/admin/builder/spi-builder-workspace/.derivedData/Build/Intermediates.noindex/SDGCornerstone.build/Debug-xros/SDGMathematics-t.build/Objects-normal/arm64/SDGMathematics.swiftsourceinfo -emit-objc-header-path /Users/admin/builder/spi-builder-workspace/.derivedData/Build/Intermediates.noindex/SDGCornerstone.build/Debug-xros/SDGMathematics-t.build/Objects-normal/arm64/SDGMathematics-Swift.h -serialize-diagnostics-path /Users/admin/builder/spi-builder-workspace/.derivedData/Build/Intermediates.noindex/SDGCornerstone.build/Debug-xros/SDGMathematics-t.build/Objects-normal/arm64/SDGMathematics-primary-emit-module.dia -emit-dependencies-path /Users/admin/builder/spi-builder-workspace/.derivedData/Build/Intermediates.noindex/SDGCornerstone.build/Debug-xros/SDGMathematics-t.build/Objects-normal/arm64/SDGMathematics-primary-emit-module.d -parse-as-library -o /Users/admin/builder/spi-builder-workspace/.derivedData/Build/Intermediates.noindex/SDGCornerstone.build/Debug-xros/SDGMathematics-t.build/Objects-normal/arm64/SDGMathematics.swiftmodule -emit-abi-descriptor-path /Users/admin/builder/spi-builder-workspace/.derivedData/Build/Intermediates.noindex/SDGCornerstone.build/Debug-xros/SDGMathematics-t.build/Objects-normal/arm64/SDGMathematics.abi.json
SwiftCompile normal arm64 Compiling\ Tuple.swift /Users/admin/builder/spi-builder-workspace/.dependencies/checkouts/SDGCornerstone/Sources/SDGMathematics/Tuple.swift (in target 'SDGMathematics' from project 'SDGCornerstone')
SwiftCompile normal arm64 /Users/admin/builder/spi-builder-workspace/.dependencies/checkouts/SDGCornerstone/Sources/SDGMathematics/Tuple.swift (in target 'SDGMathematics' from project 'SDGCornerstone')
cd /Users/admin/builder/spi-builder-workspace/.swiftpm/xcode
builtin-SwiftPerFileCompile Tuple.swift
SwiftCompile normal arm64 Compiling\ Sequence.swift /Users/admin/builder/spi-builder-workspace/.dependencies/checkouts/SDGCornerstone/Sources/SDGMathematics/Sequence.swift (in target 'SDGMathematics' from project 'SDGCornerstone')
SwiftCompile normal arm64 /Users/admin/builder/spi-builder-workspace/.dependencies/checkouts/SDGCornerstone/Sources/SDGMathematics/Sequence.swift (in target 'SDGMathematics' from project 'SDGCornerstone')
cd /Users/admin/builder/spi-builder-workspace/.swiftpm/xcode
builtin-SwiftPerFileCompile Sequence.swift
SwiftCompile normal arm64 Compiling\ FunctionAnalysis.swift /Users/admin/builder/spi-builder-workspace/.dependencies/checkouts/SDGCornerstone/Sources/SDGMathematics/FunctionAnalysis.swift (in target 'SDGMathematics' from project 'SDGCornerstone')
SwiftCompile normal arm64 /Users/admin/builder/spi-builder-workspace/.dependencies/checkouts/SDGCornerstone/Sources/SDGMathematics/FunctionAnalysis.swift (in target 'SDGMathematics' from project 'SDGCornerstone')
cd /Users/admin/builder/spi-builder-workspace/.swiftpm/xcode
builtin-SwiftPerFileCompile FunctionAnalysis.swift
SwiftCompile normal arm64 Compiling\ Float.swift /Users/admin/builder/spi-builder-workspace/.dependencies/checkouts/SDGCornerstone/Sources/SDGMathematics/Float.swift (in target 'SDGMathematics' from project 'SDGCornerstone')
/Users/admin/builder/spi-builder-workspace/.dependencies/checkouts/SDGCornerstone/Sources/SDGMathematics/Float.swift:29:31: error: 'Float80' is unavailable: Float80 is not available on target platform.
27 | // @documentation(FloatMax)
28 | /// The member of the `Float` family with the largest bit field.
29 | public typealias FloatMax = Float80
| `- error: 'Float80' is unavailable: Float80 is not available on target platform.
30 | #endif
31 |
Swift.Float80:2:23: note: 'Float80' has been explicitly marked unavailable here
1 | @available(*, unavailable, message: "Float80 is not available on target platform.")
2 | @frozen public struct Float80 {
| `- note: 'Float80' has been explicitly marked unavailable here
3 | public init()
4 | }
/Users/admin/builder/spi-builder-workspace/.dependencies/checkouts/SDGCornerstone/Sources/SDGMathematics/Float.swift:339:22: error: type alias 'Vector' references itself
320 |
321 | #if !(PLATFORM_LACKS_SWIFT_FLOAT_80 || ((os(macOS) || os(Linux)) && arch(arm64)))
322 | extension Float80: Decodable, Encodable, FloatFamily {
| `- note: through reference here
323 |
324 | // MARK: - Decodable
:
337 | // MARK: - PointProtocol
338 |
339 | public typealias Vector = Stride
| | `- note: while resolving type 'Stride'
| `- error: type alias 'Vector' references itself
340 |
341 | // MARK: - RealArithmetic
/Users/admin/builder/spi-builder-workspace/.dependencies/checkouts/SDGCornerstone/Sources/SDGMathematics/Float.swift:339:22: error: type alias 'Vector' references itself
320 |
321 | #if !(PLATFORM_LACKS_SWIFT_FLOAT_80 || ((os(macOS) || os(Linux)) && arch(arm64)))
322 | extension Float80: Decodable, Encodable, FloatFamily {
| `- note: through reference here
323 |
324 | // MARK: - Decodable
:
337 | // MARK: - PointProtocol
338 |
339 | public typealias Vector = Stride
| | `- note: while resolving type 'Stride'
| `- error: type alias 'Vector' references itself
340 |
341 | // MARK: - RealArithmetic
/Users/admin/builder/spi-builder-workspace/.dependencies/checkouts/SDGCornerstone/Sources/SDGMathematics/Float.swift:343:26: error: 'Float80' is unavailable: Float80 is not available on target platform.
341 | // MARK: - RealArithmetic
342 |
343 | public static let e: Float80 = 0x1.5BF0A8B145769535p1
| `- error: 'Float80' is unavailable: Float80 is not available on target platform.
344 |
345 | @inlinable public static func log(_ antilogarithm: Self) -> Self {
Swift.Float80:2:23: note: 'Float80' has been explicitly marked unavailable here
1 | @available(*, unavailable, message: "Float80 is not available on target platform.")
2 | @frozen public struct Float80 {
| `- note: 'Float80' has been explicitly marked unavailable here
3 | public init()
4 | }
/Users/admin/builder/spi-builder-workspace/.dependencies/checkouts/SDGCornerstone/Sources/SDGMathematics/Float.swift:322:3: error: extension outside of file declaring struct 'Float80' prevents automatic synthesis of 'hash(into:)' for protocol 'Hashable'
320 |
321 | #if !(PLATFORM_LACKS_SWIFT_FLOAT_80 || ((os(macOS) || os(Linux)) && arch(arm64)))
322 | extension Float80: Decodable, Encodable, FloatFamily {
| |- error: extension outside of file declaring struct 'Float80' prevents automatic synthesis of 'hash(into:)' for protocol 'Hashable'
| `- note: add stubs for conformance
323 |
324 | // MARK: - Decodable
Swift.Float80:2:23: note: type declared here
1 | @available(*, unavailable, message: "Float80 is not available on target platform.")
2 | @frozen public struct Float80 {
| `- note: type declared here
3 | public init()
4 | }
/Users/admin/builder/spi-builder-workspace/.dependencies/checkouts/SDGCornerstone/Sources/SDGMathematics/Float.swift:322:3: error: type 'Float80' does not conform to protocol 'BinaryFloatingPoint'
320 |
321 | #if !(PLATFORM_LACKS_SWIFT_FLOAT_80 || ((os(macOS) || os(Linux)) && arch(arm64)))
322 | extension Float80: Decodable, Encodable, FloatFamily {
| `- error: type 'Float80' does not conform to protocol 'BinaryFloatingPoint'
323 |
324 | // MARK: - Decodable
/Users/admin/builder/spi-builder-workspace/.dependencies/checkouts/SDGCornerstone/Sources/SDGMathematics/Float.swift:322:3: error: type 'Float80' does not conform to protocol 'CustomDebugStringConvertible'
320 |
321 | #if !(PLATFORM_LACKS_SWIFT_FLOAT_80 || ((os(macOS) || os(Linux)) && arch(arm64)))
322 | extension Float80: Decodable, Encodable, FloatFamily {
| `- error: type 'Float80' does not conform to protocol 'CustomDebugStringConvertible'
323 |
324 | // MARK: - Decodable
/Users/admin/builder/spi-builder-workspace/.dependencies/checkouts/SDGCornerstone/Sources/SDGMathematics/Float.swift:322:3: error: type 'Float80' does not conform to protocol 'LosslessStringConvertible'
320 |
321 | #if !(PLATFORM_LACKS_SWIFT_FLOAT_80 || ((os(macOS) || os(Linux)) && arch(arm64)))
322 | extension Float80: Decodable, Encodable, FloatFamily {
| `- error: type 'Float80' does not conform to protocol 'LosslessStringConvertible'
323 |
324 | // MARK: - Decodable
/Users/admin/builder/spi-builder-workspace/.dependencies/checkouts/SDGCornerstone/Sources/SDGMathematics/Numeric Protocols/WholeArithmetic.swift:226:21: note: candidate would match if 'String' conformed to 'UIntFamily'
224 | /// - Parameters:
225 | /// - uInt: The unsigned integer.
226 | @inlinable public init<U: UIntFamily>(_ uInt: U) {
| `- note: candidate would match if 'String' conformed to 'UIntFamily'
227 | self.init(UIntMax(uInt))
228 | }
/Users/admin/builder/spi-builder-workspace/.dependencies/checkouts/SDGCornerstone/Sources/SDGMathematics/Numeric Protocols/IntegralArithmetic.swift:33:21: note: candidate would match if 'String' conformed to 'IntFamily'
31 | /// - Parameters:
32 | /// - int: An instance of a member of the `Int` family.
33 | @inlinable public init<I: IntFamily>(_ int: I) {
| `- note: candidate would match if 'String' conformed to 'IntFamily'
34 | self.init(IntMax(int))
35 | }
Swift.BinaryFloatingPoint.init:2:19: note: candidate would match if 'String' conformed to 'BinaryFloatingPoint'
1 | protocol BinaryFloatingPoint {
2 | @inlinable public init<Source>(_ value: Source) where Source : BinaryFloatingPoint}
| `- note: candidate would match if 'String' conformed to 'BinaryFloatingPoint'
3 |
Swift.BinaryFloatingPoint.init:2:19: note: candidate would match if 'Float80.RawSignificand' conformed to 'FixedWidthInteger'
1 | protocol BinaryFloatingPoint {
2 | @inlinable public init<Source>(_ value: Source) where Source : BinaryInteger}
| `- note: candidate would match if 'Float80.RawSignificand' conformed to 'FixedWidthInteger'
3 |
/Users/admin/builder/spi-builder-workspace/.dependencies/checkouts/SDGCornerstone/Sources/SDGMathematics/Float.swift:322:3: error: type 'Float80' does not conform to protocol 'ExpressibleByFloatLiteral'
320 |
321 | #if !(PLATFORM_LACKS_SWIFT_FLOAT_80 || ((os(macOS) || os(Linux)) && arch(arm64)))
322 | extension Float80: Decodable, Encodable, FloatFamily {
| `- error: type 'Float80' does not conform to protocol 'ExpressibleByFloatLiteral'
323 |
324 | // MARK: - Decodable
Swift.ExpressibleByFloatLiteral.FloatLiteralType:2:16: note: unable to infer associated type 'FloatLiteralType' for protocol 'ExpressibleByFloatLiteral'
1 | protocol ExpressibleByFloatLiteral {
2 | associatedtype FloatLiteralType : _ExpressibleByBuiltinFloatLiteral}
| `- note: unable to infer associated type 'FloatLiteralType' for protocol 'ExpressibleByFloatLiteral'
3 |
/Users/admin/builder/spi-builder-workspace/.dependencies/checkouts/SDGCornerstone/Sources/SDGMathematics/Numeric Protocols/RationalArithmetic.swift:125:21: note: candidate would match and infer 'FloatLiteralType' = 'FloatMax' (aka 'Float80') if 'FloatMax' (aka 'Float80') conformed to '_ExpressibleByBuiltinFloatLiteral'
123 | // MARK: - ExpressibleByFloatLiteral
124 |
125 | @inlinable public init(floatLiteral: FloatMax) {
| `- note: candidate would match and infer 'FloatLiteralType' = 'FloatMax' (aka 'Float80') if 'FloatMax' (aka 'Float80') conformed to '_ExpressibleByBuiltinFloatLiteral'
126 | self.init(floatLiteral)
127 | }
/Users/admin/builder/spi-builder-workspace/.dependencies/checkouts/SDGCornerstone/Sources/SDGMathematics/Float.swift:322:3: error: instance method 'formRemainder(mod:)' has different argument labels from those required by protocol 'FloatingPoint' ('formRemainder(dividingBy:)')
320 |
321 | #if !(PLATFORM_LACKS_SWIFT_FLOAT_80 || ((os(macOS) || os(Linux)) && arch(arm64)))
322 | extension Float80: Decodable, Encodable, FloatFamily {
| `- error: instance method 'formRemainder(mod:)' has different argument labels from those required by protocol 'FloatingPoint' ('formRemainder(dividingBy:)')
323 |
324 | // MARK: - Decodable
/Users/admin/builder/spi-builder-workspace/.dependencies/checkouts/SDGCornerstone/Sources/SDGMathematics/Numeric Protocols/WholeArithmetic.swift:242:35: note: 'formRemainder(mod:)' declared here
240 | }
241 |
242 | @inlinable public mutating func formRemainder(mod divisor: Self) {
| `- note: 'formRemainder(mod:)' declared here
243 | self −= dividedAccordingToEuclid(by: divisor) × divisor
244 | }
Swift.FloatingPoint.formRemainder:2:15: note: requirement 'formRemainder(dividingBy:)' declared here
1 | protocol FloatingPoint {
2 | mutating func formRemainder(dividingBy other: Self)}
| `- note: requirement 'formRemainder(dividingBy:)' declared here
3 |
/Users/admin/builder/spi-builder-workspace/.dependencies/checkouts/SDGCornerstone/Sources/SDGMathematics/Float.swift:322:3: error: type 'Float80' does not conform to protocol 'FloatingPoint'
320 |
321 | #if !(PLATFORM_LACKS_SWIFT_FLOAT_80 || ((os(macOS) || os(Linux)) && arch(arm64)))
322 | extension Float80: Decodable, Encodable, FloatFamily {
| `- error: type 'Float80' does not conform to protocol 'FloatingPoint'
323 |
324 | // MARK: - Decodable
/Users/admin/builder/spi-builder-workspace/.dependencies/checkouts/SDGCornerstone/Sources/SDGMathematics/Float.swift:322:3: error: type 'Float80' does not conform to protocol 'CustomStringConvertible'
320 |
321 | #if !(PLATFORM_LACKS_SWIFT_FLOAT_80 || ((os(macOS) || os(Linux)) && arch(arm64)))
322 | extension Float80: Decodable, Encodable, FloatFamily {
| `- error: type 'Float80' does not conform to protocol 'CustomStringConvertible'
323 |
324 | // MARK: - Decodable
/Users/admin/builder/spi-builder-workspace/.dependencies/checkouts/SDGCornerstone/Sources/SDGMathematics/Float.swift:322:3: error: type 'Float80' does not conform to protocol 'RealArithmetic'
167 | }
168 |
169 | @inlinable public static func sin(_ angle: Angle<Self>) -> Self {
| `- note: candidate would match if 'Float80' conformed to 'ElementaryFunctions'
170 | return Self.sin(angle.inRadians)
171 | }
:
183 | }
184 |
185 | @inlinable public static func arctan(_ tangent: Self) -> Angle<Self> {
| `- note: candidate would match if 'Float80' conformed to 'ElementaryFunctions'
186 | return Self.atan(tangent).radians
187 | }
:
320 |
321 | #if !(PLATFORM_LACKS_SWIFT_FLOAT_80 || ((os(macOS) || os(Linux)) && arch(arm64)))
322 | extension Float80: Decodable, Encodable, FloatFamily {
| `- error: type 'Float80' does not conform to protocol 'RealArithmetic'
323 |
324 | // MARK: - Decodable
/Users/admin/builder/spi-builder-workspace/.dependencies/checkouts/SDGCornerstone/Sources/SDGMathematics/Float.swift:322:3: error: type 'Float80' does not conform to protocol 'Strideable'
320 |
321 | #if !(PLATFORM_LACKS_SWIFT_FLOAT_80 || ((os(macOS) || os(Linux)) && arch(arm64)))
322 | extension Float80: Decodable, Encodable, FloatFamily {
| `- error: type 'Float80' does not conform to protocol 'Strideable'
323 |
324 | // MARK: - Decodable
Swift.Strideable.Stride:2:16: note: ambiguous inference of associated type 'Stride': 'Self' vs. 'Self.Vector'
1 | protocol Strideable {
2 | associatedtype Stride : Comparable, SignedNumeric}
| `- note: ambiguous inference of associated type 'Stride': 'Self' vs. 'Self.Vector'
3 |
Swift.Strideable._step:2:31: note: matching requirement '_step(after:from:by:)' to this declaration inferred associated type to 'Self'
1 | protocol Strideable {
2 | @inlinable public static func _step(after current: (index: Int?, value: Self), from start: Self, by distance: Self.Stride) -> (index: Int?, value: Self)}
| `- note: matching requirement '_step(after:from:by:)' to this declaration inferred associated type to 'Self'
3 |
/Users/admin/builder/spi-builder-workspace/.dependencies/checkouts/SDGCornerstone/Sources/SDGMathematics/Numeric Protocols/OneDimensionalPoint.swift:59:26: note: matching requirement 'distance(to:)' to this declaration inferred associated type to 'Self.Vector'
57 | /// - Parameters:
58 | /// - other: The value to which the distance should be measured.
59 | @inlinable public func distance(to other: Self) -> Vector {
| `- note: matching requirement 'distance(to:)' to this declaration inferred associated type to 'Self.Vector'
60 | return other − self
61 | }
/Users/admin/builder/spi-builder-workspace/.dependencies/checkouts/SDGCornerstone/Sources/SDGMathematics/Float.swift:322:3: error: type 'Float80' does not conform to protocol 'Numeric'
320 |
321 | #if !(PLATFORM_LACKS_SWIFT_FLOAT_80 || ((os(macOS) || os(Linux)) && arch(arm64)))
322 | extension Float80: Decodable, Encodable, FloatFamily {
| `- error: type 'Float80' does not conform to protocol 'Numeric'
323 |
324 | // MARK: - Decodable
Swift.BinaryFloatingPoint.init:2:19: note: candidate has non-matching type '(exactly: Source)' [with Magnitude = Float80]
1 | protocol BinaryFloatingPoint {
2 | @inlinable public init?<Source>(exactly value: Source) where Source : BinaryFloatingPoint}
| `- note: candidate has non-matching type '(exactly: Source)' [with Magnitude = Float80]
3 |
Swift.BinaryFloatingPoint.init:2:19: note: candidate would match if 'Float80.RawSignificand' conformed to 'FixedWidthInteger'
1 | protocol BinaryFloatingPoint {
2 | @inlinable public init?<Source>(exactly value: Source) where Source : BinaryInteger}
| `- note: candidate would match if 'Float80.RawSignificand' conformed to 'FixedWidthInteger'
3 |
/Users/admin/builder/spi-builder-workspace/.dependencies/checkouts/SDGCornerstone/Sources/SDGMathematics/Float.swift:322:3: error: type 'Float80' does not conform to protocol 'WholeArithmetic'
320 |
321 | #if !(PLATFORM_LACKS_SWIFT_FLOAT_80 || ((os(macOS) || os(Linux)) && arch(arm64)))
322 | extension Float80: Decodable, Encodable, FloatFamily {
| `- error: type 'Float80' does not conform to protocol 'WholeArithmetic'
323 |
324 | // MARK: - Decodable
/Users/admin/builder/spi-builder-workspace/.dependencies/checkouts/SDGCornerstone/Sources/SDGMathematics/Numeric Protocols/RationalArithmetic.swift:101:33: note: candidate has non-matching type '<Self, R> (in: Range<Self>, using: inout R) -> Self'
99 | /// - range: The allowed range for the random value.
100 | /// - generator: The randomizer to use to generate the random value.
101 | @inlinable public static func random<R>(in range: Range<Self>, using generator: inout R) -> Self
| `- note: candidate has non-matching type '<Self, R> (in: Range<Self>, using: inout R) -> Self'
102 | where R: RandomNumberGenerator {
103 |
:
159 | /// - range: The allowed range for the random value.
160 | /// - generator: The randomizer to use to generate the random value.
161 | @inlinable public static func random<R>(in range: Range<Self>, using generator: inout R) -> Self
| `- note: candidate has non-matching type '<Self, R> (in: Range<Self>, using: inout R) -> Self'
162 | where R: RandomNumberGenerator {
163 | return _random(in: range, using: &generator)
Swift.BinaryFloatingPoint.random:2:31: note: candidate has non-matching type '<Self, T> (in: Range<Self>, using: inout T) -> Self'
1 | protocol BinaryFloatingPoint {
2 | @inlinable public static func random<T>(in range: Range<Self>, using generator: inout T) -> Self where T : RandomNumberGenerator}
| `- note: candidate has non-matching type '<Self, T> (in: Range<Self>, using: inout T) -> Self'
3 |
Swift.BinaryFloatingPoint.random:2:31: note: candidate would match if 'Float80.RawSignificand' conformed to 'FixedWidthInteger'
1 | protocol BinaryFloatingPoint {
2 | @inlinable public static func random<T>(in range: ClosedRange<Self>, using generator: inout T) -> Self where T : RandomNumberGenerator}
| `- note: candidate would match if 'Float80.RawSignificand' conformed to 'FixedWidthInteger'
3 |
/Users/admin/builder/spi-builder-workspace/.dependencies/checkouts/SDGCornerstone/Sources/SDGMathematics/Float.swift:322:3: error: type 'Float80' does not conform to protocol 'PointProtocol'
320 |
321 | #if !(PLATFORM_LACKS_SWIFT_FLOAT_80 || ((os(macOS) || os(Linux)) && arch(arm64)))
322 | extension Float80: Decodable, Encodable, FloatFamily {
| |- error: type 'Float80' does not conform to protocol 'PointProtocol'
| `- note: add stubs for conformance
323 |
324 | // MARK: - Decodable
Swift.BinaryFloatingPoint.RawSignificand:2:16: note: protocol requires nested type 'RawSignificand'
1 | protocol BinaryFloatingPoint {
2 | associatedtype RawSignificand : UnsignedInteger}
| `- note: protocol requires nested type 'RawSignificand'
3 |
Swift.BinaryFloatingPoint.RawExponent:2:16: note: protocol requires nested type 'RawExponent'
1 | protocol BinaryFloatingPoint {
2 | associatedtype RawExponent : UnsignedInteger}
| `- note: protocol requires nested type 'RawExponent'
3 |
Swift.BinaryFloatingPoint.exponentBitCount:2:12: note: protocol requires property 'exponentBitCount' with type 'Int'
1 | protocol BinaryFloatingPoint {
2 | static var exponentBitCount: Int { get }}
| `- note: protocol requires property 'exponentBitCount' with type 'Int'
3 |
Swift.BinaryFloatingPoint.significandBitCount:2:12: note: protocol requires property 'significandBitCount' with type 'Int'
1 | protocol BinaryFloatingPoint {
2 | static var significandBitCount: Int { get }}
| `- note: protocol requires property 'significandBitCount' with type 'Int'
3 |
Swift.BinaryFloatingPoint.binade:2:5: note: protocol requires property 'binade' with type 'Float80'
1 | protocol BinaryFloatingPoint {
2 | var binade: Self { get }}
| `- note: protocol requires property 'binade' with type 'Float80'
3 |
Swift.BinaryFloatingPoint.significandWidth:2:5: note: protocol requires property 'significandWidth' with type 'Int'
1 | protocol BinaryFloatingPoint {
2 | var significandWidth: Int { get }}
| `- note: protocol requires property 'significandWidth' with type 'Int'
3 |
Swift.CustomDebugStringConvertible.debugDescription:2:5: note: protocol requires property 'debugDescription' with type 'String'
1 | protocol CustomDebugStringConvertible {
2 | var debugDescription: String { get }}
| `- note: protocol requires property 'debugDescription' with type 'String'
3 |
Swift.LosslessStringConvertible.init:2:1: note: protocol requires initializer 'init(_:)' with type 'String'
1 | protocol LosslessStringConvertible {
2 | init?(_ description: String)}
| `- note: protocol requires initializer 'init(_:)' with type 'String'
3 |
Swift.FloatingPoint.Exponent:2:16: note: protocol requires nested type 'Exponent'
1 | protocol FloatingPoint {
2 | associatedtype Exponent : SignedInteger}
| `- note: protocol requires nested type 'Exponent'
3 |
Swift.FloatingPoint.nan:2:12: note: protocol requires property 'nan' with type 'Float80'
1 | protocol FloatingPoint {
2 | static var nan: Self { get }}
| `- note: protocol requires property 'nan' with type 'Float80'
3 |
Swift.FloatingPoint.signalingNaN:2:12: note: protocol requires property 'signalingNaN' with type 'Float80'
1 | protocol FloatingPoint {
2 | static var signalingNaN: Self { get }}
| `- note: protocol requires property 'signalingNaN' with type 'Float80'
3 |
Swift.FloatingPoint.infinity:2:12: note: protocol requires property 'infinity' with type 'Float80'
1 | protocol FloatingPoint {
2 | static var infinity: Self { get }}
| `- note: protocol requires property 'infinity' with type 'Float80'
3 |
Swift.FloatingPoint.greatestFiniteMagnitude:2:12: note: protocol requires property 'greatestFiniteMagnitude' with type 'Float80'
1 | protocol FloatingPoint {
2 | static var greatestFiniteMagnitude: Self { get }}
| `- note: protocol requires property 'greatestFiniteMagnitude' with type 'Float80'
3 |
Swift.FloatingPoint.pi:2:12: note: protocol requires property 'pi' with type 'Float80'
1 | protocol FloatingPoint {
2 | static var pi: Self { get }}
| `- note: protocol requires property 'pi' with type 'Float80'
3 |
Swift.FloatingPoint.ulp:2:5: note: protocol requires property 'ulp' with type 'Float80'
1 | protocol FloatingPoint {
2 | var ulp: Self { get }}
| `- note: protocol requires property 'ulp' with type 'Float80'
3 |
Swift.FloatingPoint.leastNormalMagnitude:2:12: note: protocol requires property 'leastNormalMagnitude' with type 'Float80'
1 | protocol FloatingPoint {
2 | static var leastNormalMagnitude: Self { get }}
| `- note: protocol requires property 'leastNormalMagnitude' with type 'Float80'
3 |
Swift.FloatingPoint.leastNonzeroMagnitude:2:12: note: protocol requires property 'leastNonzeroMagnitude' with type 'Float80'
1 | protocol FloatingPoint {
2 | static var leastNonzeroMagnitude: Self { get }}
| `- note: protocol requires property 'leastNonzeroMagnitude' with type 'Float80'
3 |
Swift.FloatingPoint.sign:2:5: note: protocol requires property 'sign' with type 'FloatingPointSign'
1 | protocol FloatingPoint {
2 | var sign: FloatingPointSign { get }}
| `- note: protocol requires property 'sign' with type 'FloatingPointSign'
3 |
Swift.FloatingPoint.significand:2:5: note: protocol requires property 'significand' with type 'Float80'
1 | protocol FloatingPoint {
2 | var significand: Self { get }}
| `- note: protocol requires property 'significand' with type 'Float80'
3 |
Swift.FloatingPoint.formTruncatingRemainder:2:15: note: protocol requires function 'formTruncatingRemainder(dividingBy:)' with type '(Float80) -> ()'
1 | protocol FloatingPoint {
2 | mutating func formTruncatingRemainder(dividingBy other: Self)}
| `- note: protocol requires function 'formTruncatingRemainder(dividingBy:)' with type '(Float80) -> ()'
3 |
Swift.FloatingPoint.formSquareRoot:2:15: note: protocol requires function 'formSquareRoot()' with type '() -> ()'
1 | protocol FloatingPoint {
2 | mutating func formSquareRoot()}
| `- note: protocol requires function 'formSquareRoot()' with type '() -> ()'
3 |
Swift.FloatingPoint.addProduct:2:15: note: protocol requires function 'addProduct' with type '(Float80, Float80) -> ()'
1 | protocol FloatingPoint {
2 | mutating func addProduct(_ lhs: Self, _ rhs: Self)}
| `- note: protocol requires function 'addProduct' with type '(Float80, Float80) -> ()'
3 |
Swift.FloatingPoint.nextUp:2:5: note: protocol requires property 'nextUp' with type 'Float80'
1 | protocol FloatingPoint {
2 | var nextUp: Self { get }}
| `- note: protocol requires property 'nextUp' with type 'Float80'
3 |
Swift.FloatingPoint.isEqual:2:6: note: protocol requires function 'isEqual(to:)' with type '(Float80) -> Bool'
1 | protocol FloatingPoint {
2 | func isEqual(to other: Self) -> Bool}
| `- note: protocol requires function 'isEqual(to:)' with type '(Float80) -> Bool'
3 |
Swift.FloatingPoint.isLess:2:6: note: protocol requires function 'isLess(than:)' with type '(Float80) -> Bool'
1 | protocol FloatingPoint {
2 | func isLess(than other: Self) -> Bool}
| `- note: protocol requires function 'isLess(than:)' with type '(Float80) -> Bool'
3 |
Swift.FloatingPoint.isLessThanOrEqualTo:2:6: note: protocol requires function 'isLessThanOrEqualTo' with type '(Float80) -> Bool'
1 | protocol FloatingPoint {
2 | func isLessThanOrEqualTo(_ other: Self) -> Bool}
| `- note: protocol requires function 'isLessThanOrEqualTo' with type '(Float80) -> Bool'
3 |
Swift.FloatingPoint.isNormal:2:5: note: protocol requires property 'isNormal' with type 'Bool'
1 | protocol FloatingPoint {
2 | var isNormal: Bool { get }}
| `- note: protocol requires property 'isNormal' with type 'Bool'
3 |
Swift.FloatingPoint.isFinite:2:5: note: protocol requires property 'isFinite' with type 'Bool'
1 | protocol FloatingPoint {
2 | var isFinite: Bool { get }}
| `- note: protocol requires property 'isFinite' with type 'Bool'
3 |
Swift.FloatingPoint.isZero:2:5: note: protocol requires property
SwiftCompile normal arm64 /Users/admin/builder/spi-builder-workspace/.dependencies/checkouts/SDGCornerstone/Sources/SDGMathematics/Float.swift (in target 'SDGMathematics' from project 'SDGCornerstone')
cd /Users/admin/builder/spi-builder-workspace/.swiftpm/xcode
builtin-SwiftPerFileCompile Float.swift
'isZero' with type 'Bool'
1 | protocol FloatingPoint {
2 | var isZero: Bool { get }}
| `- note: protocol requires property 'isZero' with type 'Bool'
3 |
Swift.FloatingPoint.isSubnormal:2:5: note: protocol requires property 'isSubnormal' with type 'Bool'
1 | protocol FloatingPoint {
2 | var isSubnormal: Bool { get }}
| `- note: protocol requires property 'isSubnormal' with type 'Bool'
3 |
Swift.FloatingPoint.isInfinite:2:5: note: protocol requires property 'isInfinite' with type 'Bool'
1 | protocol FloatingPoint {
2 | var isInfinite: Bool { get }}
| `- note: protocol requires property 'isInfinite' with type 'Bool'
3 |
Swift.FloatingPoint.isNaN:2:5: note: protocol requires property 'isNaN' with type 'Bool'
1 | protocol FloatingPoint {
2 | var isNaN: Bool { get }}
| `- note: protocol requires property 'isNaN' with type 'Bool'
3 |
Swift.FloatingPoint.isSignalingNaN:2:5: note: protocol requires property 'isSignalingNaN' with type 'Bool'
1 | protocol FloatingPoint {
2 | var isSignalingNaN: Bool { get }}
| `- note: protocol requires property 'isSignalingNaN' with type 'Bool'
3 |
Swift.FloatingPoint.isCanonical:2:5: note: protocol requires property 'isCanonical' with type 'Bool'
1 | protocol FloatingPoint {
2 | var isCanonical: Bool { get }}
| `- note: protocol requires property 'isCanonical' with type 'Bool'
3 |
Swift.CustomStringConvertible.description:2:5: note: protocol requires property 'description' with type 'String'
1 | protocol CustomStringConvertible {
2 | var description: String { get }}
| `- note: protocol requires property 'description' with type 'String'
3 |
/Users/admin/builder/spi-builder-workspace/.dependencies/checkouts/SDGCornerstone/Sources/SDGMathematics/Numeric Protocols/RealArithmetic.swift:117:15: note: protocol requires function 'sin' with type '(Angle<Float80>) -> Float80'
115 | /// - Parameters:
116 | /// - angle: The angle.
117 | static func sin(_ angle: Angle<Self>) -> Self
| `- note: protocol requires function 'sin' with type '(Angle<Float80>) -> Float80'
118 |
119 | // @documentation(SDGCornerstone.RealArithmetic.cos(_:))
:
181 | /// - Parameters:
182 | /// - tangent: The tangent.
183 | static func arctan(_ tangent: Self) -> Angle<Self>
| `- note: protocol requires function 'arctan' with type '(Float80) -> Angle<Float80>'
184 |
185 | // @documentation(SDGCornerstone.RealArithmetic.arccsc(_:))
Swift.Numeric.init:2:1: note: protocol requires initializer 'init(exactly:)' with type '(exactly: T)'
1 | protocol Numeric {
2 | init?<T>(exactly source: T) where T : BinaryInteger}
| `- note: protocol requires initializer 'init(exactly:)' with type '(exactly: T)'
3 |
/Users/admin/builder/spi-builder-workspace/.dependencies/checkouts/SDGCornerstone/Sources/SDGMathematics/Numeric Protocols/WholeArithmetic.swift:215:15: note: protocol requires function 'random(in:using:)' with type '<R> (in: ClosedRange<Float80>, using: inout R) -> Float80'
213 | /// - range: The allowed range for the random value.
214 | /// - generator: The randomizer to use to generate the random value.
215 | static func random<R>(in range: ClosedRange<Self>, using generator: inout R) -> Self
| `- note: protocol requires function 'random(in:using:)' with type '<R> (in: ClosedRange<Float80>, using: inout R) -> Float80'
216 | where R: RandomNumberGenerator
217 | }
/Users/admin/builder/spi-builder-workspace/.dependencies/checkouts/SDGCornerstone/Sources/SDGMathematics/Numeric Protocols/PointProtocol.swift:23:18: note: protocol requires nested type 'Vector'
21 |
22 | /// The type to be used as a vector.
23 | associatedtype Vector: Negatable
| `- note: protocol requires nested type 'Vector'
24 |
25 | // @documentation(PointProtocol.+(Self, Vector))
/Users/admin/builder/spi-builder-workspace/.dependencies/checkouts/SDGCornerstone/Sources/SDGMathematics/Float.swift:322:13: error: 'Float80' is unavailable: Float80 is not available on target platform.
320 |
321 | #if !(PLATFORM_LACKS_SWIFT_FLOAT_80 || ((os(macOS) || os(Linux)) && arch(arm64)))
322 | extension Float80: Decodable, Encodable, FloatFamily {
| `- error: 'Float80' is unavailable: Float80 is not available on target platform.
323 |
324 | // MARK: - Decodable
Swift.Float80:2:23: note: 'Float80' has been explicitly marked unavailable here
1 | @available(*, unavailable, message: "Float80 is not available on target platform.")
2 | @frozen public struct Float80 {
| `- note: 'Float80' has been explicitly marked unavailable here
3 | public init()
4 | }
SwiftCompile normal arm64 Compiling\ Data.swift /Users/admin/builder/spi-builder-workspace/.dependencies/checkouts/SDGCornerstone/Sources/SDGMathematics/Data.swift (in target 'SDGMathematics' from project 'SDGCornerstone')
SwiftCompile normal arm64 /Users/admin/builder/spi-builder-workspace/.dependencies/checkouts/SDGCornerstone/Sources/SDGMathematics/Data.swift (in target 'SDGMathematics' from project 'SDGCornerstone')
cd /Users/admin/builder/spi-builder-workspace/.swiftpm/xcode
builtin-SwiftPerFileCompile Data.swift
SwiftCompile normal arm64 Compiling\ UInt.swift /Users/admin/builder/spi-builder-workspace/.dependencies/checkouts/SDGCornerstone/Sources/SDGMathematics/UInt.swift (in target 'SDGMathematics' from project 'SDGCornerstone')
SwiftCompile normal arm64 /Users/admin/builder/spi-builder-workspace/.dependencies/checkouts/SDGCornerstone/Sources/SDGMathematics/UInt.swift (in target 'SDGMathematics' from project 'SDGCornerstone')
cd /Users/admin/builder/spi-builder-workspace/.swiftpm/xcode
builtin-SwiftPerFileCompile UInt.swift
SwiftDriverJobDiscovery normal arm64 Compiling Tuple.swift (in target 'SDGMathematics' from project 'SDGCornerstone')
SwiftCompile normal arm64 Compiling\ Operators.swift /Users/admin/builder/spi-builder-workspace/.dependencies/checkouts/SDGCornerstone/Sources/SDGMathematics/Operators.swift (in target 'SDGMathematics' from project 'SDGCornerstone')
SwiftCompile normal arm64 /Users/admin/builder/spi-builder-workspace/.dependencies/checkouts/SDGCornerstone/Sources/SDGMathematics/Operators.swift (in target 'SDGMathematics' from project 'SDGCornerstone')
cd /Users/admin/builder/spi-builder-workspace/.swiftpm/xcode
builtin-SwiftPerFileCompile Operators.swift
SwiftCompile normal arm64 Compiling\ NumericAdditiveArithmetic.swift /Users/admin/builder/spi-builder-workspace/.dependencies/checkouts/SDGCornerstone/Sources/SDGMathematics/Numeric\ Protocols/NumericAdditiveArithmetic.swift (in target 'SDGMathematics' from project 'SDGCornerstone')
SwiftCompile normal arm64 /Users/admin/builder/spi-builder-workspace/.dependencies/checkouts/SDGCornerstone/Sources/SDGMathematics/Numeric\ Protocols/NumericAdditiveArithmetic.swift (in target 'SDGMathematics' from project 'SDGCornerstone')
cd /Users/admin/builder/spi-builder-workspace/.swiftpm/xcode
builtin-SwiftPerFileCompile NumericAdditiveArithmetic.swift
SwiftCompile normal arm64 Compiling\ Comparable.swift /Users/admin/builder/spi-builder-workspace/.dependencies/checkouts/SDGCornerstone/Sources/SDGMathematics/Comparable.swift (in target 'SDGMathematics' from project 'SDGCornerstone')
SwiftCompile normal arm64 /Users/admin/builder/spi-builder-workspace/.dependencies/checkouts/SDGCornerstone/Sources/SDGMathematics/Comparable.swift (in target 'SDGMathematics' from project 'SDGCornerstone')
cd /Users/admin/builder/spi-builder-workspace/.swiftpm/xcode
builtin-SwiftPerFileCompile Comparable.swift
SwiftDriverJobDiscovery normal arm64 Compiling FunctionAnalysis.swift (in target 'SDGMathematics' from project 'SDGCornerstone')
SwiftDriverJobDiscovery normal arm64 Compiling Operators.swift (in target 'SDGMathematics' from project 'SDGCornerstone')
SwiftDriverJobDiscovery normal arm64 Compiling NumericAdditiveArithmetic.swift (in target 'SDGMathematics' from project 'SDGCornerstone')
SwiftDriverJobDiscovery normal arm64 Compiling Sequence.swift (in target 'SDGMathematics' from project 'SDGCornerstone')
SwiftDriverJobDiscovery normal arm64 Compiling Comparable.swift (in target 'SDGMathematics' from project 'SDGCornerstone')
SwiftCompile normal arm64 Compiling\ RationalArithmetic.swift /Users/admin/builder/spi-builder-workspace/.dependencies/checkouts/SDGCornerstone/Sources/SDGMathematics/Numeric\ Protocols/RationalArithmetic.swift (in target 'SDGMathematics' from project 'SDGCornerstone')
SwiftCompile normal arm64 /Users/admin/builder/spi-builder-workspace/.dependencies/checkouts/SDGCornerstone/Sources/SDGMathematics/Numeric\ Protocols/RationalArithmetic.swift (in target 'SDGMathematics' from project 'SDGCornerstone')
cd /Users/admin/builder/spi-builder-workspace/.swiftpm/xcode
builtin-SwiftPerFileCompile RationalArithmetic.swift
SwiftCompile normal arm64 Compiling\ OneDimensionalPoint.swift /Users/admin/builder/spi-builder-workspace/.dependencies/checkouts/SDGCornerstone/Sources/SDGMathematics/Numeric\ Protocols/OneDimensionalPoint.swift (in target 'SDGMathematics' from project 'SDGCornerstone')
SwiftCompile normal arm64 /Users/admin/builder/spi-builder-workspace/.dependencies/checkouts/SDGCornerstone/Sources/SDGMathematics/Numeric\ Protocols/OneDimensionalPoint.swift (in target 'SDGMathematics' from project 'SDGCornerstone')
cd /Users/admin/builder/spi-builder-workspace/.swiftpm/xcode
builtin-SwiftPerFileCompile OneDimensionalPoint.swift
SwiftCompile normal arm64 Compiling\ PointProtocol.swift /Users/admin/builder/spi-builder-workspace/.dependencies/checkouts/SDGCornerstone/Sources/SDGMathematics/Numeric\ Protocols/PointProtocol.swift (in target 'SDGMathematics' from project 'SDGCornerstone')
SwiftCompile normal arm64 /Users/admin/builder/spi-builder-workspace/.dependencies/checkouts/SDGCornerstone/Sources/SDGMathematics/Numeric\ Protocols/PointProtocol.swift (in target 'SDGMathematics' from project 'SDGCornerstone')
cd /Users/admin/builder/spi-builder-workspace/.swiftpm/xcode
builtin-SwiftPerFileCompile PointProtocol.swift
SwiftCompile normal arm64 Compiling\ OrderedEnumeration.swift /Users/admin/builder/spi-builder-workspace/.dependencies/checkouts/SDGCornerstone/Sources/SDGMathematics/OrderedEnumeration.swift (in target 'SDGMathematics' from project 'SDGCornerstone')
SwiftCompile normal arm64 /Users/admin/builder/spi-builder-workspace/.dependencies/checkouts/SDGCornerstone/Sources/SDGMathematics/OrderedEnumeration.swift (in target 'SDGMathematics' from project 'SDGCornerstone')
cd /Users/admin/builder/spi-builder-workspace/.swiftpm/xcode
builtin-SwiftPerFileCompile OrderedEnumeration.swift
SwiftCompile normal arm64 Compiling\ WholeArithmetic.swift /Users/admin/builder/spi-builder-workspace/.dependencies/checkouts/SDGCornerstone/Sources/SDGMathematics/Numeric\ Protocols/WholeArithmetic.swift (in target 'SDGMathematics' from project 'SDGCornerstone')
SwiftCompile normal arm64 /Users/admin/builder/spi-builder-workspace/.dependencies/checkouts/SDGCornerstone/Sources/SDGMathematics/Numeric\ Protocols/WholeArithmetic.swift (in target 'SDGMathematics' from project 'SDGCornerstone')
cd /Users/admin/builder/spi-builder-workspace/.swiftpm/xcode
builtin-SwiftPerFileCompile WholeArithmetic.swift
SwiftCompile normal arm64 Compiling\ RealArithmetic.swift /Users/admin/builder/spi-builder-workspace/.dependencies/checkouts/SDGCornerstone/Sources/SDGMathematics/Numeric\ Protocols/RealArithmetic.swift (in target 'SDGMathematics' from project 'SDGCornerstone')
SwiftCompile normal arm64 /Users/admin/builder/spi-builder-workspace/.dependencies/checkouts/SDGCornerstone/Sources/SDGMathematics/Numeric\ Protocols/RealArithmetic.swift (in target 'SDGMathematics' from project 'SDGCornerstone')
cd /Users/admin/builder/spi-builder-workspace/.swiftpm/xcode
builtin-SwiftPerFileCompile RealArithmetic.swift
SwiftDriverJobDiscovery normal arm64 Compiling UInt.swift (in target 'SDGMathematics' from project 'SDGCornerstone')
SwiftCompile normal arm64 Compiling\ GenericAdditiveArithmetic.swift /Users/admin/builder/spi-builder-workspace/.dependencies/checkouts/SDGCornerstone/Sources/SDGMathematics/Numeric\ Protocols/GenericAdditiveArithmetic.swift (in target 'SDGMathematics' from project 'SDGCornerstone')
SwiftCompile normal arm64 /Users/admin/builder/spi-builder-workspace/.dependencies/checkouts/SDGCornerstone/Sources/SDGMathematics/Numeric\ Protocols/GenericAdditiveArithmetic.swift (in target 'SDGMathematics' from project 'SDGCornerstone')
cd /Users/admin/builder/spi-builder-workspace/.swiftpm/xcode
builtin-SwiftPerFileCompile GenericAdditiveArithmetic.swift
SwiftDriverJobDiscovery normal arm64 Compiling Int.swift (in target 'SDGMathematics' from project 'SDGCornerstone')
SwiftCompile normal arm64 Compiling\ Angle.swift,\ Measurement.swift /Users/admin/builder/spi-builder-workspace/.dependencies/checkouts/SDGCornerstone/Sources/SDGMathematics/Angle.swift /Users/admin/builder/spi-builder-workspace/.dependencies/checkouts/SDGCornerstone/Sources/SDGMathematics/Measurement.swift (in target 'SDGMathematics' from project 'SDGCornerstone')
SwiftCompile normal arm64 /Users/admin/builder/spi-builder-workspace/.dependencies/checkouts/SDGCornerstone/Sources/SDGMathematics/Angle.swift (in target 'SDGMathematics' from project 'SDGCornerstone')
cd /Users/admin/builder/spi-builder-workspace/.swiftpm/xcode
builtin-SwiftPerFileCompile Angle.swift
SwiftCompile normal arm64 /Users/admin/builder/spi-builder-workspace/.dependencies/checkouts/SDGCornerstone/Sources/SDGMathematics/Measurement.swift (in target 'SDGMathematics' from project 'SDGCornerstone')
cd /Users/admin/builder/spi-builder-workspace/.swiftpm/xcode
builtin-SwiftPerFileCompile Measurement.swift
SwiftDriverJobDiscovery normal arm64 Compiling OneDimensionalPoint.swift (in target 'SDGMathematics' from project 'SDGCornerstone')
SwiftCompile normal arm64 Compiling\ RationalVector.swift /Users/admin/builder/spi-builder-workspace/.dependencies/checkouts/SDGCornerstone/Sources/SDGMathematics/Numeric\ Protocols/RationalVector.swift (in target 'SDGMathematics' from project 'SDGCornerstone')
SwiftCompile normal arm64 /Users/admin/builder/spi-builder-workspace/.dependencies/checkouts/SDGCornerstone/Sources/SDGMathematics/Numeric\ Protocols/RationalVector.swift (in target 'SDGMathematics' from project 'SDGCornerstone')
cd /Users/admin/builder/spi-builder-workspace/.swiftpm/xcode
builtin-SwiftPerFileCompile RationalVector.swift
SwiftDriverJobDiscovery normal arm64 Compiling PointProtocol.swift (in target 'SDGMathematics' from project 'SDGCornerstone')
SwiftCompile normal arm64 Compiling\ IntegralArithmetic.swift,\ Negatable.swift /Users/admin/builder/spi-builder-workspace/.dependencies/checkouts/SDGCornerstone/Sources/SDGMathematics/Numeric\ Protocols/IntegralArithmetic.swift /Users/admin/builder/spi-builder-workspace/.dependencies/checkouts/SDGCornerstone/Sources/SDGMathematics/Numeric\ Protocols/Negatable.swift (in target 'SDGMathematics' from project 'SDGCornerstone')
SwiftCompile normal arm64 /Users/admin/builder/spi-builder-workspace/.dependencies/checkouts/SDGCornerstone/Sources/SDGMathematics/Numeric\ Protocols/IntegralArithmetic.swift (in target 'SDGMathematics' from project 'SDGCornerstone')
cd /Users/admin/builder/spi-builder-workspace/.swiftpm/xcode
builtin-SwiftPerFileCompile IntegralArithmetic.swift
SwiftCompile normal arm64 /Users/admin/builder/spi-builder-workspace/.dependencies/checkouts/SDGCornerstone/Sources/SDGMathematics/Numeric\ Protocols/Negatable.swift (in target 'SDGMathematics' from project 'SDGCornerstone')
cd /Users/admin/builder/spi-builder-workspace/.swiftpm/xcode
builtin-SwiftPerFileCompile Negatable.swift
SwiftDriverJobDiscovery normal arm64 Compiling OrderedEnumeration.swift (in target 'SDGMathematics' from project 'SDGCornerstone')
SwiftCompile normal arm64 Compiling\ Addable.swift /Users/admin/builder/spi-builder-workspace/.dependencies/checkouts/SDGCornerstone/Sources/SDGMathematics/Numeric\ Protocols/Addable.swift (in target 'SDGMathematics' from project 'SDGCornerstone')
SwiftCompile normal arm64 /Users/admin/builder/spi-builder-workspace/.dependencies/checkouts/SDGCornerstone/Sources/SDGMathematics/Numeric\ Protocols/Addable.swift (in target 'SDGMathematics' from project 'SDGCornerstone')
cd /Users/admin/builder/spi-builder-workspace/.swiftpm/xcode
builtin-SwiftPerFileCompile Addable.swift
SwiftDriverJobDiscovery normal arm64 Compiling RationalArithmetic.swift (in target 'SDGMathematics' from project 'SDGCornerstone')
SwiftCompile normal arm64 Compiling\ VectorProtocol.swift /Users/admin/builder/spi-builder-workspace/.dependencies/checkouts/SDGCornerstone/Sources/SDGMathematics/Numeric\ Protocols/VectorProtocol.swift (in target 'SDGMathematics' from project 'SDGCornerstone')
SwiftCompile normal arm64 /Users/admin/builder/spi-builder-workspace/.dependencies/checkouts/SDGCornerstone/Sources/SDGMathematics/Numeric\ Protocols/VectorProtocol.swift (in target 'SDGMathematics' from project 'SDGCornerstone')
cd /Users/admin/builder/spi-builder-workspace/.swiftpm/xcode
builtin-SwiftPerFileCompile VectorProtocol.swift
SwiftDriverJobDiscovery normal arm64 Compiling GenericAdditiveArithmetic.swift (in target 'SDGMathematics' from project 'SDGCornerstone')
SwiftCompile normal arm64 Compiling\ Subtractable.swift /Users/admin/builder/spi-builder-workspace/.dependencies/checkouts/SDGCornerstone/Sources/SDGMathematics/Numeric\ Protocols/Subtractable.swift (in target 'SDGMathematics' from project 'SDGCornerstone')
SwiftCompile normal arm64 /Users/admin/builder/spi-builder-workspace/.dependencies/checkouts/SDGCornerstone/Sources/SDGMathematics/Numeric\ Protocols/Subtractable.swift (in target 'SDGMathematics' from project 'SDGCornerstone')
cd /Users/admin/builder/spi-builder-workspace/.swiftpm/xcode
builtin-SwiftPerFileCompile Subtractable.swift
SwiftDriverJobDiscovery normal arm64 Compiling WholeArithmetic.swift (in target 'SDGMathematics' from project 'SDGCornerstone')
PruneExplicitPrecompiledModules /Users/admin/builder/spi-builder-workspace/.derivedData/Build/Intermediates.noindex/SwiftExplicitPrecompiledModules
PruneExplicitPrecompiledModules /Users/admin/builder/spi-builder-workspace/.derivedData/SDKExplicitPrecompiledModules
PruneExplicitPrecompiledModules /Users/admin/builder/spi-builder-workspace/.derivedData/Build/Intermediates.noindex/ExplicitPrecompiledModules
2026-09-19 09:58:22.921 xcodebuild[1691:9109] [MT] IDERunDestination: Supported platforms for the buildables in the current scheme is empty.
** BUILD FAILED **
The following build commands failed:
SwiftCompile normal arm64 (in target 'SDGMathematics' from project 'SDGCornerstone')
SwiftEmitModule normal arm64 Emitting\ module\ for\ SDGMathematics (in target 'SDGMathematics' from project 'SDGCornerstone')
Building workspace SDGCommandLine with scheme SDGCommandLine-Package
(3 failures)
BUILD FAILURE 6.4 visionOS