Build Information
Failed to build MijickPopups, reference main (3aa552), with Swift 6.4 for tvOS using Xcode 27.0 on 23 Sep 2026 06:11:38 UTC.
Build Command
env DEVELOPER_DIR=/Applications/Xcode-27.0.0-Release.Candidate.app xcrun xcodebuild -IDEClonedSourcePackagesDirPathOverride=$PWD/.dependencies -skipMacroValidation -skipPackagePluginValidation -derivedDataPath $PWD/.derivedData build -scheme MijickPopups -destination generic/platform=tvOSBuild Log
========================================
RunAll
========================================
Builder version: 5.1.0
Interrupt handler set up.
========================================
Checkout
========================================
Clone URL: https://github.com/Mijick/Popups.git
Reference: main
Initialized empty Git repository in /Users/admin/builder/spi-builder-workspace/.git/
From https://github.com/Mijick/Popups
* branch main -> FETCH_HEAD
* [new branch] main -> origin/main
HEAD is now at 3aa5523 Patch 4.0.5
Cloned https://github.com/Mijick/Popups.git
Revision (git rev-parse @):
3aa55233eda7bbcbd98b52a6f63d5a7e1955189a
SUCCESS checkout https://github.com/Mijick/Popups.git at main
========================================
Build
========================================
Selected platform: tvOS
Swift version: 6.4
Building package at path: $PWD
https://github.com/Mijick/Popups.git
Command line invocation:
/Applications/Xcode-27.0.0-Release.Candidate.app/Contents/Developer/usr/bin/xcodebuild -IDEClonedSourcePackagesDirPathOverride=/Users/admin/builder/spi-builder-workspace/.dependencies -resolvePackageDependencies
Resolve Package Graph
Resolve Package Graph
Resolved source packages:
MijickPopups: /Users/admin/builder/spi-builder-workspace
resolved source packages: MijickPopups
2026-09-23 02:10:50.689 xcodebuild[524:3002] [MT] IDERunDestination: Supported platforms for the buildables in the current scheme is empty.
{
"dependencies" : [
],
"manifest_display_name" : "MijickPopups",
"name" : "MijickPopups",
"path" : "/Users/admin/builder/spi-builder-workspace",
"platforms" : [
{
"name" : "ios",
"version" : "14.0"
},
{
"name" : "macos",
"version" : "12.0"
},
{
"name" : "tvos",
"version" : "15.0"
},
{
"name" : "watchos",
"version" : "7.0"
},
{
"name" : "visionos",
"version" : "1.0"
}
],
"products" : [
{
"name" : "MijickPopups",
"targets" : [
"MijickPopups"
],
"type" : {
"library" : [
"automatic"
]
}
}
],
"swift_languages_versions" : [
"6"
],
"targets" : [
{
"c99name" : "MijickPopupsTests",
"module_type" : "SwiftTarget",
"name" : "MijickPopupsTests",
"path" : "Tests",
"sources" : [
"Tests+PopupID.swift",
"Tests+PopupStack.swift",
"Tests+ViewModel+PopupCenterStack.swift",
"Tests+ViewModel+PopupVerticalStack.swift"
],
"target_dependencies" : [
"MijickPopups"
],
"type" : "test"
},
{
"c99name" : "MijickPopups",
"module_type" : "SwiftTarget",
"name" : "MijickPopups",
"path" : "Sources",
"product_memberships" : [
"MijickPopups"
],
"sources" : [
"Internal/Configurables/Global/GlobalConfig+Center.swift",
"Internal/Configurables/Global/GlobalConfig+Vertical.swift",
"Internal/Configurables/Global/GlobalConfig.swift",
"Internal/Configurables/Local/LocalConfig+Center.swift",
"Internal/Configurables/Local/LocalConfig+Vertical.swift",
"Internal/Configurables/Local/LocalConfig.swift",
"Internal/Containers/GlobalConfigContainer.swift",
"Internal/Containers/PopupStack.swift",
"Internal/Containers/PopupStackContainer.swift",
"Internal/Extensions/Animation++.swift",
"Internal/Extensions/Array++.swift",
"Internal/Extensions/EdgeInsets++.swift",
"Internal/Extensions/Task++.swift",
"Internal/Extensions/View+Background.swift",
"Internal/Extensions/View+Gestures.swift",
"Internal/Extensions/View+Keyboard.swift",
"Internal/Extensions/View+ReadHeight.swift",
"Internal/Extensions/View+tvOS.swift",
"Internal/Models/ActivePopupProperties.swift",
"Internal/Models/AnyPopup.swift",
"Internal/Models/AnyPopupConfig.swift",
"Internal/Models/DragGestureState.swift",
"Internal/Models/ID+Popup.swift",
"Internal/Models/Screen.swift",
"Internal/Models/StackPriority.swift",
"Internal/UI/PopupCenterStackView.swift",
"Internal/UI/PopupVerticalStackView.swift",
"Internal/UI/PopupView.swift",
"Internal/Utilities/Logger.swift",
"Internal/Utilities/PopupActionScheduler.swift",
"Internal/Utilities/PopupAlignment.swift",
"Internal/View Models/ViewModel+CentreStack.swift",
"Internal/View Models/ViewModel+VerticalStack.swift",
"Internal/View Models/ViewModel.swift",
"Public/Dismiss/Public+Dismiss+PopupStack.swift",
"Public/Dismiss/Public+Dismiss+View.swift",
"Public/Popup/Public+Popup+Config.swift",
"Public/Popup/Public+Popup+Main.swift",
"Public/Popup/Public+Popup+Utilities.swift",
"Public/Present/Public+Present+Popup.swift",
"Public/Setup/Public+Setup+Config.swift",
"Public/Setup/Public+Setup+ConfigContainer.swift",
"Public/Setup/Public+Setup+PopupStackID.swift",
"Public/Setup/Public+Setup+SceneDelegate.swift",
"Public/Setup/Public+Setup+View.swift"
],
"type" : "library"
}
],
"tools_version" : "6.0"
}
{
"workspace" : {
"name" : "MijickPopups",
"schemes" : [
"MijickPopups"
]
}
}
2026-09-23 02:11:22.640 xcodebuild[622:3807] [MT] IDERunDestination: Supported platforms for the buildables in the current scheme is empty.
Running build ...
env DEVELOPER_DIR=/Applications/Xcode-27.0.0-Release.Candidate.app xcrun xcodebuild -IDEClonedSourcePackagesDirPathOverride=$PWD/.dependencies -skipMacroValidation -skipPackagePluginValidation -derivedDataPath $PWD/.derivedData build -scheme MijickPopups -destination generic/platform=tvOS
Command line invocation:
/Applications/Xcode-27.0.0-Release.Candidate.app/Contents/Developer/usr/bin/xcodebuild -IDEClonedSourcePackagesDirPathOverride=/Users/admin/builder/spi-builder-workspace/.dependencies -skipMacroValidation -skipPackagePluginValidation -derivedDataPath /Users/admin/builder/spi-builder-workspace/.derivedData build -scheme MijickPopups -destination generic/platform=tvOS
Resolve Package Graph
Resolved source packages:
MijickPopups: /Users/admin/builder/spi-builder-workspace
ComputePackagePrebuildTargetDependencyGraph
Prepare packages
CreateBuildRequest
SendProjectDescription
CreateBuildOperation
ComputeTargetDependencyGraph
note: Building targets in dependency order
note: Target dependency graph (2 targets)
Target 'MijickPopups-product' in project 'MijickPopups'
➜ Explicit dependency on target 'MijickPopups' in project 'MijickPopups'
Target 'MijickPopups' in project 'MijickPopups' (no dependencies)
GatherProvisioningInputs
CreateBuildDescription
ExecuteExternalTool /Applications/Xcode-27.0.0-Release.Candidate.app/Contents/Developer/Toolchains/XcodeDefault.xctoolchain/usr/bin/clang -v -E -dM -isysroot /Applications/Xcode-27.0.0-Release.Candidate.app/Contents/Developer/Platforms/AppleTVOS.platform/Developer/SDKs/AppleTVOS27.0.sdk -x c -c /dev/null
ExecuteExternalTool /Applications/Xcode-27.0.0-Release.Candidate.app/Contents/Developer/Toolchains/XcodeDefault.xctoolchain/usr/bin/swiftc --version
ExecuteExternalTool /Applications/Xcode-27.0.0-Release.Candidate.app/Contents/Developer/Toolchains/XcodeDefault.xctoolchain/usr/bin/ld -version_details
Build description signature: 8558f273a2cd103f37eeea8b11d38acc
Build description path: /Users/admin/builder/spi-builder-workspace/.derivedData/Build/Intermediates.noindex/XCBuildData/8558f273a2cd103f37eeea8b11d38acc.xcbuilddata
CreateBuildDirectory /Users/admin/builder/spi-builder-workspace/.derivedData/CompilationCache.noindex
cd /Users/admin/builder/spi-builder-workspace/.swiftpm/xcode
builtin-create-build-directory /Users/admin/builder/spi-builder-workspace/.derivedData/CompilationCache.noindex
CreateBuildDirectory /Users/admin/builder/spi-builder-workspace/.derivedData/SDKExplicitPrecompiledModules
cd /Users/admin/builder/spi-builder-workspace/.swiftpm/xcode
builtin-create-build-directory /Users/admin/builder/spi-builder-workspace/.derivedData/SDKExplicitPrecompiledModules
CreateBuildDirectory /Users/admin/builder/spi-builder-workspace/.derivedData/ModuleCache.noindex
cd /Users/admin/builder/spi-builder-workspace/.swiftpm/xcode
builtin-create-build-directory /Users/admin/builder/spi-builder-workspace/.derivedData/ModuleCache.noindex
ClangStatCache /Applications/Xcode-27.0.0-Release.Candidate.app/Contents/Developer/Toolchains/XcodeDefault.xctoolchain/usr/bin/clang-stat-cache /Applications/Xcode-27.0.0-Release.Candidate.app/Contents/Developer/Platforms/AppleTVOS.platform/Developer/SDKs/AppleTVOS27.0.sdk /Users/admin/builder/spi-builder-workspace/.derivedData/SDKStatCaches.noindex/appletvos27.0-24J360-e829b21a6f8c9b70876ba0858053c044b32bfd8d43560033f8d89884cdb90028.sdkstatcache
cd /Users/admin/builder/spi-builder-workspace/.swiftpm/xcode
/Applications/Xcode-27.0.0-Release.Candidate.app/Contents/Developer/Toolchains/XcodeDefault.xctoolchain/usr/bin/clang-stat-cache /Applications/Xcode-27.0.0-Release.Candidate.app/Contents/Developer/Platforms/AppleTVOS.platform/Developer/SDKs/AppleTVOS27.0.sdk -o /Users/admin/builder/spi-builder-workspace/.derivedData/SDKStatCaches.noindex/appletvos27.0-24J360-e829b21a6f8c9b70876ba0858053c044b32bfd8d43560033f8d89884cdb90028.sdkstatcache
CreateBuildDirectory /Users/admin/builder/spi-builder-workspace/.derivedData/Build/Intermediates.noindex
cd /Users/admin/builder/spi-builder-workspace/.swiftpm/xcode
builtin-create-build-directory /Users/admin/builder/spi-builder-workspace/.derivedData/Build/Intermediates.noindex
CreateBuildDirectory /Users/admin/builder/spi-builder-workspace/.derivedData/Build/Products
cd /Users/admin/builder/spi-builder-workspace/.swiftpm/xcode
builtin-create-build-directory /Users/admin/builder/spi-builder-workspace/.derivedData/Build/Products
CreateBuildDirectory /Users/admin/builder/spi-builder-workspace/.derivedData/Build/Intermediates.noindex/SwiftExplicitPrecompiledModules
cd /Users/admin/builder/spi-builder-workspace/.swiftpm/xcode
builtin-create-build-directory /Users/admin/builder/spi-builder-workspace/.derivedData/Build/Intermediates.noindex/SwiftExplicitPrecompiledModules
CreateBuildDirectory /Users/admin/builder/spi-builder-workspace/.derivedData/Build/Intermediates.noindex/ExplicitPrecompiledModules
cd /Users/admin/builder/spi-builder-workspace/.swiftpm/xcode
builtin-create-build-directory /Users/admin/builder/spi-builder-workspace/.derivedData/Build/Intermediates.noindex/ExplicitPrecompiledModules
CreateBuildDirectory /Users/admin/builder/spi-builder-workspace/.derivedData/Build/Intermediates.noindex/PrecompiledHeaders
cd /Users/admin/builder/spi-builder-workspace/.swiftpm/xcode
builtin-create-build-directory /Users/admin/builder/spi-builder-workspace/.derivedData/Build/Intermediates.noindex/PrecompiledHeaders
CreateBuildDirectory /Users/admin/builder/spi-builder-workspace/.derivedData/Build/Intermediates.noindex/EagerLinkingTBDs/Debug-appletvos
cd /Users/admin/builder/spi-builder-workspace/.swiftpm/xcode
builtin-create-build-directory /Users/admin/builder/spi-builder-workspace/.derivedData/Build/Intermediates.noindex/EagerLinkingTBDs/Debug-appletvos
CreateBuildDirectory /Users/admin/builder/spi-builder-workspace/.derivedData/Build/Products/Debug-appletvos
cd /Users/admin/builder/spi-builder-workspace/.swiftpm/xcode
builtin-create-build-directory /Users/admin/builder/spi-builder-workspace/.derivedData/Build/Products/Debug-appletvos
CreateBuildDirectory /Users/admin/builder/spi-builder-workspace/.derivedData/Build/Products/Debug-appletvos/PackageFrameworks
cd /Users/admin/builder/spi-builder-workspace/.swiftpm/xcode
builtin-create-build-directory /Users/admin/builder/spi-builder-workspace/.derivedData/Build/Products/Debug-appletvos/PackageFrameworks
WriteAuxiliaryFile /Users/admin/builder/spi-builder-workspace/.derivedData/Build/Intermediates.noindex/MijickPopups.build/Debug-appletvos/MijickPopups-t.build/MijickPopups.modulemap (in target 'MijickPopups' from project 'MijickPopups')
cd /Users/admin/builder/spi-builder-workspace
write-file /Users/admin/builder/spi-builder-workspace/.derivedData/Build/Intermediates.noindex/MijickPopups.build/Debug-appletvos/MijickPopups-t.build/MijickPopups.modulemap
WriteAuxiliaryFile /Users/admin/builder/spi-builder-workspace/.derivedData/Build/Intermediates.noindex/MijickPopups.build/Debug-appletvos/MijickPopups-t.build/MijickPopups.DependencyStaticMetadataFileList (in target 'MijickPopups' from project 'MijickPopups')
cd /Users/admin/builder/spi-builder-workspace
write-file /Users/admin/builder/spi-builder-workspace/.derivedData/Build/Intermediates.noindex/MijickPopups.build/Debug-appletvos/MijickPopups-t.build/MijickPopups.DependencyStaticMetadataFileList
WriteAuxiliaryFile /Users/admin/builder/spi-builder-workspace/.derivedData/Build/Intermediates.noindex/MijickPopups.build/Debug-appletvos/MijickPopups-t.build/MijickPopups.DependencyMetadataFileList (in target 'MijickPopups' from project 'MijickPopups')
cd /Users/admin/builder/spi-builder-workspace
write-file /Users/admin/builder/spi-builder-workspace/.derivedData/Build/Intermediates.noindex/MijickPopups.build/Debug-appletvos/MijickPopups-t.build/MijickPopups.DependencyMetadataFileList
WriteAuxiliaryFile /Users/admin/builder/spi-builder-workspace/.derivedData/Build/Intermediates.noindex/MijickPopups.build/Debug-appletvos/MijickPopups-t.build/Objects-normal/arm64/MijickPopups.SwiftConstValuesFileList (in target 'MijickPopups' from project 'MijickPopups')
cd /Users/admin/builder/spi-builder-workspace
write-file /Users/admin/builder/spi-builder-workspace/.derivedData/Build/Intermediates.noindex/MijickPopups.build/Debug-appletvos/MijickPopups-t.build/Objects-normal/arm64/MijickPopups.SwiftConstValuesFileList
WriteAuxiliaryFile /Users/admin/builder/spi-builder-workspace/.derivedData/Build/Intermediates.noindex/MijickPopups.build/Debug-appletvos/MijickPopups-t.build/Objects-normal/arm64/MijickPopups.SwiftFileList (in target 'MijickPopups' from project 'MijickPopups')
cd /Users/admin/builder/spi-builder-workspace
write-file /Users/admin/builder/spi-builder-workspace/.derivedData/Build/Intermediates.noindex/MijickPopups.build/Debug-appletvos/MijickPopups-t.build/Objects-normal/arm64/MijickPopups.SwiftFileList
WriteAuxiliaryFile /Users/admin/builder/spi-builder-workspace/.derivedData/Build/Intermediates.noindex/MijickPopups.build/Debug-appletvos/MijickPopups-t.build/Objects-normal/arm64/MijickPopups_const_extract_protocols.json (in target 'MijickPopups' from project 'MijickPopups')
cd /Users/admin/builder/spi-builder-workspace
write-file /Users/admin/builder/spi-builder-workspace/.derivedData/Build/Intermediates.noindex/MijickPopups.build/Debug-appletvos/MijickPopups-t.build/Objects-normal/arm64/MijickPopups_const_extract_protocols.json
WriteAuxiliaryFile /Users/admin/builder/spi-builder-workspace/.derivedData/Build/Intermediates.noindex/MijickPopups.build/Debug-appletvos/MijickPopups-t.build/Objects-normal/arm64/MijickPopups.LinkFileList (in target 'MijickPopups' from project 'MijickPopups')
cd /Users/admin/builder/spi-builder-workspace
write-file /Users/admin/builder/spi-builder-workspace/.derivedData/Build/Intermediates.noindex/MijickPopups.build/Debug-appletvos/MijickPopups-t.build/Objects-normal/arm64/MijickPopups.LinkFileList
WriteAuxiliaryFile /Users/admin/builder/spi-builder-workspace/.derivedData/Build/Intermediates.noindex/MijickPopups.build/Debug-appletvos/MijickPopups-t.build/Objects-normal/arm64/MijickPopups-OutputFileMap.json (in target 'MijickPopups' from project 'MijickPopups')
cd /Users/admin/builder/spi-builder-workspace
write-file /Users/admin/builder/spi-builder-workspace/.derivedData/Build/Intermediates.noindex/MijickPopups.build/Debug-appletvos/MijickPopups-t.build/Objects-normal/arm64/MijickPopups-OutputFileMap.json
Copy /Users/admin/builder/spi-builder-workspace/.derivedData/Build/Intermediates.noindex/GeneratedModuleMaps-appletvos/MijickPopups.modulemap /Users/admin/builder/spi-builder-workspace/.derivedData/Build/Intermediates.noindex/MijickPopups.build/Debug-appletvos/MijickPopups-t.build/MijickPopups.modulemap (in target 'MijickPopups' from project 'MijickPopups')
cd /Users/admin/builder/spi-builder-workspace
builtin-copy -exclude .DS_Store -exclude CVS -exclude .svn -exclude .git -exclude .hg -resolve-src-symlinks /Users/admin/builder/spi-builder-workspace/.derivedData/Build/Intermediates.noindex/MijickPopups.build/Debug-appletvos/MijickPopups-t.build/MijickPopups.modulemap /Users/admin/builder/spi-builder-workspace/.derivedData/Build/Intermediates.noindex/GeneratedModuleMaps-appletvos
SwiftDriver MijickPopups normal arm64 com.apple.xcode.tools.swift.compiler (in target 'MijickPopups' from project 'MijickPopups')
cd /Users/admin/builder/spi-builder-workspace/.swiftpm/xcode
builtin-SwiftDriver -- /Applications/Xcode-27.0.0-Release.Candidate.app/Contents/Developer/Toolchains/XcodeDefault.xctoolchain/usr/bin/swiftc -parse-as-library -module-name MijickPopups -Onone @/Users/admin/builder/spi-builder-workspace/.derivedData/Build/Intermediates.noindex/MijickPopups.build/Debug-appletvos/MijickPopups-t.build/Objects-normal/arm64/MijickPopups.SwiftFileList -DSWIFT_PACKAGE -DDEBUG -DSWIFT_MODULE_RESOURCE_BUNDLE_UNAVAILABLE -DXcode -plugin-path /Applications/Xcode-27.0.0-Release.Candidate.app/Contents/Developer/Toolchains/XcodeDefault.xctoolchain/usr/lib/swift/host/plugins/testing -enable-experimental-feature DebugDescriptionMacro -sdk /Applications/Xcode-27.0.0-Release.Candidate.app/Contents/Developer/Platforms/AppleTVOS.platform/Developer/SDKs/AppleTVOS27.0.sdk -target arm64-apple-tvos15.0 -g -module-cache-path /Users/admin/builder/spi-builder-workspace/.derivedData/ModuleCache.noindex -Xfrontend -serialize-debugging-options -profile-coverage-mapping -profile-generate -enable-testing -index-store-path /Users/admin/builder/spi-builder-workspace/.derivedData/Index.noindex/DataStore -Xcc -D_LIBCPP_HARDENING_MODE\=_LIBCPP_HARDENING_MODE_DEBUG -swift-version 6 -I /Users/admin/builder/spi-builder-workspace/.derivedData/Build/Products/Debug-appletvos -Isystem /Applications/Xcode-27.0.0-Release.Candidate.app/Contents/Developer/Platforms/AppleTVOS.platform/Developer/usr/lib -F /Users/admin/builder/spi-builder-workspace/.derivedData/Build/Products/Debug-appletvos -F /Applications/Xcode-27.0.0-Release.Candidate.app/Contents/Developer/Platforms/AppleTVOS.platform/Developer/Library/Frameworks -F /Applications/Xcode-27.0.0-Release.Candidate.app/Contents/Developer/Platforms/AppleTVOS.platform/Developer/SDKs/AppleTVOS27.0.sdk/Developer/Library/Frameworks -c -j10 -enable-batch-mode -incremental -Xcc -ivfsstatcache -Xcc /Users/admin/builder/spi-builder-workspace/.derivedData/SDKStatCaches.noindex/appletvos27.0-24J360-e829b21a6f8c9b70876ba0858053c044b32bfd8d43560033f8d89884cdb90028.sdkstatcache -output-file-map /Users/admin/builder/spi-builder-workspace/.derivedData/Build/Intermediates.noindex/MijickPopups.build/Debug-appletvos/MijickPopups-t.build/Objects-normal/arm64/MijickPopups-OutputFileMap.json -save-temps -no-color-diagnostics -explicit-module-build -module-cache-path /Users/admin/builder/spi-builder-workspace/.derivedData/Build/Intermediates.noindex/SwiftExplicitPrecompiledModules -clang-scanner-module-cache-path /Users/admin/builder/spi-builder-workspace/.derivedData/ModuleCache.noindex -sdk-module-cache-path /Users/admin/builder/spi-builder-workspace/.derivedData/SDKExplicitPrecompiledModules -emit-dependencies -emit-module -emit-module-path /Users/admin/builder/spi-builder-workspace/.derivedData/Build/Intermediates.noindex/MijickPopups.build/Debug-appletvos/MijickPopups-t.build/Objects-normal/arm64/MijickPopups.swiftmodule -serialize-diagnostics -dependency-scan-serialize-diagnostics-path /Users/admin/builder/spi-builder-workspace/.derivedData/Build/Intermediates.noindex/MijickPopups.build/Debug-appletvos/MijickPopups-t.build/Objects-normal/arm64/MijickPopups-dependency-scan.dia -validate-clang-modules-once -clang-build-session-file /Users/admin/builder/spi-builder-workspace/.derivedData/ModuleCache.noindex/Session.modulevalidation -Xcc -fmodules-prune-interval\=86400 -Xcc -fmodules-prune-after\=345600 -package-name spi_builder_workspace -emit-const-values -const-gather-protocols-list /Users/admin/builder/spi-builder-workspace/.derivedData/Build/Intermediates.noindex/MijickPopups.build/Debug-appletvos/MijickPopups-t.build/Objects-normal/arm64/MijickPopups_const_extract_protocols.json -Xcc -I/Users/admin/builder/spi-builder-workspace/.derivedData/Build/Products/Debug-appletvos/include -Xcc -I/Users/admin/builder/spi-builder-workspace/.derivedData/Build/Intermediates.noindex/MijickPopups.build/Debug-appletvos/MijickPopups-t.build/DerivedSources-normal/arm64 -Xcc -I/Users/admin/builder/spi-builder-workspace/.derivedData/Build/Intermediates.noindex/MijickPopups.build/Debug-appletvos/MijickPopups-t.build/DerivedSources/arm64 -Xcc -I/Users/admin/builder/spi-builder-workspace/.derivedData/Build/Intermediates.noindex/MijickPopups.build/Debug-appletvos/MijickPopups-t.build/DerivedSources -Xcc -DSWIFT_PACKAGE -Xcc -DDEBUG\=1 -emit-objc-header -emit-objc-header-path /Users/admin/builder/spi-builder-workspace/.derivedData/Build/Intermediates.noindex/MijickPopups.build/Debug-appletvos/MijickPopups-t.build/Objects-normal/arm64/MijickPopups-Swift.h -working-directory /Users/admin/builder/spi-builder-workspace/.swiftpm/xcode -experimental-emit-module-separately -disable-cmo
SwiftExplicitDependencyGeneratePcm arm64 /Users/admin/builder/spi-builder-workspace/.derivedData/SDKExplicitPrecompiledModules/DeveloperToolsSupport-CJV8SY9BXJUTONPFWMLQEGTXA.pcm
SwiftExplicitDependencyGeneratePcm arm64 /Users/admin/builder/spi-builder-workspace/.derivedData/SDKExplicitPrecompiledModules/_AvailabilityInternal-99L1JVU5TYE8S0FGGB7E09QQS.pcm
SwiftExplicitDependencyGeneratePcm arm64 /Users/admin/builder/spi-builder-workspace/.derivedData/SDKExplicitPrecompiledModules/_SwiftConcurrencyShims-3HZGHPZQL3GY71QUHDRB0P39S.pcm
SwiftExplicitDependencyGeneratePcm arm64 /Users/admin/builder/spi-builder-workspace/.derivedData/SDKExplicitPrecompiledModules/_Builtin_stdarg-719DH4G2R3NRP3HRX5HE8WX08.pcm
SwiftExplicitDependencyGeneratePcm arm64 /Users/admin/builder/spi-builder-workspace/.derivedData/SDKExplicitPrecompiledModules/ptrauth-EMKXYE8GN9BK4M3ODSTVDUJU2.pcm
SwiftExplicitDependencyGeneratePcm arm64 /Users/admin/builder/spi-builder-workspace/.derivedData/SDKExplicitPrecompiledModules/ptrcheck-BA65H1NXYZJ0BLLWO9HZOAZ6Y.pcm
SwiftExplicitDependencyGeneratePcm arm64 /Users/admin/builder/spi-builder-workspace/.derivedData/SDKExplicitPrecompiledModules/_Builtin_stddef-1MAO6P3OSQFGZFQEPM31XXNSS.pcm
SwiftExplicitDependencyGeneratePcm arm64 /Users/admin/builder/spi-builder-workspace/.derivedData/SDKExplicitPrecompiledModules/SwiftShims-73G9EXEO9PVWB6PL1BR4TAJ0B.pcm
SwiftExplicitDependencyGeneratePcm arm64 /Users/admin/builder/spi-builder-workspace/.derivedData/SDKExplicitPrecompiledModules/_Builtin_stdbool-4UUPXTY52W6RPSB0N2WGGLTJT.pcm
SwiftExplicitDependencyGeneratePcm arm64 /Users/admin/builder/spi-builder-workspace/.derivedData/SDKExplicitPrecompiledModules/_Builtin_float-3RF4B70MBHPP952AX3GNZ8W3H.pcm
SwiftExplicitDependencyGeneratePcm arm64 /Users/admin/builder/spi-builder-workspace/.derivedData/SDKExplicitPrecompiledModules/_DarwinFoundation1-90NUFDXQ765U5FR62173FT21A.pcm
SwiftExplicitDependencyGeneratePcm arm64 /Users/admin/builder/spi-builder-workspace/.derivedData/SDKExplicitPrecompiledModules/_DarwinFoundation2-EPKSYG5WMVE7WSPFQB4C0UC59.pcm
SwiftExplicitDependencyGeneratePcm arm64 /Users/admin/builder/spi-builder-workspace/.derivedData/SDKExplicitPrecompiledModules/_Builtin_limits-3JICJWOCEYXXXNXAMEJBF6UQN.pcm
SwiftExplicitDependencyGeneratePcm arm64 /Users/admin/builder/spi-builder-workspace/.derivedData/SDKExplicitPrecompiledModules/sys_types-CATSGLJDZ8UZUMKHO6M4I4PJT.pcm
SwiftExplicitDependencyGeneratePcm arm64 /Users/admin/builder/spi-builder-workspace/.derivedData/SDKExplicitPrecompiledModules/_Builtin_tgmath-320K271Z6IM134IWIB7S3LTD.pcm
SwiftExplicitDependencyGeneratePcm arm64 /Users/admin/builder/spi-builder-workspace/.derivedData/SDKExplicitPrecompiledModules/_Builtin_stdint-A8OKY0NXO26BZ4GWYKP79TKL9.pcm
SwiftExplicitDependencyGeneratePcm arm64 /Users/admin/builder/spi-builder-workspace/.derivedData/SDKExplicitPrecompiledModules/string_h-B6D36UOVIZC2Y0YE3KEZLZAP6.pcm
SwiftExplicitDependencyGeneratePcm arm64 /Users/admin/builder/spi-builder-workspace/.derivedData/SDKExplicitPrecompiledModules/_Builtin_stdatomic-71DQV8BR56LNANL900GGEC9KO.pcm
SwiftExplicitDependencyGeneratePcm arm64 /Users/admin/builder/spi-builder-workspace/.derivedData/SDKExplicitPrecompiledModules/_Builtin_intrinsics-AQDFY8KQQX9Z38C6EI15S53EQ.pcm
SwiftExplicitDependencyGeneratePcm arm64 /Users/admin/builder/spi-builder-workspace/.derivedData/SDKExplicitPrecompiledModules/_DarwinFoundation3-63L5I5VCGX6CLI6HI7OWUXJN6.pcm
SwiftExplicitDependencyGeneratePcm arm64 /Users/admin/builder/spi-builder-workspace/.derivedData/SDKExplicitPrecompiledModules/_Builtin_inttypes-80RS02PM2X81SP8N0Q7X05540.pcm
SwiftExplicitDependencyGeneratePcm arm64 /Users/admin/builder/spi-builder-workspace/.derivedData/SDKExplicitPrecompiledModules/Darwin-1VTILT8KA42CNDAUB0H1FM7MC.pcm
SwiftExplicitDependencyGeneratePcm arm64 /Users/admin/builder/spi-builder-workspace/.derivedData/SDKExplicitPrecompiledModules/simd-D50CDGAQRFNF5E2BA2UWCCHLJ.pcm
SwiftExplicitDependencyGeneratePcm arm64 /Users/admin/builder/spi-builder-workspace/.derivedData/SDKExplicitPrecompiledModules/ObjectiveC-CC0BYHG21IQMMT48PGDNSK7G6.pcm
SwiftExplicitDependencyGeneratePcm arm64 /Users/admin/builder/spi-builder-workspace/.derivedData/SDKExplicitPrecompiledModules/MachO-A5KLTMTLJD1DPHEYPZHUSRJ4O.pcm
SwiftExplicitDependencyGeneratePcm arm64 /Users/admin/builder/spi-builder-workspace/.derivedData/SDKExplicitPrecompiledModules/os_object-1TJLDNS7X3UT7Y5TM4QQ2RN6G.pcm
SwiftExplicitDependencyGeneratePcm arm64 /Users/admin/builder/spi-builder-workspace/.derivedData/SDKExplicitPrecompiledModules/os_workgroup-E61GF9E8FAHZGKXVOV9QHUD27.pcm
SwiftExplicitDependencyGeneratePcm arm64 /Users/admin/builder/spi-builder-workspace/.derivedData/SDKExplicitPrecompiledModules/Spatial-2KZFBWN278VTZL619Y96SAJC9.pcm
SwiftExplicitDependencyGeneratePcm arm64 /Users/admin/builder/spi-builder-workspace/.derivedData/SDKExplicitPrecompiledModules/Dispatch-F564M6B2H1RRD83XZ8EBWFSHE.pcm
SwiftExplicitDependencyGeneratePcm arm64 /Users/admin/builder/spi-builder-workspace/.derivedData/SDKExplicitPrecompiledModules/CoreFoundation-A4LOYEEJIFQKOPZRDOG9M3N2K.pcm
SwiftExplicitDependencyGeneratePcm arm64 /Users/admin/builder/spi-builder-workspace/.derivedData/SDKExplicitPrecompiledModules/XPC-2WVXL0UION0MYZOZAJZC6DUXD.pcm
SwiftExplicitDependencyGeneratePcm arm64 /Users/admin/builder/spi-builder-workspace/.derivedData/SDKExplicitPrecompiledModules/os-4NLIUP5HHN7FW5ML70YLEU8QE.pcm
SwiftExplicitDependencyGeneratePcm arm64 /Users/admin/builder/spi-builder-workspace/.derivedData/SDKExplicitPrecompiledModules/Security-6KU6X9W8QDIJW83JUF0DRES83.pcm
SwiftExplicitDependencyGeneratePcm arm64 /Users/admin/builder/spi-builder-workspace/.derivedData/SDKExplicitPrecompiledModules/CoreAudioTypes-3D575H9KXE9GWSK6ZWEWBV9TM.pcm
SwiftExplicitDependencyGeneratePcm arm64 /Users/admin/builder/spi-builder-workspace/.derivedData/SDKExplicitPrecompiledModules/CoreGraphics-D8Y0X4J52BHG7HHUQLTX6SXE1.pcm
SwiftExplicitDependencyGeneratePcm arm64 /Users/admin/builder/spi-builder-workspace/.derivedData/SDKExplicitPrecompiledModules/CFNetwork-8S7XZ5SI3TWM2JOZPDZPRY8W9.pcm
SwiftExplicitDependencyGeneratePcm arm64 /Users/admin/builder/spi-builder-workspace/.derivedData/SDKExplicitPrecompiledModules/CoreAudio-46JNU59TK6U76A9ILN06CT9NS.pcm
SwiftExplicitDependencyGeneratePcm arm64 /Users/admin/builder/spi-builder-workspace/.derivedData/SDKExplicitPrecompiledModules/Foundation-1AS5K10MY6XENLLR2NDUCKYTM.pcm
SwiftExplicitDependencyGeneratePcm arm64 /Users/admin/builder/spi-builder-workspace/.derivedData/SDKExplicitPrecompiledModules/CoreText-E0GG8D3D527TJX7D2QEHFQLM2.pcm
SwiftExplicitDependencyGeneratePcm arm64 /Users/admin/builder/spi-builder-workspace/.derivedData/SDKExplicitPrecompiledModules/ImageIO-48DA7ET77Q34HPZP9CPHI9VS4.pcm
SwiftExplicitDependencyGeneratePcm arm64 /Users/admin/builder/spi-builder-workspace/.derivedData/SDKExplicitPrecompiledModules/Symbols-9TNA7JIKOEYVTYC7A16HCS4Z8.pcm
SwiftExplicitDependencyGeneratePcm arm64 /Users/admin/builder/spi-builder-workspace/.derivedData/SDKExplicitPrecompiledModules/_LocationEssentials-2OY9351FRBO717MIULOKMYA9E.pcm
SwiftExplicitDependencyGeneratePcm arm64 /Users/admin/builder/spi-builder-workspace/.derivedData/SDKExplicitPrecompiledModules/Accessibility-EAPB6A95K5V0S27QNKR6ATG7F.pcm
SwiftExplicitDependencyGeneratePcm arm64 /Users/admin/builder/spi-builder-workspace/.derivedData/SDKExplicitPrecompiledModules/CoreData-3R0N6HKKQMVS32U7KOKR14383.pcm
SwiftExplicitDependencyGeneratePcm arm64 /Users/admin/builder/spi-builder-workspace/.derivedData/SDKExplicitPrecompiledModules/UIUtilities-9NQVCWATNLLVY125LB74695HY.pcm
SwiftExplicitDependencyGeneratePcm arm64 /Users/admin/builder/spi-builder-workspace/.derivedData/SDKExplicitPrecompiledModules/CoreTransferable-84B3V3M9DHRIQERK179SSQO5U.pcm
SwiftExplicitDependencyGeneratePcm arm64 /Users/admin/builder/spi-builder-workspace/.derivedData/SDKExplicitPrecompiledModules/OSLog-1UX1YGRJSIOEO9YC3MNFFD818.pcm
SwiftExplicitDependencyGeneratePcm arm64 /Users/admin/builder/spi-builder-workspace/.derivedData/SDKExplicitPrecompiledModules/DataDetection-9IX0C1MAX33MS6TCZDSNKXEO8.pcm
SwiftExplicitDependencyGeneratePcm arm64 /Users/admin/builder/spi-builder-workspace/.derivedData/SDKExplicitPrecompiledModules/UniformTypeIdentifiers-DQ77M7R0D7VCBK0YUO3VHCRB1.pcm
SwiftExplicitDependencyGeneratePcm arm64 /Users/admin/builder/spi-builder-workspace/.derivedData/SDKExplicitPrecompiledModules/IOSurface-DEQULTJ8SC21O986FDCNTM8FX.pcm
SwiftExplicitDependencyGeneratePcm arm64 /Users/admin/builder/spi-builder-workspace/.derivedData/SDKExplicitPrecompiledModules/UserNotifications-AKH3GC0FQWUK55FNTW4WEMFQE.pcm
SwiftExplicitDependencyGeneratePcm arm64 /Users/admin/builder/spi-builder-workspace/.derivedData/SDKExplicitPrecompiledModules/CoreLocation-6939X9DMB2SA43P0TYB7Z14Z5.pcm
SwiftExplicitDependencyGeneratePcm arm64 /Users/admin/builder/spi-builder-workspace/.derivedData/SDKExplicitPrecompiledModules/Metal-52GB3RCZ6A2WEZ7RWCXV2WL0N.pcm
SwiftExplicitDependencyGeneratePcm arm64 /Users/admin/builder/spi-builder-workspace/.derivedData/SDKExplicitPrecompiledModules/OpenGLES-6Y33D4DDPO1R82EJXT1SIGNPS.pcm
SwiftExplicitDependencyGeneratePcm arm64 /Users/admin/builder/spi-builder-workspace/.derivedData/SDKExplicitPrecompiledModules/CoreVideo-5G4VAY32QMJB00PUALI6188LK.pcm
SwiftExplicitDependencyGeneratePcm arm64 /Users/admin/builder/spi-builder-workspace/.derivedData/SDKExplicitPrecompiledModules/QuartzCore-DSNZZA81DYNK4OK1ANRR6HM7G.pcm
SwiftExplicitDependencyGeneratePcm arm64 /Users/admin/builder/spi-builder-workspace/.derivedData/SDKExplicitPrecompiledModules/CoreImage-ATUQ374FIDJPA1DF5BLR644CG.pcm
SwiftExplicitDependencyGeneratePcm arm64 /Users/admin/builder/spi-builder-workspace/.derivedData/SDKExplicitPrecompiledModules/CoreMedia-43BPYBY7ZACBDCUTAJXJFLTBP.pcm
SwiftExplicitDependencyGeneratePcm arm64 /Users/admin/builder/spi-builder-workspace/.derivedData/SDKExplicitPrecompiledModules/SwiftUICore-7SJQ9GB90ACGZV5NB09LFJIRX.pcm
SwiftExplicitDependencyGeneratePcm arm64 /Users/admin/builder/spi-builder-workspace/.derivedData/SDKExplicitPrecompiledModules/UIKit-42T2ZGON9LDZUXRIAUKELQ554.pcm
SwiftExplicitDependencyGeneratePcm arm64 /Users/admin/builder/spi-builder-workspace/.derivedData/SDKExplicitPrecompiledModules/SwiftUI-B634212FU5XQXG1OEBY2WYYH3.pcm
SwiftCompile normal arm64 Compiling\ PopupActionScheduler.swift,\ PopupAlignment.swift,\ ViewModel+CentreStack.swift,\ ViewModel+VerticalStack.swift /Users/admin/builder/spi-builder-workspace/Sources/Internal/Utilities/PopupActionScheduler.swift /Users/admin/builder/spi-builder-workspace/Sources/Internal/Utilities/PopupAlignment.swift /Users/admin/builder/spi-builder-workspace/Sources/Internal/View\ Models/ViewModel+CentreStack.swift /Users/admin/builder/spi-builder-workspace/Sources/Internal/View\ Models/ViewModel+VerticalStack.swift (in target 'MijickPopups' from project 'MijickPopups')
SwiftCompile normal arm64 /Users/admin/builder/spi-builder-workspace/Sources/Internal/Utilities/PopupActionScheduler.swift (in target 'MijickPopups' from project 'MijickPopups')
cd /Users/admin/builder/spi-builder-workspace/.swiftpm/xcode
builtin-SwiftPerFileCompile PopupActionScheduler.swift
SwiftCompile normal arm64 /Users/admin/builder/spi-builder-workspace/Sources/Internal/Utilities/PopupAlignment.swift (in target 'MijickPopups' from project 'MijickPopups')
cd /Users/admin/builder/spi-builder-workspace/.swiftpm/xcode
builtin-SwiftPerFileCompile PopupAlignment.swift
SwiftCompile normal arm64 /Users/admin/builder/spi-builder-workspace/Sources/Internal/View\ Models/ViewModel+CentreStack.swift (in target 'MijickPopups' from project 'MijickPopups')
cd /Users/admin/builder/spi-builder-workspace/.swiftpm/xcode
builtin-SwiftPerFileCompile ViewModel+CentreStack.swift
SwiftCompile normal arm64 /Users/admin/builder/spi-builder-workspace/Sources/Internal/View\ Models/ViewModel+VerticalStack.swift (in target 'MijickPopups' from project 'MijickPopups')
cd /Users/admin/builder/spi-builder-workspace/.swiftpm/xcode
builtin-SwiftPerFileCompile ViewModel+VerticalStack.swift
SwiftEmitModule normal arm64 Emitting\ module\ for\ MijickPopups (in target 'MijickPopups' from project 'MijickPopups')
/Users/admin/builder/spi-builder-workspace/Sources/Internal/Models/DragGestureState.swift:19:19: error: 'DragGesture' is unavailable in tvOS
17 |
18 | extension DragGestureState {
19 | init(_ value: DragGesture.Value) {
| `- error: 'DragGesture' is unavailable in tvOS
20 | self.startLocationY = value.startLocation.y
21 | self.height = value.translation.height
SwiftUI.DragGesture:3:42: note: 'DragGesture' has been explicitly marked unavailable here
1 | @available(iOS 13.0, macOS 10.15, watchOS 6.0, *)
2 | @available(tvOS, unavailable)
3 | @MainActor @preconcurrency public struct DragGesture : Gesture, ~Sendable {
| `- note: 'DragGesture' has been explicitly marked unavailable here
4 | public struct Value : Equatable, Sendable {
5 | public var time: Date
Failed frontend command:
/Applications/Xcode-27.0.0-Release.Candidate.app/Contents/Developer/Toolchains/XcodeDefault.xctoolchain/usr/bin/swift-frontend -frontend -emit-module -experimental-skip-non-inlinable-function-bodies-without-types /Users/admin/builder/spi-builder-workspace/Sources/Internal/Configurables/Global/GlobalConfig+Center.swift /Users/admin/builder/spi-builder-workspace/Sources/Internal/Configurables/Global/GlobalConfig+Vertical.swift /Users/admin/builder/spi-builder-workspace/Sources/Internal/Configurables/Global/GlobalConfig.swift /Users/admin/builder/spi-builder-workspace/Sources/Internal/Configurables/Local/LocalConfig+Center.swift /Users/admin/builder/spi-builder-workspace/Sources/Internal/Configurables/Local/LocalConfig+Vertical.swift /Users/admin/builder/spi-builder-workspace/Sources/Internal/Configurables/Local/LocalConfig.swift /Users/admin/builder/spi-builder-workspace/Sources/Internal/Containers/GlobalConfigContainer.swift /Users/admin/builder/spi-builder-workspace/Sources/Internal/Containers/PopupStack.swift /Users/admin/builder/spi-builder-workspace/Sources/Internal/Containers/PopupStackContainer.swift /Users/admin/builder/spi-builder-workspace/Sources/Internal/Extensions/Animation++.swift /Users/admin/builder/spi-builder-workspace/Sources/Internal/Extensions/Array++.swift /Users/admin/builder/spi-builder-workspace/Sources/Internal/Extensions/EdgeInsets++.swift /Users/admin/builder/spi-builder-workspace/Sources/Internal/Extensions/Task++.swift /Users/admin/builder/spi-builder-workspace/Sources/Internal/Extensions/View+Background.swift /Users/admin/builder/spi-builder-workspace/Sources/Internal/Extensions/View+Gestures.swift /Users/admin/builder/spi-builder-workspace/Sources/Internal/Extensions/View+Keyboard.swift /Users/admin/builder/spi-builder-workspace/Sources/Internal/Extensions/View+ReadHeight.swift /Users/admin/builder/spi-builder-workspace/Sources/Internal/Extensions/View+tvOS.swift /Users/admin/builder/spi-builder-workspace/Sources/Internal/Models/ActivePopupProperties.swift /Users/admin/builder/spi-builder-workspace/Sources/Internal/Models/AnyPopup.swift /Users/admin/builder/spi-builder-workspace/Sources/Internal/Models/AnyPopupConfig.swift /Users/admin/builder/spi-builder-workspace/Sources/Internal/Models/DragGestureState.swift /Users/admin/builder/spi-builder-workspace/Sources/Internal/Models/ID+Popup.swift /Users/admin/builder/spi-builder-workspace/Sources/Internal/Models/Screen.swift /Users/admin/builder/spi-builder-workspace/Sources/Internal/Models/StackPriority.swift /Users/admin/builder/spi-builder-workspace/Sources/Internal/UI/PopupCenterStackView.swift /Users/admin/builder/spi-builder-workspace/Sources/Internal/UI/PopupVerticalStackView.swift /Users/admin/builder/spi-builder-workspace/Sources/Internal/UI/PopupView.swift /Users/admin/builder/spi-builder-workspace/Sources/Internal/Utilities/Logger.swift /Users/admin/builder/spi-builder-workspace/Sources/Internal/Utilities/PopupActionScheduler.swift /Users/admin/builder/spi-builder-workspace/Sources/Internal/Utilities/PopupAlignment.swift /Users/admin/builder/spi-builder-workspace/Sources/Internal/View\ Models/ViewModel+CentreStack.swift /Users/admin/builder/spi-builder-workspace/Sources/Internal/View\ Models/ViewModel+VerticalStack.swift /Users/admin/builder/spi-builder-workspace/Sources/Internal/View\ Models/ViewModel.swift /Users/admin/builder/spi-builder-workspace/Sources/Public/Dismiss/Public+Dismiss+PopupStack.swift /Users/admin/builder/spi-builder-workspace/Sources/Public/Dismiss/Public+Dismiss+View.swift /Users/admin/builder/spi-builder-workspace/Sources/Public/Popup/Public+Popup+Config.swift /Users/admin/builder/spi-builder-workspace/Sources/Public/Popup/Public+Popup+Main.swift /Users/admin/builder/spi-builder-workspace/Sources/Public/Popup/Public+Popup+Utilities.swift /Users/admin/builder/spi-builder-workspace/Sources/Public/Present/Public+Present+Popup.swift /Users/admin/builder/spi-builder-workspace/Sources/Public/Setup/Public+Setup+Config.swift /Users/admin/builder/spi-builder-workspace/Sources/Public/Setup/Public+Setup+ConfigContainer.swift /Users/admin/builder/spi-builder-workspace/Sources/Public/Setup/Public+Setup+PopupStackID.swift /Users/admin/builder/spi-builder-workspace/Sources/Public/Setup/Public+Setup+SceneDelegate.swift /Users/admin/builder/spi-builder-workspace/Sources/Public/Setup/Public+Setup+View.swift -target arm64-apple-tvos15.0 -disable-cross-import-overlay-search -load-resolved-plugin /Applications/Xcode-27.0.0-Release.Candidate.app/Contents/Developer/Platforms/AppleTVOS.platform/Developer/usr/lib/swift/host/plugins/libFoundationMacros.dylib\#/Applications/Xcode-27.0.0-Release.Candidate.app/Contents/Developer/Platforms/AppleTVOS.platform/Developer/usr/bin/swift-plugin-server\#FoundationMacros -load-resolved-plugin /Applications/Xcode-27.0.0-Release.Candidate.app/Contents/Developer/Platforms/AppleTVOS.platform/Developer/usr/lib/swift/host/plugins/libObservationMacros.dylib\#/Applications/Xcode-27.0.0-Release.Candidate.app/Contents/Developer/Platforms/AppleTVOS.platform/Developer/usr/bin/swift-plugin-server\#ObservationMacros -load-resolved-plugin /Applications/Xcode-27.0.0-Release.Candidate.app/Contents/Developer/Platforms/AppleTVOS.platform/Developer/usr/lib/swift/host/plugins/libPreviewsMacros.dylib\#/Applications/Xcode-27.0.0-Release.Candidate.app/Contents/Developer/Platforms/AppleTVOS.platform/Developer/usr/bin/swift-plugin-server\#PreviewsMacros -load-resolved-plugin /Applications/Xcode-27.0.0-Release.Candidate.app/Contents/Developer/Platforms/AppleTVOS.platform/Developer/usr/lib/swift/host/plugins/libSwiftMacros.dylib\#/Applications/Xcode-27.0.0-Release.Candidate.app/Contents/Developer/Platforms/AppleTVOS.platform/Developer/usr/bin/swift-plugin-server\#SwiftMacros -load-resolved-plugin /Applications/Xcode-27.0.0-Release.Candidate.app/Contents/Developer/Platforms/AppleTVOS.platform/Developer/usr/lib/swift/host/plugins/libSwiftUIMacros.dylib\#/Applications/Xcode-27.0.0-Release.Candidate.app/Contents/Developer/Platforms/AppleTVOS.platform/Developer/usr/bin/swift-plugin-server\#SwiftUIMacros -disable-implicit-swift-modules -Xcc -fno-implicit-modules -Xcc -fno-implicit-module-maps -explicit-swift-module-map-file /Users/admin/builder/spi-builder-workspace/.derivedData/Build/Intermediates.noindex/MijickPopups.build/Debug-appletvos/MijickPopups-t.build/Objects-normal/arm64/MijickPopups-dependencies-1.json -Xllvm -aarch64-use-tbi -enable-objc-interop -stack-check -sdk /Applications/Xcode-27.0.0-Release.Candidate.app/Contents/Developer/Platforms/AppleTVOS.platform/Developer/SDKs/AppleTVOS27.0.sdk -I /Users/admin/builder/spi-builder-workspace/.derivedData/Build/Products/Debug-appletvos -Isystem /Applications/Xcode-27.0.0-Release.Candidate.app/Contents/Developer/Platforms/AppleTVOS.platform/Developer/usr/lib -F /Users/admin/builder/spi-builder-workspace/.derivedData/Build/Products/Debug-appletvos -F /Applications/Xcode-27.0.0-Release.Candidate.app/Contents/Developer/Platforms/AppleTVOS.platform/Developer/Library/Frameworks -F /Applications/Xcode-27.0.0-Release.Candidate.app/Contents/Developer/Platforms/AppleTVOS.platform/Developer/SDKs/AppleTVOS27.0.sdk/Developer/Library/Frameworks -module-cache-path /Users/admin/builder/spi-builder-workspace/.derivedData/Build/Intermediates.noindex/SwiftExplicitPrecompiledModules -no-color-diagnostics -Xcc -fno-color-diagnostics -enable-testing -g -debug-info-format\=dwarf -dwarf-version\=4 -profile-generate -profile-coverage-mapping -swift-version 6 -Onone -D SWIFT_PACKAGE -D DEBUG -D SWIFT_MODULE_RESOURCE_BUNDLE_UNAVAILABLE -D Xcode -serialize-debugging-options -enable-experimental-feature DebugDescriptionMacro -empty-abi-descriptor -validate-clang-modules-once -clang-build-session-file /Users/admin/builder/spi-builder-workspace/.derivedData/ModuleCache.noindex/Session.modulevalidation -Xcc -working-directory -Xcc /Users/admin/builder/spi-builder-workspace/.swiftpm/xcode -enable-anonymous-context-mangled-names -file-compilation-dir /Users/admin/builder/spi-builder-workspace/.swiftpm/xcode -Xcc -D_LIBCPP_HARDENING_MODE\=_LIBCPP_HARDENING_MODE_DEBUG -Xcc -ivfsstatcache -Xcc /Users/admin/builder/spi-builder-workspace/.derivedData/SDKStatCaches.noindex/appletvos27.0-24J360-e829b21a6f8c9b70876ba0858053c044b32bfd8d43560033f8d89884cdb90028.sdkstatcache -Xcc -fmodules-prune-interval\=86400 -Xcc -fmodules-prune-after\=345600 -Xcc -I/Users/admin/builder/spi-builder-workspace/.derivedData/Build/Products/Debug-appletvos/include -Xcc -I/Users/admin/builder/spi-builder-workspace/.derivedData/Build/Intermediates.noindex/MijickPopups.build/Debug-appletvos/MijickPopups-t.build/DerivedSources-normal/arm64 -Xcc -I/Users/admin/builder/spi-builder-workspace/.derivedData/Build/Intermediates.noindex/MijickPopups.build/Debug-appletvos/MijickPopups-t.build/DerivedSources/arm64 -Xcc -I/Users/admin/builder/spi-builder-workspace/.derivedData/Build/Intermediates.noindex/MijickPopups.build/Debug-appletvos/MijickPopups-t.build/DerivedSources -Xcc -DSWIFT_PACKAGE -Xcc -DDEBUG\=1 -no-auto-bridging-header-chaining -module-name MijickPopups -package-name spi_builder_workspace -const-gather-protocols-file /Users/admin/builder/spi-builder-workspace/.derivedData/Build/Intermediates.noindex/MijickPopups.build/Debug-appletvos/MijickPopups-t.build/Objects-normal/arm64/MijickPopups_const_extract_protocols.json -disable-clang-spi -clang-target arm64-apple-tvos27.0 -target-sdk-version 27.0 -target-sdk-name appletvos27.0 -in-process-plugin-server-path /Applications/Xcode-27.0.0-Release.Candidate.app/Contents/Developer/Toolchains/XcodeDefault.xctoolchain/usr/lib/swift/host/libSwiftInProcPluginServer.dylib -emit-module-doc-path /Users/admin/builder/spi-builder-workspace/.derivedData/Build/Intermediates.noindex/MijickPopups.build/Debug-appletvos/MijickPopups-t.build/Objects-normal/arm64/MijickPopups.swiftdoc -emit-module-source-info-path /Users/admin/builder/spi-builder-workspace/.derivedData/Build/Intermediates.noindex/MijickPopups.build/Debug-appletvos/MijickPopups-t.build/Objects-normal/arm64/MijickPopups.swiftsourceinfo -emit-objc-header-path /Users/admin/builder/spi-builder-workspace/.derivedData/Build/Intermediates.noindex/MijickPopups.build/Debug-appletvos/MijickPopups-t.build/Objects-normal/arm64/MijickPopups-Swift.h -serialize-diagnostics-path /Users/admin/builder/spi-builder-workspace/.derivedData/Build/Intermediates.noindex/MijickPopups.build/Debug-appletvos/MijickPopups-t.build/Objects-normal/arm64/MijickPopups-primary-emit-module.dia -emit-dependencies-path /Users/admin/builder/spi-builder-workspace/.derivedData/Build/Intermediates.noindex/MijickPopups.build/Debug-appletvos/MijickPopups-t.build/Objects-normal/arm64/MijickPopups-primary-emit-module.d -parse-as-library -o /Users/admin/builder/spi-builder-workspace/.derivedData/Build/Intermediates.noindex/MijickPopups.build/Debug-appletvos/MijickPopups-t.build/Objects-normal/arm64/MijickPopups.swiftmodule -emit-abi-descriptor-path /Users/admin/builder/spi-builder-workspace/.derivedData/Build/Intermediates.noindex/MijickPopups.build/Debug-appletvos/MijickPopups-t.build/Objects-normal/arm64/MijickPopups.abi.json
SwiftCompile normal arm64 (in target 'MijickPopups' from project 'MijickPopups')
cd /Users/admin/builder/spi-builder-workspace/.swiftpm/xcode
SwiftCompile normal arm64 Compiling\ LocalConfig.swift,\ GlobalConfigContainer.swift,\ PopupStack.swift,\ PopupStackContainer.swift,\ Animation++.swift /Users/admin/builder/spi-builder-workspace/Sources/Internal/Configurables/Local/LocalConfig.swift /Users/admin/builder/spi-builder-workspace/Sources/Internal/Containers/GlobalConfigContainer.swift /Users/admin/builder/spi-builder-workspace/Sources/Internal/Containers/PopupStack.swift /Users/admin/builder/spi-builder-workspace/Sources/Internal/Containers/PopupStackContainer.swift /Users/admin/builder/spi-builder-workspace/Sources/Internal/Extensions/Animation++.swift (in target 'MijickPopups' from project 'MijickPopups')
SwiftCompile normal arm64 /Users/admin/builder/spi-builder-workspace/Sources/Internal/Configurables/Local/LocalConfig.swift (in target 'MijickPopups' from project 'MijickPopups')
cd /Users/admin/builder/spi-builder-workspace/.swiftpm/xcode
builtin-SwiftPerFileCompile LocalConfig.swift
SwiftCompile normal arm64 /Users/admin/builder/spi-builder-workspace/Sources/Internal/Containers/GlobalConfigContainer.swift (in target 'MijickPopups' from project 'MijickPopups')
cd /Users/admin/builder/spi-builder-workspace/.swiftpm/xcode
builtin-SwiftPerFileCompile GlobalConfigContainer.swift
SwiftCompile normal arm64 /Users/admin/builder/spi-builder-workspace/Sources/Internal/Containers/PopupStack.swift (in target 'MijickPopups' from project 'MijickPopups')
cd /Users/admin/builder/spi-builder-workspace/.swiftpm/xcode
builtin-SwiftPerFileCompile PopupStack.swift
SwiftCompile normal arm64 /Users/admin/builder/spi-builder-workspace/Sources/Internal/Containers/PopupStackContainer.swift (in target 'MijickPopups' from project 'MijickPopups')
cd /Users/admin/builder/spi-builder-workspace/.swiftpm/xcode
builtin-SwiftPerFileCompile PopupStackContainer.swift
SwiftCompile normal arm64 /Users/admin/builder/spi-builder-workspace/Sources/Internal/Extensions/Animation++.swift (in target 'MijickPopups' from project 'MijickPopups')
cd /Users/admin/builder/spi-builder-workspace/.swiftpm/xcode
builtin-SwiftPerFileCompile Animation++.swift
SwiftCompile normal arm64 Compiling\ ViewModel.swift,\ Public+Dismiss+PopupStack.swift,\ Public+Dismiss+View.swift,\ Public+Popup+Config.swift /Users/admin/builder/spi-builder-workspace/Sources/Internal/View\ Models/ViewModel.swift /Users/admin/builder/spi-builder-workspace/Sources/Public/Dismiss/Public+Dismiss+PopupStack.swift /Users/admin/builder/spi-builder-workspace/Sources/Public/Dismiss/Public+Dismiss+View.swift /Users/admin/builder/spi-builder-workspace/Sources/Public/Popup/Public+Popup+Config.swift (in target 'MijickPopups' from project 'MijickPopups')
SwiftCompile normal arm64 /Users/admin/builder/spi-builder-workspace/Sources/Internal/View\ Models/ViewModel.swift (in target 'MijickPopups' from project 'MijickPopups')
cd /Users/admin/builder/spi-builder-workspace/.swiftpm/xcode
builtin-SwiftPerFileCompile ViewModel.swift
SwiftCompile normal arm64 /Users/admin/builder/spi-builder-workspace/Sources/Public/Dismiss/Public+Dismiss+PopupStack.swift (in target 'MijickPopups' from project 'MijickPopups')
cd /Users/admin/builder/spi-builder-workspace/.swiftpm/xcode
builtin-SwiftPerFileCompile Public+Dismiss+PopupStack.swift
SwiftCompile normal arm64 /Users/admin/builder/spi-builder-workspace/Sources/Public/Dismiss/Public+Dismiss+View.swift (in target 'MijickPopups' from project 'MijickPopups')
cd /Users/admin/builder/spi-builder-workspace/.swiftpm/xcode
builtin-SwiftPerFileCompile Public+Dismiss+View.swift
SwiftCompile normal arm64 /Users/admin/builder/spi-builder-workspace/Sources/Public/Popup/Public+Popup+Config.swift (in target 'MijickPopups' from project 'MijickPopups')
cd /Users/admin/builder/spi-builder-workspace/.swiftpm/xcode
builtin-SwiftPerFileCompile Public+Popup+Config.swift
SwiftCompile normal arm64 Compiling\ AnyPopupConfig.swift,\ DragGestureState.swift,\ ID+Popup.swift,\ Screen.swift,\ StackPriority.swift /Users/admin/builder/spi-builder-workspace/Sources/Internal/Models/AnyPopupConfig.swift /Users/admin/builder/spi-builder-workspace/Sources/Internal/Models/DragGestureState.swift /Users/admin/builder/spi-builder-workspace/Sources/Internal/Models/ID+Popup.swift /Users/admin/builder/spi-builder-workspace/Sources/Internal/Models/Screen.swift /Users/admin/builder/spi-builder-workspace/Sources/Internal/Models/StackPriority.swift (in target 'MijickPopups' from project 'MijickPopups')
SwiftCompile normal arm64 /Users/admin/builder/spi-builder-workspace/Sources/Internal/Models/AnyPopupConfig.swift (in target 'MijickPopups' from project 'MijickPopups')
cd /Users/admin/builder/spi-builder-workspace/.swiftpm/xcode
builtin-SwiftPerFileCompile AnyPopupConfig.swift
SwiftCompile normal arm64 /Users/admin/builder/spi-builder-workspace/Sources/Internal/Models/DragGestureState.swift (in target 'MijickPopups' from project 'MijickPopups')
cd /Users/admin/builder/spi-builder-workspace/.swiftpm/xcode
builtin-SwiftPerFileCompile DragGestureState.swift
SwiftCompile normal arm64 /Users/admin/builder/spi-builder-workspace/Sources/Internal/Models/ID+Popup.swift (in target 'MijickPopups' from project 'MijickPopups')
cd /Users/admin/builder/spi-builder-workspace/.swiftpm/xcode
builtin-SwiftPerFileCompile ID+Popup.swift
SwiftCompile normal arm64 /Users/admin/builder/spi-builder-workspace/Sources/Internal/Models/Screen.swift (in target 'MijickPopups' from project 'MijickPopups')
cd /Users/admin/builder/spi-builder-workspace/.swiftpm/xcode
builtin-SwiftPerFileCompile Screen.swift
SwiftCompile normal arm64 /Users/admin/builder/spi-builder-workspace/Sources/Internal/Models/StackPriority.swift (in target 'MijickPopups' from project 'MijickPopups')
cd /Users/admin/builder/spi-builder-workspace/.swiftpm/xcode
builtin-SwiftPerFileCompile StackPriority.swift
SwiftCompile normal arm64 Compiling\ Public+Popup+Main.swift,\ Public+Popup+Utilities.swift,\ Public+Present+Popup.swift,\ Public+Setup+Config.swift /Users/admin/builder/spi-builder-workspace/Sources/Public/Popup/Public+Popup+Main.swift /Users/admin/builder/spi-builder-workspace/Sources/Public/Popup/Public+Popup+Utilities.swift /Users/admin/builder/spi-builder-workspace/Sources/Public/Present/Public+Present+Popup.swift /Users/admin/builder/spi-builder-workspace/Sources/Public/Setup/Public+Setup+Config.swift (in target 'MijickPopups' from project 'MijickPopups')
SwiftCompile normal arm64 /Users/admin/builder/spi-builder-workspace/Sources/Public/Popup/Public+Popup+Main.swift (in target 'MijickPopups' from project 'MijickPopups')
cd /Users/admin/builder/spi-builder-workspace/.swiftpm/xcode
builtin-SwiftPerFileCompile Public+Popup+Main.swift
SwiftCompile normal arm64 /Users/admin/builder/spi-builder-workspace/Sources/Public/Popup/Public+Popup+Utilities.swift (in target 'MijickPopups' from project 'MijickPopups')
cd /Users/admin/builder/spi-builder-workspace/.swiftpm/xcode
builtin-SwiftPerFileCompile Public+Popup+Utilities.swift
SwiftCompile normal arm64 /Users/admin/builder/spi-builder-workspace/Sources/Public/Present/Public+Present+Popup.swift (in target 'MijickPopups' from project 'MijickPopups')
cd /Users/admin/builder/spi-builder-workspace/.swiftpm/xcode
builtin-SwiftPerFileCompile Public+Present+Popup.swift
SwiftCompile normal arm64 /Users/admin/builder/spi-builder-workspace/Sources/Public/Setup/Public+Setup+Config.swift (in target 'MijickPopups' from project 'MijickPopups')
cd /Users/admin/builder/spi-builder-workspace/.swiftpm/xcode
builtin-SwiftPerFileCompile Public+Setup+Config.swift
SwiftCompile normal arm64 Compiling\ PopupCenterStackView.swift,\ PopupVerticalStackView.swift,\ PopupView.swift,\ Logger.swift /Users/admin/builder/spi-builder-workspace/Sources/Internal/UI/PopupCenterStackView.swift /Users/admin/builder/spi-builder-workspace/Sources/Internal/UI/PopupVerticalStackView.swift /Users/admin/builder/spi-builder-workspace/Sources/Internal/UI/PopupView.swift /Users/admin/builder/spi-builder-workspace/Sources/Internal/Utilities/Logger.swift (in target 'MijickPopups' from project 'MijickPopups')
SwiftCompile normal arm64 /Users/admin/builder/spi-builder-workspace/Sources/Internal/UI/PopupCenterStackView.swift (in target 'MijickPopups' from project 'MijickPopups')
cd /Users/admin/builder/spi-builder-workspace/.swiftpm/xcode
builtin-SwiftPerFileCompile PopupCenterStackView.swift
SwiftCompile normal arm64 /Users/admin/builder/spi-builder-workspace/Sources/Internal/UI/PopupVerticalStackView.swift (in target 'MijickPopups' from project 'MijickPopups')
cd /Users/admin/builder/spi-builder-workspace/.swiftpm/xcode
builtin-SwiftPerFileCompile PopupVerticalStackView.swift
SwiftCompile normal arm64 /Users/admin/builder/spi-builder-workspace/Sources/Internal/UI/PopupView.swift (in target 'MijickPopups' from project 'MijickPopups')
cd /Users/admin/builder/spi-builder-workspace/.swiftpm/xcode
builtin-SwiftPerFileCompile PopupView.swift
SwiftCompile normal arm64 /Users/admin/builder/spi-builder-workspace/Sources/Internal/Utilities/Logger.swift (in target 'MijickPopups' from project 'MijickPopups')
cd /Users/admin/builder/spi-builder-workspace/.swiftpm/xcode
builtin-SwiftPerFileCompile Logger.swift
SwiftCompile normal arm64 Compiling\ Public+Setup+ConfigContainer.swift,\ Public+Setup+PopupStackID.swift,\ Public+Setup+SceneDelegate.swift,\ Public+Setup+View.swift /Users/admin/builder/spi-builder-workspace/Sources/Public/Setup/Public+Setup+ConfigContainer.swift /Users/admin/builder/spi-builder-workspace/Sources/Public/Setup/Public+Setup+PopupStackID.swift /Users/admin/builder/spi-builder-workspace/Sources/Public/Setup/Public+Setup+SceneDelegate.swift /Users/admin/builder/spi-builder-workspace/Sources/Public/Setup/Public+Setup+View.swift (in target 'MijickPopups' from project 'MijickPopups')
SwiftCompile normal arm64 /Users/admin/builder/spi-builder-workspace/Sources/Public/Setup/Public+Setup+ConfigContainer.swift (in target 'MijickPopups' from project 'MijickPopups')
cd /Users/admin/builder/spi-builder-workspace/.swiftpm/xcode
builtin-SwiftPerFileCompile Public+Setup+ConfigContainer.swift
SwiftCompile normal arm64 /Users/admin/builder/spi-builder-workspace/Sources/Public/Setup/Public+Setup+PopupStackID.swift (in target 'MijickPopups' from project 'MijickPopups')
cd /Users/admin/builder/spi-builder-workspace/.swiftpm/xcode
builtin-SwiftPerFileCompile Public+Setup+PopupStackID.swift
SwiftCompile normal arm64 /Users/admin/builder/spi-builder-workspace/Sources/Public/Setup/Public+Setup+SceneDelegate.swift (in target 'MijickPopups' from project 'MijickPopups')
cd /Users/admin/builder/spi-builder-workspace/.swiftpm/xcode
builtin-SwiftPerFileCompile Public+Setup+SceneDelegate.swift
SwiftCompile normal arm64 /Users/admin/builder/spi-builder-workspace/Sources/Public/Setup/Public+Setup+View.swift (in target 'MijickPopups' from project 'MijickPopups')
cd /Users/admin/builder/spi-builder-workspace/.swiftpm/xcode
builtin-SwiftPerFileCompile Public+Setup+View.swift
SwiftCompile normal arm64 Compiling\ Array++.swift,\ EdgeInsets++.swift,\ Task++.swift,\ View+Background.swift,\ View+Gestures.swift /Users/admin/builder/spi-builder-workspace/Sources/Internal/Extensions/Array++.swift /Users/admin/builder/spi-builder-workspace/Sources/Internal/Extensions/EdgeInsets++.swift /Users/admin/builder/spi-builder-workspace/Sources/Internal/Extensions/Task++.swift /Users/admin/builder/spi-builder-workspace/Sources/Internal/Extensions/View+Background.swift /Users/admin/builder/spi-builder-workspace/Sources/Internal/Extensions/View+Gestures.swift (in target 'MijickPopups' from project 'MijickPopups')
SwiftCompile normal arm64 /Users/admin/builder/spi-builder-workspace/Sources/Internal/Extensions/Array++.swift (in target 'MijickPopups' from project 'MijickPopups')
cd /Users/admin/builder/spi-builder-workspace/.swiftpm/xcode
builtin-SwiftPerFileCompile Array++.swift
SwiftCompile normal arm64 /Users/admin/builder/spi-builder-workspace/Sources/Internal/Extensions/EdgeInsets++.swift (in target 'MijickPopups' from project 'MijickPopups')
cd /Users/admin/builder/spi-builder-workspace/.swiftpm/xcode
builtin-SwiftPerFileCompile EdgeInsets++.swift
SwiftCompile normal arm64 /Users/admin/builder/spi-builder-workspace/Sources/Internal/Extensions/Task++.swift (in target 'MijickPopups' from project 'MijickPopups')
cd /Users/admin/builder/spi-builder-workspace/.swiftpm/xcode
builtin-SwiftPerFileCompile Task++.swift
SwiftCompile normal arm64 /Users/admin/builder/spi-builder-workspace/Sources/Internal/Extensions/View+Background.swift (in target 'MijickPopups' from project 'MijickPopups')
cd /Users/admin/builder/spi-builder-workspace/.swiftpm/xcode
builtin-SwiftPerFileCompile View+Background.swift
SwiftCompile normal arm64 /Users/admin/builder/spi-builder-workspace/Sources/Internal/Extensions/View+Gestures.swift (in target 'MijickPopups' from project 'MijickPopups')
cd /Users/admin/builder/spi-builder-workspace/.swiftpm/xcode
builtin-SwiftPerFileCompile View+Gestures.swift
SwiftCompile normal arm64 Compiling\ View+Keyboard.swift,\ View+ReadHeight.swift,\ View+tvOS.swift,\ ActivePopupProperties.swift,\ AnyPopup.swift /Users/admin/builder/spi-builder-workspace/Sources/Internal/Extensions/View+Keyboard.swift /Users/admin/builder/spi-builder-workspace/Sources/Internal/Extensions/View+ReadHeight.swift /Users/admin/builder/spi-builder-workspace/Sources/Internal/Extensions/View+tvOS.swift /Users/admin/builder/spi-builder-workspace/Sources/Internal/Models/ActivePopupProperties.swift /Users/admin/builder/spi-builder-workspace/Sources/Internal/Models/AnyPopup.swift (in target 'MijickPopups' from project 'MijickPopups')
SwiftCompile normal arm64 /Users/admin/builder/spi-builder-workspace/Sources/Internal/Extensions/View+Keyboard.swift (in target 'MijickPopups' from project 'MijickPopups')
cd /Users/admin/builder/spi-builder-workspace/.swiftpm/xcode
builtin-SwiftPerFileCompile View+Keyboard.swift
SwiftCompile normal arm64 /Users/admin/builder/spi-builder-workspace/Sources/Internal/Extensions/View+ReadHeight.swift (in target 'MijickPopups' from project 'MijickPopups')
cd /Users/admin/builder/spi-builder-workspace/.swiftpm/xcode
builtin-SwiftPerFileCompile View+ReadHeight.swift
SwiftCompile normal arm64 /Users/admin/builder/spi-builder-workspace/Sources/Internal/Extensions/View+tvOS.swift (in target 'MijickPopups' from project 'MijickPopups')
cd /Users/admin/builder/spi-builder-workspace/.swiftpm/xcode
builtin-SwiftPerFileCompile View+tvOS.swift
SwiftCompile normal arm64 /Users/admin/builder/spi-builder-workspace/Sources/Internal/Models/ActivePopupProperties.swift (in target 'MijickPopups' from project 'MijickPopups')
cd /Users/admin/builder/spi-builder-workspace/.swiftpm/xcode
builtin-SwiftPerFileCompile ActivePopupProperties.swift
SwiftCompile normal arm64 /Users/admin/builder/spi-builder-workspace/Sources/Internal/Models/AnyPopup.swift (in target 'MijickPopups' from project 'MijickPopups')
cd /Users/admin/builder/spi-builder-workspace/.swiftpm/xcode
builtin-SwiftPerFileCompile AnyPopup.swift
SwiftCompile normal arm64 Compiling\ GlobalConfig+Center.swift,\ GlobalConfig+Vertical.swift,\ GlobalConfig.swift,\ LocalConfig+Center.swift,\ LocalConfig+Vertical.swift /Users/admin/builder/spi-builder-workspace/Sources/Internal/Configurables/Global/GlobalConfig+Center.swift /Users/admin/builder/spi-builder-workspace/Sources/Internal/Configurables/Global/GlobalConfig+Vertical.swift /Users/admin/builder/spi-builder-workspace/Sources/Internal/Configurables/Global/GlobalConfig.swift /Users/admin/builder/spi-builder-workspace/Sources/Internal/Configurables/Local/LocalConfig+Center.swift /Users/admin/builder/spi-builder-workspace/Sources/Internal/Configurables/Local/LocalConfig+Vertical.swift (in target 'MijickPopups' from project 'MijickPopups')
SwiftCompile normal arm64 /Users/admin/builder/spi-builder-workspace/Sources/Internal/Configurables/Global/GlobalConfig+Center.swift (in target 'MijickPopups' from project 'MijickPopups')
cd /Users/admin/builder/spi-builder-workspace/.swiftpm/xcode
builtin-SwiftPerFileCompile GlobalConfig+Center.swift
SwiftCompile normal arm64 /Users/admin/builder/spi-builder-workspace/Sources/Internal/Configurables/Global/GlobalConfig+Vertical.swift (in target 'MijickPopups' from project 'MijickPopups')
cd /Users/admin/builder/spi-builder-workspace/.swiftpm/xcode
builtin-SwiftPerFileCompile GlobalConfig+Vertical.swift
SwiftCompile normal arm64 /Users/admin/builder/spi-builder-workspace/Sources/Internal/Configurables/Global/GlobalConfig.swift (in target 'MijickPopups' from project 'MijickPopups')
cd /Users/admin/builder/spi-builder-workspace/.swiftpm/xcode
builtin-SwiftPerFileCompile GlobalConfig.swift
SwiftCompile normal arm64 /Users/admin/builder/spi-builder-workspace/Sources/Internal/Configurables/Local/LocalConfig+Center.swift (in target 'MijickPopups' from project 'MijickPopups')
cd /Users/admin/builder/spi-builder-workspace/.swiftpm/xcode
builtin-SwiftPerFileCompile LocalConfig+Center.swift
SwiftCompile normal arm64 /Users/admin/builder/spi-builder-workspace/Sources/Internal/Configurables/Local/LocalConfig+Vertical.swift (in target 'MijickPopups' from project 'MijickPopups')
cd /Users/admin/builder/spi-builder-workspace/.swiftpm/xcode
builtin-SwiftPerFileCompile LocalConfig+Vertical.swift
PruneExplicitPrecompiledModules /Users/admin/builder/spi-builder-workspace/.derivedData/Build/Intermediates.noindex/SwiftExplicitPrecompiledModules
PruneExplicitPrecompiledModules /Users/admin/builder/spi-builder-workspace/.derivedData/SDKExplicitPrecompiledModules
PruneExplicitPrecompiledModules /Users/admin/builder/spi-builder-workspace/.derivedData/Build/Intermediates.noindex/ExplicitPrecompiledModules
2026-09-23 02:11:24.153 xcodebuild[623:3853] [MT] IDERunDestination: Supported platforms for the buildables in the current scheme is empty.
** BUILD FAILED **
The following build commands failed:
SwiftEmitModule normal arm64 Emitting\ module\ for\ MijickPopups (in target 'MijickPopups' from project 'MijickPopups')
SwiftCompile normal arm64 (in target 'MijickPopups' from project 'MijickPopups')
Building workspace MijickPopups with scheme MijickPopups
(3 failures)
Command line invocation:
/Applications/Xcode-27.0.0-Release.Candidate.app/Contents/Developer/usr/bin/xcodebuild -IDEClonedSourcePackagesDirPathOverride=/Users/admin/builder/spi-builder-workspace/.dependencies -resolvePackageDependencies
Resolve Package Graph
Resolved source packages:
MijickPopups: /Users/admin/builder/spi-builder-workspace
resolved source packages: MijickPopups
2026-09-23 02:11:30.192 xcodebuild[709:4213] [MT] IDERunDestination: Supported platforms for the buildables in the current scheme is empty.
{
"dependencies" : [
],
"manifest_display_name" : "MijickPopups",
"name" : "MijickPopups",
"path" : "/Users/admin/builder/spi-builder-workspace",
"platforms" : [
{
"name" : "ios",
"version" : "14.0"
},
{
"name" : "macos",
"version" : "12.0"
},
{
"name" : "tvos",
"version" : "15.0"
},
{
"name" : "watchos",
"version" : "7.0"
},
{
"name" : "visionos",
"version" : "1.0"
}
],
"products" : [
{
"name" : "MijickPopups",
"targets" : [
"MijickPopups"
],
"type" : {
"library" : [
"automatic"
]
}
}
],
"swift_languages_versions" : [
"6"
],
"targets" : [
{
"c99name" : "MijickPopupsTests",
"module_type" : "SwiftTarget",
"name" : "MijickPopupsTests",
"path" : "Tests",
"sources" : [
"Tests+PopupID.swift",
"Tests+PopupStack.swift",
"Tests+ViewModel+PopupCenterStack.swift",
"Tests+ViewModel+PopupVerticalStack.swift"
],
"target_dependencies" : [
"MijickPopups"
],
"type" : "test"
},
{
"c99name" : "MijickPopups",
"module_type" : "SwiftTarget",
"name" : "MijickPopups",
"path" : "Sources",
"product_memberships" : [
"MijickPopups"
],
"sources" : [
"Internal/Configurables/Global/GlobalConfig+Center.swift",
"Internal/Configurables/Global/GlobalConfig+Vertical.swift",
"Internal/Configurables/Global/GlobalConfig.swift",
"Internal/Configurables/Local/LocalConfig+Center.swift",
"Internal/Configurables/Local/LocalConfig+Vertical.swift",
"Internal/Configurables/Local/LocalConfig.swift",
"Internal/Containers/GlobalConfigContainer.swift",
"Internal/Containers/PopupStack.swift",
"Internal/Containers/PopupStackContainer.swift",
"Internal/Extensions/Animation++.swift",
"Internal/Extensions/Array++.swift",
"Internal/Extensions/EdgeInsets++.swift",
"Internal/Extensions/Task++.swift",
"Internal/Extensions/View+Background.swift",
"Internal/Extensions/View+Gestures.swift",
"Internal/Extensions/View+Keyboard.swift",
"Internal/Extensions/View+ReadHeight.swift",
"Internal/Extensions/View+tvOS.swift",
"Internal/Models/ActivePopupProperties.swift",
"Internal/Models/AnyPopup.swift",
"Internal/Models/AnyPopupConfig.swift",
"Internal/Models/DragGestureState.swift",
"Internal/Models/ID+Popup.swift",
"Internal/Models/Screen.swift",
"Internal/Models/StackPriority.swift",
"Internal/UI/PopupCenterStackView.swift",
"Internal/UI/PopupVerticalStackView.swift",
"Internal/UI/PopupView.swift",
"Internal/Utilities/Logger.swift",
"Internal/Utilities/PopupActionScheduler.swift",
"Internal/Utilities/PopupAlignment.swift",
"Internal/View Models/ViewModel+CentreStack.swift",
"Internal/View Models/ViewModel+VerticalStack.swift",
"Internal/View Models/ViewModel.swift",
"Public/Dismiss/Public+Dismiss+PopupStack.swift",
"Public/Dismiss/Public+Dismiss+View.swift",
"Public/Popup/Public+Popup+Config.swift",
"Public/Popup/Public+Popup+Main.swift",
"Public/Popup/Public+Popup+Utilities.swift",
"Public/Present/Public+Present+Popup.swift",
"Public/Setup/Public+Setup+Config.swift",
"Public/Setup/Public+Setup+ConfigContainer.swift",
"Public/Setup/Public+Setup+PopupStackID.swift",
"Public/Setup/Public+Setup+SceneDelegate.swift",
"Public/Setup/Public+Setup+View.swift"
],
"type" : "library"
}
],
"tools_version" : "6.0"
}
{
"workspace" : {
"name" : "MijickPopups",
"schemes" : [
"MijickPopups"
]
}
}
2026-09-23 02:11:31.426 xcodebuild[717:4279] [MT] IDERunDestination: Supported platforms for the buildables in the current scheme is empty.
Running build ...
env DEVELOPER_DIR=/Applications/Xcode-27.0.0-Release.Candidate.app xcrun xcodebuild -IDEClonedSourcePackagesDirPathOverride=$PWD/.dependencies -skipMacroValidation -skipPackagePluginValidation -derivedDataPath $PWD/.derivedData build -scheme MijickPopups -destination generic/platform=tvOS
Command line invocation:
/Applications/Xcode-27.0.0-Release.Candidate.app/Contents/Developer/usr/bin/xcodebuild -IDEClonedSourcePackagesDirPathOverride=/Users/admin/builder/spi-builder-workspace/.dependencies -skipMacroValidation -skipPackagePluginValidation -derivedDataPath /Users/admin/builder/spi-builder-workspace/.derivedData build -scheme MijickPopups -destination generic/platform=tvOS
Resolve Package Graph
Resolved source packages:
MijickPopups: /Users/admin/builder/spi-builder-workspace
ComputePackagePrebuildTargetDependencyGraph
Prepare packages
CreateBuildRequest
SendProjectDescription
CreateBuildOperation
ComputeTargetDependencyGraph
note: Building targets in dependency order
note: Target dependency graph (2 targets)
Target 'MijickPopups-product' in project 'MijickPopups'
➜ Explicit dependency on target 'MijickPopups' in project 'MijickPopups'
Target 'MijickPopups' in project 'MijickPopups' (no dependencies)
GatherProvisioningInputs
CreateBuildDescription
ClangStatCache /Applications/Xcode-27.0.0-Release.Candidate.app/Contents/Developer/Toolchains/XcodeDefault.xctoolchain/usr/bin/clang-stat-cache /Applications/Xcode-27.0.0-Release.Candidate.app/Contents/Developer/Platforms/AppleTVOS.platform/Developer/SDKs/AppleTVOS27.0.sdk /Users/admin/builder/spi-builder-workspace/.derivedData/SDKStatCaches.noindex/appletvos27.0-24J360-e829b21a6f8c9b70876ba0858053c044b32bfd8d43560033f8d89884cdb90028.sdkstatcache
cd /Users/admin/builder/spi-builder-workspace/.swiftpm/xcode
/Applications/Xcode-27.0.0-Release.Candidate.app/Contents/Developer/Toolchains/XcodeDefault.xctoolchain/usr/bin/clang-stat-cache /Applications/Xcode-27.0.0-Release.Candidate.app/Contents/Developer/Platforms/AppleTVOS.platform/Developer/SDKs/AppleTVOS27.0.sdk -o /Users/admin/builder/spi-builder-workspace/.derivedData/SDKStatCaches.noindex/appletvos27.0-24J360-e829b21a6f8c9b70876ba0858053c044b32bfd8d43560033f8d89884cdb90028.sdkstatcache
SwiftDriver MijickPopups normal arm64 com.apple.xcode.tools.swift.compiler (in target 'MijickPopups' from project 'MijickPopups')
cd /Users/admin/builder/spi-builder-workspace/.swiftpm/xcode
builtin-SwiftDriver -- /Applications/Xcode-27.0.0-Release.Candidate.app/Contents/Developer/Toolchains/XcodeDefault.xctoolchain/usr/bin/swiftc -parse-as-library -module-name MijickPopups -Onone @/Users/admin/builder/spi-builder-workspace/.derivedData/Build/Intermediates.noindex/MijickPopups.build/Debug-appletvos/MijickPopups-t.build/Objects-normal/arm64/MijickPopups.SwiftFileList -DSWIFT_PACKAGE -DDEBUG -DSWIFT_MODULE_RESOURCE_BUNDLE_UNAVAILABLE -DXcode -plugin-path /Applications/Xcode-27.0.0-Release.Candidate.app/Contents/Developer/Toolchains/XcodeDefault.xctoolchain/usr/lib/swift/host/plugins/testing -enable-experimental-feature DebugDescriptionMacro -sdk /Applications/Xcode-27.0.0-Release.Candidate.app/Contents/Developer/Platforms/AppleTVOS.platform/Developer/SDKs/AppleTVOS27.0.sdk -target arm64-apple-tvos15.0 -g -module-cache-path /Users/admin/builder/spi-builder-workspace/.derivedData/ModuleCache.noindex -Xfrontend -serialize-debugging-options -profile-coverage-mapping -profile-generate -enable-testing -index-store-path /Users/admin/builder/spi-builder-workspace/.derivedData/Index.noindex/DataStore -Xcc -D_LIBCPP_HARDENING_MODE\=_LIBCPP_HARDENING_MODE_DEBUG -swift-version 6 -I /Users/admin/builder/spi-builder-workspace/.derivedData/Build/Products/Debug-appletvos -Isystem /Applications/Xcode-27.0.0-Release.Candidate.app/Contents/Developer/Platforms/AppleTVOS.platform/Developer/usr/lib -F /Users/admin/builder/spi-builder-workspace/.derivedData/Build/Products/Debug-appletvos -F /Applications/Xcode-27.0.0-Release.Candidate.app/Contents/Developer/Platforms/AppleTVOS.platform/Developer/Library/Frameworks -F /Applications/Xcode-27.0.0-Release.Candidate.app/Contents/Developer/Platforms/AppleTVOS.platform/Developer/SDKs/AppleTVOS27.0.sdk/Developer/Library/Frameworks -c -j10 -enable-batch-mode -incremental -Xcc -ivfsstatcache -Xcc /Users/admin/builder/spi-builder-workspace/.derivedData/SDKStatCaches.noindex/appletvos27.0-24J360-e829b21a6f8c9b70876ba0858053c044b32bfd8d43560033f8d89884cdb90028.sdkstatcache -output-file-map /Users/admin/builder/spi-builder-workspace/.derivedData/Build/Intermediates.noindex/MijickPopups.build/Debug-appletvos/MijickPopups-t.build/Objects-normal/arm64/MijickPopups-OutputFileMap.json -save-temps -no-color-diagnostics -explicit-module-build -module-cache-path /Users/admin/builder/spi-builder-workspace/.derivedData/Build/Intermediates.noindex/SwiftExplicitPrecompiledModules -clang-scanner-module-cache-path /Users/admin/builder/spi-builder-workspace/.derivedData/ModuleCache.noindex -sdk-module-cache-path /Users/admin/builder/spi-builder-workspace/.derivedData/SDKExplicitPrecompiledModules -emit-dependencies -emit-module -emit-module-path /Users/admin/builder/spi-builder-workspace/.derivedData/Build/Intermediates.noindex/MijickPopups.build/Debug-appletvos/MijickPopups-t.build/Objects-normal/arm64/MijickPopups.swiftmodule -serialize-diagnostics -dependency-scan-serialize-diagnostics-path /Users/admin/builder/spi-builder-workspace/.derivedData/Build/Intermediates.noindex/MijickPopups.build/Debug-appletvos/MijickPopups-t.build/Objects-normal/arm64/MijickPopups-dependency-scan.dia -validate-clang-modules-once -clang-build-session-file /Users/admin/builder/spi-builder-workspace/.derivedData/ModuleCache.noindex/Session.modulevalidation -Xcc -fmodules-prune-interval\=86400 -Xcc -fmodules-prune-after\=345600 -package-name spi_builder_workspace -emit-const-values -const-gather-protocols-list /Users/admin/builder/spi-builder-workspace/.derivedData/Build/Intermediates.noindex/MijickPopups.build/Debug-appletvos/MijickPopups-t.build/Objects-normal/arm64/MijickPopups_const_extract_protocols.json -Xcc -I/Users/admin/builder/spi-builder-workspace/.derivedData/Build/Products/Debug-appletvos/include -Xcc -I/Users/admin/builder/spi-builder-workspace/.derivedData/Build/Intermediates.noindex/MijickPopups.build/Debug-appletvos/MijickPopups-t.build/DerivedSources-normal/arm64 -Xcc -I/Users/admin/builder/spi-builder-workspace/.derivedData/Build/Intermediates.noindex/MijickPopups.build/Debug-appletvos/MijickPopups-t.build/DerivedSources/arm64 -Xcc -I/Users/admin/builder/spi-builder-workspace/.derivedData/Build/Intermediates.noindex/MijickPopups.build/Debug-appletvos/MijickPopups-t.build/DerivedSources -Xcc -DSWIFT_PACKAGE -Xcc -DDEBUG\=1 -emit-objc-header -emit-objc-header-path /Users/admin/builder/spi-builder-workspace/.derivedData/Build/Intermediates.noindex/MijickPopups.build/Debug-appletvos/MijickPopups-t.build/Objects-normal/arm64/MijickPopups-Swift.h -working-directory /Users/admin/builder/spi-builder-workspace/.swiftpm/xcode -experimental-emit-module-separately -disable-cmo
SwiftCompile normal arm64 Compiling\ GlobalConfig+Center.swift,\ GlobalConfig+Vertical.swift,\ GlobalConfig.swift,\ LocalConfig+Center.swift,\ LocalConfig+Vertical.swift /Users/admin/builder/spi-builder-workspace/Sources/Internal/Configurables/Global/GlobalConfig+Center.swift /Users/admin/builder/spi-builder-workspace/Sources/Internal/Configurables/Global/GlobalConfig+Vertical.swift /Users/admin/builder/spi-builder-workspace/Sources/Internal/Configurables/Global/GlobalConfig.swift /Users/admin/builder/spi-builder-workspace/Sources/Internal/Configurables/Local/LocalConfig+Center.swift /Users/admin/builder/spi-builder-workspace/Sources/Internal/Configurables/Local/LocalConfig+Vertical.swift (in target 'MijickPopups' from project 'MijickPopups')
SwiftCompile normal arm64 /Users/admin/builder/spi-builder-workspace/Sources/Internal/Configurables/Global/GlobalConfig+Center.swift (in target 'MijickPopups' from project 'MijickPopups')
cd /Users/admin/builder/spi-builder-workspace/.swiftpm/xcode
builtin-SwiftPerFileCompile GlobalConfig+Center.swift
SwiftCompile normal arm64 /Users/admin/builder/spi-builder-workspace/Sources/Internal/Configurables/Global/GlobalConfig+Vertical.swift (in target 'MijickPopups' from project 'MijickPopups')
cd /Users/admin/builder/spi-builder-workspace/.swiftpm/xcode
builtin-SwiftPerFileCompile GlobalConfig+Vertical.swift
SwiftCompile normal arm64 /Users/admin/builder/spi-builder-workspace/Sources/Internal/Configurables/Global/GlobalConfig.swift (in target 'MijickPopups' from project 'MijickPopups')
cd /Users/admin/builder/spi-builder-workspace/.swiftpm/xcode
builtin-SwiftPerFileCompile GlobalConfig.swift
SwiftCompile normal arm64 /Users/admin/builder/spi-builder-workspace/Sources/Internal/Configurables/Local/LocalConfig+Center.swift (in target 'MijickPopups' from project 'MijickPopups')
cd /Users/admin/builder/spi-builder-workspace/.swiftpm/xcode
builtin-SwiftPerFileCompile LocalConfig+Center.swift
SwiftCompile normal arm64 /Users/admin/builder/spi-builder-workspace/Sources/Internal/Configurables/Local/LocalConfig+Vertical.swift (in target 'MijickPopups' from project 'MijickPopups')
cd /Users/admin/builder/spi-builder-workspace/.swiftpm/xcode
builtin-SwiftPerFileCompile LocalConfig+Vertical.swift
SwiftCompile normal arm64 Compiling\ LocalConfig.swift,\ GlobalConfigContainer.swift,\ PopupStack.swift,\ PopupStackContainer.swift,\ Animation++.swift /Users/admin/builder/spi-builder-workspace/Sources/Internal/Configurables/Local/LocalConfig.swift /Users/admin/builder/spi-builder-workspace/Sources/Internal/Containers/GlobalConfigContainer.swift /Users/admin/builder/spi-builder-workspace/Sources/Internal/Containers/PopupStack.swift /Users/admin/builder/spi-builder-workspace/Sources/Internal/Containers/PopupStackContainer.swift /Users/admin/builder/spi-builder-workspace/Sources/Internal/Extensions/Animation++.swift (in target 'MijickPopups' from project 'MijickPopups')
SwiftCompile normal arm64 /Users/admin/builder/spi-builder-workspace/Sources/Internal/Configurables/Local/LocalConfig.swift (in target 'MijickPopups' from project 'MijickPopups')
cd /Users/admin/builder/spi-builder-workspace/.swiftpm/xcode
builtin-SwiftPerFileCompile LocalConfig.swift
SwiftCompile normal arm64 /Users/admin/builder/spi-builder-workspace/Sources/Internal/Containers/GlobalConfigContainer.swift (in target 'MijickPopups' from project 'MijickPopups')
cd /Users/admin/builder/spi-builder-workspace/.swiftpm/xcode
builtin-SwiftPerFileCompile GlobalConfigContainer.swift
SwiftCompile normal arm64 /Users/admin/builder/spi-builder-workspace/Sources/Internal/Containers/PopupStack.swift (in target 'MijickPopups' from project 'MijickPopups')
cd /Users/admin/builder/spi-builder-workspace/.swiftpm/xcode
builtin-SwiftPerFileCompile PopupStack.swift
SwiftCompile normal arm64 /Users/admin/builder/spi-builder-workspace/Sources/Internal/Containers/PopupStackContainer.swift (in target 'MijickPopups' from project 'MijickPopups')
cd /Users/admin/builder/spi-builder-workspace/.swiftpm/xcode
builtin-SwiftPerFileCompile PopupStackContainer.swift
SwiftCompile normal arm64 /Users/admin/builder/spi-builder-workspace/Sources/Internal/Extensions/Animation++.swift (in target 'MijickPopups' from project 'MijickPopups')
cd /Users/admin/builder/spi-builder-workspace/.swiftpm/xcode
builtin-SwiftPerFileCompile Animation++.swift
SwiftCompile normal arm64 Compiling\ Array++.swift,\ EdgeInsets++.swift,\ Task++.swift,\ View+Background.swift,\ View+Gestures.swift /Users/admin/builder/spi-builder-workspace/Sources/Internal/Extensions/Array++.swift /Users/admin/builder/spi-builder-workspace/Sources/Internal/Extensions/EdgeInsets++.swift /Users/admin/builder/spi-builder-workspace/Sources/Internal/Extensions/Task++.swift /Users/admin/builder/spi-builder-workspace/Sources/Internal/Extensions/View+Background.swift /Users/admin/builder/spi-builder-workspace/Sources/Internal/Extensions/View+Gestures.swift (in target 'MijickPopups' from project 'MijickPopups')
SwiftCompile normal arm64 /Users/admin/builder/spi-builder-workspace/Sources/Internal/Extensions/Array++.swift (in target 'MijickPopups' from project 'MijickPopups')
cd /Users/admin/builder/spi-builder-workspace/.swiftpm/xcode
builtin-SwiftPerFileCompile Array++.swift
SwiftCompile normal arm64 /Users/admin/builder/spi-builder-workspace/Sources/Internal/Extensions/EdgeInsets++.swift (in target 'MijickPopups' from project 'MijickPopups')
cd /Users/admin/builder/spi-builder-workspace/.swiftpm/xcode
builtin-SwiftPerFileCompile EdgeInsets++.swift
SwiftCompile normal arm64 /Users/admin/builder/spi-builder-workspace/Sources/Internal/Extensions/Task++.swift (in target 'MijickPopups' from project 'MijickPopups')
cd /Users/admin/builder/spi-builder-workspace/.swiftpm/xcode
builtin-SwiftPerFileCompile Task++.swift
SwiftCompile normal arm64 /Users/admin/builder/spi-builder-workspace/Sources/Internal/Extensions/View+Background.swift (in target 'MijickPopups' from project 'MijickPopups')
cd /Users/admin/builder/spi-builder-workspace/.swiftpm/xcode
builtin-SwiftPerFileCompile View+Background.swift
SwiftCompile normal arm64 /Users/admin/builder/spi-builder-workspace/Sources/Internal/Extensions/View+Gestures.swift (in target 'MijickPopups' from project 'MijickPopups')
cd /Users/admin/builder/spi-builder-workspace/.swiftpm/xcode
builtin-SwiftPerFileCompile View+Gestures.swift
SwiftCompile normal arm64 Compiling\ View+Keyboard.swift,\ View+ReadHeight.swift,\ View+tvOS.swift,\ ActivePopupProperties.swift,\ AnyPopup.swift /Users/admin/builder/spi-builder-workspace/Sources/Internal/Extensions/View+Keyboard.swift /Users/admin/builder/spi-builder-workspace/Sources/Internal/Extensions/View+ReadHeight.swift /Users/admin/builder/spi-builder-workspace/Sources/Internal/Extensions/View+tvOS.swift /Users/admin/builder/spi-builder-workspace/Sources/Internal/Models/ActivePopupProperties.swift /Users/admin/builder/spi-builder-workspace/Sources/Internal/Models/AnyPopup.swift (in target 'MijickPopups' from project 'MijickPopups')
SwiftCompile normal arm64 /Users/admin/builder/spi-builder-workspace/Sources/Internal/Extensions/View+Keyboard.swift (in target 'MijickPopups' from project 'MijickPopups')
cd /Users/admin/builder/spi-builder-workspace/.swiftpm/xcode
builtin-SwiftPerFileCompile View+Keyboard.swift
SwiftCompile normal arm64 /Users/admin/builder/spi-builder-workspace/Sources/Internal/Extensions/View+ReadHeight.swift (in target 'MijickPopups' from project 'MijickPopups')
cd /Users/admin/builder/spi-builder-workspace/.swiftpm/xcode
builtin-SwiftPerFileCompile View+ReadHeight.swift
SwiftCompile normal arm64 /Users/admin/builder/spi-builder-workspace/Sources/Internal/Extensions/View+tvOS.swift (in target 'MijickPopups' from project 'MijickPopups')
cd /Users/admin/builder/spi-builder-workspace/.swiftpm/xcode
builtin-SwiftPerFileCompile View+tvOS.swift
SwiftCompile normal arm64 /Users/admin/builder/spi-builder-workspace/Sources/Internal/Models/ActivePopupProperties.swift (in target 'MijickPopups' from project 'MijickPopups')
cd /Users/admin/builder/spi-builder-workspace/.swiftpm/xcode
builtin-SwiftPerFileCompile ActivePopupProperties.swift
SwiftCompile normal arm64 /Users/admin/builder/spi-builder-workspace/Sources/Internal/Models/AnyPopup.swift (in target 'MijickPopups' from project 'MijickPopups')
cd /Users/admin/builder/spi-builder-workspace/.swiftpm/xcode
builtin-SwiftPerFileCompile AnyPopup.swift
SwiftCompile normal arm64 Compiling\ AnyPopupConfig.swift,\ DragGestureState.swift,\ ID+Popup.swift,\ Screen.swift,\ StackPriority.swift /Users/admin/builder/spi-builder-workspace/Sources/Internal/Models/AnyPopupConfig.swift /Users/admin/builder/spi-builder-workspace/Sources/Internal/Models/DragGestureState.swift /Users/admin/builder/spi-builder-workspace/Sources/Internal/Models/ID+Popup.swift /Users/admin/builder/spi-builder-workspace/Sources/Internal/Models/Screen.swift /Users/admin/builder/spi-builder-workspace/Sources/Internal/Models/StackPriority.swift (in target 'MijickPopups' from project 'MijickPopups')
/Users/admin/builder/spi-builder-workspace/Sources/Internal/Models/DragGestureState.swift:19:19: error: 'DragGesture' is unavailable in tvOS
17 |
18 | extension DragGestureState {
19 | init(_ value: DragGesture.Value) {
| `- error: 'DragGesture' is unavailable in tvOS
20 | self.startLocationY = value.startLocation.y
21 | self.height = value.translation.height
SwiftUI.DragGesture:3:42: note: 'DragGesture' has been explicitly marked unavailable here
1 | @available(iOS 13.0, macOS 10.15, watchOS 6.0, *)
2 | @available(tvOS, unavailable)
3 | @MainActor @preconcurrency public struct DragGesture : Gesture, ~Sendable {
| `- note: 'DragGesture' has been explicitly marked unavailable here
4 | public struct Value : Equatable, Sendable {
5 | public var time: Date
Failed frontend command:
/Applications/Xcode-27.0.0-Release.Candidate.app/Contents/Developer/Toolchains/XcodeDefault.xctoolchain/usr/bin/swift-frontend -frontend -c /Users/admin/builder/spi-builder-workspace/Sources/Internal/Configurables/Global/GlobalConfig+Center.swift /Users/admin/builder/spi-builder-workspace/Sources/Internal/Configurables/Global/GlobalConfig+Vertical.swift /Users/admin/builder/spi-builder-workspace/Sources/Internal/Configurables/Global/GlobalConfig.swift /Users/admin/builder/spi-builder-workspace/Sources/Internal/Configurables/Local/LocalConfig+Center.swift /Users/admin/builder/spi-builder-workspace/Sources/Internal/Configurables/Local/LocalConfig+Vertical.swift /Users/admin/builder/spi-builder-workspace/Sources/Internal/Configurables/Local/LocalConfig.swift /Users/admin/builder/spi-builder-workspace/Sources/Internal/Containers/GlobalConfigContainer.swift /Users/admin/builder/spi-builder-workspace/Sources/Internal/Containers/PopupStack.swift /Users/admin/builder/spi-builder-workspace/Sources/Internal/Containers/PopupStackContainer.swift /Users/admin/builder/spi-builder-workspace/Sources/Internal/Extensions/Animation++.swift /Users/admin/builder/spi-builder-workspace/Sources/Internal/Extensions/Array++.swift /Users/admin/builder/spi-builder-workspace/Sources/Internal/Extensions/EdgeInsets++.swift /Users/admin/builder/spi-builder-workspace/Sources/Internal/Extensions/Task++.swift /Users/admin/builder/spi-builder-workspace/Sources/Internal/Extensions/View+Background.swift /Users/admin/builder/spi-builder-workspace/Sources/Internal/Extensions/View+Gestures.swift /Users/admin/builder/spi-builder-workspace/Sources/Internal/Extensions/View+Keyboard.swift /Users/admin/builder/spi-builder-workspace/Sources/Internal/Extensions/View+ReadHeight.swift /Users/admin/builder/spi-builder-workspace/Sources/Internal/Extensions/View+tvOS.swift /Users/admin/builder/spi-builder-workspace/Sources/Internal/Models/ActivePopupProperties.swift /Users/admin/builder/spi-builder-workspace/Sources/Internal/Models/AnyPopup.swift -primary-file /Users/admin/builder/spi-builder-workspace/Sources/Internal/Models/AnyPopupConfig.swift -primary-file /Users/admin/builder/spi-builder-workspace/Sources/Internal/Models/DragGestureState.swift -primary-file /Users/admin/builder/spi-builder-workspace/Sources/Internal/Models/ID+Popup.swift -primary-file /Users/admin/builder/spi-builder-workspace/Sources/Internal/Models/Screen.swift -primary-file /Users/admin/builder/spi-builder-workspace/Sources/Internal/Models/StackPriority.swift /Users/admin/builder/spi-builder-workspace/Sources/Internal/UI/PopupCenterStackView.swift /Users/admin/builder/spi-builder-workspace/Sources/Internal/UI/PopupVerticalStackView.swift /Users/admin/builder/spi-builder-workspace/Sources/Internal/UI/PopupView.swift /Users/admin/builder/spi-builder-workspace/Sources/Internal/Utilities/Logger.swift /Users/admin/builder/spi-builder-workspace/Sources/Internal/Utilities/PopupActionScheduler.swift /Users/admin/builder/spi-builder-workspace/Sources/Internal/Utilities/PopupAlignment.swift /Users/admin/builder/spi-builder-workspace/Sources/Internal/View\ Models/ViewModel+CentreStack.swift /Users/admin/builder/spi-builder-workspace/Sources/Internal/View\ Models/ViewModel+VerticalStack.swift /Users/admin/builder/spi-builder-workspace/Sources/Internal/View\ Models/ViewModel.swift /Users/admin/builder/spi-builder-workspace/Sources/Public/Dismiss/Public+Dismiss+PopupStack.swift /Users/admin/builder/spi-builder-workspace/Sources/Public/Dismiss/Public+Dismiss+View.swift /Users/admin/builder/spi-builder-workspace/Sources/Public/Popup/Public+Popup+Config.swift /Users/admin/builder/spi-builder-workspace/Sources/Public/Popup/Public+Popup+Main.swift /Users/admin/builder/spi-builder-workspace/Sources/Public/Popup/Public+Popup+Utilities.swift /Users/admin/builder/spi-builder-workspace/Sources/Public/Present/Public+Present+Popup.swift /Users/admin/builder/spi-builder-workspace/Sources/Public/Setup/Public+Setup+Config.swift /Users/admin/builder/spi-builder-workspace/Sources/Public/Setup/Public+Setup+ConfigContainer.swift /Users/admin/builder/spi-builder-workspace/Sources/Public/Setup/Public+Setup+PopupStackID.swift /Users/admin/builder/spi-builder-workspace/Sources/Public/Setup/Public+Setup+SceneDelegate.swift /Users/admin/builder/spi-builder-workspace/Sources/Public/Setup/Public+Setup+View.swift -supplementary-output-file-map /Users/admin/builder/spi-builder-workspace/.derivedData/Build/Intermediates.noindex/MijickPopups.build/Debug-appletvos/MijickPopups-t.build/Objects-normal/arm64/supplementaryOutputs-5 -target arm64-apple-tvos15.0 -disable-cross-import-overlay-search -load-resolved-plugin /Applications/Xcode-27.0.0-Release.Candidate.app/Contents/Developer/Platforms/AppleTVOS.platform/Developer/usr/lib/swift/host/plugins/libFoundationMacros.dylib\#/Applications/Xcode-27.0.0-Release.Candidate.app/Contents/Developer/Platforms/AppleTVOS.platform/Developer/usr/bin/swift-plugin-server\#FoundationMacros -load-resolved-plugin /Applications/Xcode-27.0.0-Release.Candidate.app/Contents/Developer/Platforms/AppleTVOS.platform/Developer/usr/lib/swift/host/plugins/libObservationMacros.dylib\#/Applications/Xcode-27.0.0-Release.Candidate.app/Contents/Developer/Platforms/AppleTVOS.platform/Developer/usr/bin/swift-plugin-server\#ObservationMacros -load-resolved-plugin /Applications/Xcode-27.0.0-Release.Candidate.app/Contents/Developer/Platforms/AppleTVOS.platform/Developer/usr/lib/swift/host/plugins/libPreviewsMacros.dylib\#/Applications/Xcode-27.0.0-Release.Candidate.app/Contents/Developer/Platforms/AppleTVOS.platform/Developer/usr/bin/swift-plugin-server\#PreviewsMacros -load-resolved-plugin /Applications/Xcode-27.0.0-Release.Candidate.app/Contents/Developer/Platforms/AppleTVOS.platform/Developer/usr/lib/swift/host/plugins/libSwiftMacros.dylib\#/Applications/Xcode-27.0.0-Release.Candidate.app/Contents/Developer/Platforms/AppleTVOS.platform/Developer/usr/bin/swift-plugin-server\#SwiftMacros -load-resolved-plugin /Applications/Xcode-27.0.0-Release.Candidate.app/Contents/Developer/Platforms/AppleTVOS.platform/Developer/usr/lib/swift/host/plugins/libSwiftUIMacros.dylib\#/Applications/Xcode-27.0.0-Release.Candidate.app/Contents/Developer/Platforms/AppleTVOS.platform/Developer/usr/bin/swift-plugin-server\#SwiftUIMacros -disable-implicit-swift-modules -Xcc -fno-implicit-modules -Xcc -fno-implicit-module-maps -explicit-swift-module-map-file /Users/admin/builder/spi-builder-workspace/.derivedData/Build/Intermediates.noindex/MijickPopups.build/Debug-appletvos/MijickPopups-t.build/Objects-normal/arm64/MijickPopups-dependencies-1.json -Xllvm -aarch64-use-tbi -enable-objc-interop -stack-check -sdk /Applications/Xcode-27.0.0-Release.Candidate.app/Contents/Developer/Platforms/AppleTVOS.platform/Developer/SDKs/AppleTVOS27.0.sdk -I /Users/admin/builder/spi-builder-workspace/.derivedData/Build/Products/Debug-appletvos -Isystem /Applications/Xcode-27.0.0-Release.Candidate.app/Contents/Developer/Platforms/AppleTVOS.platform/Developer/usr/lib -F /Users/admin/builder/spi-builder-workspace/.derivedData/Build/Products/Debug-appletvos -F /Applications/Xcode-27.0.0-Release.Candidate.app/Contents/Developer/Platforms/AppleTVOS.platform/Developer/Library/Frameworks -F /Applications/Xcode-27.0.0-Release.Candidate.app/Contents/Developer/Platforms/AppleTVOS.platform/Developer/SDKs/AppleTVOS27.0.sdk/Developer/Library/Frameworks -module-cache-path /Users/admin/builder/spi-builder-workspace/.derivedData/Build/Intermediates.noindex/SwiftExplicitPrecompiledModules -no-color-diagnostics -Xcc -fno-color-diagnostics -enable-testing -g -debug-info-format\=dwarf -dwarf-version\=4 -profile-generate -profile-coverage-mapping -swift-version 6 -Onone -D SWIFT_PACKAGE -D DEBUG -D SWIFT_MODULE_RESOURCE_BUNDLE_UNAVAILABLE -D Xcode -serialize-debugging-options -enable-experimental-feature DebugDescriptionMacro -empty-abi-descriptor -validate-clang-modules-once -clang-build-session-file /Users/admin/builder/spi-builder-workspace/.derivedData/ModuleCache.noindex/Session.modulevalidation -Xcc -working-directory -Xcc /Users/admin/builder/spi-builder-workspace/.swiftpm/xcode -enable-anonymous-context-mangled-names -file-compilation-dir /Users/admin/builder/spi-builder-workspace/.swiftpm/xcode -Xcc -D_LIBCPP_HARDENING_MODE\=_LIBCPP_HARDENING_MODE_DEBUG -Xcc -ivfsstatcache -Xcc /Users/admin/builder/spi-builder-workspace/.derivedData/SDKStatCaches.noindex/appletvos27.0-24J360-e829b21a6f8c9b70876ba0858053c044b32bfd8d43560033f8d89884cdb90028.sdkstatcache -Xcc -fmodules-prune-interval\=86400 -Xcc -fmodules-prune-after\=345600 -Xcc -I/Users/admin/builder/spi-builder-workspace/.derivedData/Build/Products/Debug-appletvos/include -Xcc -I/Users/admin/builder/spi-builder-workspace/.derivedData/Build/Intermediates.noindex/MijickPopups.build/Debug-appletvos/MijickPopups-t.build/DerivedSources-normal/arm64 -Xcc -I/Users/admin/builder/spi-builder-workspace/.derivedData/Build/Intermediates.noindex/MijickPopups.build/Debug-appletvos/MijickPopups-t.build/DerivedSources/arm64 -Xcc -I/Users/admin/builder/spi-builder-workspace/.derivedData/Build/Intermediates.noindex/MijickPopups.build/Debug-appletvos/MijickPopups-t.build/DerivedSources -Xcc -DSWIFT_PACKAGE -Xcc -DDEBUG\=1 -no-auto-bridging-header-chaining -module-name MijickPopups -package-name spi_builder_workspace -const-gather-protocols-file /Users/admin/builder/spi-builder-workspace/.derivedData/Build/Intermediates.noindex/MijickPopups.build/Debug-appletvos/MijickPopups-t.build/Objects-normal/arm64/MijickPopups_const_extract_protocols.json -disable-clang-spi -clang-target arm64-apple-tvos27.0 -target-sdk-version 27.0 -target-sdk-name appletvos27.0 -in-process-plugin-server-path /Applications/Xcode-27.0.0-Release.Candidate.app/Contents/Developer/Toolchains/XcodeDefault.xctoolchain/usr/lib/swift/host/libSwiftInProcPluginServer.dylib -parse-as-library -o /Users/admin/builder/spi-builder-workspace/.derivedData/Build/Intermediates.noindex/MijickPopups.build/Debug-appletvos/MijickPopups-t.build/Objects-normal/arm64/AnyPopupConfig.o -o /Users/admin/builder/spi-builder-workspace/.derivedData/Build/Intermediates.noindex/MijickPopups.build/Debug-appletvos/MijickPopups-t.build/Objects-normal/arm64/DragGestureState.o -o /Users/admin/builder/spi-builder-workspace/.derivedData/Build/Intermediates.noindex/MijickPopups.build/Debug-appletvos/MijickPopups-t.build/Objects-normal/arm64/ID+Popup.o -o /Users/admin/builder/spi-builder-workspace/.derivedData/Build/Intermediates.noindex/MijickPopups.build/Debug-appletvos/MijickPopups-t.build/Objects-normal/arm64/Screen.o -o /Users/admin/builder/spi-builder-workspace/.derivedData/Build/Intermediates.noindex/MijickPopups.build/Debug-appletvos/MijickPopups-t.build/Objects-normal/arm64/StackPriority.o -debug-module-path /Users/admin/builder/spi-builder-workspace/.derivedData/Build/Intermediates.noindex/MijickPopups.build/Debug-appletvos/MijickPopups-t.build/Objects-normal/arm64/MijickPopups.swiftmodule -index-unit-output-path /MijickPopups.build/Debug-appletvos/MijickPopups-t.build/Objects-normal/arm64/AnyPopupConfig.o -index-unit-output-path /MijickPopups.build/Debug-appletvos/MijickPopups-t.build/Objects-normal/arm64/DragGestureState.o -index-unit-output-path /MijickPopups.build/Debug-appletvos/MijickPopups-t.build/Objects-normal/arm64/ID+Popup.o -index-unit-output-path /MijickPopups.build/Debug-appletvos/MijickPopups-t.build/Objects-normal/arm64/Screen.o -index-unit-output-path /MijickPopups.build/Debug-appletvos/MijickPopups-t.build/Objects-normal/arm64/StackPriority.o -index-store-path /Users/admin/builder/spi-builder-workspace/.derivedData/Index.noindex/DataStore -index-system-modules
SwiftCompile normal arm64 /Users/admin/builder/spi-builder-workspace/Sources/Internal/Models/AnyPopupConfig.swift (in target 'MijickPopups' from project 'MijickPopups')
cd /Users/admin/builder/spi-builder-workspace/.swiftpm/xcode
builtin-SwiftPerFileCompile AnyPopupConfig.swift
SwiftCompile normal arm64 /Users/admin/builder/spi-builder-workspace/Sources/Internal/Models/DragGestureState.swift (in target 'MijickPopups' from project 'MijickPopups')
cd /Users/admin/builder/spi-builder-workspace/.swiftpm/xcode
builtin-SwiftPerFileCompile DragGestureState.swift
SwiftCompile normal arm64 /Users/admin/builder/spi-builder-workspace/Sources/Internal/Models/ID+Popup.swift (in target 'MijickPopups' from project 'MijickPopups')
cd /Users/admin/builder/spi-builder-workspace/.swiftpm/xcode
builtin-SwiftPerFileCompile ID+Popup.swift
SwiftCompile normal arm64 /Users/admin/builder/spi-builder-workspace/Sources/Internal/Models/Screen.swift (in target 'MijickPopups' from project 'MijickPopups')
cd /Users/admin/builder/spi-builder-workspace/.swiftpm/xcode
builtin-SwiftPerFileCompile Screen.swift
SwiftCompile normal arm64 /Users/admin/builder/spi-builder-workspace/Sources/Internal/Models/StackPriority.swift (in target 'MijickPopups' from project 'MijickPopups')
cd /Users/admin/builder/spi-builder-workspace/.swiftpm/xcode
builtin-SwiftPerFileCompile StackPriority.swift
SwiftCompile normal arm64 Compiling\ PopupCenterStackView.swift,\ PopupVerticalStackView.swift,\ PopupView.swift,\ Logger.swift /Users/admin/builder/spi-builder-workspace/Sources/Internal/UI/PopupCenterStackView.swift /Users/admin/builder/spi-builder-workspace/Sources/Internal/UI/PopupVerticalStackView.swift /Users/admin/builder/spi-builder-workspace/Sources/Internal/UI/PopupView.swift /Users/admin/builder/spi-builder-workspace/Sources/Internal/Utilities/Logger.swift (in target 'MijickPopups' from project 'MijickPopups')
SwiftCompile normal arm64 /Users/admin/builder/spi-builder-workspace/Sources/Internal/UI/PopupCenterStackView.swift (in target 'MijickPopups' from project 'MijickPopups')
cd /Users/admin/builder/spi-builder-workspace/.swiftpm/xcode
builtin-SwiftPerFileCompile PopupCenterStackView.swift
SwiftCompile normal arm64 /Users/admin/builder/spi-builder-workspace/Sources/Internal/UI/PopupVerticalStackView.swift (in target 'MijickPopups' from project 'MijickPopups')
cd /Users/admin/builder/spi-builder-workspace/.swiftpm/xcode
builtin-SwiftPerFileCompile PopupVerticalStackView.swift
SwiftCompile normal arm64 /Users/admin/builder/spi-builder-workspace/Sources/Internal/UI/PopupView.swift (in target 'MijickPopups' from project 'MijickPopups')
cd /Users/admin/builder/spi-builder-workspace/.swiftpm/xcode
builtin-SwiftPerFileCompile PopupView.swift
SwiftCompile normal arm64 /Users/admin/builder/spi-builder-workspace/Sources/Internal/Utilities/Logger.swift (in target 'MijickPopups' from project 'MijickPopups')
cd /Users/admin/builder/spi-builder-workspace/.swiftpm/xcode
builtin-SwiftPerFileCompile Logger.swift
SwiftCompile normal arm64 Compiling\ Public+Popup+Main.swift,\ Public+Popup+Utilities.swift,\ Public+Present+Popup.swift,\ Public+Setup+Config.swift /Users/admin/builder/spi-builder-workspace/Sources/Public/Popup/Public+Popup+Main.swift /Users/admin/builder/spi-builder-workspace/Sources/Public/Popup/Public+Popup+Utilities.swift /Users/admin/builder/spi-builder-workspace/Sources/Public/Present/Public+Present+Popup.swift /Users/admin/builder/spi-builder-workspace/Sources/Public/Setup/Public+Setup+Config.swift (in target 'MijickPopups' from project 'MijickPopups')
SwiftCompile normal arm64 /Users/admin/builder/spi-builder-workspace/Sources/Public/Popup/Public+Popup+Main.swift (in target 'MijickPopups' from project 'MijickPopups')
cd /Users/admin/builder/spi-builder-workspace/.swiftpm/xcode
builtin-SwiftPerFileCompile Public+Popup+Main.swift
SwiftCompile normal arm64 /Users/admin/builder/spi-builder-workspace/Sources/Public/Popup/Public+Popup+Utilities.swift (in target 'MijickPopups' from project 'MijickPopups')
cd /Users/admin/builder/spi-builder-workspace/.swiftpm/xcode
builtin-SwiftPerFileCompile Public+Popup+Utilities.swift
SwiftCompile normal arm64 /Users/admin/builder/spi-builder-workspace/Sources/Public/Present/Public+Present+Popup.swift (in target 'MijickPopups' from project 'MijickPopups')
cd /Users/admin/builder/spi-builder-workspace/.swiftpm/xcode
builtin-SwiftPerFileCompile Public+Present+Popup.swift
SwiftCompile normal arm64 /Users/admin/builder/spi-builder-workspace/Sources/Public/Setup/Public+Setup+Config.swift (in target 'MijickPopups' from project 'MijickPopups')
cd /Users/admin/builder/spi-builder-workspace/.swiftpm/xcode
builtin-SwiftPerFileCompile Public+Setup+Config.swift
SwiftCompile normal arm64 Compiling\ ViewModel.swift,\ Public+Dismiss+PopupStack.swift,\ Public+Dismiss+View.swift,\ Public+Popup+Config.swift /Users/admin/builder/spi-builder-workspace/Sources/Internal/View\ Models/ViewModel.swift /Users/admin/builder/spi-builder-workspace/Sources/Public/Dismiss/Public+Dismiss+PopupStack.swift /Users/admin/builder/spi-builder-workspace/Sources/Public/Dismiss/Public+Dismiss+View.swift /Users/admin/builder/spi-builder-workspace/Sources/Public/Popup/Public+Popup+Config.swift (in target 'MijickPopups' from project 'MijickPopups')
SwiftCompile normal arm64 /Users/admin/builder/spi-builder-workspace/Sources/Internal/View\ Models/ViewModel.swift (in target 'MijickPopups' from project 'MijickPopups')
cd /Users/admin/builder/spi-builder-workspace/.swiftpm/xcode
builtin-SwiftPerFileCompile ViewModel.swift
SwiftCompile normal arm64 /Users/admin/builder/spi-builder-workspace/Sources/Public/Dismiss/Public+Dismiss+PopupStack.swift (in target 'MijickPopups' from project 'MijickPopups')
cd /Users/admin/builder/spi-builder-workspace/.swiftpm/xcode
builtin-SwiftPerFileCompile Public+Dismiss+PopupStack.swift
SwiftCompile normal arm64 /Users/admin/builder/spi-builder-workspace/Sources/Public/Dismiss/Public+Dismiss+View.swift (in target 'MijickPopups' from project 'MijickPopups')
cd /Users/admin/builder/spi-builder-workspace/.swiftpm/xcode
builtin-SwiftPerFileCompile Public+Dismiss+View.swift
SwiftCompile normal arm64 /Users/admin/builder/spi-builder-workspace/Sources/Public/Popup/Public+Popup+Config.swift (in target 'MijickPopups' from project 'MijickPopups')
cd /Users/admin/builder/spi-builder-workspace/.swiftpm/xcode
builtin-SwiftPerFileCompile Public+Popup+Config.swift
SwiftCompile normal arm64 Compiling\ PopupActionScheduler.swift,\ PopupAlignment.swift,\ ViewModel+CentreStack.swift,\ ViewModel+VerticalStack.swift /Users/admin/builder/spi-builder-workspace/Sources/Internal/Utilities/PopupActionScheduler.swift /Users/admin/builder/spi-builder-workspace/Sources/Internal/Utilities/PopupAlignment.swift /Users/admin/builder/spi-builder-workspace/Sources/Internal/View\ Models/ViewModel+CentreStack.swift /Users/admin/builder/spi-builder-workspace/Sources/Internal/View\ Models/ViewModel+VerticalStack.swift (in target 'MijickPopups' from project 'MijickPopups')
SwiftCompile normal arm64 /Users/admin/builder/spi-builder-workspace/Sources/Internal/Utilities/PopupActionScheduler.swift (in target 'MijickPopups' from project 'MijickPopups')
cd /Users/admin/builder/spi-builder-workspace/.swiftpm/xcode
builtin-SwiftPerFileCompile PopupActionScheduler.swift
SwiftCompile normal arm64 /Users/admin/builder/spi-builder-workspace/Sources/Internal/Utilities/PopupAlignment.swift (in target 'MijickPopups' from project 'MijickPopups')
cd /Users/admin/builder/spi-builder-workspace/.swiftpm/xcode
builtin-SwiftPerFileCompile PopupAlignment.swift
SwiftCompile normal arm64 /Users/admin/builder/spi-builder-workspace/Sources/Internal/View\ Models/ViewModel+CentreStack.swift (in target 'MijickPopups' from project 'MijickPopups')
cd /Users/admin/builder/spi-builder-workspace/.swiftpm/xcode
builtin-SwiftPerFileCompile ViewModel+CentreStack.swift
SwiftCompile normal arm64 /Users/admin/builder/spi-builder-workspace/Sources/Internal/View\ Models/ViewModel+VerticalStack.swift (in target 'MijickPopups' from project 'MijickPopups')
cd /Users/admin/builder/spi-builder-workspace/.swiftpm/xcode
builtin-SwiftPerFileCompile ViewModel+VerticalStack.swift
SwiftCompile normal arm64 Compiling\ Public+Setup+ConfigContainer.swift,\ Public+Setup+PopupStackID.swift,\ Public+Setup+SceneDelegate.swift,\ Public+Setup+View.swift /Users/admin/builder/spi-builder-workspace/Sources/Public/Setup/Public+Setup+ConfigContainer.swift /Users/admin/builder/spi-builder-workspace/Sources/Public/Setup/Public+Setup+PopupStackID.swift /Users/admin/builder/spi-builder-workspace/Sources/Public/Setup/Public+Setup+SceneDelegate.swift /Users/admin/builder/spi-builder-workspace/Sources/Public/Setup/Public+Setup+View.swift (in target 'MijickPopups' from project 'MijickPopups')
SwiftCompile normal arm64 /Users/admin/builder/spi-builder-workspace/Sources/Public/Setup/Public+Setup+ConfigContainer.swift (in target 'MijickPopups' from project 'MijickPopups')
cd /Users/admin/builder/spi-builder-workspace/.swiftpm/xcode
builtin-SwiftPerFileCompile Public+Setup+ConfigContainer.swift
SwiftCompile normal arm64 /Users/admin/builder/spi-builder-workspace/Sources/Public/Setup/Public+Setup+PopupStackID.swift (in target 'MijickPopups' from project 'MijickPopups')
cd /Users/admin/builder/spi-builder-workspace/.swiftpm/xcode
builtin-SwiftPerFileCompile Public+Setup+PopupStackID.swift
SwiftCompile normal arm64 /Users/admin/builder/spi-builder-workspace/Sources/Public/Setup/Public+Setup+SceneDelegate.swift (in target 'MijickPopups' from project 'MijickPopups')
cd /Users/admin/builder/spi-builder-workspace/.swiftpm/xcode
builtin-SwiftPerFileCompile Public+Setup+SceneDelegate.swift
SwiftCompile normal arm64 /Users/admin/builder/spi-builder-workspace/Sources/Public/Setup/Public+Setup+View.swift (in target 'MijickPopups' from project 'MijickPopups')
cd /Users/admin/builder/spi-builder-workspace/.swiftpm/xcode
builtin-SwiftPerFileCompile Public+Setup+View.swift
SwiftEmitModule normal arm64 Emitting\ module\ for\ MijickPopups (in target 'MijickPopups' from project 'MijickPopups')
SwiftCompile normal arm64 (in target 'MijickPopups' from project 'MijickPopups')
cd /Users/admin/builder/spi-builder-workspace/.swiftpm/xcode
SwiftDriverJobDiscovery normal arm64 Compiling PopupCenterStackView.swift, PopupVerticalStackView.swift, PopupView.swift, Logger.swift (in target 'MijickPopups' from project 'MijickPopups')
SwiftDriverJobDiscovery normal arm64 Compiling Public+Setup+ConfigContainer.swift, Public+Setup+PopupStackID.swift, Public+Setup+SceneDelegate.swift, Public+Setup+View.swift (in target 'MijickPopups' from project 'MijickPopups')
SwiftDriverJobDiscovery normal arm64 Compiling Public+Popup+Main.swift, Public+Popup+Utilities.swift, Public+Present+Popup.swift, Public+Setup+Config.swift (in target 'MijickPopups' from project 'MijickPopups')
PruneExplicitPrecompiledModules /Users/admin/builder/spi-builder-workspace/.derivedData/SDKExplicitPrecompiledModules
PruneExplicitPrecompiledModules /Users/admin/builder/spi-builder-workspace/.derivedData/Build/Intermediates.noindex/ExplicitPrecompiledModules
PruneExplicitPrecompiledModules /Users/admin/builder/spi-builder-workspace/.derivedData/Build/Intermediates.noindex/SwiftExplicitPrecompiledModules
2026-09-23 02:11:32.527 xcodebuild[719:4329] [MT] IDERunDestination: Supported platforms for the buildables in the current scheme is empty.
** BUILD FAILED **
The following build commands failed:
SwiftCompile normal arm64 Compiling\ AnyPopupConfig.swift,\ DragGestureState.swift,\ ID+Popup.swift,\ Screen.swift,\ StackPriority.swift /Users/admin/builder/spi-builder-workspace/Sources/Internal/Models/AnyPopupConfig.swift /Users/admin/builder/spi-builder-workspace/Sources/Internal/Models/DragGestureState.swift /Users/admin/builder/spi-builder-workspace/Sources/Internal/Models/ID+Popup.swift /Users/admin/builder/spi-builder-workspace/Sources/Internal/Models/Screen.swift /Users/admin/builder/spi-builder-workspace/Sources/Internal/Models/StackPriority.swift (in target 'MijickPopups' from project 'MijickPopups')
SwiftCompile normal arm64 /Users/admin/builder/spi-builder-workspace/Sources/Internal/Models/DragGestureState.swift (in target 'MijickPopups' from project 'MijickPopups')
Building workspace MijickPopups with scheme MijickPopups
(3 failures)
BUILD FAILURE 6.4 tvOS