The Swift Package Index logo.Swift Package Index

Build Information

Failed to build TaskProgress, reference master (7b6786), with Swift 6.4 for Android on 21 Sep 2026 16:48:28 UTC.

Build Command

bash -c docker run --pull=always --rm -v "checkouts-54344845-0":/host -w "$PWD" -e JAVA_HOME="/root/.sdkman/candidates/java/current" -e SPI_BUILD="1" -e SPI_PROCESSING="1" registry.gitlab.com/saguaro1/spi-images:android-6.4-latest swift build --swift-sdk aarch64-unknown-linux-android28 2>&1

Build Log

========================================
RunAll
========================================
Builder version: 5.1.0
Interrupt handler set up.
========================================
Checkout
========================================
Clone URL: https://github.com/Jomy10/TaskProgress.git
Reference: master
Initialized empty Git repository in /host/spi-builder-workspace/.git/
hint: Using 'master' as the name for the initial branch. This default branch name
hint: is subject to change. To configure the initial branch name to use in all
hint: of your new repositories, which will suppress this warning, call:
hint:
hint: 	git config --global init.defaultBranch <name>
hint:
hint: Names commonly chosen instead of 'master' are 'main', 'trunk' and
hint: 'development'. The just-created branch can be renamed via this command:
hint:
hint: 	git branch -m <name>
From https://github.com/Jomy10/TaskProgress
 * branch            master     -> FETCH_HEAD
 * [new branch]      master     -> origin/master
HEAD is now at 7b6786b add debugDescription to ProgressTask
Cloned https://github.com/Jomy10/TaskProgress.git
Revision (git rev-parse @):
7b6786b2e5336690ffd5d84df53755242510d541
SPI manifest file found: $PWD/.spi.yml
SUCCESS checkout https://github.com/Jomy10/TaskProgress.git at master
========================================
Build
========================================
Selected platform:         android
Swift version:             6.4
Building package at path:  $PWD
https://github.com/Jomy10/TaskProgress.git
Running build ...
bash -c docker run --pull=always --rm -v "checkouts-54344845-0":/host -w "$PWD" -e JAVA_HOME="/root/.sdkman/candidates/java/current" -e SPI_BUILD="1" -e SPI_PROCESSING="1" registry.gitlab.com/saguaro1/spi-images:android-6.4-latest swift build --swift-sdk aarch64-unknown-linux-android28 2>&1
android-6.4-latest: Pulling from saguaro1/spi-images
Digest: sha256:abadcff584c273feba50641b454858d377ba30b35ea7287a94f45ebd8afd0ea0
Status: Image is up to date for registry.gitlab.com/saguaro1/spi-images:android-6.4-latest
Building for debugging...
[Planning deferred tasks]
[28 / 40] TaskProgress
[36 / 43] Example-product
/host/spi-builder-workspace/Sources/Example/main.swift:11:3: warning: unstructured throwing task created by 'init(name:priority:operation:)' is not used, which may accidentally ignore errors thrown inside the task [#]8;;https://docs.swift.org/compiler/documentation/diagnostics/no-use-throwing-unstructured-task\NoUseUnstructuredThrowingTask]8;;\]
 9 |   ProgressIndicators.global.addTask(main)
10 |
11 |   Task {
   |   |- warning: unstructured throwing task created by 'init(name:priority:operation:)' is not used, which may accidentally ignore errors thrown inside the task [#]8;;https://docs.swift.org/compiler/documentation/diagnostics/no-use-throwing-unstructured-task\NoUseUnstructuredThrowingTask]8;;\]
   |   `- note: to silence this warning, handle the error inside the task, or store/discard the task value explicitly
12 |     try await Task.sleep(for: .seconds(1))
13 |     let loggingTask = ProgressBarTask("Building module Logging", total: 100)
[#NoUseUnstructuredThrowingTask]: <https://docs.swift.org/compiler/documentation/diagnostics/no-use-throwing-unstructured-task>
[37 / 43] TaskProgress
[37 / 43] Example-product
/host/spi-builder-workspace/Sources/Example/main.swift:11:3: warning: unstructured throwing task created by 'init(name:priority:operation:)' is not used, which may accidentally ignore errors thrown inside the task [#]8;;https://docs.swift.org/compiler/documentation/diagnostics/no-use-throwing-unstructured-task\NoUseUnstructuredThrowingTask]8;;\]
 9 |   ProgressIndicators.global.addTask(main)
10 |
11 |   Task {
   |   |- warning: unstructured throwing task created by 'init(name:priority:operation:)' is not used, which may accidentally ignore errors thrown inside the task [#]8;;https://docs.swift.org/compiler/documentation/diagnostics/no-use-throwing-unstructured-task\NoUseUnstructuredThrowingTask]8;;\]
   |   `- note: to silence this warning, handle the error inside the task, or store/discard the task value explicitly
12 |     try await Task.sleep(for: .seconds(1))
13 |     let loggingTask = ProgressBarTask("Building module Logging", total: 100)
[#NoUseUnstructuredThrowingTask]: <https://docs.swift.org/compiler/documentation/diagnostics/no-use-throwing-unstructured-task>
error: SwiftCompile normal aarch64 /host/spi-builder-workspace/Sources/TaskProgress/Format.swift failed with a nonzero exit code. Command line:     cd /host
    builtin-SwiftPerFileCompile Format.swift
/host/spi-builder-workspace/Sources/TaskProgress/Format.swift:27:8: error: cannot find 'isatty' in scope
25 |     self.showIntermediateMessages = showIntermediateMessages
26 |     self.showFinishedTasks = true
27 |     if isatty(STDOUT_FILENO) == 1 {
   |        `- error: cannot find 'isatty' in scope
28 |       self.outputWith = outputWith
29 |       self.useColor = true
/host/spi-builder-workspace/Sources/TaskProgress/Format.swift:27:15: error: cannot find 'STDOUT_FILENO' in scope
25 |     self.showIntermediateMessages = showIntermediateMessages
26 |     self.showFinishedTasks = true
27 |     if isatty(STDOUT_FILENO) == 1 {
   |               `- error: cannot find 'STDOUT_FILENO' in scope
28 |       self.outputWith = outputWith
29 |       self.useColor = true
Failed frontend command:
/root/.local/share/swiftly/toolchains/6.4.x-snapshot-2026-09-04/usr/bin/swift-frontend -frontend -c /host/spi-builder-workspace/Sources/TaskProgress/Ansi.swift -primary-file /host/spi-builder-workspace/Sources/TaskProgress/Format.swift /host/spi-builder-workspace/Sources/TaskProgress/ProgressIndicators.swift /host/spi-builder-workspace/Sources/TaskProgress/ProgressTask.swift -emit-dependencies-path /host/spi-builder-workspace/.build/out/Intermediates.noindex/TaskProgress.build/Debug-android-aarch64/TaskProgress-t.build/Objects-normal/aarch64/Format.d -emit-const-values-path /host/spi-builder-workspace/.build/out/Intermediates.noindex/TaskProgress.build/Debug-android-aarch64/TaskProgress-t.build/Objects-normal/aarch64/Format.swiftconstvalues -emit-reference-dependencies-path /host/spi-builder-workspace/.build/out/Intermediates.noindex/TaskProgress.build/Debug-android-aarch64/TaskProgress-t.build/Objects-normal/aarch64/Format.swiftdeps -serialize-diagnostics-path /host/spi-builder-workspace/.build/out/Intermediates.noindex/TaskProgress.build/Debug-android-aarch64/TaskProgress-t.build/Objects-normal/aarch64/Format.dia -target aarch64-unknown-linux-android28 -Xllvm -aarch64-use-tbi -disable-objc-interop -sdk /android-ndk/android-ndk-r27d/toolchains/llvm/prebuilt/linux-x86_64/sysroot -sysroot /android-ndk/android-ndk-r27d/toolchains/llvm/prebuilt/linux-x86_64/sysroot -I /host/spi-builder-workspace/.build/out/Products/Debug-android-aarch64 -module-cache-path /host/spi-builder-workspace/.build/out/ModuleCache.noindex -color-diagnostics -Xcc -fcolor-diagnostics -enable-testing -g -debug-info-format\=dwarf -dwarf-version\=4 -swift-version 6 -Onone -D SWIFT_PACKAGE -D DEBUG -D SWIFT_MODULE_RESOURCE_BUNDLE_UNAVAILABLE -D Xcode -serialize-debugging-options -enable-experimental-feature DebugDescriptionMacro -empty-abi-descriptor -external-plugin-path /root/.local/share/swiftly/toolchains/6.4.x-snapshot-2026-09-04/usr/lib/swift/host/plugins/testing\#/root/.local/share/swiftly/toolchains/6.4.x-snapshot-2026-09-04/usr/bin/swift-plugin-server -validate-clang-modules-once -clang-build-session-file /host/spi-builder-workspace/.build/out/ModuleCache.noindex/Session.modulevalidation -Xcc -working-directory -Xcc /host -resource-dir /root/.swiftpm/swift-sdks/swift-6.4.x-DEVELOPMENT-SNAPSHOT-2026-09-04-a_android.artifactbundle/swift-android/swift-resources/usr/lib/swift-aarch64 -enable-anonymous-context-mangled-names -file-compilation-dir /host -Xcc -resource-dir -Xcc /android-ndk/android-ndk-r27d/toolchains/llvm/prebuilt/linux-x86_64/lib/clang/18 -Xcc -fno-omit-frame-pointer -Xcc -D_LIBCPP_HARDENING_MODE\=_LIBCPP_HARDENING_MODE_DEBUG -Xcc -fmodules-prune-interval\=86400 -Xcc -fmodules-prune-after\=345600 -Xcc -I/host/spi-builder-workspace/.build/out/Products/Debug-android-aarch64/include -Xcc -I/host/spi-builder-workspace/.build/out/Intermediates.noindex/TaskProgress.build/Debug-android-aarch64/TaskProgress-t.build/DerivedSources-normal/aarch64 -Xcc -I/host/spi-builder-workspace/.build/out/Intermediates.noindex/TaskProgress.build/Debug-android-aarch64/TaskProgress-t.build/DerivedSources/aarch64 -Xcc -I/host/spi-builder-workspace/.build/out/Intermediates.noindex/TaskProgress.build/Debug-android-aarch64/TaskProgress-t.build/DerivedSources -Xcc -DSWIFT_PACKAGE -Xcc -DDEBUG\=1 -no-auto-bridging-header-chaining -module-name TaskProgress -package-name spi_builder_workspace -const-gather-protocols-file /host/spi-builder-workspace/.build/out/Intermediates.noindex/TaskProgress.build/Debug-android-aarch64/TaskProgress-t.build/Objects-normal/aarch64/TaskProgress_const_extract_protocols.json -in-process-plugin-server-path /root/.local/share/swiftly/toolchains/6.4.x-snapshot-2026-09-04/usr/lib/swift/host/libSwiftInProcPluginServer.so -plugin-path /root/.local/share/swiftly/toolchains/6.4.x-snapshot-2026-09-04/usr/lib/swift/host/plugins -plugin-path /root/.local/share/swiftly/toolchains/6.4.x-snapshot-2026-09-04/usr/local/lib/swift/host/plugins -parse-as-library -o /host/spi-builder-workspace/.build/out/Intermediates.noindex/TaskProgress.build/Debug-android-aarch64/TaskProgress-t.build/Objects-normal/aarch64/Format.o -index-unit-output-path /TaskProgress.build/Debug-android-aarch64/TaskProgress-t.build/Objects-normal/aarch64/Format.o -index-store-path /host/spi-builder-workspace/.build/out -index-system-modules
error: Build failed
BUILD FAILURE 6.4 android