Build Information
Failed to build SwURL, reference master (4e7429), with Swift 6.4 for watchOS using Xcode 27.0 on 19 Sep 2026 09:03:22 UTC.
Build Command
env DEVELOPER_DIR=/Applications/Xcode-27.0.0-Release.Candidate.app xcrun xcodebuild -IDEClonedSourcePackagesDirPathOverride=$PWD/.dependencies -skipMacroValidation -skipPackagePluginValidation -derivedDataPath $PWD/.derivedData build -scheme SwURL -destination generic/platform=watchOSBuild Log
========================================
RunAll
========================================
Builder version: 5.1.0
Interrupt handler set up.
========================================
Checkout
========================================
Clone URL: https://github.com/cmtrounce/SwURL.git
Reference: master
Initialized empty Git repository in /Users/admin/builder/spi-builder-workspace/.git/
From https://github.com/cmtrounce/SwURL
* branch master -> FETCH_HEAD
* [new branch] master -> origin/master
HEAD is now at 4e74292 Bump version to 0.6.0
Cloned https://github.com/cmtrounce/SwURL.git
Revision (git rev-parse @):
4e742922fe50a3d42c20853a2805761c45313b1c
SUCCESS checkout https://github.com/cmtrounce/SwURL.git at master
========================================
Build
========================================
Selected platform: watchOS
Swift version: 6.4
Building package at path: $PWD
https://github.com/cmtrounce/SwURL.git
Command line invocation:
/Applications/Xcode-27.0.0-Release.Candidate.app/Contents/Developer/usr/bin/xcodebuild -IDEClonedSourcePackagesDirPathOverride=/Users/admin/builder/spi-builder-workspace/.dependencies -resolvePackageDependencies
Resolve Package Graph
Fetching from https://github.com/apple/swift-docc-plugin
Fetching from https://github.com/apple/swift-docc-symbolkit
Creating working copy of package ‘swift-docc-plugin’
Checking out 1.3.0 of package ‘swift-docc-plugin’
Creating working copy of package ‘swift-docc-symbolkit’
Checking out 1.0.0 of package ‘swift-docc-symbolkit’
Resolve Package Graph
Resolved source packages:
SymbolKit: https://github.com/apple/swift-docc-symbolkit @ 1.0.0
SwURL: /Users/admin/builder/spi-builder-workspace
SwiftDocCPlugin: https://github.com/apple/swift-docc-plugin @ 1.3.0
resolved source packages: SymbolKit, SwURL, SwiftDocCPlugin
2026-09-19 05:01:18.022 xcodebuild[529:3037] [MT] IDERunDestination: Supported platforms for the buildables in the current scheme is empty.
2026-09-19 05:01:18.175 xcodebuild[529:3037] [MT] IDERunDestination: Supported platforms for the buildables in the current scheme is empty.
2026-09-19 05:01:19.797 xcodebuild[529:3037] [MT] IDERunDestination: Supported platforms for the buildables in the current scheme is empty.
{
"dependencies" : [
{
"identity" : "swift-docc-plugin",
"requirement" : {
"range" : [
{
"lower_bound" : "1.3.0",
"upper_bound" : "2.0.0"
}
]
},
"type" : "sourceControl",
"url" : "https://github.com/apple/swift-docc-plugin"
}
],
"manifest_display_name" : "SwURL",
"name" : "SwURL",
"path" : "/Users/admin/builder/spi-builder-workspace",
"platforms" : [
{
"name" : "ios",
"version" : "13.0"
},
{
"name" : "tvos",
"version" : "13.0"
},
{
"name" : "macos",
"version" : "10.15"
}
],
"products" : [
{
"name" : "SwURL",
"targets" : [
"SwURL"
],
"type" : {
"library" : [
"automatic"
]
}
}
],
"targets" : [
{
"c99name" : "SwURLTests",
"module_type" : "SwiftTarget",
"name" : "SwURLTests",
"path" : "Tests/SwURLTests",
"sources" : [
"SwURLTests.swift",
"XCTestManifests.swift"
],
"target_dependencies" : [
"SwURL"
],
"type" : "test"
},
{
"c99name" : "SwURL",
"module_type" : "SwiftTarget",
"name" : "SwURL",
"path" : "Sources/SwURL",
"product_memberships" : [
"SwURL"
],
"sources" : [
"Internal/Caching/InMemoryImageCache.swift",
"Internal/Caching/NeverImageCache.swift",
"Internal/Caching/PersistentImageCache.swift",
"Internal/RemoteImage/Model/CGImage+Data.swift",
"Internal/RemoteImage/Model/Cache/FileManager+Paths.swift",
"Internal/RemoteImage/Model/Downloader.swift",
"Internal/RemoteImage/Model/ImageLoader.swift",
"Internal/RemoteImage/Model/RemoteImage.swift",
"Internal/RemoteImage/View/ImageProcessing.swift",
"Public/Caching/ImageCacheProvider.swift",
"Public/Caching/ImageCacheStrategy.swift",
"Public/Logging/SwURLDebug.swift",
"Public/View/ImageTransitionType.swift",
"Public/View/SwURLImage.swift",
"SwURL.swift"
],
"type" : "library"
}
],
"tools_version" : "5.3"
}
{
"workspace" : {
"name" : "SwURL",
"schemes" : [
"SwURL",
"SwURLTests"
]
}
}
2026-09-19 05:02:21.180 xcodebuild[830:5138] [MT] IDERunDestination: Supported platforms for the buildables in the current scheme is empty.
2026-09-19 05:02:21.329 xcodebuild[830:5138] [MT] IDERunDestination: Supported platforms for the buildables in the current scheme is empty.
{
"workspace" : {
"name" : "SwURL",
"schemes" : [
"SwURL",
"SwURLTests"
]
}
}
2026-09-19 05:02:28.404 xcodebuild[884:5528] [MT] IDERunDestination: Supported platforms for the buildables in the current scheme is empty.
2026-09-19 05:02:28.548 xcodebuild[884:5528] [MT] IDERunDestination: Supported platforms for the buildables in the current scheme is empty.
Running build ...
env DEVELOPER_DIR=/Applications/Xcode-27.0.0-Release.Candidate.app xcrun xcodebuild -IDEClonedSourcePackagesDirPathOverride=$PWD/.dependencies -skipMacroValidation -skipPackagePluginValidation -derivedDataPath $PWD/.derivedData build -scheme SwURL -destination generic/platform=watchOS
Command line invocation:
/Applications/Xcode-27.0.0-Release.Candidate.app/Contents/Developer/usr/bin/xcodebuild -IDEClonedSourcePackagesDirPathOverride=/Users/admin/builder/spi-builder-workspace/.dependencies -skipMacroValidation -skipPackagePluginValidation -derivedDataPath /Users/admin/builder/spi-builder-workspace/.derivedData build -scheme SwURL -destination generic/platform=watchOS
Resolve Package Graph
Resolve Package Graph
Resolved source packages:
SymbolKit: https://github.com/apple/swift-docc-symbolkit @ 1.0.0
SwURL: /Users/admin/builder/spi-builder-workspace
SwiftDocCPlugin: https://github.com/apple/swift-docc-plugin @ 1.3.0
ComputePackagePrebuildTargetDependencyGraph
Prepare packages
CreateBuildRequest
SendProjectDescription
CreateBuildOperation
ComputeTargetDependencyGraph
note: Building targets in dependency order
note: Target dependency graph (3 targets)
Target 'SwURLTests-product' in project 'SwURL'
➜ Explicit dependency on target 'SwURL' in project 'SwURL'
Target 'SwURL-product' in project 'SwURL'
➜ Explicit dependency on target 'SwURL' in project 'SwURL'
Target 'SwURL' in project 'SwURL' (no dependencies)
GatherProvisioningInputs
CreateBuildDescription
ExecuteExternalTool /Applications/Xcode-27.0.0-Release.Candidate.app/Contents/Developer/Toolchains/XcodeDefault.xctoolchain/usr/bin/clang -v -E -dM -isysroot /Applications/Xcode-27.0.0-Release.Candidate.app/Contents/Developer/Platforms/WatchOS.platform/Developer/SDKs/WatchOS27.0.sdk -x c -c /dev/null
ExecuteExternalTool /Applications/Xcode-27.0.0-Release.Candidate.app/Contents/Developer/Toolchains/XcodeDefault.xctoolchain/usr/bin/swiftc --version
ExecuteExternalTool /Applications/Xcode-27.0.0-Release.Candidate.app/Contents/Developer/Toolchains/XcodeDefault.xctoolchain/usr/bin/ld -version_details
Build description signature: 705f6a112228eda67a764d1d66100df7
Build description path: /Users/admin/builder/spi-builder-workspace/.derivedData/Build/Intermediates.noindex/XCBuildData/705f6a112228eda67a764d1d66100df7.xcbuilddata
CreateBuildDirectory /Users/admin/builder/spi-builder-workspace/.derivedData/CompilationCache.noindex
cd /Users/admin/builder/spi-builder-workspace/.swiftpm/xcode
builtin-create-build-directory /Users/admin/builder/spi-builder-workspace/.derivedData/CompilationCache.noindex
CreateBuildDirectory /Users/admin/builder/spi-builder-workspace/.derivedData/ModuleCache.noindex
cd /Users/admin/builder/spi-builder-workspace/.swiftpm/xcode
builtin-create-build-directory /Users/admin/builder/spi-builder-workspace/.derivedData/ModuleCache.noindex
CreateBuildDirectory /Users/admin/builder/spi-builder-workspace/.derivedData/SDKExplicitPrecompiledModules
cd /Users/admin/builder/spi-builder-workspace/.swiftpm/xcode
builtin-create-build-directory /Users/admin/builder/spi-builder-workspace/.derivedData/SDKExplicitPrecompiledModules
ClangStatCache /Applications/Xcode-27.0.0-Release.Candidate.app/Contents/Developer/Toolchains/XcodeDefault.xctoolchain/usr/bin/clang-stat-cache /Applications/Xcode-27.0.0-Release.Candidate.app/Contents/Developer/Platforms/WatchOS.platform/Developer/SDKs/WatchOS27.0.sdk /Users/admin/builder/spi-builder-workspace/.derivedData/SDKStatCaches.noindex/watchos27.0-24R360-e829b21a6f8c9b70876ba0858053c04477534ef55a1706bf4c1112bbb242f0a2.sdkstatcache
cd /Users/admin/builder/spi-builder-workspace/.swiftpm/xcode
/Applications/Xcode-27.0.0-Release.Candidate.app/Contents/Developer/Toolchains/XcodeDefault.xctoolchain/usr/bin/clang-stat-cache /Applications/Xcode-27.0.0-Release.Candidate.app/Contents/Developer/Platforms/WatchOS.platform/Developer/SDKs/WatchOS27.0.sdk -o /Users/admin/builder/spi-builder-workspace/.derivedData/SDKStatCaches.noindex/watchos27.0-24R360-e829b21a6f8c9b70876ba0858053c04477534ef55a1706bf4c1112bbb242f0a2.sdkstatcache
CreateBuildDirectory /Users/admin/builder/spi-builder-workspace/.derivedData/Build/Products
cd /Users/admin/builder/spi-builder-workspace/.swiftpm/xcode
builtin-create-build-directory /Users/admin/builder/spi-builder-workspace/.derivedData/Build/Products
CreateBuildDirectory /Users/admin/builder/spi-builder-workspace/.derivedData/Build/Intermediates.noindex
cd /Users/admin/builder/spi-builder-workspace/.swiftpm/xcode
builtin-create-build-directory /Users/admin/builder/spi-builder-workspace/.derivedData/Build/Intermediates.noindex
CreateBuildDirectory /Users/admin/builder/spi-builder-workspace/.derivedData/Build/Intermediates.noindex/PrecompiledHeaders
cd /Users/admin/builder/spi-builder-workspace/.swiftpm/xcode
builtin-create-build-directory /Users/admin/builder/spi-builder-workspace/.derivedData/Build/Intermediates.noindex/PrecompiledHeaders
CreateBuildDirectory /Users/admin/builder/spi-builder-workspace/.derivedData/Build/Intermediates.noindex/SwiftExplicitPrecompiledModules
cd /Users/admin/builder/spi-builder-workspace/.swiftpm/xcode
builtin-create-build-directory /Users/admin/builder/spi-builder-workspace/.derivedData/Build/Intermediates.noindex/SwiftExplicitPrecompiledModules
CreateBuildDirectory /Users/admin/builder/spi-builder-workspace/.derivedData/Build/Intermediates.noindex/ExplicitPrecompiledModules
cd /Users/admin/builder/spi-builder-workspace/.swiftpm/xcode
builtin-create-build-directory /Users/admin/builder/spi-builder-workspace/.derivedData/Build/Intermediates.noindex/ExplicitPrecompiledModules
CreateBuildDirectory /Users/admin/builder/spi-builder-workspace/.derivedData/Build/Intermediates.noindex/EagerLinkingTBDs/Debug-watchos
cd /Users/admin/builder/spi-builder-workspace/.swiftpm/xcode
builtin-create-build-directory /Users/admin/builder/spi-builder-workspace/.derivedData/Build/Intermediates.noindex/EagerLinkingTBDs/Debug-watchos
CreateBuildDirectory /Users/admin/builder/spi-builder-workspace/.derivedData/Build/Products/Debug-watchos
cd /Users/admin/builder/spi-builder-workspace/.swiftpm/xcode
builtin-create-build-directory /Users/admin/builder/spi-builder-workspace/.derivedData/Build/Products/Debug-watchos
CreateBuildDirectory /Users/admin/builder/spi-builder-workspace/.derivedData/Build/Products/Debug-watchos/PackageFrameworks
cd /Users/admin/builder/spi-builder-workspace/.swiftpm/xcode
builtin-create-build-directory /Users/admin/builder/spi-builder-workspace/.derivedData/Build/Products/Debug-watchos/PackageFrameworks
MkDir /Users/admin/builder/spi-builder-workspace/.derivedData/Build/Products/Debug-watchos/SwURLTests.xctest (in target 'SwURLTests-product' from project 'SwURL')
cd /Users/admin/builder/spi-builder-workspace
/bin/mkdir -p /Users/admin/builder/spi-builder-workspace/.derivedData/Build/Products/Debug-watchos/SwURLTests.xctest
WriteAuxiliaryFile /Users/admin/builder/spi-builder-workspace/.derivedData/Build/Intermediates.noindex/SwURL.build/Debug-watchos/SwURLTests-p.build/empty-SwURLTests.plist (in target 'SwURLTests-product' from project 'SwURL')
cd /Users/admin/builder/spi-builder-workspace
write-file /Users/admin/builder/spi-builder-workspace/.derivedData/Build/Intermediates.noindex/SwURL.build/Debug-watchos/SwURLTests-p.build/empty-SwURLTests.plist
WriteAuxiliaryFile /Users/admin/builder/spi-builder-workspace/.derivedData/Build/Intermediates.noindex/SwURL.build/Debug-watchos/SwURLTests-p.build/Objects-normal/arm64_32/SwURLTests.LinkFileList (in target 'SwURLTests-product' from project 'SwURL')
cd /Users/admin/builder/spi-builder-workspace
write-file /Users/admin/builder/spi-builder-workspace/.derivedData/Build/Intermediates.noindex/SwURL.build/Debug-watchos/SwURLTests-p.build/Objects-normal/arm64_32/SwURLTests.LinkFileList
WriteAuxiliaryFile /Users/admin/builder/spi-builder-workspace/.derivedData/Build/Intermediates.noindex/SwURL.build/Debug-watchos/SwURLTests-p.build/Objects-normal/arm64/SwURLTests_const_extract_protocols.json (in target 'SwURLTests-product' from project 'SwURL')
cd /Users/admin/builder/spi-builder-workspace
write-file /Users/admin/builder/spi-builder-workspace/.derivedData/Build/Intermediates.noindex/SwURL.build/Debug-watchos/SwURLTests-p.build/Objects-normal/arm64/SwURLTests_const_extract_protocols.json
WriteAuxiliaryFile /Users/admin/builder/spi-builder-workspace/.derivedData/Build/Intermediates.noindex/SwURL.build/Debug-watchos/SwURLTests-p.build/Objects-normal/arm64_32/SwURLTests-OutputFileMap.json (in target 'SwURLTests-product' from project 'SwURL')
cd /Users/admin/builder/spi-builder-workspace
write-file /Users/admin/builder/spi-builder-workspace/.derivedData/Build/Intermediates.noindex/SwURL.build/Debug-watchos/SwURLTests-p.build/Objects-normal/arm64_32/SwURLTests-OutputFileMap.json
WriteAuxiliaryFile /Users/admin/builder/spi-builder-workspace/.derivedData/Build/Intermediates.noindex/SwURL.build/Debug-watchos/SwURLTests-p.build/Objects-normal/arm64_32/SwURLTests_const_extract_protocols.json (in target 'SwURLTests-product' from project 'SwURL')
cd /Users/admin/builder/spi-builder-workspace
write-file /Users/admin/builder/spi-builder-workspace/.derivedData/Build/Intermediates.noindex/SwURL.build/Debug-watchos/SwURLTests-p.build/Objects-normal/arm64_32/SwURLTests_const_extract_protocols.json
WriteAuxiliaryFile /Users/admin/builder/spi-builder-workspace/.derivedData/Build/Intermediates.noindex/SwURL.build/Debug-watchos/SwURLTests-p.build/Objects-normal/arm64/SwURLTests.LinkFileList (in target 'SwURLTests-product' from project 'SwURL')
cd /Users/admin/builder/spi-builder-workspace
write-file /Users/admin/builder/spi-builder-workspace/.derivedData/Build/Intermediates.noindex/SwURL.build/Debug-watchos/SwURLTests-p.build/Objects-normal/arm64/SwURLTests.LinkFileList
WriteAuxiliaryFile /Users/admin/builder/spi-builder-workspace/.derivedData/Build/Intermediates.noindex/SwURL.build/Debug-watchos/SwURLTests-p.build/Objects-normal/arm64/SwURLTests-OutputFileMap.json (in target 'SwURLTests-product' from project 'SwURL')
cd /Users/admin/builder/spi-builder-workspace
write-file /Users/admin/builder/spi-builder-workspace/.derivedData/Build/Intermediates.noindex/SwURL.build/Debug-watchos/SwURLTests-p.build/Objects-normal/arm64/SwURLTests-OutputFileMap.json
WriteAuxiliaryFile /Users/admin/builder/spi-builder-workspace/.derivedData/Build/Intermediates.noindex/SwURL.build/Debug-watchos/SwURLTests-p.build/SwURLTests.DependencyStaticMetadataFileList (in target 'SwURLTests-product' from project 'SwURL')
cd /Users/admin/builder/spi-builder-workspace
write-file /Users/admin/builder/spi-builder-workspace/.derivedData/Build/Intermediates.noindex/SwURL.build/Debug-watchos/SwURLTests-p.build/SwURLTests.DependencyStaticMetadataFileList
WriteAuxiliaryFile /Users/admin/builder/spi-builder-workspace/.derivedData/Build/Intermediates.noindex/SwURL.build/Debug-watchos/SwURLTests-p.build/SwURLTests.DependencyMetadataFileList (in target 'SwURLTests-product' from project 'SwURL')
cd /Users/admin/builder/spi-builder-workspace
write-file /Users/admin/builder/spi-builder-workspace/.derivedData/Build/Intermediates.noindex/SwURL.build/Debug-watchos/SwURLTests-p.build/SwURLTests.DependencyMetadataFileList
WriteAuxiliaryFile /Users/admin/builder/spi-builder-workspace/.derivedData/Build/Intermediates.noindex/SwURL.build/Debug-watchos/SwURLTests-p.build/Objects-normal/arm64_32/SwURLTests.SwiftFileList (in target 'SwURLTests-product' from project 'SwURL')
cd /Users/admin/builder/spi-builder-workspace
write-file /Users/admin/builder/spi-builder-workspace/.derivedData/Build/Intermediates.noindex/SwURL.build/Debug-watchos/SwURLTests-p.build/Objects-normal/arm64_32/SwURLTests.SwiftFileList
WriteAuxiliaryFile /Users/admin/builder/spi-builder-workspace/.derivedData/Build/Intermediates.noindex/SwURL.build/Debug-watchos/SwURLTests-p.build/Objects-normal/arm64_32/SwURLTests.SwiftConstValuesFileList (in target 'SwURLTests-product' from project 'SwURL')
cd /Users/admin/builder/spi-builder-workspace
write-file /Users/admin/builder/spi-builder-workspace/.derivedData/Build/Intermediates.noindex/SwURL.build/Debug-watchos/SwURLTests-p.build/Objects-normal/arm64_32/SwURLTests.SwiftConstValuesFileList
WriteAuxiliaryFile /Users/admin/builder/spi-builder-workspace/.derivedData/Build/Intermediates.noindex/SwURL.build/Debug-watchos/SwURLTests-p.build/Objects-normal/arm64/SwURLTests.SwiftFileList (in target 'SwURLTests-product' from project 'SwURL')
cd /Users/admin/builder/spi-builder-workspace
write-file /Users/admin/builder/spi-builder-workspace/.derivedData/Build/Intermediates.noindex/SwURL.build/Debug-watchos/SwURLTests-p.build/Objects-normal/arm64/SwURLTests.SwiftFileList
WriteAuxiliaryFile /Users/admin/builder/spi-builder-workspace/.derivedData/Build/Intermediates.noindex/SwURL.build/Debug-watchos/SwURLTests-p.build/Objects-normal/arm64/SwURLTests.SwiftConstValuesFileList (in target 'SwURLTests-product' from project 'SwURL')
cd /Users/admin/builder/spi-builder-workspace
write-file /Users/admin/builder/spi-builder-workspace/.derivedData/Build/Intermediates.noindex/SwURL.build/Debug-watchos/SwURLTests-p.build/Objects-normal/arm64/SwURLTests.SwiftConstValuesFileList
WriteAuxiliaryFile /Users/admin/builder/spi-builder-workspace/.derivedData/Build/Intermediates.noindex/SwURL.build/Debug-watchos/SwURL-t.build/SwURL.modulemap (in target 'SwURL' from project 'SwURL')
cd /Users/admin/builder/spi-builder-workspace
write-file /Users/admin/builder/spi-builder-workspace/.derivedData/Build/Intermediates.noindex/SwURL.build/Debug-watchos/SwURL-t.build/SwURL.modulemap
WriteAuxiliaryFile /Users/admin/builder/spi-builder-workspace/.derivedData/Build/Intermediates.noindex/SwURL.build/Debug-watchos/SwURL-t.build/SwURL.DependencyStaticMetadataFileList (in target 'SwURL' from project 'SwURL')
cd /Users/admin/builder/spi-builder-workspace
write-file /Users/admin/builder/spi-builder-workspace/.derivedData/Build/Intermediates.noindex/SwURL.build/Debug-watchos/SwURL-t.build/SwURL.DependencyStaticMetadataFileList
WriteAuxiliaryFile /Users/admin/builder/spi-builder-workspace/.derivedData/Build/Intermediates.noindex/SwURL.build/Debug-watchos/SwURL-t.build/SwURL.DependencyMetadataFileList (in target 'SwURL' from project 'SwURL')
cd /Users/admin/builder/spi-builder-workspace
write-file /Users/admin/builder/spi-builder-workspace/.derivedData/Build/Intermediates.noindex/SwURL.build/Debug-watchos/SwURL-t.build/SwURL.DependencyMetadataFileList
WriteAuxiliaryFile /Users/admin/builder/spi-builder-workspace/.derivedData/Build/Intermediates.noindex/SwURL.build/Debug-watchos/SwURL-t.build/Objects-normal/arm64_32/SwURL_const_extract_protocols.json (in target 'SwURL' from project 'SwURL')
cd /Users/admin/builder/spi-builder-workspace
write-file /Users/admin/builder/spi-builder-workspace/.derivedData/Build/Intermediates.noindex/SwURL.build/Debug-watchos/SwURL-t.build/Objects-normal/arm64_32/SwURL_const_extract_protocols.json
WriteAuxiliaryFile /Users/admin/builder/spi-builder-workspace/.derivedData/Build/Intermediates.noindex/SwURL.build/Debug-watchos/SwURL-t.build/Objects-normal/arm64_32/SwURL.SwiftFileList (in target 'SwURL' from project 'SwURL')
cd /Users/admin/builder/spi-builder-workspace
write-file /Users/admin/builder/spi-builder-workspace/.derivedData/Build/Intermediates.noindex/SwURL.build/Debug-watchos/SwURL-t.build/Objects-normal/arm64_32/SwURL.SwiftFileList
WriteAuxiliaryFile /Users/admin/builder/spi-builder-workspace/.derivedData/Build/Intermediates.noindex/SwURL.build/Debug-watchos/SwURL-t.build/Objects-normal/arm64_32/SwURL.SwiftConstValuesFileList (in target 'SwURL' from project 'SwURL')
cd /Users/admin/builder/spi-builder-workspace
write-file /Users/admin/builder/spi-builder-workspace/.derivedData/Build/Intermediates.noindex/SwURL.build/Debug-watchos/SwURL-t.build/Objects-normal/arm64_32/SwURL.SwiftConstValuesFileList
WriteAuxiliaryFile /Users/admin/builder/spi-builder-workspace/.derivedData/Build/Intermediates.noindex/SwURL.build/Debug-watchos/SwURL-t.build/Objects-normal/arm64_32/SwURL.LinkFileList (in target 'SwURL' from project 'SwURL')
cd /Users/admin/builder/spi-builder-workspace
write-file /Users/admin/builder/spi-builder-workspace/.derivedData/Build/Intermediates.noindex/SwURL.build/Debug-watchos/SwURL-t.build/Objects-normal/arm64_32/SwURL.LinkFileList
WriteAuxiliaryFile /Users/admin/builder/spi-builder-workspace/.derivedData/Build/Intermediates.noindex/SwURL.build/Debug-watchos/SwURL-t.build/Objects-normal/arm64_32/SwURL-OutputFileMap.json (in target 'SwURL' from project 'SwURL')
cd /Users/admin/builder/spi-builder-workspace
write-file /Users/admin/builder/spi-builder-workspace/.derivedData/Build/Intermediates.noindex/SwURL.build/Debug-watchos/SwURL-t.build/Objects-normal/arm64_32/SwURL-OutputFileMap.json
WriteAuxiliaryFile /Users/admin/builder/spi-builder-workspace/.derivedData/Build/Intermediates.noindex/SwURL.build/Debug-watchos/SwURL-t.build/Objects-normal/arm64/SwURL_const_extract_protocols.json (in target 'SwURL' from project 'SwURL')
cd /Users/admin/builder/spi-builder-workspace
write-file /Users/admin/builder/spi-builder-workspace/.derivedData/Build/Intermediates.noindex/SwURL.build/Debug-watchos/SwURL-t.build/Objects-normal/arm64/SwURL_const_extract_protocols.json
WriteAuxiliaryFile /Users/admin/builder/spi-builder-workspace/.derivedData/Build/Intermediates.noindex/SwURL.build/Debug-watchos/SwURL-t.build/Objects-normal/arm64/SwURL.SwiftFileList (in target 'SwURL' from project 'SwURL')
cd /Users/admin/builder/spi-builder-workspace
write-file /Users/admin/builder/spi-builder-workspace/.derivedData/Build/Intermediates.noindex/SwURL.build/Debug-watchos/SwURL-t.build/Objects-normal/arm64/SwURL.SwiftFileList
WriteAuxiliaryFile /Users/admin/builder/spi-builder-workspace/.derivedData/Build/Intermediates.noindex/SwURL.build/Debug-watchos/SwURL-t.build/Objects-normal/arm64/SwURL.SwiftConstValuesFileList (in target 'SwURL' from project 'SwURL')
cd /Users/admin/builder/spi-builder-workspace
write-file /Users/admin/builder/spi-builder-workspace/.derivedData/Build/Intermediates.noindex/SwURL.build/Debug-watchos/SwURL-t.build/Objects-normal/arm64/SwURL.SwiftConstValuesFileList
WriteAuxiliaryFile /Users/admin/builder/spi-builder-workspace/.derivedData/Build/Intermediates.noindex/SwURL.build/Debug-watchos/SwURL-t.build/Objects-normal/arm64/SwURL.LinkFileList (in target 'SwURL' from project 'SwURL')
cd /Users/admin/builder/spi-builder-workspace
write-file /Users/admin/builder/spi-builder-workspace/.derivedData/Build/Intermediates.noindex/SwURL.build/Debug-watchos/SwURL-t.build/Objects-normal/arm64/SwURL.LinkFileList
WriteAuxiliaryFile /Users/admin/builder/spi-builder-workspace/.derivedData/Build/Intermediates.noindex/SwURL.build/Debug-watchos/SwURL-t.build/Objects-normal/arm64/SwURL-OutputFileMap.json (in target 'SwURL' from project 'SwURL')
cd /Users/admin/builder/spi-builder-workspace
write-file /Users/admin/builder/spi-builder-workspace/.derivedData/Build/Intermediates.noindex/SwURL.build/Debug-watchos/SwURL-t.build/Objects-normal/arm64/SwURL-OutputFileMap.json
Copy /Users/admin/builder/spi-builder-workspace/.derivedData/Build/Intermediates.noindex/GeneratedModuleMaps-watchos/SwURL.modulemap /Users/admin/builder/spi-builder-workspace/.derivedData/Build/Intermediates.noindex/SwURL.build/Debug-watchos/SwURL-t.build/SwURL.modulemap (in target 'SwURL' from project 'SwURL')
cd /Users/admin/builder/spi-builder-workspace
builtin-copy -exclude .DS_Store -exclude CVS -exclude .svn -exclude .git -exclude .hg -resolve-src-symlinks /Users/admin/builder/spi-builder-workspace/.derivedData/Build/Intermediates.noindex/SwURL.build/Debug-watchos/SwURL-t.build/SwURL.modulemap /Users/admin/builder/spi-builder-workspace/.derivedData/Build/Intermediates.noindex/GeneratedModuleMaps-watchos
SwiftDriver SwURL normal arm64_32 com.apple.xcode.tools.swift.compiler (in target 'SwURL' from project 'SwURL')
cd /Users/admin/builder/spi-builder-workspace/.swiftpm/xcode
builtin-SwiftDriver -- /Applications/Xcode-27.0.0-Release.Candidate.app/Contents/Developer/Toolchains/XcodeDefault.xctoolchain/usr/bin/swiftc -parse-as-library -module-name SwURL -Onone @/Users/admin/builder/spi-builder-workspace/.derivedData/Build/Intermediates.noindex/SwURL.build/Debug-watchos/SwURL-t.build/Objects-normal/arm64_32/SwURL.SwiftFileList -DSWIFT_PACKAGE -DDEBUG -DSWIFT_MODULE_RESOURCE_BUNDLE_UNAVAILABLE -DXcode -plugin-path /Applications/Xcode-27.0.0-Release.Candidate.app/Contents/Developer/Toolchains/XcodeDefault.xctoolchain/usr/lib/swift/host/plugins/testing -enable-experimental-feature DebugDescriptionMacro -sdk /Applications/Xcode-27.0.0-Release.Candidate.app/Contents/Developer/Platforms/WatchOS.platform/Developer/SDKs/WatchOS27.0.sdk -target arm64_32-apple-watchos9.0 -g -module-cache-path /Users/admin/builder/spi-builder-workspace/.derivedData/ModuleCache.noindex -Xfrontend -serialize-debugging-options -enable-testing -index-store-path /Users/admin/builder/spi-builder-workspace/.derivedData/Index.noindex/DataStore -Xcc -D_LIBCPP_HARDENING_MODE\=_LIBCPP_HARDENING_MODE_DEBUG -swift-version 5 -I /Users/admin/builder/spi-builder-workspace/.derivedData/Build/Products/Debug-watchos -Isystem /Applications/Xcode-27.0.0-Release.Candidate.app/Contents/Developer/Platforms/WatchOS.platform/Developer/usr/lib -F /Users/admin/builder/spi-builder-workspace/.derivedData/Build/Products/Debug-watchos -F /Applications/Xcode-27.0.0-Release.Candidate.app/Contents/Developer/Platforms/WatchOS.platform/Developer/Library/Frameworks -F /Applications/Xcode-27.0.0-Release.Candidate.app/Contents/Developer/Platforms/WatchOS.platform/Developer/SDKs/WatchOS27.0.sdk/Developer/Library/Frameworks -c -j10 -enable-batch-mode -incremental -Xcc -ivfsstatcache -Xcc /Users/admin/builder/spi-builder-workspace/.derivedData/SDKStatCaches.noindex/watchos27.0-24R360-e829b21a6f8c9b70876ba0858053c04477534ef55a1706bf4c1112bbb242f0a2.sdkstatcache -output-file-map /Users/admin/builder/spi-builder-workspace/.derivedData/Build/Intermediates.noindex/SwURL.build/Debug-watchos/SwURL-t.build/Objects-normal/arm64_32/SwURL-OutputFileMap.json -save-temps -no-color-diagnostics -explicit-module-build -module-cache-path /Users/admin/builder/spi-builder-workspace/.derivedData/Build/Intermediates.noindex/SwiftExplicitPrecompiledModules -clang-scanner-module-cache-path /Users/admin/builder/spi-builder-workspace/.derivedData/ModuleCache.noindex -sdk-module-cache-path /Users/admin/builder/spi-builder-workspace/.derivedData/SDKExplicitPrecompiledModules -emit-dependencies -emit-module -emit-module-path /Users/admin/builder/spi-builder-workspace/.derivedData/Build/Intermediates.noindex/SwURL.build/Debug-watchos/SwURL-t.build/Objects-normal/arm64_32/SwURL.swiftmodule -serialize-diagnostics -dependency-scan-serialize-diagnostics-path /Users/admin/builder/spi-builder-workspace/.derivedData/Build/Intermediates.noindex/SwURL.build/Debug-watchos/SwURL-t.build/Objects-normal/arm64_32/SwURL-dependency-scan.dia -validate-clang-modules-once -clang-build-session-file /Users/admin/builder/spi-builder-workspace/.derivedData/ModuleCache.noindex/Session.modulevalidation -Xcc -fmodules-prune-interval\=86400 -Xcc -fmodules-prune-after\=345600 -emit-const-values -const-gather-protocols-list /Users/admin/builder/spi-builder-workspace/.derivedData/Build/Intermediates.noindex/SwURL.build/Debug-watchos/SwURL-t.build/Objects-normal/arm64_32/SwURL_const_extract_protocols.json -Xcc -I/Users/admin/builder/spi-builder-workspace/.derivedData/Build/Products/Debug-watchos/include -Xcc -I/Users/admin/builder/spi-builder-workspace/.derivedData/Build/Intermediates.noindex/SwURL.build/Debug-watchos/SwURL-t.build/DerivedSources-normal/arm64_32 -Xcc -I/Users/admin/builder/spi-builder-workspace/.derivedData/Build/Intermediates.noindex/SwURL.build/Debug-watchos/SwURL-t.build/DerivedSources/arm64_32 -Xcc -I/Users/admin/builder/spi-builder-workspace/.derivedData/Build/Intermediates.noindex/SwURL.build/Debug-watchos/SwURL-t.build/DerivedSources -Xcc -DSWIFT_PACKAGE -Xcc -DDEBUG\=1 -emit-objc-header -emit-objc-header-path /Users/admin/builder/spi-builder-workspace/.derivedData/Build/Intermediates.noindex/SwURL.build/Debug-watchos/SwURL-t.build/Objects-normal/arm64_32/SwURL-Swift.h -working-directory /Users/admin/builder/spi-builder-workspace/.swiftpm/xcode -experimental-emit-module-separately -disable-cmo
/Users/admin/builder/spi-builder-workspace/Sources/SwURL/Internal/Caching/PersistentImageCache.swift:10:8: error: Unable to resolve module dependency: 'CoreImage' (in target 'SwURL' from project 'SwURL')
note: A dependency of main module 'SwURL'
/Users/admin/builder/spi-builder-workspace/Sources/SwURL/Internal/RemoteImage/Model/CGImage+Data.swift:10:8: note: Also imported here
/Users/admin/builder/spi-builder-workspace/Sources/SwURL/Internal/RemoteImage/Model/ImageLoader.swift:10:8: note: Also imported here
/Users/admin/builder/spi-builder-workspace/Sources/SwURL/Internal/Caching/PersistentImageCache.swift:10:8: note: A dependency of main module 'SwURL'
import CoreImage
^ (in target 'SwURL' from project 'SwURL')
/Users/admin/builder/spi-builder-workspace/Sources/SwURL/Internal/RemoteImage/Model/CGImage+Data.swift:10:8: note: Also imported here
import CoreImage
^ (in target 'SwURL' from project 'SwURL')
/Users/admin/builder/spi-builder-workspace/Sources/SwURL/Internal/RemoteImage/Model/ImageLoader.swift:10:8: note: Also imported here
import CoreImage
^ (in target 'SwURL' from project 'SwURL')
SwiftDriver SwURL normal arm64 com.apple.xcode.tools.swift.compiler (in target 'SwURL' from project 'SwURL')
cd /Users/admin/builder/spi-builder-workspace/.swiftpm/xcode
builtin-SwiftDriver -- /Applications/Xcode-27.0.0-Release.Candidate.app/Contents/Developer/Toolchains/XcodeDefault.xctoolchain/usr/bin/swiftc -parse-as-library -module-name SwURL -Onone @/Users/admin/builder/spi-builder-workspace/.derivedData/Build/Intermediates.noindex/SwURL.build/Debug-watchos/SwURL-t.build/Objects-normal/arm64/SwURL.SwiftFileList -DSWIFT_PACKAGE -DDEBUG -DSWIFT_MODULE_RESOURCE_BUNDLE_UNAVAILABLE -DXcode -plugin-path /Applications/Xcode-27.0.0-Release.Candidate.app/Contents/Developer/Toolchains/XcodeDefault.xctoolchain/usr/lib/swift/host/plugins/testing -enable-experimental-feature DebugDescriptionMacro -sdk /Applications/Xcode-27.0.0-Release.Candidate.app/Contents/Developer/Platforms/WatchOS.platform/Developer/SDKs/WatchOS27.0.sdk -target arm64-apple-watchos9.0 -g -module-cache-path /Users/admin/builder/spi-builder-workspace/.derivedData/ModuleCache.noindex -Xfrontend -serialize-debugging-options -enable-testing -index-store-path /Users/admin/builder/spi-builder-workspace/.derivedData/Index.noindex/DataStore -Xcc -D_LIBCPP_HARDENING_MODE\=_LIBCPP_HARDENING_MODE_DEBUG -swift-version 5 -I /Users/admin/builder/spi-builder-workspace/.derivedData/Build/Products/Debug-watchos -Isystem /Applications/Xcode-27.0.0-Release.Candidate.app/Contents/Developer/Platforms/WatchOS.platform/Developer/usr/lib -F /Users/admin/builder/spi-builder-workspace/.derivedData/Build/Products/Debug-watchos -F /Applications/Xcode-27.0.0-Release.Candidate.app/Contents/Developer/Platforms/WatchOS.platform/Developer/Library/Frameworks -F /Applications/Xcode-27.0.0-Release.Candidate.app/Contents/Developer/Platforms/WatchOS.platform/Developer/SDKs/WatchOS27.0.sdk/Developer/Library/Frameworks -c -j10 -enable-batch-mode -incremental -Xcc -ivfsstatcache -Xcc /Users/admin/builder/spi-builder-workspace/.derivedData/SDKStatCaches.noindex/watchos27.0-24R360-e829b21a6f8c9b70876ba0858053c04477534ef55a1706bf4c1112bbb242f0a2.sdkstatcache -output-file-map /Users/admin/builder/spi-builder-workspace/.derivedData/Build/Intermediates.noindex/SwURL.build/Debug-watchos/SwURL-t.build/Objects-normal/arm64/SwURL-OutputFileMap.json -save-temps -no-color-diagnostics -explicit-module-build -module-cache-path /Users/admin/builder/spi-builder-workspace/.derivedData/Build/Intermediates.noindex/SwiftExplicitPrecompiledModules -clang-scanner-module-cache-path /Users/admin/builder/spi-builder-workspace/.derivedData/ModuleCache.noindex -sdk-module-cache-path /Users/admin/builder/spi-builder-workspace/.derivedData/SDKExplicitPrecompiledModules -emit-dependencies -emit-module -emit-module-path /Users/admin/builder/spi-builder-workspace/.derivedData/Build/Intermediates.noindex/SwURL.build/Debug-watchos/SwURL-t.build/Objects-normal/arm64/SwURL.swiftmodule -serialize-diagnostics -dependency-scan-serialize-diagnostics-path /Users/admin/builder/spi-builder-workspace/.derivedData/Build/Intermediates.noindex/SwURL.build/Debug-watchos/SwURL-t.build/Objects-normal/arm64/SwURL-dependency-scan.dia -validate-clang-modules-once -clang-build-session-file /Users/admin/builder/spi-builder-workspace/.derivedData/ModuleCache.noindex/Session.modulevalidation -Xcc -fmodules-prune-interval\=86400 -Xcc -fmodules-prune-after\=345600 -emit-const-values -const-gather-protocols-list /Users/admin/builder/spi-builder-workspace/.derivedData/Build/Intermediates.noindex/SwURL.build/Debug-watchos/SwURL-t.build/Objects-normal/arm64/SwURL_const_extract_protocols.json -Xcc -I/Users/admin/builder/spi-builder-workspace/.derivedData/Build/Products/Debug-watchos/include -Xcc -I/Users/admin/builder/spi-builder-workspace/.derivedData/Build/Intermediates.noindex/SwURL.build/Debug-watchos/SwURL-t.build/DerivedSources-normal/arm64 -Xcc -I/Users/admin/builder/spi-builder-workspace/.derivedData/Build/Intermediates.noindex/SwURL.build/Debug-watchos/SwURL-t.build/DerivedSources/arm64 -Xcc -I/Users/admin/builder/spi-builder-workspace/.derivedData/Build/Intermediates.noindex/SwURL.build/Debug-watchos/SwURL-t.build/DerivedSources -Xcc -DSWIFT_PACKAGE -Xcc -DDEBUG\=1 -emit-objc-header -emit-objc-header-path /Users/admin/builder/spi-builder-workspace/.derivedData/Build/Intermediates.noindex/SwURL.build/Debug-watchos/SwURL-t.build/Objects-normal/arm64/SwURL-Swift.h -working-directory /Users/admin/builder/spi-builder-workspace/.swiftpm/xcode -experimental-emit-module-separately -disable-cmo
/Users/admin/builder/spi-builder-workspace/Sources/SwURL/Internal/Caching/PersistentImageCache.swift:10:8: error: Unable to resolve module dependency: 'CoreImage' (in target 'SwURL' from project 'SwURL')
note: A dependency of main module 'SwURL'
/Users/admin/builder/spi-builder-workspace/Sources/SwURL/Internal/RemoteImage/Model/CGImage+Data.swift:10:8: note: Also imported here
/Users/admin/builder/spi-builder-workspace/Sources/SwURL/Internal/RemoteImage/Model/ImageLoader.swift:10:8: note: Also imported here
/Users/admin/builder/spi-builder-workspace/Sources/SwURL/Internal/Caching/PersistentImageCache.swift:10:8: note: A dependency of main module 'SwURL'
import CoreImage
^ (in target 'SwURL' from project 'SwURL')
/Users/admin/builder/spi-builder-workspace/Sources/SwURL/Internal/RemoteImage/Model/CGImage+Data.swift:10:8: note: Also imported here
import CoreImage
^ (in target 'SwURL' from project 'SwURL')
/Users/admin/builder/spi-builder-workspace/Sources/SwURL/Internal/RemoteImage/Model/ImageLoader.swift:10:8: note: Also imported here
import CoreImage
^ (in target 'SwURL' from project 'SwURL')
PruneExplicitPrecompiledModules /Users/admin/builder/spi-builder-workspace/.derivedData/Build/Intermediates.noindex/ExplicitPrecompiledModules
PruneExplicitPrecompiledModules /Users/admin/builder/spi-builder-workspace/.derivedData/Build/Intermediates.noindex/SwiftExplicitPrecompiledModules
PruneExplicitPrecompiledModules /Users/admin/builder/spi-builder-workspace/.derivedData/SDKExplicitPrecompiledModules
2026-09-19 05:02:35.565 xcodebuild[937:5903] [MT] IDERunDestination: Supported platforms for the buildables in the current scheme is empty.
2026-09-19 05:02:35.710 xcodebuild[937:5903] [MT] IDERunDestination: Supported platforms for the buildables in the current scheme is empty.
** BUILD FAILED **
The following build commands failed:
SwiftDriver SwURL normal arm64_32 com.apple.xcode.tools.swift.compiler (in target 'SwURL' from project 'SwURL')
SwiftDriver SwURL normal arm64 com.apple.xcode.tools.swift.compiler (in target 'SwURL' from project 'SwURL')
Building workspace SwURL with scheme SwURL
(3 failures)
Command line invocation:
/Applications/Xcode-27.0.0-Release.Candidate.app/Contents/Developer/usr/bin/xcodebuild -IDEClonedSourcePackagesDirPathOverride=/Users/admin/builder/spi-builder-workspace/.dependencies -resolvePackageDependencies
Resolve Package Graph
Resolved source packages:
SymbolKit: https://github.com/apple/swift-docc-symbolkit @ 1.0.0
SwiftDocCPlugin: https://github.com/apple/swift-docc-plugin @ 1.3.0
SwURL: /Users/admin/builder/spi-builder-workspace
resolved source packages: SymbolKit, SwiftDocCPlugin, SwURL
2026-09-19 05:02:53.202 xcodebuild[1072:6930] [MT] IDERunDestination: Supported platforms for the buildables in the current scheme is empty.
2026-09-19 05:02:53.339 xcodebuild[1072:6930] [MT] IDERunDestination: Supported platforms for the buildables in the current scheme is empty.
{
"dependencies" : [
{
"identity" : "swift-docc-plugin",
"requirement" : {
"range" : [
{
"lower_bound" : "1.3.0",
"upper_bound" : "2.0.0"
}
]
},
"type" : "sourceControl",
"url" : "https://github.com/apple/swift-docc-plugin"
}
],
"manifest_display_name" : "SwURL",
"name" : "SwURL",
"path" : "/Users/admin/builder/spi-builder-workspace",
"platforms" : [
{
"name" : "ios",
"version" : "13.0"
},
{
"name" : "tvos",
"version" : "13.0"
},
{
"name" : "macos",
"version" : "10.15"
}
],
"products" : [
{
"name" : "SwURL",
"targets" : [
"SwURL"
],
"type" : {
"library" : [
"automatic"
]
}
}
],
"targets" : [
{
"c99name" : "SwURLTests",
"module_type" : "SwiftTarget",
"name" : "SwURLTests",
"path" : "Tests/SwURLTests",
"sources" : [
"SwURLTests.swift",
"XCTestManifests.swift"
],
"target_dependencies" : [
"SwURL"
],
"type" : "test"
},
{
"c99name" : "SwURL",
"module_type" : "SwiftTarget",
"name" : "SwURL",
"path" : "Sources/SwURL",
"product_memberships" : [
"SwURL"
],
"sources" : [
"Internal/Caching/InMemoryImageCache.swift",
"Internal/Caching/NeverImageCache.swift",
"Internal/Caching/PersistentImageCache.swift",
"Internal/RemoteImage/Model/CGImage+Data.swift",
"Internal/RemoteImage/Model/Cache/FileManager+Paths.swift",
"Internal/RemoteImage/Model/Downloader.swift",
"Internal/RemoteImage/Model/ImageLoader.swift",
"Internal/RemoteImage/Model/RemoteImage.swift",
"Internal/RemoteImage/View/ImageProcessing.swift",
"Public/Caching/ImageCacheProvider.swift",
"Public/Caching/ImageCacheStrategy.swift",
"Public/Logging/SwURLDebug.swift",
"Public/View/ImageTransitionType.swift",
"Public/View/SwURLImage.swift",
"SwURL.swift"
],
"type" : "library"
}
],
"tools_version" : "5.3"
}
{
"workspace" : {
"name" : "SwURL",
"schemes" : [
"SwURL",
"SwURLTests"
]
}
}
2026-09-19 05:03:00.267 xcodebuild[1132:7324] [MT] IDERunDestination: Supported platforms for the buildables in the current scheme is empty.
2026-09-19 05:03:00.515 xcodebuild[1132:7324] [MT] IDERunDestination: Supported platforms for the buildables in the current scheme is empty.
{
"workspace" : {
"name" : "SwURL",
"schemes" : [
"SwURL",
"SwURLTests"
]
}
}
2026-09-19 05:03:07.867 xcodebuild[1186:7703] [MT] IDERunDestination: Supported platforms for the buildables in the current scheme is empty.
2026-09-19 05:03:07.971 xcodebuild[1186:7703] [MT] IDERunDestination: Supported platforms for the buildables in the current scheme is empty.
Running build ...
env DEVELOPER_DIR=/Applications/Xcode-27.0.0-Release.Candidate.app xcrun xcodebuild -IDEClonedSourcePackagesDirPathOverride=$PWD/.dependencies -skipMacroValidation -skipPackagePluginValidation -derivedDataPath $PWD/.derivedData build -scheme SwURL -destination generic/platform=watchOS
Command line invocation:
/Applications/Xcode-27.0.0-Release.Candidate.app/Contents/Developer/usr/bin/xcodebuild -IDEClonedSourcePackagesDirPathOverride=/Users/admin/builder/spi-builder-workspace/.dependencies -skipMacroValidation -skipPackagePluginValidation -derivedDataPath /Users/admin/builder/spi-builder-workspace/.derivedData build -scheme SwURL -destination generic/platform=watchOS
Resolve Package Graph
Resolved source packages:
SwURL: /Users/admin/builder/spi-builder-workspace
SwiftDocCPlugin: https://github.com/apple/swift-docc-plugin @ 1.3.0
SymbolKit: https://github.com/apple/swift-docc-symbolkit @ 1.0.0
ComputePackagePrebuildTargetDependencyGraph
Prepare packages
CreateBuildRequest
SendProjectDescription
CreateBuildOperation
ComputeTargetDependencyGraph
note: Building targets in dependency order
note: Target dependency graph (3 targets)
Target 'SwURLTests-product' in project 'SwURL'
➜ Explicit dependency on target 'SwURL' in project 'SwURL'
Target 'SwURL-product' in project 'SwURL'
➜ Explicit dependency on target 'SwURL' in project 'SwURL'
Target 'SwURL' in project 'SwURL' (no dependencies)
GatherProvisioningInputs
CreateBuildDescription
ClangStatCache /Applications/Xcode-27.0.0-Release.Candidate.app/Contents/Developer/Toolchains/XcodeDefault.xctoolchain/usr/bin/clang-stat-cache /Applications/Xcode-27.0.0-Release.Candidate.app/Contents/Developer/Platforms/WatchOS.platform/Developer/SDKs/WatchOS27.0.sdk /Users/admin/builder/spi-builder-workspace/.derivedData/SDKStatCaches.noindex/watchos27.0-24R360-e829b21a6f8c9b70876ba0858053c04477534ef55a1706bf4c1112bbb242f0a2.sdkstatcache
cd /Users/admin/builder/spi-builder-workspace/.swiftpm/xcode
/Applications/Xcode-27.0.0-Release.Candidate.app/Contents/Developer/Toolchains/XcodeDefault.xctoolchain/usr/bin/clang-stat-cache /Applications/Xcode-27.0.0-Release.Candidate.app/Contents/Developer/Platforms/WatchOS.platform/Developer/SDKs/WatchOS27.0.sdk -o /Users/admin/builder/spi-builder-workspace/.derivedData/SDKStatCaches.noindex/watchos27.0-24R360-e829b21a6f8c9b70876ba0858053c04477534ef55a1706bf4c1112bbb242f0a2.sdkstatcache
SwiftDriver SwURL normal arm64 com.apple.xcode.tools.swift.compiler (in target 'SwURL' from project 'SwURL')
cd /Users/admin/builder/spi-builder-workspace/.swiftpm/xcode
builtin-SwiftDriver -- /Applications/Xcode-27.0.0-Release.Candidate.app/Contents/Developer/Toolchains/XcodeDefault.xctoolchain/usr/bin/swiftc -parse-as-library -module-name SwURL -Onone @/Users/admin/builder/spi-builder-workspace/.derivedData/Build/Intermediates.noindex/SwURL.build/Debug-watchos/SwURL-t.build/Objects-normal/arm64/SwURL.SwiftFileList -DSWIFT_PACKAGE -DDEBUG -DSWIFT_MODULE_RESOURCE_BUNDLE_UNAVAILABLE -DXcode -plugin-path /Applications/Xcode-27.0.0-Release.Candidate.app/Contents/Developer/Toolchains/XcodeDefault.xctoolchain/usr/lib/swift/host/plugins/testing -enable-experimental-feature DebugDescriptionMacro -sdk /Applications/Xcode-27.0.0-Release.Candidate.app/Contents/Developer/Platforms/WatchOS.platform/Developer/SDKs/WatchOS27.0.sdk -target arm64-apple-watchos9.0 -g -module-cache-path /Users/admin/builder/spi-builder-workspace/.derivedData/ModuleCache.noindex -Xfrontend -serialize-debugging-options -enable-testing -index-store-path /Users/admin/builder/spi-builder-workspace/.derivedData/Index.noindex/DataStore -Xcc -D_LIBCPP_HARDENING_MODE\=_LIBCPP_HARDENING_MODE_DEBUG -swift-version 5 -I /Users/admin/builder/spi-builder-workspace/.derivedData/Build/Products/Debug-watchos -Isystem /Applications/Xcode-27.0.0-Release.Candidate.app/Contents/Developer/Platforms/WatchOS.platform/Developer/usr/lib -F /Users/admin/builder/spi-builder-workspace/.derivedData/Build/Products/Debug-watchos -F /Applications/Xcode-27.0.0-Release.Candidate.app/Contents/Developer/Platforms/WatchOS.platform/Developer/Library/Frameworks -F /Applications/Xcode-27.0.0-Release.Candidate.app/Contents/Developer/Platforms/WatchOS.platform/Developer/SDKs/WatchOS27.0.sdk/Developer/Library/Frameworks -c -j10 -enable-batch-mode -incremental -Xcc -ivfsstatcache -Xcc /Users/admin/builder/spi-builder-workspace/.derivedData/SDKStatCaches.noindex/watchos27.0-24R360-e829b21a6f8c9b70876ba0858053c04477534ef55a1706bf4c1112bbb242f0a2.sdkstatcache -output-file-map /Users/admin/builder/spi-builder-workspace/.derivedData/Build/Intermediates.noindex/SwURL.build/Debug-watchos/SwURL-t.build/Objects-normal/arm64/SwURL-OutputFileMap.json -save-temps -no-color-diagnostics -explicit-module-build -module-cache-path /Users/admin/builder/spi-builder-workspace/.derivedData/Build/Intermediates.noindex/SwiftExplicitPrecompiledModules -clang-scanner-module-cache-path /Users/admin/builder/spi-builder-workspace/.derivedData/ModuleCache.noindex -sdk-module-cache-path /Users/admin/builder/spi-builder-workspace/.derivedData/SDKExplicitPrecompiledModules -emit-dependencies -emit-module -emit-module-path /Users/admin/builder/spi-builder-workspace/.derivedData/Build/Intermediates.noindex/SwURL.build/Debug-watchos/SwURL-t.build/Objects-normal/arm64/SwURL.swiftmodule -serialize-diagnostics -dependency-scan-serialize-diagnostics-path /Users/admin/builder/spi-builder-workspace/.derivedData/Build/Intermediates.noindex/SwURL.build/Debug-watchos/SwURL-t.build/Objects-normal/arm64/SwURL-dependency-scan.dia -validate-clang-modules-once -clang-build-session-file /Users/admin/builder/spi-builder-workspace/.derivedData/ModuleCache.noindex/Session.modulevalidation -Xcc -fmodules-prune-interval\=86400 -Xcc -fmodules-prune-after\=345600 -emit-const-values -const-gather-protocols-list /Users/admin/builder/spi-builder-workspace/.derivedData/Build/Intermediates.noindex/SwURL.build/Debug-watchos/SwURL-t.build/Objects-normal/arm64/SwURL_const_extract_protocols.json -Xcc -I/Users/admin/builder/spi-builder-workspace/.derivedData/Build/Products/Debug-watchos/include -Xcc -I/Users/admin/builder/spi-builder-workspace/.derivedData/Build/Intermediates.noindex/SwURL.build/Debug-watchos/SwURL-t.build/DerivedSources-normal/arm64 -Xcc -I/Users/admin/builder/spi-builder-workspace/.derivedData/Build/Intermediates.noindex/SwURL.build/Debug-watchos/SwURL-t.build/DerivedSources/arm64 -Xcc -I/Users/admin/builder/spi-builder-workspace/.derivedData/Build/Intermediates.noindex/SwURL.build/Debug-watchos/SwURL-t.build/DerivedSources -Xcc -DSWIFT_PACKAGE -Xcc -DDEBUG\=1 -emit-objc-header -emit-objc-header-path /Users/admin/builder/spi-builder-workspace/.derivedData/Build/Intermediates.noindex/SwURL.build/Debug-watchos/SwURL-t.build/Objects-normal/arm64/SwURL-Swift.h -working-directory /Users/admin/builder/spi-builder-workspace/.swiftpm/xcode -experimental-emit-module-separately -disable-cmo
/Users/admin/builder/spi-builder-workspace/Sources/SwURL/Internal/Caching/PersistentImageCache.swift:10:8: error: Unable to resolve module dependency: 'CoreImage' (in target 'SwURL' from project 'SwURL')
note: A dependency of main module 'SwURL'
/Users/admin/builder/spi-builder-workspace/Sources/SwURL/Internal/RemoteImage/Model/CGImage+Data.swift:10:8: note: Also imported here
/Users/admin/builder/spi-builder-workspace/Sources/SwURL/Internal/RemoteImage/Model/ImageLoader.swift:10:8: note: Also imported here
/Users/admin/builder/spi-builder-workspace/Sources/SwURL/Internal/Caching/PersistentImageCache.swift:10:8: note: A dependency of main module 'SwURL'
import CoreImage
^ (in target 'SwURL' from project 'SwURL')
/Users/admin/builder/spi-builder-workspace/Sources/SwURL/Internal/RemoteImage/Model/CGImage+Data.swift:10:8: note: Also imported here
import CoreImage
^ (in target 'SwURL' from project 'SwURL')
/Users/admin/builder/spi-builder-workspace/Sources/SwURL/Internal/RemoteImage/Model/ImageLoader.swift:10:8: note: Also imported here
import CoreImage
^ (in target 'SwURL' from project 'SwURL')
SwiftDriver SwURL normal arm64_32 com.apple.xcode.tools.swift.compiler (in target 'SwURL' from project 'SwURL')
cd /Users/admin/builder/spi-builder-workspace/.swiftpm/xcode
builtin-SwiftDriver -- /Applications/Xcode-27.0.0-Release.Candidate.app/Contents/Developer/Toolchains/XcodeDefault.xctoolchain/usr/bin/swiftc -parse-as-library -module-name SwURL -Onone @/Users/admin/builder/spi-builder-workspace/.derivedData/Build/Intermediates.noindex/SwURL.build/Debug-watchos/SwURL-t.build/Objects-normal/arm64_32/SwURL.SwiftFileList -DSWIFT_PACKAGE -DDEBUG -DSWIFT_MODULE_RESOURCE_BUNDLE_UNAVAILABLE -DXcode -plugin-path /Applications/Xcode-27.0.0-Release.Candidate.app/Contents/Developer/Toolchains/XcodeDefault.xctoolchain/usr/lib/swift/host/plugins/testing -enable-experimental-feature DebugDescriptionMacro -sdk /Applications/Xcode-27.0.0-Release.Candidate.app/Contents/Developer/Platforms/WatchOS.platform/Developer/SDKs/WatchOS27.0.sdk -target arm64_32-apple-watchos9.0 -g -module-cache-path /Users/admin/builder/spi-builder-workspace/.derivedData/ModuleCache.noindex -Xfrontend -serialize-debugging-options -enable-testing -index-store-path /Users/admin/builder/spi-builder-workspace/.derivedData/Index.noindex/DataStore -Xcc -D_LIBCPP_HARDENING_MODE\=_LIBCPP_HARDENING_MODE_DEBUG -swift-version 5 -I /Users/admin/builder/spi-builder-workspace/.derivedData/Build/Products/Debug-watchos -Isystem /Applications/Xcode-27.0.0-Release.Candidate.app/Contents/Developer/Platforms/WatchOS.platform/Developer/usr/lib -F /Users/admin/builder/spi-builder-workspace/.derivedData/Build/Products/Debug-watchos -F /Applications/Xcode-27.0.0-Release.Candidate.app/Contents/Developer/Platforms/WatchOS.platform/Developer/Library/Frameworks -F /Applications/Xcode-27.0.0-Release.Candidate.app/Contents/Developer/Platforms/WatchOS.platform/Developer/SDKs/WatchOS27.0.sdk/Developer/Library/Frameworks -c -j10 -enable-batch-mode -incremental -Xcc -ivfsstatcache -Xcc /Users/admin/builder/spi-builder-workspace/.derivedData/SDKStatCaches.noindex/watchos27.0-24R360-e829b21a6f8c9b70876ba0858053c04477534ef55a1706bf4c1112bbb242f0a2.sdkstatcache -output-file-map /Users/admin/builder/spi-builder-workspace/.derivedData/Build/Intermediates.noindex/SwURL.build/Debug-watchos/SwURL-t.build/Objects-normal/arm64_32/SwURL-OutputFileMap.json -save-temps -no-color-diagnostics -explicit-module-build -module-cache-path /Users/admin/builder/spi-builder-workspace/.derivedData/Build/Intermediates.noindex/SwiftExplicitPrecompiledModules -clang-scanner-module-cache-path /Users/admin/builder/spi-builder-workspace/.derivedData/ModuleCache.noindex -sdk-module-cache-path /Users/admin/builder/spi-builder-workspace/.derivedData/SDKExplicitPrecompiledModules -emit-dependencies -emit-module -emit-module-path /Users/admin/builder/spi-builder-workspace/.derivedData/Build/Intermediates.noindex/SwURL.build/Debug-watchos/SwURL-t.build/Objects-normal/arm64_32/SwURL.swiftmodule -serialize-diagnostics -dependency-scan-serialize-diagnostics-path /Users/admin/builder/spi-builder-workspace/.derivedData/Build/Intermediates.noindex/SwURL.build/Debug-watchos/SwURL-t.build/Objects-normal/arm64_32/SwURL-dependency-scan.dia -validate-clang-modules-once -clang-build-session-file /Users/admin/builder/spi-builder-workspace/.derivedData/ModuleCache.noindex/Session.modulevalidation -Xcc -fmodules-prune-interval\=86400 -Xcc -fmodules-prune-after\=345600 -emit-const-values -const-gather-protocols-list /Users/admin/builder/spi-builder-workspace/.derivedData/Build/Intermediates.noindex/SwURL.build/Debug-watchos/SwURL-t.build/Objects-normal/arm64_32/SwURL_const_extract_protocols.json -Xcc -I/Users/admin/builder/spi-builder-workspace/.derivedData/Build/Products/Debug-watchos/include -Xcc -I/Users/admin/builder/spi-builder-workspace/.derivedData/Build/Intermediates.noindex/SwURL.build/Debug-watchos/SwURL-t.build/DerivedSources-normal/arm64_32 -Xcc -I/Users/admin/builder/spi-builder-workspace/.derivedData/Build/Intermediates.noindex/SwURL.build/Debug-watchos/SwURL-t.build/DerivedSources/arm64_32 -Xcc -I/Users/admin/builder/spi-builder-workspace/.derivedData/Build/Intermediates.noindex/SwURL.build/Debug-watchos/SwURL-t.build/DerivedSources -Xcc -DSWIFT_PACKAGE -Xcc -DDEBUG\=1 -emit-objc-header -emit-objc-header-path /Users/admin/builder/spi-builder-workspace/.derivedData/Build/Intermediates.noindex/SwURL.build/Debug-watchos/SwURL-t.build/Objects-normal/arm64_32/SwURL-Swift.h -working-directory /Users/admin/builder/spi-builder-workspace/.swiftpm/xcode -experimental-emit-module-separately -disable-cmo
/Users/admin/builder/spi-builder-workspace/Sources/SwURL/Internal/Caching/PersistentImageCache.swift:10:8: error: Unable to resolve module dependency: 'CoreImage' (in target 'SwURL' from project 'SwURL')
note: A dependency of main module 'SwURL'
/Users/admin/builder/spi-builder-workspace/Sources/SwURL/Internal/RemoteImage/Model/CGImage+Data.swift:10:8: note: Also imported here
/Users/admin/builder/spi-builder-workspace/Sources/SwURL/Internal/RemoteImage/Model/ImageLoader.swift:10:8: note: Also imported here
/Users/admin/builder/spi-builder-workspace/Sources/SwURL/Internal/Caching/PersistentImageCache.swift:10:8: note: A dependency of main module 'SwURL'
import CoreImage
^ (in target 'SwURL' from project 'SwURL')
/Users/admin/builder/spi-builder-workspace/Sources/SwURL/Internal/RemoteImage/Model/CGImage+Data.swift:10:8: note: Also imported here
import CoreImage
^ (in target 'SwURL' from project 'SwURL')
/Users/admin/builder/spi-builder-workspace/Sources/SwURL/Internal/RemoteImage/Model/ImageLoader.swift:10:8: note: Also imported here
import CoreImage
^ (in target 'SwURL' from project 'SwURL')
PruneExplicitPrecompiledModules /Users/admin/builder/spi-builder-workspace/.derivedData/Build/Intermediates.noindex/ExplicitPrecompiledModules
PruneExplicitPrecompiledModules /Users/admin/builder/spi-builder-workspace/.derivedData/SDKExplicitPrecompiledModules
PruneExplicitPrecompiledModules /Users/admin/builder/spi-builder-workspace/.derivedData/Build/Intermediates.noindex/SwiftExplicitPrecompiledModules
2026-09-19 05:03:14.964 xcodebuild[1239:8074] [MT] IDERunDestination: Supported platforms for the buildables in the current scheme is empty.
2026-09-19 05:03:15.111 xcodebuild[1239:8074] [MT] IDERunDestination: Supported platforms for the buildables in the current scheme is empty.
** BUILD FAILED **
The following build commands failed:
SwiftDriver SwURL normal arm64 com.apple.xcode.tools.swift.compiler (in target 'SwURL' from project 'SwURL')
SwiftDriver SwURL normal arm64_32 com.apple.xcode.tools.swift.compiler (in target 'SwURL' from project 'SwURL')
Building workspace SwURL with scheme SwURL
(3 failures)
BUILD FAILURE 6.4 watchOS