Build Information
Failed to build GoogleCloudBareMetalSolutionV2, reference 0.5.0 (49370c), with Swift 6.2 for Android on 11 Oct 2026 07:44:04 UTC.
Build Command
bash -c docker run --pull=always --rm -v "checkouts-54344847-0":/host -w "$PWD" -e JAVA_HOME="/root/.sdkman/candidates/java/current" -e SPI_BUILD="1" -e SPI_PROCESSING="1" registry.gitlab.com/saguaro1/spi-images:android-6.2-latest swift build --swift-sdk aarch64-unknown-linux-android28 2>&1Build Log
========================================
RunAll
========================================
Builder version: 5.1.1
Interrupt handler set up.
========================================
Checkout
========================================
Clone URL: https://github.com/googleapis/swift-google-cloud-baremetalsolution-v2.git
Reference: 0.5.0
Initialized empty Git repository in /host/spi-builder-workspace/.git/
hint: Using 'master' as the name for the initial branch. This default branch name
hint: is subject to change. To configure the initial branch name to use in all
hint: of your new repositories, which will suppress this warning, call:
hint:
hint: git config --global init.defaultBranch <name>
hint:
hint: Names commonly chosen instead of 'master' are 'main', 'trunk' and
hint: 'development'. The just-created branch can be renamed via this command:
hint:
hint: git branch -m <name>
From https://github.com/googleapis/swift-google-cloud-baremetalsolution-v2
* tag 0.5.0 -> FETCH_HEAD
HEAD is now at 49370c6 chore: release circa 2026-10-07 (#1382)
Cloned https://github.com/googleapis/swift-google-cloud-baremetalsolution-v2.git
Revision (git rev-parse @):
49370c61527dbd256e403b0708d9a19f870546b1
SPI manifest file found: $PWD/.spi.yml
SUCCESS checkout https://github.com/googleapis/swift-google-cloud-baremetalsolution-v2.git at 0.5.0
========================================
Build
========================================
Selected platform: android
Swift version: 6.2
Building package at path: $PWD
https://github.com/googleapis/swift-google-cloud-baremetalsolution-v2.git
Running build ...
bash -c docker run --pull=always --rm -v "checkouts-54344847-0":/host -w "$PWD" -e JAVA_HOME="/root/.sdkman/candidates/java/current" -e SPI_BUILD="1" -e SPI_PROCESSING="1" registry.gitlab.com/saguaro1/spi-images:android-6.2-latest swift build --swift-sdk aarch64-unknown-linux-android28 2>&1
android-6.2-latest: Pulling from saguaro1/spi-images
Digest: sha256:a839c9ce201f1dacc8eb056626ec7ab0a1c6d53d7b77c83feda395f4507c51be
Status: Image is up to date for registry.gitlab.com/saguaro1/spi-images:android-6.2-latest
Fetching https://github.com/apple/swift-log
Fetching https://github.com/googleapis/swift-google-longrunning
Fetching https://github.com/googleapis/swift-google-rpc
Fetching https://github.com/googleapis/swift-google-cloud-location
Fetching https://github.com/googleapis/swift-google-wkt
Fetching https://github.com/googleapis/swift-google-gax
[1/552] Fetching swift-google-cloud-location
[145/974] Fetching swift-google-cloud-location, swift-google-rpc
[583/1997] Fetching swift-google-cloud-location, swift-google-rpc, swift-google-wkt
[1108/10254] Fetching swift-google-cloud-location, swift-google-rpc, swift-google-wkt, swift-log
[1324/12002] Fetching swift-google-cloud-location, swift-google-rpc, swift-google-wkt, swift-log, swift-google-gax
[2883/12621] Fetching swift-google-cloud-location, swift-google-rpc, swift-google-wkt, swift-log, swift-google-gax, swift-google-longrunning
Fetched https://github.com/googleapis/swift-google-longrunning from cache (0.45s)
[9030/12002] Fetching swift-google-cloud-location, swift-google-rpc, swift-google-wkt, swift-log, swift-google-gax
Fetching https://github.com/googleapis/swift-google-auth
Fetched https://github.com/googleapis/swift-google-rpc from cache (0.54s)
Fetched https://github.com/googleapis/swift-google-cloud-location from cache (0.54s)
Fetched https://github.com/googleapis/swift-google-gax from cache (0.54s)
Fetched https://github.com/googleapis/swift-google-wkt from cache (0.54s)
Fetched https://github.com/apple/swift-log from cache (0.55s)
[1/1023] Fetching swift-google-auth
Fetched https://github.com/googleapis/swift-google-auth from cache (0.40s)
Computing version for https://github.com/googleapis/swift-google-wkt
Computed https://github.com/googleapis/swift-google-wkt at 0.5.0 (1.00s)
Fetching https://github.com/swift-extras/swift-extras-base64
[1/954] Fetching swift-extras-base64
Fetched https://github.com/swift-extras/swift-extras-base64 from cache (0.39s)
Computing version for https://github.com/googleapis/swift-google-rpc
Computed https://github.com/googleapis/swift-google-rpc at 0.5.0 (0.55s)
Computing version for https://github.com/googleapis/swift-google-longrunning
Computed https://github.com/googleapis/swift-google-longrunning at 0.5.0 (0.15s)
Computing version for https://github.com/googleapis/swift-google-gax
Computed https://github.com/googleapis/swift-google-gax at 0.5.0 (0.16s)
Fetching https://github.com/swift-server/async-http-client.git
Fetching https://github.com/apple/swift-nio
[1/16464] Fetching async-http-client
[16465/102838] Fetching async-http-client, swift-nio
Fetched https://github.com/swift-server/async-http-client.git from cache (4.62s)
Fetched https://github.com/apple/swift-nio from cache (4.66s)
Computing version for https://github.com/googleapis/swift-google-cloud-location
Computed https://github.com/googleapis/swift-google-cloud-location at 0.5.0 (4.83s)
Computing version for https://github.com/googleapis/swift-google-auth
Computed https://github.com/googleapis/swift-google-auth at 0.5.0 (0.15s)
Fetching https://github.com/apple/swift-system.git
Fetching https://github.com/vapor/jwt-kit.git
[1/10254] Fetching jwt-kit
[2/17495] Fetching jwt-kit, swift-system
Fetched https://github.com/apple/swift-system.git from cache (0.73s)
[6768/10254] Fetching jwt-kit
Fetched https://github.com/vapor/jwt-kit.git from cache (0.92s)
Computing version for https://github.com/swift-extras/swift-extras-base64
Computed https://github.com/swift-extras/swift-extras-base64 at 1.2.0 (1.08s)
Computing version for https://github.com/swift-server/async-http-client.git
Computed https://github.com/swift-server/async-http-client.git at 1.36.2 (0.19s)
Fetching https://github.com/apple/swift-nio-extras.git
Fetching https://github.com/apple/swift-nio-http2.git
Fetching https://github.com/apple/swift-nio-ssl.git
Fetching https://github.com/apple/swift-configuration.git
Fetching https://github.com/apple/swift-service-context.git
Fetching https://github.com/apple/swift-nio-transport-services.git
[1/1500] Fetching swift-service-context
[166/5428] Fetching swift-service-context, swift-configuration
[272/8295] Fetching swift-service-context, swift-configuration, swift-nio-transport-services
[951/25166] Fetching swift-service-context, swift-configuration, swift-nio-transport-services, swift-nio-ssl
[6788/31869] Fetching swift-service-context, swift-configuration, swift-nio-transport-services, swift-nio-ssl, swift-nio-extras
Fetched https://github.com/apple/swift-service-context.git from cache (0.45s)
Fetched https://github.com/apple/swift-nio-transport-services.git from cache (0.45s)
Fetching https://github.com/apple/swift-algorithms.git
[5510/27502] Fetching swift-configuration, swift-nio-ssl, swift-nio-extras
Fetching https://github.com/apple/swift-atomics.git
[8698/39796] Fetching swift-configuration, swift-nio-ssl, swift-nio-extras, swift-nio-http2
[39797/41685] Fetching swift-configuration, swift-nio-ssl, swift-nio-extras, swift-nio-http2, swift-atomics
[40043/47849] Fetching swift-configuration, swift-nio-ssl, swift-nio-extras, swift-nio-http2, swift-atomics, swift-algorithms
Fetched https://github.com/apple/swift-atomics.git from cache (0.56s)
Fetching https://github.com/apple/swift-distributed-tracing.git
Fetched https://github.com/apple/swift-algorithms.git from cache (0.62s)
Fetched https://github.com/apple/swift-configuration.git from cache (1.36s)
Fetched https://github.com/apple/swift-nio-extras.git from cache (1.36s)
Fetched https://github.com/apple/swift-nio-http2.git from cache (1.36s)
Fetched https://github.com/apple/swift-nio-ssl.git from cache (1.37s)
[1/6551] Fetching swift-distributed-tracing
Fetched https://github.com/apple/swift-distributed-tracing.git from cache (0.55s)
Computing version for https://github.com/apple/swift-service-context.git
Computed https://github.com/apple/swift-service-context.git at 1.3.0 (1.72s)
Computing version for https://github.com/apple/swift-algorithms.git
Computed https://github.com/apple/swift-algorithms.git at 1.2.1 (0.88s)
Fetching https://github.com/apple/swift-numerics.git
[1/6733] Fetching swift-numerics
Fetched https://github.com/apple/swift-numerics.git from cache (0.53s)
Computing version for https://github.com/apple/swift-log
Computed https://github.com/apple/swift-log at 1.16.1 (0.70s)
Computing version for https://github.com/apple/swift-distributed-tracing.git
Computed https://github.com/apple/swift-distributed-tracing.git at 1.5.0 (0.15s)
Computing version for https://github.com/apple/swift-atomics.git
Computed https://github.com/apple/swift-atomics.git at 1.3.1 (0.14s)
Computing version for https://github.com/apple/swift-numerics.git
Computed https://github.com/apple/swift-numerics.git at 1.1.1 (0.13s)
Computing version for https://github.com/apple/swift-nio
Computed https://github.com/apple/swift-nio at 2.104.0 (0.34s)
Fetching https://github.com/apple/swift-collections.git
[1/28703] Fetching swift-collections
Fetched https://github.com/apple/swift-collections.git from cache (1.26s)
Computing version for https://github.com/apple/swift-configuration.git
Computed https://github.com/apple/swift-configuration.git at 1.2.2 (2.06s)
Fetching https://github.com/swift-server/swift-service-lifecycle
[1/2867] Fetching swift-service-lifecycle
Fetched https://github.com/swift-server/swift-service-lifecycle from cache (0.45s)
Computing version for https://github.com/apple/swift-nio-transport-services.git
Computed https://github.com/apple/swift-nio-transport-services.git at 1.28.0 (0.61s)
Computing version for https://github.com/swift-server/swift-service-lifecycle
Computed https://github.com/swift-server/swift-service-lifecycle at 2.12.1 (0.14s)
Fetching https://github.com/apple/swift-async-algorithms.git
[1/6820] Fetching swift-async-algorithms
Fetched https://github.com/apple/swift-async-algorithms.git from cache (0.53s)
Computing version for https://github.com/apple/swift-async-algorithms.git
Computed https://github.com/apple/swift-async-algorithms.git at 1.1.7 (0.74s)
Computing version for https://github.com/apple/swift-collections.git
Computed https://github.com/apple/swift-collections.git at 1.7.2 (0.24s)
Computing version for https://github.com/apple/swift-nio-http2.git
Computed https://github.com/apple/swift-nio-http2.git at 1.46.0 (0.16s)
Computing version for https://github.com/vapor/jwt-kit.git
Computed https://github.com/vapor/jwt-kit.git at 5.7.1 (0.14s)
Fetching https://github.com/apple/swift-certificates.git
Fetching https://github.com/apple/swift-crypto.git
[1/7609] Fetching swift-certificates
[1523/26238] Fetching swift-certificates, swift-crypto
Fetched https://github.com/apple/swift-certificates.git from cache (1.33s)
Fetched https://github.com/apple/swift-crypto.git from cache (1.34s)
Computing version for https://github.com/apple/swift-crypto.git
Computed https://github.com/apple/swift-crypto.git at 4.5.2 (1.95s)
Fetching https://github.com/apple/swift-asn1.git
[1/2009] Fetching swift-asn1
Fetched https://github.com/apple/swift-asn1.git from cache (0.41s)
Computing version for https://github.com/apple/swift-asn1.git
Computed https://github.com/apple/swift-asn1.git at 1.7.3 (0.60s)
Computing version for https://github.com/apple/swift-certificates.git
Computed https://github.com/apple/swift-certificates.git at 1.21.0 (0.21s)
Computing version for https://github.com/apple/swift-nio-ssl.git
Computed https://github.com/apple/swift-nio-ssl.git at 2.37.5 (0.19s)
Computing version for https://github.com/apple/swift-system.git
Computed https://github.com/apple/swift-system.git at 1.8.1 (0.18s)
Computing version for https://github.com/apple/swift-nio-extras.git
Computed https://github.com/apple/swift-nio-extras.git at 1.35.1 (0.27s)
Fetching https://github.com/apple/swift-http-types.git
Fetching https://github.com/apple/swift-http-structured-headers.git
[1/1939] Fetching swift-http-types
[409/3192] Fetching swift-http-types, swift-http-structured-headers
Fetched https://github.com/apple/swift-http-types.git from cache (0.38s)
Fetched https://github.com/apple/swift-http-structured-headers.git from cache (0.40s)
Computing version for https://github.com/apple/swift-http-structured-headers.git
Computed https://github.com/apple/swift-http-structured-headers.git at 1.7.0 (0.56s)
Computing version for https://github.com/apple/swift-http-types.git
Computed https://github.com/apple/swift-http-types.git at 1.8.0 (0.18s)
Creating working copy for https://github.com/apple/swift-http-types.git
Working copy of https://github.com/apple/swift-http-types.git resolved at 1.8.0
Creating working copy for https://github.com/apple/swift-asn1.git
Working copy of https://github.com/apple/swift-asn1.git resolved at 1.7.3
Creating working copy for https://github.com/apple/swift-nio-ssl.git
Working copy of https://github.com/apple/swift-nio-ssl.git resolved at 2.37.5
Creating working copy for https://github.com/apple/swift-nio-transport-services.git
Working copy of https://github.com/apple/swift-nio-transport-services.git resolved at 1.28.0
Creating working copy for https://github.com/apple/swift-configuration.git
Working copy of https://github.com/apple/swift-configuration.git resolved at 1.2.2
Creating working copy for https://github.com/googleapis/swift-google-rpc
Working copy of https://github.com/googleapis/swift-google-rpc resolved at 0.5.0
Creating working copy for https://github.com/apple/swift-service-context.git
Working copy of https://github.com/apple/swift-service-context.git resolved at 1.3.0
Creating working copy for https://github.com/googleapis/swift-google-auth
Working copy of https://github.com/googleapis/swift-google-auth resolved at 0.5.0
Creating working copy for https://github.com/apple/swift-numerics.git
Working copy of https://github.com/apple/swift-numerics.git resolved at 1.1.1
Creating working copy for https://github.com/apple/swift-nio-extras.git
Working copy of https://github.com/apple/swift-nio-extras.git resolved at 1.35.1
Creating working copy for https://github.com/vapor/jwt-kit.git
Working copy of https://github.com/vapor/jwt-kit.git resolved at 5.7.1
Creating working copy for https://github.com/apple/swift-nio-http2.git
Working copy of https://github.com/apple/swift-nio-http2.git resolved at 1.46.0
Creating working copy for https://github.com/googleapis/swift-google-cloud-location
Working copy of https://github.com/googleapis/swift-google-cloud-location resolved at 0.5.0
Creating working copy for https://github.com/googleapis/swift-google-wkt
Working copy of https://github.com/googleapis/swift-google-wkt resolved at 0.5.0
Creating working copy for https://github.com/apple/swift-atomics.git
Working copy of https://github.com/apple/swift-atomics.git resolved at 1.3.1
Creating working copy for https://github.com/apple/swift-algorithms.git
Working copy of https://github.com/apple/swift-algorithms.git resolved at 1.2.1
Creating working copy for https://github.com/googleapis/swift-google-gax
Working copy of https://github.com/googleapis/swift-google-gax resolved at 0.5.0
Creating working copy for https://github.com/swift-server/async-http-client.git
Working copy of https://github.com/swift-server/async-http-client.git resolved at 1.36.2
Creating working copy for https://github.com/apple/swift-certificates.git
Working copy of https://github.com/apple/swift-certificates.git resolved at 1.21.0
Creating working copy for https://github.com/googleapis/swift-google-longrunning
Working copy of https://github.com/googleapis/swift-google-longrunning resolved at 0.5.0
Creating working copy for https://github.com/apple/swift-nio
Working copy of https://github.com/apple/swift-nio resolved at 2.104.0
Creating working copy for https://github.com/swift-server/swift-service-lifecycle
Working copy of https://github.com/swift-server/swift-service-lifecycle resolved at 2.12.1
Creating working copy for https://github.com/apple/swift-distributed-tracing.git
Working copy of https://github.com/apple/swift-distributed-tracing.git resolved at 1.5.0
Creating working copy for https://github.com/apple/swift-async-algorithms.git
Working copy of https://github.com/apple/swift-async-algorithms.git resolved at 1.1.7
Creating working copy for https://github.com/apple/swift-http-structured-headers.git
Working copy of https://github.com/apple/swift-http-structured-headers.git resolved at 1.7.0
Creating working copy for https://github.com/apple/swift-log
Working copy of https://github.com/apple/swift-log resolved at 1.16.1
Creating working copy for https://github.com/swift-extras/swift-extras-base64
Working copy of https://github.com/swift-extras/swift-extras-base64 resolved at 1.2.0
Creating working copy for https://github.com/apple/swift-crypto.git
Working copy of https://github.com/apple/swift-crypto.git resolved at 4.5.2
Creating working copy for https://github.com/apple/swift-collections.git
Working copy of https://github.com/apple/swift-collections.git resolved at 1.7.2
Creating working copy for https://github.com/apple/swift-system.git
Working copy of https://github.com/apple/swift-system.git resolved at 1.8.1
Building for debugging...
[0/1078] Compiling aes-gcm-avx2-x86_64-apple.S
[1/1078] Compiling aesv8-gcm-armv8-linux.S
[2/1078] Compiling _NumericsShims _NumericsShims.c
[3/1078] Write sources
[7/1078] Compiling _AtomicsShims.c
[7/1078] Write sources
[46/1078] Compiling CXKCPShims shims.c
[47/1078] Write swift-version--11D90AFD9DD3AB2.txt
[48/1078] Compiling SimpleFIPS202.c
[49/1078] Compiling KeccakSponge.c
[50/1084] Compiling a_i2d_fp.cc
[52/1084] Emitting module _NIOBase64
[52/1084] Compiling a_d2i_fp.cc
[53/1103] Compiling t_x509a.cc
[54/1106] Compiling a_int.cc
[55/1106] Compiling a_bool.cc
[56/1117] Compiling a_strnid.cc
[58/1156] Emitting module Logging
[59/1157] Emitting module InternalCollectionsUtilities
[60/1160] Compiling InternalCollectionsUtilities Debugging.swift
[61/1160] Compiling InternalCollectionsUtilities Descriptions.swift
[62/1160] Compiling InternalCollectionsUtilities FixedWidthInteger+roundUpToPowerOfTwo.swift
[63/1160] Compiling InternalCollectionsUtilities Integer rank.swift
[64/1162] Compiling InternalCollectionsUtilities LifetimeOverride.swift
[65/1162] Compiling InternalCollectionsUtilities MutableRef.swift
[66/1163] Compiling RealModule RealFunctions.swift
[67/1163] Compiling RealModule Real.swift
[68/1163] Compiling InternalCollectionsUtilities Iterable+CopyContents.swift
[69/1163] Compiling InternalCollectionsUtilities Iterable+Equality.swift
[71/1163] Emitting module SwiftASN1
[73/1163] Compiling InternalCollectionsUtilities BorrowingIteratorProtocol+Equality.swift
[74/1163] Compiling InternalCollectionsUtilities BorrowingIteratorProtocol+Extras.swift
[75/1163] Compiling _NIOBase64 Base64.swift
[76/1163] Compiling RealModule Float80+Real.swift
[77/1164] Emitting module ServiceContextModule
[78/1164] Compiling ServiceContextModule ServiceContextKey.swift
[79/1164] Compiling ServiceContextModule ServiceContext.swift
[82/1165] Emitting module RealModule
[85/1165] Compiling RealModule Float16+Real.swift
[86/1165] Compiling SwiftASN1 DER.swift
[87/1165] Compiling SwiftASN1 Errors.swift
[88/1165] Compiling InternalCollectionsUtilities TemporaryAllocation.swift
[89/1165] Compiling InternalCollectionsUtilities _UnsafeBitSet+Index.swift
[92/1165] Compiling InternalCollectionsUtilities UInt+first and last set bit.swift
[93/1165] Compiling InternalCollectionsUtilities UInt+reversed.swift
[94/1165] Compiling InternalCollectionsUtilities MutableSpan+Extras.swift
[95/1165] Compiling InternalCollectionsUtilities OutputSpan+Extras.swift
[96/1165] Compiling InternalCollectionsUtilities RandomAccessCollection+Offsets.swift
[97/1165] Compiling InternalCollectionsUtilities Span+Extras.swift
[107/1165] Emitting module _CertificateInternals
[108/1165] Compiling _CertificateInternals _TinyArray.swift
[109/1166] Compiling InternalCollectionsUtilities UnsafeMutablePointer+Extras.swift
[110/1166] Compiling InternalCollectionsUtilities UnsafeMutableRawBufferPointer+Extras.swift
[111/1166] Compiling InternalCollectionsUtilities UnsafePointer+Extras.swift
[112/1166] Compiling InternalCollectionsUtilities _UnsafeBitSet+_Word.swift
[113/1166] Compiling InternalCollectionsUtilities _UnsafeBitSet.swift
[114/1166] Compiling InternalCollectionsUtilities UnsafeBufferPointer+Extras.swift
[115/1166] Compiling InternalCollectionsUtilities UnsafeMutableBufferPointer+Extras.swift
[117/1166] Compiling InternalCollectionsUtilities UnsafeRawBufferPointer+Extras.swift
[118/1166] Compiling InternalCollectionsUtilities _SortedCollection.swift
[119/1166] Compiling InternalCollectionsUtilities _UniqueCollection.swift
[120/1167] Compiling RealModule RelaxedArithmetic.swift
[122/1168] Compiling _NIODataStructures PriorityQueue.swift
[125/1168] Compiling _NIODataStructures _TinyArray.swift
[128/1168] Compiling Logging Logger+Attributes.swift
[128/1173] Wrapping AST for _NIOBase64 for debugging
[129/1173] Wrapping AST for _CertificateInternals for debugging
[131/1176] Compiling _NIODataStructures Heap.swift
[132/1176] Emitting module _NIODataStructures
[133/1180] Compiling Logging Logger.swift
[134/1180] Compiling Logging Logger+With.swift
[135/1180] Compiling Logging LoggingSystem.swift
[136/1180] Wrapping AST for ServiceContextModule for debugging
[138/1184] Compiling Instrumentation MultiplexInstrument.swift
[139/1184] Compiling Instrumentation Instrument.swift
[139/1184] Wrapping AST for RealModule for debugging
[141/1184] Compiling SpanPreview OutputSpan+InputSpanHelpers.swift
[141/1184] Wrapping AST for _NIODataStructures for debugging
[143/1184] Compiling SpanPreview InputSpan.swift
[144/1184] Compiling SpanPreview MutableSpan+InputSpanHelpers.swift
[145/1184] Emitting module SpanPreview
[145/1185] Wrapping AST for InternalCollectionsUtilities for debugging
[146/1185] Compiling KeccakHash.c
[148/1185] Compiling CNIOWindows shim.c
[149/1185] Compiling CSystem shims.c
[151/1185] Compiling Instrumentation InstrumentationSystem.swift
[152/1185] Emitting module Instrumentation
[152/1185] Compiling CNIOWindows WSAStartup.c
[153/1185] Wrapping AST for SpanPreview for debugging
[154/1185] Compiling CNIOWASI CNIOWASI.c
[155/1201] Compiling CNIOPosix event_loop_id.c
[156/1242] Compiling CNIOOpenBSD shim.c
[157/1264] Compiling KeccakP-1600-opt64.c
[158/1264] Compiling CNIOLinux shim.c
[159/1264] Compiling CNIOLinux liburing_shims.c
[160/1264] Compiling CNIOLLHTTP c_nio_http.c
[161/1264] Compiling CNIOLLHTTP c_nio_api.c
[162/1264] Compiling CNIOFreeBSD shim.c
[164/1264] Compiling DequeModule UniqueDeque+Initializers.swift
[165/1264] Compiling DequeModule UniqueDeque+Insertions.swift
[166/1264] Compiling DequeModule UniqueDeque+Iterable.swift
[167/1264] Compiling DequeModule UniqueDeque+Prepend.swift
[168/1264] Compiling DequeModule UniqueDeque+Removals.swift
[169/1264] Compiling SystemPackage RawIORequest.swift
[170/1264] Compiling SystemPackage RawBuffer.swift
[171/1264] Compiling SystemPackage Syscalls.swift
[172/1264] Compiling SystemPackage WindowsSyscallAdapters.swift
[173/1264] Compiling SystemPackage MachPort.swift
[174/1264] Compiling SystemPackage PlatformString.swift
[174/1269] Compiling CNIOExtrasZlib zutil.c
[175/1269] Compiling CNIOLLHTTP c_nio_llhttp.c
[177/1269] Compiling SystemPackage Backcompat.swift
[178/1269] Compiling SystemPackage CInterop.swift
[179/1269] Compiling SystemPackage Errno.swift
[180/1269] Compiling SystemPackage ErrnoWindows.swift
[181/1269] Compiling SystemPackage FileDescriptor.swift
[182/1269] Compiling SystemPackage FileHelpers.swift
[183/1269] Compiling SystemPackage FileOperations.swift
[184/1269] Compiling SystemPackage FilePath.swift
[184/1269] Compiling CNIOExtrasZlib trees.c
[185/1269] Compiling CNIOExtrasZlib inftrees.c
[186/1269] Compiling CNIOExtrasZlib inffast.c
[187/1269] Compiling CNIOExtrasZlib inflate.c
[189/1269] Compiling SystemPackage Constants.swift
[190/1269] Compiling SystemPackage Exports.swift
[191/1269] Compiling SystemPackage Mocking.swift
[192/1269] Compiling SystemPackage FileFlags.swift
[193/1269] Compiling SystemPackage FileMode.swift
[194/1269] Compiling SystemPackage FileType.swift
[195/1269] Compiling SystemPackage FilePathTempPosix.swift
[196/1269] Compiling SystemPackage FilePathTempWindows.swift
[197/1269] Compiling SystemPackage FilePathWindows.swift
[198/1269] Compiling SystemPackage FilePermissions.swift
[200/1269] Compiling CNIOExtrasZlib crc32.c
[201/1269] Compiling CNIOExtrasZlib deflate.c
[202/1269] Compiling CNIODarwin shim.c
[203/1269] Compiling CNIOExtrasZlib adler32.c
[204/1269] Compiling fiat_p256_adx_sqr.S
[205/1269] Compiling fiat_p256_adx_mul.S
[206/1269] Compiling fiat_curve25519_adx_square.S
[207/1269] Compiling fiat_curve25519_adx_mul.S
[209/1269] Compiling ExtrasBase64 Base32.swift
[209/1269] Compiling CNIOBoringSSLShims shims.c
[211/1269] Compiling SystemPackage Identifiers.swift
[212/1269] Compiling SystemPackage Stat.swift
[213/1269] Compiling SystemPackage IOCompletion.swift
[214/1269] Compiling SystemPackage IORequest.swift
[215/1269] Compiling SystemPackage IORing+Util.swift
[216/1269] Compiling SystemPackage IORing.swift
[217/1269] Compiling SystemPackage FilePathComponentView.swift
[218/1269] Compiling SystemPackage FilePathComponents.swift
[219/1269] Compiling SystemPackage FilePathParsing.swift
[220/1269] Compiling SystemPackage FilePathString.swift
[221/1269] Compiling SystemPackage FilePathSyntax.swift
[222/1269] Compiling SystemPackage FilePathTemp.swift
[242/1269] Compiling Instrumentation NoOpInstrument.swift
[243/1270] Compiling Instrumentation Locks.swift
[244/1274] Compiling Logging MetadataProvider.swift
[263/1277] Wrapping AST for Logging for debugging
[264/1285] Wrapping AST for SwiftASN1 for debugging
[266/1285] Emitting module SystemPackage
[266/1285] Wrapping AST for Instrumentation for debugging
[268/1285] Compiling Tracing TracingTime.swift
[269/1286] Compiling Tracing TracerProtocol.swift
[270/1286] Compiling Tracing Tracer.swift
[271/1286] Compiling Tracing WithTracer.swift
[283/1286] Compiling Tracing TracerProtocol+Legacy.swift
[284/1286] Compiling Tracing InstrumentationSystem+Tracing.swift
[285/1286] Emitting module Tracing
[286/1286] Compiling Tracing NoOpTracer.swift
[287/1286] Compiling Tracing SpanProtocol.swift
[288/1287] Wrapping AST for Tracing for debugging
[290/1287] Compiling SystemPackage SystemString.swift
[291/1287] Compiling SystemPackage Util+StringArray.swift
[292/1287] Compiling SystemPackage Util.swift
[293/1287] Compiling SystemPackage UtilConsumers.swift
[294/1287] Compiling SystemPackage WinSDK+Overlay.swift
[294/1288] Compiling tls_record.cc
[296/1288] Compiling tls_method.cc
[297/1288] Wrapping AST for SystemPackage for debugging
[298/1288] Compiling tls13_server.cc
[299/1288] Compiling tls13_enc.cc
[301/1288] Compiling DequeModule UniqueDeque+Replacements.swift
[302/1288] Compiling DequeModule UniqueDeque.swift
[303/1288] Compiling DequeModule _DequeSlot.swift
[304/1288] Compiling DequeModule _UnsafeDequeHandle.swift
[305/1288] Compiling DequeModule _UnsafeDequeSegments.swift
[306/1288] Emitting module DequeModule
[307/1289] Compiling t1_enc.cc
[308/1289] Compiling tls13_both.cc
[309/1332] Wrapping AST for DequeModule for debugging
[310/1332] Compiling tls13_client.cc
[311/1332] Compiling ssl_transcript.cc
[312/1332] Compiling ssl_x509.cc
[313/1332] Compiling ssl_versions.cc
[314/1332] Compiling ssl_stat.cc
[316/1332] Compiling Configuration EnvironmentKeyEncoder.swift
[317/1332] Compiling Configuration EnvironmentVariablesProvider.swift
[318/1332] Compiling Configuration CommonProviderFileSystem.swift
[319/1332] Compiling Configuration DirectoryFilesProvider.swift
[320/1332] Compiling Configuration FileProvider.swift
[321/1332] Compiling Configuration FileProviderSnapshot.swift
[322/1332] Compiling Configuration Deprecations.swift
[323/1332] Compiling Configuration ExpressibleByConfigInt.swift
[324/1332] Compiling Configuration ExpressibleByConfigString.swift
[325/1332] Compiling Configuration CLIKeyEncoder.swift
[326/1332] Compiling Configuration ConfigKeyEncoder.swift
[327/1332] Compiling Configuration DotSeparatorKeyDecoder.swift
[327/1337] Compiling ssl_privkey.cc
[328/1337] Compiling ssl_session.cc
[329/1337] Compiling ssl_key_share.cc
[330/1337] Compiling ssl_file.cc
[332/1337] Emitting module ExtrasBase64
[333/1337] Compiling ExtrasBase64 Base32+Span.swift
[334/1337] Compiling ExtrasBase64 Base64.swift
[335/1337] Compiling ExtrasBase64 Base64+Span.swift
[336/1369] Compiling ssl_lib.cc
[337/1369] Wrapping AST for ExtrasBase64 for debugging
[338/1369] Compiling ssl_credential.cc
[339/1369] Compiling ssl_cipher.cc
[341/1369] Compiling GoogleWKT WKTEnum.swift
[342/1369] Compiling GoogleWKT WKTEnumValue.swift
[343/1369] Compiling GoogleWKT WKTField.swift
[344/1369] Compiling GoogleWKT WKTMethod.swift
[345/1369] Compiling GoogleWKT WKTMixin.swift
[346/1369] Compiling GoogleWKT WKTOption.swift
[346/1369] Compiling ssl_cert.cc
[348/1369] Compiling Configuration CombineLatestManyStorage.swift
[349/1369] Compiling Configuration AsyncSequences.swift
[350/1369] Compiling Configuration FoundationExtensions.swift
[351/1369] Compiling Configuration Span.swift
[352/1369] Compiling Configuration ConfigBytesFromStringDecoder.swift
[353/1369] Compiling Configuration JSONSnapshot.swift
[354/1369] Compiling Configuration PropertyListSnapshot.swift
[355/1369] Compiling Configuration ReloadingFileProvider.swift
[356/1369] Compiling Configuration ReloadingFileProviderMetrics.swift
[357/1369] Compiling Configuration YAMLSnapshot.swift
[358/1369] Compiling Configuration InMemoryProvider.swift
[359/1369] Compiling Configuration MutableInMemoryProvider.swift
[360/1369] Compiling Configuration ConfigProvider+Operators.swift
[361/1369] Compiling Configuration KeyMappingProvider.swift
[362/1369] Compiling Configuration SecretsSpecifier.swift
[363/1369] Compiling Configuration AsyncCombineLatestManySequence.swift
[364/1369] Compiling Configuration CombineLatestManyStateMachine.swift
[365/1369] Compiling GoogleWKT AnyPackable.swift
[366/1369] Compiling GoogleWKT DecodeToDefault.swift
[367/1369] Compiling GoogleWKT DiscoveryBase64.swift
[368/1369] Compiling GoogleWKT ProtoJSONDecoder.swift
[369/1369] Compiling GoogleWKT ProtoJSONEncoder.swift
[370/1369] Compiling GoogleWKT WKTDoubleValue.swift
[370/1369] Compiling ssl_buffer.cc
[371/1369] Compiling ssl_asn1.cc
[374/1369] Compiling GoogleWKT WKTDuration.swift
[375/1369] Compiling GoogleWKT WKTEmpty.swift
[376/1369] Compiling GoogleWKT WKTFieldMask.swift
[376/1373] Compiling s3_pkt.cc
[377/1373] Compiling ssl_aead_ctx.cc
[379/1373] Compiling GoogleWKT WKTFloatValue.swift
[380/1373] Compiling GoogleWKT WKTInt32Value.swift
[381/1373] Compiling GoogleWKT WKTInt64Value.swift
[382/1373] Compiling GoogleWKT WKTRecursive.swift
[383/1373] Compiling GoogleWKT WKTStringValue.swift
[384/1373] Compiling GoogleWKT WKTTimestamp.swift
[385/1373] Compiling GoogleWKT WKTUInt32Value.swift
[386/1373] Compiling GoogleWKT WKTUInt64Value.swift
[387/1373] Compiling GoogleWKT UnknownFields.swift
[388/1373] Compiling GoogleWKT WKTAny.swift
[389/1373] Compiling GoogleWKT WKTAnyError.swift
[390/1373] Compiling GoogleWKT WKTBoolValue.swift
[391/1373] Compiling GoogleWKT WKTBytesValue.swift
[396/1373] Compiling GoogleWKT WKTValue.swift
[397/1373] Compiling GoogleWKT WKTApi.swift
[406/1373] Emitting module Configuration
[407/1374] Wrapping AST for Configuration for debugging
[408/1374] Compiling s3_both.cc
[409/1374] Compiling s3_lib.cc
[411/1374] Compiling GoogleWKT WKTSourceContext.swift
[412/1374] Compiling GoogleWKT WKTSyntax.swift
[413/1374] Compiling GoogleWKT WKTType.swift
[414/1374] Compiling GoogleWKT PackageVersion.swift
[415/1374] Emitting module GoogleWKT
[421/1390] Compiling handshake_client.cc
[422/1390] Wrapping AST for GoogleWKT for debugging
[422/1390] Compiling handshake_server.cc
[425/1390] Compiling GoogleRpc RequestInfo.swift
[426/1390] Compiling GoogleRpc ResourceInfo.swift
[427/1392] Compiling GoogleRpc HttpRequest.swift
[428/1392] Compiling GoogleRpc HttpResponse.swift
[429/1392] Compiling GoogleRpc Help.swift
[430/1392] Compiling GoogleRpc HttpHeader.swift
[431/1392] Compiling GoogleRpc DebugInfo.swift
[432/1392] Compiling GoogleRpc ErrorInfo.swift
[432/1392] Compiling handoff.cc
[434/1392] Compiling GoogleRpc LocalizedMessage.swift
[435/1392] Compiling GoogleRpc PackageVersion.swift
[436/1392] Compiling GoogleRpc PreconditionFailure.swift
[437/1392] Compiling GoogleRpc QuotaFailure.swift
[438/1392] Compiling GoogleRpc BadRequest.swift
[439/1392] Compiling GoogleRpc Code.swift
[440/1392] Emitting module GoogleRpc
[440/1392] Compiling handshake.cc
[442/1392] Compiling GoogleRpc RetryInfo.swift
[443/1392] Compiling GoogleRpc Status.swift
[444/1393] Compiling encrypted_client_hello.cc
[445/1393] Wrapping AST for GoogleRpc for debugging
[446/1393] Compiling extensions.cc
[447/1393] Compiling dtls_record.cc
[448/1393] Compiling md5-x86_64-linux.S
[449/1393] Compiling md5-x86_64-apple.S
[450/1393] Compiling md5-586-linux.S
[451/1393] Compiling md5-586-apple.S
[452/1393] Compiling chacha20_poly1305_x86_64-linux.S
[453/1393] Compiling chacha20_poly1305_x86_64-apple.S
[454/1393] Compiling chacha20_poly1305_armv8-win.S
[455/1393] Compiling d1_srtp.cc
[456/1393] Compiling chacha20_poly1305_armv8-linux.S
[457/1393] Compiling chacha20_poly1305_armv8-apple.S
[458/1393] Compiling dtls_method.cc
[459/1393] Compiling chacha-x86_64-apple.S
[460/1393] Compiling chacha-x86_64-linux.S
[461/1393] Compiling chacha-x86-linux.S
[462/1393] Compiling chacha-x86-apple.S
[463/1393] Compiling chacha-armv8-win.S
[464/1393] Compiling chacha-armv4-linux.S
[465/1393] Compiling chacha-armv8-apple.S
[466/1393] Compiling chacha-armv8-linux.S
[467/1393] Compiling aes128gcmsiv-x86_64-linux.S
[468/1393] Compiling x86_64-mont5-linux.S
[469/1393] Compiling aes128gcmsiv-x86_64-apple.S
[470/1393] Compiling x86_64-mont5-apple.S
[471/1393] Compiling d1_pkt.cc
[472/1393] Compiling x86_64-mont-linux.S
[473/1393] Compiling x86_64-mont-apple.S
[474/1393] Compiling err_data.cc
[475/1393] Compiling x86-mont-linux.S
[476/1393] Compiling x86-mont-apple.S
[477/1393] Compiling vpaes-x86_64-linux.S
[478/1393] Compiling vpaes-x86_64-apple.S
[479/1393] Compiling vpaes-x86-linux.S
[480/1393] Compiling vpaes-x86-apple.S
[481/1393] Compiling vpaes-armv8-win.S
[482/1393] Compiling vpaes-armv8-apple.S
[483/1393] Compiling vpaes-armv8-linux.S
[484/1393] Compiling vpaes-armv7-linux.S
[485/1393] Compiling sha512-x86_64-linux.S
[486/1393] Compiling sha512-x86_64-apple.S
[487/1393] Compiling sha512-armv8-linux.S
[488/1393] Compiling sha512-armv8-win.S
[489/1393] Compiling sha512-armv8-apple.S
[490/1393] Compiling bio_ssl.cc
[491/1393] Compiling sha512-armv4-linux.S
[492/1393] Compiling sha512-586-linux.S
[493/1393] Compiling sha512-586-apple.S
[494/1393] Compiling sha256-x86_64-linux.S
[495/1393] Compiling sha256-x86_64-apple.S
[496/1393] Compiling sha256-armv8-win.S
[497/1393] Compiling sha256-586-linux.S
[498/1393] Compiling sha256-armv4-linux.S
[499/1393] Compiling sha256-armv8-apple.S
[500/1393] Compiling sha256-586-apple.S
[501/1393] Compiling sha256-armv8-linux.S
[502/1393] Compiling sha1-x86_64-apple.S
[503/1393] Compiling sha1-x86_64-linux.S
[503/1393] Compiling sha1-armv8-win.S
[505/1393] Compiling sha1-586-linux.S
[506/1393] Compiling sha1-armv4-large-linux.S
[507/1393] Compiling sha1-armv8-apple.S
[508/1393] Compiling sha1-586-apple.S
[509/1393] Compiling rsaz-avx2-apple.S
[510/1393] Compiling rsaz-avx2-linux.S
[511/1393] Compiling sha1-armv8-linux.S
[512/1393] Compiling rdrand-x86_64-linux.S
[513/1393] Compiling p256_beeu-x86_64-asm-linux.S
[514/1393] Compiling p256_beeu-x86_64-asm-apple.S
[515/1393] Compiling p256_beeu-armv8-asm-win.S
[516/1393] Compiling rdrand-x86_64-apple.S
[517/1393] Compiling d1_lib.cc
[518/1393] Compiling p256_beeu-armv8-asm-apple.S
[518/1393] Compiling p256_beeu-armv8-asm-linux.S
[520/1393] Compiling p256-x86_64-asm-apple.S
[521/1393] Compiling p256-x86_64-asm-linux.S
[522/1393] Compiling p256-armv8-asm-apple.S
[523/1393] Compiling p256-armv8-asm-win.S
[524/1393] Compiling ghashv8-armv8-win.S
[525/1393] Compiling ghashv8-armv8-linux.S
[526/1393] Compiling ghashv8-armv7-linux.S
[527/1393] Compiling ghashv8-armv8-apple.S
[528/1393] Compiling ghash-x86_64-apple.S
[529/1393] Compiling p256-armv8-asm-linux.S
[530/1393] Compiling ghash-x86_64-linux.S
[531/1393] Compiling ghash-x86-linux.S
[532/1393] Compiling ghash-x86-apple.S
[533/1393] Compiling ghash-ssse3-x86_64-apple.S
[534/1393] Compiling ghash-ssse3-x86-apple.S
[535/1393] Compiling ghash-ssse3-x86-linux.S
[536/1393] Compiling ghash-neon-armv8-linux.S
[537/1393] Compiling ghash-neon-armv8-win.S
[538/1393] Compiling ghash-neon-armv8-apple.S
[539/1393] Compiling ghash-ssse3-x86_64-linux.S
[540/1393] Compiling co-586-linux.S
[541/1393] Compiling ghash-armv4-linux.S
[542/1393] Compiling co-586-apple.S
[543/1393] Compiling bsaes-armv7-linux.S
[544/1393] Compiling bn-armv8-win.S
[545/1393] Compiling bn-armv8-apple.S
[546/1393] Compiling bn-armv8-linux.S
[547/1393] Compiling bn-586-linux.S
[548/1393] Compiling bn-586-apple.S
[549/1393] Compiling armv8-mont-apple.S
[550/1393] Compiling armv8-mont-win.S
[551/1393] Compiling armv4-mont-linux.S
[552/1393] Compiling aesv8-gcm-armv8-win.S
[553/1393] Compiling armv8-mont-linux.S
[554/1393] Compiling aesv8-gcm-armv8-apple.S
[555/1393] Compiling aesv8-armv8-win.S
[556/1393] Compiling aesv8-gcm-armv8-linux.S
[557/1393] Compiling aesv8-armv8-apple.S
[557/1393] Compiling aesv8-armv7-linux.S
[559/1393] Compiling aesni-x86_64-linux.S
[560/1393] Compiling aesni-x86_64-apple.S
[561/1393] Compiling aesv8-armv8-linux.S
[562/1393] Compiling aesni-x86-linux.S
[563/1393] Compiling aesni-gcm-x86_64-apple.S
[564/1393] Compiling aesni-x86-apple.S
[565/1393] Compiling aesni-gcm-x86_64-linux.S
[566/1393] Compiling aes-gcm-avx2-x86_64-linux.S
[567/1393] Compiling aes-gcm-avx10-x86_64-linux.S
[568/1393] Compiling aes-gcm-avx10-x86_64-apple.S
[569/1393] Compiling aes-gcm-avx2-x86_64-apple.S
[570/1393] Compiling d1_both.cc
[571/1393] Compiling x_val.cc
[572/1393] Compiling x_x509.cc
[573/1393] Compiling x_x509a.cc
[574/1393] Compiling x_req.cc
[575/1393] Compiling x_spki.cc
[576/1393] Compiling x_sig.cc
[577/1393] Compiling x_pubkey.cc
[578/1393] Compiling x_name.cc
[579/1393] Compiling x_exten.cc
[580/1393] Compiling x_attrib.cc
[581/1393] Compiling x_crl.cc
[582/1393] Compiling x_algor.cc
[583/1393] Compiling x509spki.cc
[584/1393] Compiling x_all.cc
[585/1393] Compiling x509rset.cc
[586/1393] Compiling x509name.cc
[587/1393] Compiling x509cset.cc
[588/1393] Compiling x509_vpm.cc
[589/1393] Compiling x509_vfy.cc
[590/1393] Compiling x509_v3.cc
[591/1393] Compiling x509_txt.cc
[592/1393] Compiling x509_trs.cc
[593/1393] Compiling x509_set.cc
[594/1393] Compiling x509_req.cc
[595/1393] Compiling x509_lu.cc
[596/1393] Compiling x509_ext.cc
[597/1393] Compiling x509_def.cc
[598/1393] Compiling x509_obj.cc
[599/1393] Compiling x509.cc
[600/1393] Compiling x509_d2.cc
[601/1393] Compiling x509_cmp.cc
[602/1393] Compiling x509_att.cc
[603/1393] Compiling v3_utl.cc
[604/1393] Compiling v3_skey.cc
[605/1393] Compiling v3_prn.cc
[606/1393] Compiling v3_purp.cc
[607/1393] Compiling v3_pcons.cc
[608/1393] Compiling v3_pmaps.cc
[609/1393] Compiling v3_ocsp.cc
[610/1393] Compiling v3_ncons.cc
[611/1393] Compiling v3_int.cc
[612/1393] Compiling v3_lib.cc
[613/1393] Compiling v3_ia5.cc
[614/1393] Compiling v3_info.cc
[615/1393] Compiling v3_genn.cc
[616/1393] Compiling v3_enum.cc
[617/1393] Compiling v3_extku.cc
[618/1393] Compiling v3_crld.cc
[619/1393] Compiling v3_conf.cc
[620/1393] Compiling v3_cpols.cc
[621/1393] Compiling v3_bitst.cc
[622/1393] Compiling v3_bcons.cc
[623/1393] Compiling t_x509a.cc
[624/1393] Compiling v3_akeya.cc
[625/1393] Compiling v3_akey.cc
[626/1393] Compiling v3_alt.cc
[627/1393] Compiling t_req.cc
[628/1393] Compiling t_crl.cc
[629/1393] Compiling i2d_pr.cc
[630/1393] Compiling t_x509.cc
[631/1393] Compiling name_print.cc
[632/1393] Compiling rsa_pss.cc
[633/1393] Compiling policy.cc
[634/1393] Compiling by_file.cc
[635/1393] Compiling asn1_gen.cc
[636/1393] Compiling by_dir.cc
[637/1393] Compiling a_sign.cc
[638/1393] Compiling algorithm.cc
[639/1393] Compiling a_verify.cc
[640/1393] Compiling a_digest.cc
[641/1393] Compiling voprf.cc
[642/1393] Compiling trust_token.cc
[643/1393] Compiling thread.cc
[644/1393] Compiling thread_none.cc
[645/1393] Compiling thread_win.cc
[646/1393] Compiling thread_pthread.cc
[647/1393] Compiling stack.cc
[648/1393] Compiling pmbtoken.cc
[649/1393] Compiling slhdsa.cc
[650/1393] Compiling siphash.cc
[651/1393] Compiling sha512.cc
[652/1393] Compiling sha256.cc
[653/1393] Compiling spake2plus.cc
[654/1393] Compiling sha1.cc
[655/1393] Compiling rsa_print.cc
[656/1393] Compiling rsa_extra.cc
[657/1393] Compiling rsa_crypt.cc
[658/1393] Compiling refcount.cc
[659/1393] Compiling urandom.cc
[660/1393] Compiling rc4.cc
[661/1393] Compiling windows.cc
[662/1393] Compiling trusty.cc
[663/1393] Compiling rsa_asn1.cc
[664/1393] Compiling getentropy.cc
[665/1393] Compiling rand.cc
[666/1393] Compiling ios.cc
[667/1393] Compiling poly1305_arm_asm.S
[668/1393] Compiling passive.cc
[669/1393] Compiling forkunsafe.cc
[670/1393] Compiling deterministic.cc
[671/1393] Compiling fork_detect.cc
[672/1393] Compiling poly1305_vec.cc
[673/1393] Compiling poly1305_arm.cc
[674/1393] Compiling poly1305.cc
[675/1393] Compiling pool.cc
[676/1393] Compiling pkcs8_x509.cc
[677/1393] Compiling p5_pbev2.cc
[678/1393] Compiling pkcs8.cc
[679/1393] Compiling pkcs7.cc
[680/1393] Compiling pkcs7_x509.cc
[681/1393] Compiling pem_xaux.cc
[682/1393] Compiling pem_x509.cc
[683/1393] Compiling pem_pkey.cc
[684/1393] Compiling pem_oth.cc
[685/1393] Compiling obj_xref.cc
[686/1393] Compiling pem_lib.cc
[687/1393] Compiling pem_all.cc
[688/1393] Compiling pem_pk8.cc
[689/1393] Compiling pem_info.cc
[690/1393] Compiling mlkem.cc
[691/1393] Compiling mldsa.cc
[692/1393] Compiling poly_rq_mul.S
[693/1393] Compiling obj.cc
[694/1393] Compiling fips_shared_support.cc
[695/1393] Compiling md4.cc
[696/1393] Compiling mem.cc
[697/1393] Compiling md5.cc
[698/1393] Compiling lhash.cc
[699/1393] Compiling kyber.cc
[700/1393] Compiling ex_data.cc
[701/1393] Compiling hrss.cc
[702/1393] Compiling sign.cc
[703/1393] Compiling print.cc
[704/1393] Compiling scrypt.cc
[705/1393] Compiling hpke.cc
[706/1393] Compiling pbkdf.cc
[707/1393] Compiling p_x25519.cc
[708/1393] Compiling p_x25519_asn1.cc
[709/1393] Compiling p_rsa.cc
[710/1393] Compiling p_ed25519_asn1.cc
[711/1393] Compiling p_rsa_asn1.cc
[712/1393] Compiling p_hkdf.cc
[713/1393] Compiling p_ed25519.cc
[714/1393] Compiling p_ec.cc
[715/1393] Compiling p_ec_asn1.cc
[716/1393] Compiling p_dh.cc
[717/1393] Compiling p_dh_asn1.cc
[718/1393] Compiling evp_ctx.cc
[719/1393] Compiling p_dsa_asn1.cc
[720/1393] Compiling evp.cc
[721/1393] Compiling evp_asn1.cc
[722/1393] Compiling err.cc
[723/1393] Compiling engine.cc
[724/1393] Compiling ecdh.cc
[725/1393] Compiling hash_to_curve.cc
[726/1393] Compiling ecdsa_asn1.cc
[727/1393] Compiling ec_derive.cc
[728/1393] Compiling bcm.cc
[729/1393] Compiling dsa.cc
[730/1393] Compiling dsa_asn1.cc
[731/1393] Compiling ec_asn1.cc
[732/1393] Compiling x25519-asm-arm.S
[733/1393] Compiling params.cc
[734/1393] Compiling digest_extra.cc
[735/1393] Compiling des.cc
[736/1393] Compiling dh_asn1.cc
[737/1393] Compiling curve25519_64_adx.cc
[738/1393] Compiling crypto.cc
[739/1393] Compiling spake25519.cc
[740/1393] Compiling cpu_intel.cc
[741/1393] Compiling cpu_arm_linux.cc
[742/1393] Compiling curve25519.cc
[743/1393] Compiling cpu_arm_freebsd.cc
[744/1393] Compiling cpu_aarch64_win.cc
[745/1393] Compiling cpu_aarch64_sysreg.cc
[746/1393] Compiling cpu_aarch64_linux.cc
[747/1393] Compiling cpu_aarch64_apple.cc
[748/1393] Compiling cpu_aarch64_openbsd.cc
[749/1393] Compiling cpu_aarch64_fuchsia.cc
[750/1393] Compiling conf.cc
[751/1393] Compiling tls_cbc.cc
[752/1393] Compiling get_cipher.cc
[753/1393] Compiling e_tls.cc
[754/1393] Compiling e_null.cc
[755/1393] Compiling e_rc4.cc
[756/1393] Compiling e_rc2.cc
[757/1393] Compiling e_des.cc
[758/1393] Compiling e_aesctrhmac.cc
[759/1393] Compiling e_chacha20poly1305.cc
[760/1393] Compiling e_aesgcmsiv.cc
[761/1393] Compiling derive_key.cc
[762/1393] Compiling chacha.cc
[763/1393] Compiling unicode.cc
[764/1393] Compiling cbb.cc
[765/1393] Compiling cbs.cc
[766/1393] Compiling buf.cc
[767/1393] Compiling ber.cc
[768/1393] Compiling asn1_compat.cc
[769/1393] Compiling blake2.cc
[770/1393] Compiling convert.cc
[771/1393] Compiling bn_asn1.cc
[772/1393] Compiling socket.cc
[773/1393] Compiling printf.cc
[774/1393] Compiling socket_helper.cc
[775/1393] Compiling pair.cc
[776/1393] Compiling hexdump.cc
[777/1393] Compiling file.cc
[778/1393] Compiling fd.cc
[779/1393] Compiling errno.cc
[780/1393] Compiling bio.cc
[781/1393] Compiling bio_mem.cc
[782/1393] Compiling connect.cc
[783/1393] Compiling base64.cc
[784/1393] Compiling tasn_utl.cc
[785/1393] Compiling tasn_typ.cc
[786/1393] Compiling tasn_fre.cc
[787/1393] Compiling tasn_enc.cc
[788/1393] Compiling f_string.cc
[789/1393] Compiling posix_time.cc
[790/1393] Compiling tasn_new.cc
[791/1393] Compiling tasn_dec.cc
[792/1393] Compiling asn1_par.cc
[793/1393] Compiling f_int.cc
[794/1393] Compiling asn_pack.cc
[795/1393] Compiling a_type.cc
[796/1393] Compiling a_time.cc
[797/1393] Compiling asn1_lib.cc
[798/1393] Compiling a_utctm.cc
[799/1393] Compiling a_octet.cc
[800/1393] Compiling a_strnid.cc
[801/1393] Compiling a_i2d_fp.cc
[802/1393] Compiling a_strex.cc
[803/1393] Compiling a_object.cc
[804/1393] Compiling a_dup.cc
[805/1393] Compiling a_mbstr.cc
[806/1393] Compiling CGoogleGaxCRC32C CGoogleGaxCRC32C.c
[807/1393] Compiling a_int.cc
[808/1393] Compiling fiat_p256_adx_sqr.S
[809/1393] Compiling a_gentm.cc
[810/1393] Compiling a_d2i_fp.cc
[811/1393] Compiling fiat_p256_adx_mul.S
[812/1393] Compiling fiat_curve25519_adx_mul.S
[813/1393] Compiling fiat_curve25519_adx_square.S
[814/1393] Compiling md5-x86_64-linux.S
[815/1393] Compiling md5-x86_64-apple.S
[816/1393] Compiling md5-586-linux.S
[817/1393] Compiling md5-586-apple.S
[818/1393] Compiling a_bitstr.cc
[818/1393] Compiling chacha20_poly1305_x86_64-linux.S
[820/1393] Compiling chacha20_poly1305_x86_64-apple.S
[821/1393] Compiling chacha20_poly1305_armv8-win.S
[822/1393] Compiling CCryptoBoringSSLShims shims.c
[823/1393] Compiling chacha-x86_64-linux.S
[824/1393] Compiling chacha20_poly1305_armv8-linux.S
[825/1393] Compiling chacha20_poly1305_armv8-apple.S
[826/1393] Compiling chacha-x86_64-apple.S
[827/1393] Compiling chacha-x86-linux.S
[828/1393] Compiling chacha-armv8-win.S
[829/1393] Compiling chacha-x86-apple.S
[830/1393] Compiling chacha-armv8-apple.S
[831/1393] Compiling chacha-armv4-linux.S
[832/1393] Compiling chacha-armv8-linux.S
[833/1393] Compiling aes128gcmsiv-x86_64-linux.S
[834/1393] Compiling a_bool.cc
[835/1393] Compiling x86_64-mont5-linux.S
[836/1393] Compiling aes128gcmsiv-x86_64-apple.S
[837/1393] Compiling x86_64-mont-linux.S
[838/1393] Compiling x86_64-mont5-apple.S
[839/1393] Compiling x86-mont-linux.S
[840/1393] Compiling x86-mont-apple.S
[841/1393] Compiling x86_64-mont-apple.S
[842/1393] Compiling vpaes-x86_64-apple.S
[843/1393] Compiling vpaes-x86_64-linux.S
[844/1393] Compiling vpaes-x86-linux.S
[845/1393] Compiling vpaes-x86-apple.S
[846/1393] Compiling vpaes-armv8-linux.S
[847/1393] Compiling vpaes-armv8-win.S
[848/1393] Compiling vpaes-armv8-apple.S
[849/1393] Compiling vpaes-armv7-linux.S
[850/1393] Compiling sha512-x86_64-linux.S
[851/1393] Compiling sha512-x86_64-apple.S
[852/1393] Compiling sha512-armv8-win.S
[853/1393] Compiling sha512-armv8-apple.S
[854/1393] Compiling sha512-armv4-linux.S
[855/1393] Compiling sha512-armv8-linux.S
[856/1393] Compiling sha512-586-linux.S
[857/1393] Compiling sha512-586-apple.S
[858/1393] Compiling sha256-x86_64-linux.S
[859/1393] Compiling sha256-armv8-win.S
[860/1393] Compiling sha256-x86_64-apple.S
[861/1393] Compiling sha256-armv4-linux.S
[861/1393] Compiling sha256-armv8-apple.S
[863/1393] Compiling sha256-armv8-linux.S
[864/1393] Compiling sha256-586-apple.S
[865/1393] Compiling sha256-586-linux.S
[866/1393] Compiling sha1-x86_64-linux.S
[867/1393] Compiling sha1-x86_64-apple.S
[868/1393] Compiling sha1-armv8-win.S
[869/1393] Compiling sha1-armv4-large-linux.S
[870/1393] Compiling sha1-armv8-apple.S
[871/1393] Compiling sha1-armv8-linux.S
[872/1393] Compiling err_data.cc
[873/1393] Compiling rsaz-avx2-linux.S
[874/1393] Compiling sha1-586-apple.S
[875/1393] Compiling sha1-586-linux.S
[876/1393] Compiling p256_beeu-x86_64-asm-linux.S
[877/1393] Compiling rdrand-x86_64-linux.S
[878/1393] Compiling rsaz-avx2-apple.S
[879/1393] Compiling rdrand-x86_64-apple.S
[880/1393] Compiling p256_beeu-x86_64-asm-apple.S
[881/1393] Compiling p256_beeu-armv8-asm-win.S
[882/1393] Compiling p256_beeu-armv8-asm-linux.S
[883/1393] Compiling p256-x86_64-asm-linux.S
[884/1393] Compiling p256-x86_64-asm-apple.S
[885/1393] Compiling p256_beeu-armv8-asm-apple.S
[886/1393] Compiling p256-armv8-asm-win.S
[887/1393] Compiling p256-armv8-asm-apple.S
[888/1393] Compiling ghashv8-armv8-win.S
[889/1393] Compiling p256-armv8-asm-linux.S
[890/1393] Compiling ghashv8-armv8-linux.S
[891/1393] Compiling ghashv8-armv8-apple.S
[892/1393] Compiling ghashv8-armv7-linux.S
[893/1393] Compiling ghash-x86_64-linux.S
[893/1393] Compiling ghash-ssse3-x86_64-linux.S
[895/1393] Compiling ghash-x86-linux.S
[896/1393] Compiling ghash-x86_64-apple.S
[897/1393] Compiling ghash-x86-apple.S
[898/1393] Compiling ghash-neon-armv8-win.S
[899/1393] Compiling ghash-ssse3-x86_64-apple.S
[900/1393] Compiling ghash-ssse3-x86-linux.S
[901/1393] Compiling ghash-ssse3-x86-apple.S
[902/1393] Compiling ghash-neon-armv8-linux.S
[903/1393] Compiling ghash-neon-armv8-apple.S
[904/1393] Compiling co-586-linux.S
[905/1393] Compiling ghash-armv4-linux.S
[906/1393] Compiling co-586-apple.S
[907/1393] Compiling bsaes-armv7-linux.S
[908/1393] Compiling bn-armv8-linux.S
[909/1393] Compiling bn-armv8-win.S
[910/1393] Compiling bn-586-linux.S
[911/1393] Compiling bn-armv8-apple.S
[912/1393] Compiling bn-586-apple.S
[913/1393] Compiling armv8-mont-apple.S
[914/1393] Compiling armv8-mont-linux.S
[915/1393] Compiling armv4-mont-linux.S
[916/1393] Compiling armv8-mont-win.S
[916/1393] Compiling aesv8-gcm-armv8-win.S
[918/1393] Compiling aesv8-armv8-win.S
[919/1393] Compiling aesv8-gcm-armv8-apple.S
[920/1393] Compiling aesv8-armv8-apple.S
[921/1393] Compiling aesv8-armv8-linux.S
[922/1393] Compiling aesv8-armv7-linux.S
[923/1393] Compiling aesni-x86_64-apple.S
[924/1393] Compiling aesni-x86_64-linux.S
[925/1393] Compiling aesni-gcm-x86_64-linux.S
[926/1393] Compiling aesni-x86-linux.S
[927/1393] Compiling aes-gcm-avx512-x86_64-linux.S
[928/1393] Compiling aesni-x86-apple.S
[929/1393] Compiling aes-gcm-avx512-x86_64-apple.S
[930/1393] Compiling aesni-gcm-x86_64-apple.S
[931/1393] Compiling aes-gcm-avx2-x86_64-linux.S
[932/1393] Compiling xwing.cc
[933/1393] Compiling x_spki.cc
[934/1393] Compiling x_sig.cc
[935/1393] Compiling x_x509a.cc
[936/1393] Compiling x_x509.cc
[937/1393] Compiling x_req.cc
[938/1393] Compiling c-nioatomics.c
[939/1393] Compiling x_pubkey.cc
[940/1393] Compiling x_attrib.cc
[941/1393] Compiling x_exten.cc
[942/1393] Compiling x_name.cc
[943/1393] Compiling c-atomics.c
[944/1393] Compiling x_crl.cc
[945/1400] Compiling x_all.cc
[946/1400] Compiling x_algor.cc
[948/1400] Compiling NIOConcurrencyHelpers lock.swift
[949/1400] Compiling NIOConcurrencyHelpers NIOAtomic.swift
[950/1400] Emitting module NIOConcurrencyHelpers
[951/1400] Compiling NIOConcurrencyHelpers NIOLockedValueBox.swift
[952/1400] Compiling NIOConcurrencyHelpers atomics.swift
[953/1400] Compiling NIOConcurrencyHelpers NIOLock.swift
[954/1400] Compiling NIOConcurrencyHelpers NIOThreadPoolWorkAvailable.swift
[955/1401] Compiling x509name.cc
[956/1401] Wrapping AST for NIOConcurrencyHelpers for debugging
[957/1401] Compiling x509rset.cc
[958/1401] Compiling x509cset.cc
[959/1401] Compiling x509spki.cc
[960/1401] Compiling x509_vfy.cc
[961/1401] Compiling x509_vpm.cc
[962/1401] Compiling x509_v3.cc
[963/1401] Compiling x509_txt.cc
[964/1401] Compiling x509_trs.cc
[965/1401] Compiling x509_set.cc
[966/1401] Compiling x509_req.cc
[967/1401] Compiling x509_obj.cc
[968/1401] Compiling x509_def.cc
[969/1401] Compiling x509_lu.cc
[970/1401] Compiling x509_ext.cc
[971/1401] Compiling x509_cmp.cc
[972/1401] Compiling x509_d2.cc
[973/1401] Compiling v3_utl.cc
[974/1401] Compiling x509.cc
[975/1401] Compiling v3_skey.cc
[976/1401] Compiling x509_att.cc
[977/1401] Compiling v3_purp.cc
[978/1401] Compiling v3_prn.cc
[979/1401] Compiling v3_ncons.cc
[980/1401] Compiling v3_ocsp.cc
[981/1401] Compiling v3_pmaps.cc
[982/1401] Compiling v3_int.cc
[983/1401] Compiling v3_lib.cc
[984/1401] Compiling v3_pcons.cc
[985/1401] Compiling v3_info.cc
[986/1401] Compiling v3_ia5.cc
[987/1401] Compiling v3_enum.cc
[988/1401] Compiling v3_conf.cc
[989/1401] Compiling v3_genn.cc
[990/1401] Compiling v3_extku.cc
[991/1401] Compiling v3_crld.cc
[992/1401] Compiling v3_cpols.cc
[993/1401] Compiling v3_bitst.cc
[994/1401] Compiling v3_akeya.cc
[995/1401] Compiling v3_alt.cc
[996/1401] Compiling v3_akey.cc
[997/1401] Compiling v3_bcons.cc
[998/1401] Compiling t_crl.cc
[998/1401] Compiling t_req.cc
[1000/1401] Compiling t_x509.cc
[1001/1401] Compiling policy.cc
[1002/1401] Compiling i2d_pr.cc
[1003/1401] Compiling name_print.cc
[1004/1401] Compiling rsa_pss.cc
[1005/1401] Compiling by_file.cc
[1006/1401] Compiling by_dir.cc
[1007/1401] Compiling algorithm.cc
[1008/1401] Compiling asn1_gen.cc
[1009/1401] Compiling a_digest.cc
[1010/1401] Compiling a_verify.cc
[1011/1401] Compiling a_sign.cc
[1012/1401] Compiling voprf.cc
[1013/1401] Compiling thread_win.cc
[1014/1401] Compiling pmbtoken.cc
[1015/1401] Compiling trust_token.cc
[1016/1401] Compiling thread_pthread.cc
[1017/1401] Compiling thread_none.cc
[1018/1401] Compiling thread.cc
[1019/1401] Compiling stack.cc
[1020/1401] Compiling slhdsa.cc
[1021/1401] Compiling sha512.cc
[1021/1401] Compiling siphash.cc
[1023/1401] Compiling sha256.cc
[1024/1401] Compiling sha1.cc
[1025/1401] Compiling spake2plus.cc
[1026/1401] Compiling rsa_print.cc
[1027/1401] Compiling rsa_extra.cc
[1028/1401] Compiling refcount.cc
[1029/1401] Compiling rc4.cc
[1030/1401] Compiling windows.cc
[1031/1401] Compiling rsa_crypt.cc
[1032/1401] Compiling urandom.cc
[1033/1401] Compiling trusty.cc
[1034/1401] Compiling rand.cc
[1035/1401] Compiling passive.cc
[1036/1401] Compiling fork_detect.cc
[1037/1401] Compiling poly1305_arm_asm.S
[1038/1401] Compiling rsa_asn1.cc
[1039/1401] Compiling getentropy.cc
[1040/1401] Compiling ios.cc
[1041/1401] Compiling forkunsafe.cc
[1042/1401] Compiling deterministic.cc
[1043/1401] Compiling poly1305_vec.cc
[1044/1401] Compiling poly1305_arm.cc
[1045/1401] Compiling poly1305.cc
[1046/1401] Compiling pool.cc
[1047/1401] Compiling pkcs8_x509.cc
[1048/1401] Compiling p5_pbev2.cc
[1049/1401] Compiling pkcs8.cc
[1050/1401] Compiling pkcs7.cc
[1051/1401] Compiling pkcs7_x509.cc
[1052/1401] Compiling pem_pkey.cc
[1053/1401] Compiling pem_xaux.cc
[1054/1401] Compiling pem_pk8.cc
[1055/1401] Compiling pem_x509.cc
[1056/1401] Compiling pem_oth.cc
[1057/1401] Compiling pem_lib.cc
[1058/1401] Compiling mlkem.cc
[1059/1401] Compiling mem.cc
[1060/1401] Compiling pem_info.cc
[1061/1401] Compiling obj_xref.cc
[1062/1401] Compiling mldsa.cc
[1063/1401] Compiling poly_rq_mul.S
[1064/1401] Compiling pem_all.cc
[1065/1401] Compiling obj.cc
[1066/1401] Compiling fips_shared_support.cc
[1067/1401] Compiling lhash.cc
[1068/1401] Compiling fuzzer_mode.cc
[1069/1401] Compiling md5.cc
[1070/1401] Compiling md4.cc
[1071/1401] Compiling hrss.cc
[1072/1401] Compiling ex_data.cc
[1073/1401] Compiling kyber.cc
[1074/1401] Compiling hpke.cc
[1075/1401] Compiling scrypt.cc
[1076/1401] Compiling sign.cc
[1077/1401] Compiling pbkdf.cc
[1078/1401] Compiling print.cc
[1079/1401] Compiling p_x25519_asn1.cc
[1080/1401] Compiling p_x25519.cc
[1081/1401] Compiling p_rsa_asn1.cc
[1082/1401] Compiling p_hkdf.cc
[1083/1401] Compiling p_ed25519.cc
[1084/1401] Compiling p_ed25519_asn1.cc
[1085/1401] Compiling p_ec_asn1.cc
[1086/1401] Compiling p_rsa.cc
[1087/1401] Compiling p_ec.cc
[1088/1401] Compiling p_dh_asn1.cc
[1089/1401] Compiling p_dh.cc
[1090/1401] Compiling p_dsa_asn1.cc
[1091/1401] Compiling evp_ctx.cc
[1092/1401] Compiling err.cc
[1093/1401] Compiling evp.cc
[1094/1401] Compiling evp_asn1.cc
[1095/1401] Compiling ecdsa_p1363.cc
[1096/1401] Compiling engine.cc
[1097/1401] Compiling ecdsa_asn1.cc
[1098/1401] Compiling ecdh.cc
[1099/1401] Compiling ec_derive.cc
[1100/1401] Compiling hash_to_curve.cc
[1101/1401] Compiling ec_asn1.cc
[1102/1401] Compiling digest_extra.cc
[1103/1401] Compiling dsa.cc
[1104/1401] Compiling dsa_asn1.cc
[1105/1401] Compiling x25519-asm-arm.S
[1106/1401] Compiling params.cc
[1107/1401] Compiling curve25519_64_adx.cc
[1108/1401] Compiling des.cc
[1109/1401] Compiling dh_asn1.cc
[1110/1401] Compiling cpu_intel.cc
[1111/1401] Compiling crypto.cc
[1112/1401] Compiling cpu_arm_linux.cc
[1113/1401] Compiling spake25519.cc
[1114/1401] Compiling curve25519.cc
[1115/1401] Compiling cpu_aarch64_win.cc
[1116/1401] Compiling cpu_arm_freebsd.cc
[1117/1401] Compiling cpu_aarch64_sysreg.cc
[1118/1401] Compiling cpu_aarch64_openbsd.cc
[1119/1401] Compiling cpu_aarch64_apple.cc
[1120/1401] Compiling cpu_aarch64_linux.cc
[1121/1401] Compiling cpu_aarch64_fuchsia.cc
[1122/1401] Compiling conf.cc
[1123/1401] Compiling tls_cbc.cc
[1124/1401] Compiling e_rc4.cc
[1125/1401] Compiling e_tls.cc
[1126/1401] Compiling get_cipher.cc
[1127/1401] Compiling cms.cc
[1128/1401] Compiling e_rc2.cc
[1129/1401] Compiling e_null.cc
[1130/1401] Compiling e_des.cc
[1131/1401] Compiling e_chacha20poly1305.cc
[1132/1401] Compiling e_aeseax.cc
[1133/1401] Compiling e_aesgcmsiv.cc
[1134/1401] Compiling e_aesctrhmac.cc
[1135/1401] Compiling derive_key.cc
[1136/1401] Compiling chacha.cc
[1137/1401] Compiling unicode.cc
[1138/1401] Compiling buf.cc
[1139/1401] Compiling cbb.cc
[1140/1401] Compiling cbs.cc
[1141/1401] Compiling sqrt.cc
[1142/1401] Compiling ber.cc
[1143/1401] Compiling asn1_compat.cc
[1144/1401] Compiling exponentiation.cc
[1145/1401] Compiling blake2.cc
[1146/1401] Compiling div.cc
[1147/1401] Compiling bn_asn1.cc
[1148/1401] Compiling printf.cc
[1149/1401] Compiling pair.cc
[1150/1401] Compiling fd.cc
[1151/1401] Compiling convert.cc
[1152/1401] Compiling file.cc
[1153/1401] Compiling bio_mem.cc
[1154/1401] Compiling hexdump.cc
[1155/1401] Compiling errno.cc
[1156/1401] Compiling base64.cc
[1157/1401] Compiling tasn_typ.cc
[1158/1401] Compiling bio.cc
[1159/1401] Compiling tasn_utl.cc
[1160/1401] Compiling tasn_fre.cc
[1161/1401] Compiling tasn_enc.cc
[1162/1401] Compiling posix_time.cc
[1163/1401] Compiling tasn_new.cc
[1164/1401] Compiling bcm.cc
[1165/1401] Compiling f_int.cc
[1166/1401] Compiling tasn_dec.cc
[1167/1401] Compiling f_string.cc
[1168/1401] Compiling asn_pack.cc
[1169/1401] Compiling asn1_par.cc
[1170/1401] Compiling a_octet.cc
[1171/1401] Compiling asn1_lib.cc
[1172/1401] Compiling a_type.cc
[1173/1401] Compiling a_utctm.cc
[1174/1401] Compiling a_strex.cc
[1175/1401] Compiling CAsyncHTTPClient CAsyncHTTPClient.c
[1176/1401] Write sources
[1224/1401] Compiling a_time.cc
[1224/1401] Write sources
[1227/1401] Compiling a_dup.cc
[1228/1419] Compiling a_object.cc
[1229/1444] Compiling a_gentm.cc
[1230/1444] Compiling a_mbstr.cc
[1232/1444] Compiling Algorithms Combinations.swift
[1233/1444] Compiling Algorithms Compacted.swift
[1234/1444] Compiling Algorithms Cycle.swift
[1235/1446] Compiling Algorithms FlattenCollection.swift
[1236/1446] Compiling Algorithms Grouped.swift
[1237/1446] Compiling Algorithms EitherSequence.swift
[1238/1446] Compiling Algorithms FirstNonNil.swift
[1239/1446] Compiling Algorithms RandomSample.swift
[1240/1446] Compiling Algorithms Reductions.swift
[1241/1446] Compiling Algorithms Keyed.swift
[1242/1446] Compiling Algorithms MinMax.swift
[1242/1446] Compiling aes.cc
[1244/1446] Compiling Atomics IntegerOperations.swift
[1245/1446] Compiling Atomics Unmanaged extensions.swift
[1245/1446] Compiling a_bitstr.cc
[1247/1454] Compiling Algorithms Split.swift
[1248/1454] Compiling Algorithms Stride.swift
[1249/1454] Compiling Algorithms Suffix.swift
[1254/1457] Compiling Algorithms Permutations.swift
[1255/1457] Compiling Algorithms Product.swift
[1256/1457] Compiling Algorithms Joined.swift
[1265/1457] Compiling Algorithms Indexed.swift
[1266/1457] Compiling Algorithms Intersperse.swift
[1267/1457] Compiling CryptoBoringWrapper RandomBytes.swift
[1268/1457] Compiling Algorithms Trim.swift
[1269/1457] Compiling Algorithms Unique.swift
[1270/1457] Compiling Algorithms Windows.swift
[1271/1457] Compiling CryptoBoringWrapper CryptoKitErrors_boring.swift
[1272/1457] Compiling CryptoBoringWrapper FiniteFieldArithmeticContext.swift
[1273/1457] Compiling CryptoBoringWrapper EllipticCurvePoint.swift
[1274/1457] Compiling CryptoBoringWrapper ArbitraryPrecisionInteger.swift
[1275/1457] Compiling CryptoBoringWrapper EllipticCurve.swift
[1276/1457] Emitting module CryptoBoringWrapper
[1277/1457] Compiling CryptoBoringWrapper BoringSSLAEAD.swift
[1279/1458] Compiling Algorithms AdjacentPairs.swift
[1280/1458] Compiling Algorithms Chain.swift
[1281/1458] Compiling Algorithms Chunked.swift
[1282/1458] Wrapping AST for CryptoBoringWrapper for debugging
[1284/1542] Emitting module Algorithms
[1286/1543] Emitting module Atomics
[1287/1543] Compiling Crypto ASN1Identifier.swift
[1288/1543] Compiling Crypto ASN1Integer.swift
[1289/1543] Compiling Crypto ASN1Null.swift
[1290/1543] Compiling Crypto AES-GCM.swift
[1291/1543] Compiling Crypto AES-GCM_boring.swift
[1292/1543] Compiling Crypto ChaChaPoly_boring.swift
[1292/1544] Wrapping AST for Algorithms for debugging
[1294/1544] Wrapping AST for Atomics for debugging
[1296/1608] Compiling Crypto HPKE-LabeledExtract.swift
[1297/1608] Compiling Crypto HPKE-Utils.swift
[1298/1608] Compiling Crypto DHKEM.swift
[1299/1608] Compiling Crypto HPKE-KEM-Curve25519.swift
[1300/1608] Compiling Crypto HPKE-NIST-EC-KEMs.swift
[1301/1608] Compiling Crypto HPKE-KEM.swift
[1302/1608] Compiling Crypto HPKE-Errors.swift
[1303/1608] Compiling Crypto HPKE.swift
[1304/1608] Compiling Crypto HPKE-Context.swift
[1305/1608] Compiling Crypto HPKE-KeySchedule.swift
[1306/1608] Compiling Crypto HPKE-Modes.swift
[1307/1608] Compiling Crypto Insecure.swift
[1308/1619] Compiling NIOCore NIOCoreSendableMetatype.swift
[1309/1619] Compiling NIOCore NIODecodedAsyncSequence.swift
[1310/1619] Compiling NIOCore NIOLoopBound.swift
[1311/1619] Compiling NIOCore NIOPooledRecvBufferAllocator.swift
[1312/1619] Compiling NIOCore NIOScheduledCallback.swift
[1313/1619] Compiling NIOCore NIOSendable.swift
[1314/1619] Compiling NIOCore NIOSplitLinesMessageDecoder.swift
[1315/1619] Compiling NIOCore NIOTransportAccessibleChannelCore.swift
[1316/1619] Compiling NIOCore RecvByteBufferAllocator.swift
[1323/1627] Compiling NIOCore EventLoopFuture+Deprecated.swift
[1324/1627] Compiling NIOCore EventLoopFuture+WithEventLoop.swift
[1325/1627] Compiling NIOCore EventLoopFuture.swift
[1326/1627] Compiling NIOCore FileDescriptor.swift
[1327/1627] Compiling NIOCore FileHandle.swift
[1328/1627] Compiling NIOCore FileRegion.swift
[1329/1627] Emitting module Crypto
[1330/1627] Compiling NIOCore ChannelInvoker.swift
[1331/1627] Compiling NIOCore ChannelOption.swift
[1332/1627] Compiling NIOCore ChannelPipeline.swift
[1333/1627] Compiling NIOCore CircularBuffer.swift
[1334/1627] Compiling NIOCore Codec.swift
[1335/1627] Compiling NIOCore ConvenienceOptionSupport.swift
[1336/1627] Compiling NIOCore DeadChannel.swift
[1337/1627] Compiling NIOCore DispatchQueue+WithFuture.swift
[1338/1627] Compiling NIOCore EventLoop+Deprecated.swift
[1339/1627] Compiling NIOCore EventLoop+SerialExecutor.swift
[1340/1627] Compiling NIOCore EventLoop.swift
[1341/1627] Compiling NIOCore EventLoopFuture+AssumeIsolated.swift
[1342/1627] Compiling NIOCore ByteBuffer-binaryEncodedLengthPrefix.swift
[1343/1627] Compiling NIOCore ByteBuffer-conversions.swift
[1344/1627] Compiling NIOCore ByteBuffer-core.swift
[1345/1627] Compiling NIOCore ByteBuffer-hex.swift
[1346/1627] Compiling NIOCore ByteBuffer-int.swift
[1347/1627] Compiling NIOCore ByteBuffer-lengthPrefix.swift
[1348/1627] Compiling NIOCore ByteBuffer-multi-int.swift
[1349/1627] Compiling NIOCore ByteBuffer-quicBinaryEncodingStrategy.swift
[1350/1627] Compiling NIOCore ByteBuffer-views.swift
[1351/1627] Compiling NIOCore Channel.swift
[1352/1627] Compiling NIOCore ChannelHandler.swift
[1353/1627] Compiling NIOCore ChannelHandlers.swift
[1354/1627] Compiling NIOCore AddressedEnvelope.swift
[1355/1627] Compiling NIOCore AsyncAwaitSupport.swift
[1356/1627] Compiling NIOCore AsyncChannel.swift
[1357/1627] Compiling NIOCore AsyncChannelHandler.swift
[1358/1627] Compiling NIOCore AsyncChannelInboundStream.swift
[1359/1627] Compiling NIOCore AsyncChannelOutboundWriter.swift
[1360/1627] Compiling NIOCore NIOAsyncSequenceProducer.swift
[1361/1627] Compiling NIOCore NIOAsyncSequenceProducerStrategies.swift
[1362/1627] Compiling NIOCore NIOAsyncWriter.swift
[1363/1627] Compiling NIOCore NIOThrowingAsyncSequenceProducer.swift
[1364/1627] Compiling NIOCore BSDSocketAPI.swift
[1365/1627] Compiling NIOCore ByteBuffer-aux.swift
[1366/1627] Compiling Crypto Signature.swift
[1367/1627] Compiling Crypto CryptoKitErrors_boring.swift
[1368/1627] Compiling Crypto Optional+withUnsafeBytes_boring.swift
[1369/1627] Compiling Crypto RNG_boring.swift
[1370/1627] Compiling Crypto SafeCompare_boring.swift
[1371/1627] Compiling Crypto Zeroization_boring.swift
[1372/1627] Compiling Crypto _CryptoModuleAnchor.swift
[1373/1627] Compiling Crypto PrettyBytes.swift
[1374/1627] Compiling Crypto SafeCompare.swift
[1375/1627] Compiling Crypto SecureBytes.swift
[1376/1627] Compiling Crypto Zeroization.swift
[1377/1627] Compiling NIOCore IPProtocol.swift
[1378/1627] Compiling NIOCore IntegerBitPacking.swift
[1379/1627] Compiling NIOCore IntegerTypes.swift
[1380/1627] Compiling NIOCore Interfaces.swift
[1381/1627] Compiling NIOCore Linux.swift
[1382/1627] Compiling NIOCore MarkedCircularBuffer.swift
[1383/1627] Compiling NIOCore MulticastChannel.swift
[1384/1627] Compiling NIOCore NIOAny.swift
[1385/1627] Compiling NIOCore NIOCloseOnErrorHandler.swift
[1392/1627] Compiling NIOCore GlobalSingletons.swift
[1393/1627] Compiling NIOCore IO.swift
[1394/1627] Compiling NIOCore IOData.swift
[1398/1627] Compiling NIOCore SingleStepByteToMessageDecoder.swift
[1399/1627] Compiling NIOCore SocketAddresses.swift
[1400/1627] Compiling NIOCore SocketOptionProvider.swift
[1401/1627] Compiling NIOCore SystemCallHelpers.swift
[1402/1627] Compiling NIOCore TimeAmount+Duration.swift
[1403/1627] Compiling NIOCore TypeAssistedChannelHandler.swift
[1404/1627] Compiling NIOCore UniversalBootstrapSupport.swift
[1405/1627] Compiling NIOCore Utilities.swift
[1418/1628] Wrapping AST for Crypto for debugging
[1420/1690] Compiling CryptoExtras CMAC.swift
[1421/1690] Compiling CryptoExtras ARC+API.swift
[1422/1690] Compiling CryptoExtras ARC.swift
[1423/1690] Compiling CryptoExtras ARCCredential.swift
[1424/1690] Compiling CryptoExtras ARCEncoding.swift
[1425/1690] Compiling CryptoExtras ARCPrecredential.swift
[1426/1690] Compiling CryptoExtras ARCPresentation.swift
[1427/1690] Compiling CryptoExtras ARCRequest.swift
[1428/1690] Compiling CryptoExtras ARCResponse.swift
[1437/1690] Compiling CryptoExtras Data+Extensions.swift
[1438/1690] Compiling CryptoExtras DigestType.swift
[1439/1690] Compiling CryptoExtras Error.swift
[1440/1690] Compiling CryptoExtras I2OSP.swift
[1441/1690] Compiling CryptoExtras IntegerEncoding.swift
[1442/1690] Compiling CryptoExtras PEMDocument.swift
[1443/1690] Compiling CryptoExtras PrettyBytes.swift
[1444/1690] Compiling CryptoExtras SubjectPublicKeyInfo.swift
[1445/1698] Emitting module CryptoExtras
[1446/1698] Compiling CryptoExtras ThreadOps.swift
[1447/1698] Compiling CryptoExtras ThreadPosix.swift
[1448/1698] Compiling CryptoExtras ThreadSpecific.swift
[1449/1698] Compiling CryptoExtras ThreadWindows.swift
[1450/1698] Compiling CryptoExtras DLEQ.swift
[1451/1698] Compiling CryptoExtras Prover.swift
[1452/1698] Compiling CryptoExtras Verifier.swift
[1453/1698] Compiling CryptoExtras ZKPToolbox.swift
[1463/1698] Compiling CryptoExtras PKCS8DERRepresentation.swift
[1464/1698] Compiling CryptoExtras PKCS8PrivateKey.swift
[1465/1698] Compiling CryptoExtras RFC8410AlgorithmIdentifier.swift
[1466/1698] Compiling CryptoExtras ECToolbox_boring.swift
[1467/1698] Compiling CryptoExtras ECToolbox.swift
[1468/1698] Compiling CryptoExtras HashToField.swift
[1469/1698] Compiling CryptoExtras KDF.swift
[1470/1698] Compiling CryptoExtras PBKDF2_boring.swift
[1471/1698] Compiling CryptoExtras PBKDF2_commoncrypto.swift
[1472/1698] Compiling CryptoExtras PBKDF2.swift
[1473/1698] Compiling CryptoExtras Scrypt_boring.swift
[1474/1698] Compiling CryptoExtras Scrypt.swift
[1475/1698] Compiling CryptoExtras OPRF.swift
[1476/1698] Compiling CryptoExtras OPRFClient.swift
[1477/1698] Compiling CryptoExtras OPRFServer.swift
[1478/1698] Compiling CryptoExtras VOPRF+API.swift
[1479/1698] Compiling CryptoExtras VOPRFClient.swift
[1480/1698] Compiling CryptoExtras VOPRFServer.swift
[1481/1698] Compiling CryptoExtras BoringSSLPassphraseCallbackManager.swift
[1482/1698] Compiling CryptoExtras RSA+BlindSigning.swift
[1483/1698] Compiling CryptoExtras RSA.swift
[1484/1698] Compiling CryptoExtras RSA_boring.swift
[1485/1698] Compiling CryptoExtras Reexport.swift
[1486/1698] Compiling CryptoExtras Zeroization_boring.swift
[1487/1698] Compiling CryptoExtras BoringSSLHelpers.swift
[1488/1698] Compiling CryptoExtras CryptoKitErrors_boring.swift
[1489/1698] Compiling CryptoExtras ARCServer.swift
[1490/1698] Compiling CryptoExtras ChaCha20CTR_boring.swift
[1491/1698] Compiling CryptoExtras ChaCha20CTR.swift
[1492/1698] Compiling CryptoExtras BoringSSLSHA512256Context.swift
[1493/1698] Compiling CryptoExtras BoringSSLSHA512256HashFunction.swift
[1494/1698] Compiling CryptoExtras SHA512256.swift
[1495/1698] Compiling CryptoExtras SHA512256Digest.swift
[1496/1698] Compiling CryptoExtras Curve25519+PEM.swift
[1497/1698] Compiling CryptoExtras ObjectIdentifier.swift
[1498/1698] Compiling CryptoExtras AES_CBC.swift
[1499/1698] Compiling CryptoExtras AES_CFB.swift
[1500/1698] Compiling CryptoExtras AES_CTR.swift
[1501/1698] Compiling CryptoExtras AES_GCM_SIV.swift
[1502/1698] Compiling CryptoExtras Block Function.swift
[1503/1698] Compiling CryptoExtras AES_CBC_boring.swift
[1504/1698] Compiling CryptoExtras AES_CFB_boring.swift
[1505/1698] Compiling CryptoExtras AES_CTR_boring.swift
[1506/1698] Compiling CryptoExtras AES_GCM_SIV_boring.swift
[1507/1699] Wrapping AST for CryptoExtras for debugging
[1509/1701] Emitting module _CryptoExtras
[1510/1701] Compiling _CryptoExtras Exports.swift
[1511/1702] Wrapping AST for _CryptoExtras for debugging
[1513/1797] Compiling X509 CertificateSerialNumber.swift
[1514/1797] Compiling X509 CertificateVersion.swift
[1515/1797] Compiling X509 CMSAttribute.swift
[1516/1797] Compiling X509 CMSContentInfo.swift
[1517/1797] Compiling X509 CMSEncapsulatedContentInfo.swift
[1518/1797] Compiling X509 OCSPExtensionID.swift
[1519/1797] Compiling X509 OCSPNonce.swift
[1520/1797] Compiling X509 OCSPPolicy.swift
[1521/1797] Compiling X509 OCSPRequest.swift
[1522/1797] Compiling X509 DomainComponent.swift
[1523/1797] Compiling X509 EmailAddress.swift
[1524/1797] Compiling X509 LocalityName.swift
[1525/1797] Compiling X509 OrganizationName.swift
[1526/1797] Compiling X509 OrganizationalUnitName.swift
[1527/1797] Compiling X509 StateOrProvinceName.swift
[1528/1797] Compiling X509 StreetAddress.swift
[1529/1797] Compiling X509 Error.swift
[1530/1797] Compiling X509 AuthorityInformationAccess.swift
[1531/1797] Compiling X509 OCSPResponse.swift
[1532/1797] Compiling X509 OCSPResponseBytes.swift
[1533/1797] Compiling X509 OCSPResponseData.swift
[1534/1797] Compiling X509 OCSPResponseStatus.swift
[1535/1797] Compiling X509 OCSPSignature.swift
[1536/1797] Compiling X509 OCSPSingleRequest.swift
[1537/1797] Compiling X509 OCSPSingleResponse.swift
[1538/1797] Compiling X509 OCSPTBSRequest.swift
[1539/1797] Compiling X509 OCSPVersion.swift
[1540/1797] Emitting module NIOCore
[1541/1804] Wrapping AST for NIOCore for debugging
[1543/1855] Compiling NIOEmbedded AsyncTestingChannel.swift
[1544/1855] Emitting module NIOFoundationEssentialsCompat
[1545/1855] Emitting module NIOEmbedded
[1546/1855] Compiling NIOFoundationEssentialsCompat Codable+ByteBuffer.swift
[1547/1855] Compiling NIOFoundationEssentialsCompat ByteBuffer-foundation.swift
[1548/1856] Wrapping AST for NIOFoundationEssentialsCompat for debugging
[1550/1856] Compiling NIOEmbedded Embedded.swift
[1551/1856] Compiling NIOEmbedded AsyncTestingEventLoop.swift
[1552/1857] Wrapping AST for NIOEmbedded for debugging
[1554/1857] Compiling X509 OneOfPolicies.swift
[1555/1857] Compiling X509 PolicyBuilder.swift
[1556/1857] Compiling X509 BasicConstraintsPolicy.swift
[1557/1857] Compiling X509 DNSNames.swift
[1558/1857] Compiling X509 ExpiryPolicy.swift
[1559/1857] Compiling X509 IPConstraints.swift
[1560/1857] Compiling X509 NameConstraintsPolicy.swift
[1561/1857] Compiling X509 RFC5280Policy.swift
[1562/1857] Compiling X509 URIConstraints.swift
[1563/1857] Compiling X509 VersionPolicy.swift
[1564/1857] Compiling X509 ServerIdentityPolicy.swift
[1565/1857] Compiling X509 TrustRootLoading.swift
[1566/1857] Compiling X509 UnverifiedChain.swift
[1567/1870] Compiling X509 PKCS8PrivateKey.swift
[1568/1870] Compiling X509 PromiseAndFuture.swift
[1569/1870] Compiling X509 RDNAttribute.swift
[1570/1870] Compiling X509 RandomNumberGenerator+bytes.swift
[1571/1870] Compiling X509 RelativeDistinguishedName.swift
[1572/1870] Compiling X509 SEC1PrivateKey.swift
[1573/1870] Compiling X509 SecKeyWrapper.swift
[1574/1870] Compiling X509 Signature.swift
[1575/1870] Compiling X509 SignatureAlgorithm.swift
[1576/1870] Compiling X509 AllOfPolicies.swift
[1577/1870] Compiling X509 AnyPolicy.swift
[1578/1870] Compiling X509 CertificateStore.swift
[1579/1870] Compiling X509 CustomCertificateStore.swift
[1580/1870] Compiling NIOPosix SelectorUring.swift
[1581/1870] Compiling NIOPosix MultiThreadedEventLoopGroup.swift
[1582/1870] Compiling NIOPosix NIOPosixSendableMetatype.swift
[1583/1870] Compiling NIOPosix NIORandomizedDNSResolver.swift
[1584/1870] Compiling NIOPosix NIOThreadPool.swift
[1585/1870] Compiling NIOPosix NonBlockingFileIO.swift
[1586/1870] Compiling NIOPosix PendingDatagramWritesManager.swift
[1587/1870] Compiling NIOPosix PendingWritesManager.swift
[1588/1870] Compiling NIOPosix PipeChannel.swift
[1589/1870] Compiling NIOPosix PipePair.swift
[1590/1870] Compiling NIOPosix Pool.swift
[1591/1870] Compiling NIOPosix PosixSingletons+ConcurrencyTakeOver.swift
[1592/1870] Compiling NIOPosix PosixSingletons.swift
[1593/1870] Compiling NIOPosix RawSocketBootstrap.swift
[1594/1870] Compiling NIOPosix Resolver.swift
[1595/1870] Compiling NIOPosix SelectorWSAPoll.swift
[1596/1870] Compiling NIOPosix ServerSocket.swift
[1597/1870] Compiling NIOPosix Socket.swift
[1598/1870] Compiling NIOPosix SocketChannel.swift
[1599/1870] Compiling NIOPosix SocketProtocols.swift
[1600/1870] Compiling NIOPosix StructuredConcurrencyHelpers.swift
[1601/1870] Compiling NIOPosix System.swift
[1602/1870] Compiling X509 CustomPrivateKey.swift
[1603/1870] Compiling X509 Digests.swift
[1604/1870] Compiling X509 DistinguishedName.swift
[1605/1870] Compiling X509 CommonName.swift
[1606/1870] Compiling X509 CountryName.swift
[1607/1870] Compiling X509 DNBuilder.swift
[1608/1870] Compiling X509 NameConstraints.swift
[1609/1870] Compiling X509 SubjectAlternativeName.swift
[1610/1870] Compiling X509 SubjectKeyIdentifier.swift
[1611/1870] Compiling X509 Extension.swift
[1612/1870] Compiling X509 Extensions.swift
[1613/1870] Compiling X509 ExtensionsBuilder.swift
[1614/1870] Compiling X509 GeneralName.swift
[1615/1870] Compiling X509 Lock.swift
[1616/1870] Compiling X509 LockedValueBox.swift
[1617/1870] Compiling X509 BasicOCSPResponse.swift
[1618/1870] Compiling X509 DirectoryString.swift
[1619/1870] Compiling X509 OCSPCertID.swift
[1620/1870] Compiling X509 OCSPCertStatus.swift
[1621/1870] Compiling NIOPosix BSDSocketAPICommon.swift
[1622/1870] Compiling NIOPosix BSDSocketAPIPosix.swift
[1623/1870] Compiling NIOPosix BSDSocketAPIWindows.swift
[1624/1870] Compiling NIOPosix BaseSocket.swift
[1625/1870] Compiling NIOPosix BaseSocketChannel+AccessibleTransport.swift
[1626/1870] Compiling NIOPosix BaseSocketChannel+SocketOptionProvider.swift
[1627/1870] Compiling NIOPosix BaseSocketChannel.swift
[1628/1870] Compiling NIOPosix Selectable.swift
[1629/1870] Compiling NIOPosix SelectableChannel.swift
[1630/1870] Compiling NIOPosix SelectableEventLoop.swift
[1631/1870] Compiling NIOPosix SelectorEpoll.swift
[1632/1870] Compiling NIOPosix SelectorGeneric.swift
[1633/1870] Compiling NIOPosix SelectorKqueue.swift
[1634/1870] Emitting module NIOPosix
[1656/1877] Compiling NIOPosix Thread.swift
[1657/1877] Compiling NIOPosix ThreadPosix.swift
[1658/1877] Compiling NIOPosix ThreadWindows.swift
[1659/1877] Compiling NIOPosix Utilities.swift
[1660/1877] Compiling NIOPosix VsockAddress.swift
[1661/1877] Compiling NIOPosix VsockChannelEvents.swift
[1662/1877] Compiling NIOPosix Windows.swift
[1663/1877] Compiling NIOPosix BaseStreamSocketChannel.swift
[1664/1877] Compiling NIOPosix Bootstrap.swift
[1665/1877] Compiling NIOPosix ControlMessage.swift
[1666/1877] Compiling NIOPosix DatagramVectorReadManager.swift
[1667/1877] Compiling NIOPosix Errors+Any.swift
[1668/1877] Compiling NIOPosix FileDescriptor.swift
[1669/1877] Compiling NIOPosix GetaddrinfoResolver.swift
[1670/1877] Compiling NIOPosix HappyEyeballs.swift
[1671/1877] Compiling NIOPosix IO.swift
[1672/1877] Compiling NIOPosix IntegerBitPacking.swift
[1673/1877] Compiling NIOPosix IntegerTypes.swift
[1674/1877] Compiling NIOPosix Linux.swift
[1675/1877] Compiling NIOPosix LinuxCPUSet.swift
[1676/1877] Compiling NIOPosix LinuxUring.swift
[1677/1877] Emitting module X509
[1706/1878] Wrapping AST for NIOPosix for debugging
[1708/1880] Emitting module NIO
[1709/1880] Compiling NIO Exports.swift
[1710/1881] Wrapping AST for NIO for debugging
[1712/1920] Compiling NIOFoundationCompat Exports.swift
[1713/1920] Emitting module NIOTLS
[1714/1920] Compiling NIOTLS TLSEvents.swift
[1715/1920] Emitting module NIOFoundationCompat
[1716/1920] Compiling NIOSOCKS SelectedAuthenticationMethod.swift
[1717/1921] Compiling NIOFoundationCompat WaitSpinningRunLoop.swift
[1718/1921] Compiling NIOFoundationCompat JSONSerialization+ByteBuffer.swift
[1719/1922] Compiling NIOTLS ApplicationProtocolNegotiationHandler.swift
[1721/1922] Compiling NIOSOCKS SOCKSResponse.swift
[1722/1922] Compiling NIOTLS NIOTypedApplicationProtocolNegotiationHandler.swift
[1722/1922] Wrapping AST for NIOFoundationCompat for debugging
[1724/1922] Compiling NIOSOCKS ClientStateMachine.swift
[1725/1922] Compiling X509 ValidatedCertificateChain.swift
[1726/1922] Compiling X509 VerificationDiagnostic.swift
[1727/1922] Compiling X509 Verifier.swift
[1728/1922] Compiling X509 VerifierPolicy.swift
[1729/1922] Compiling X509 AlgorithmIdentifier.swift
[1730/1922] Compiling X509 ECDSASignature.swift
[1731/1922] Compiling X509 RSAPKCS1PublicKey.swift
[1732/1922] Compiling X509 SubjectPublicKeyInfo.swift
[1733/1922] Compiling X509 TBSCertificate.swift
[1734/1922] Compiling X509 Time.swift
[1735/1922] Compiling X509 TimeCalculations.swift
[1736/1922] Compiling X509 Validity.swift
[1737/1922] Compiling X509 X509SendableMetatype.swift
[1739/1923] Emitting module NIOSOCKS
[1740/1923] Compiling NIOSOCKS Errors.swift
[1741/1923] Compiling NIOSOCKS Helpers.swift
[1742/1923] Compiling NIOSOCKS AuthenticationMethod.swift
[1743/1923] Compiling NIOSOCKS ClientGreeting.swift
[1744/1923] Compiling NIOSOCKS Messages.swift
[1745/1923] Compiling NIOSOCKS SOCKSRequest.swift
[1746/1923] Compiling NIOSOCKS SOCKSClientHandler.swift
[1747/1923] Compiling NIOSOCKS SOCKSServerHandshakeHandler.swift
[1748/1923] Compiling NIOSOCKS ServerStateMachine.swift
[1750/1924] Compiling NIOTLS ProtocolNegotiationHandlerStateMachine.swift
[1751/1924] Compiling NIOTLS SNIHandler.swift
[1751/1925] Wrapping AST for X509 for debugging
[1755/1947] Wrapping AST for NIOSOCKS for debugging
[1757/1994] Compiling JWTKit ECDSAKeyTypes.swift
[1758/1994] Compiling JWTKit ECDSASigner.swift
[1759/1994] Compiling JWTKit AudienceClaim.swift
[1760/1994] Compiling JWTKit BoolClaim.swift
[1760/1994] Wrapping AST for NIOTLS for debugging
[1762/2024] Compiling NIOSSL NIOSSLHandler.swift
[1763/2024] Compiling NIOSSL SSLPrivateKey.swift
[1764/2024] Compiling NIOSSL SSLPublicKey.swift
[1765/2024] Compiling NIOSSL SecurityFrameworkCertificateVerification.swift
[1766/2024] Compiling JWTKit JWTSerializer.swift
[1767/2024] Compiling JWTKit JWTSigner.swift
[1768/2024] Compiling JWTKit JWTKeyCollection+MLDSA.swift
[1769/2024] Compiling JWTKit MLDSA.swift
[1770/2024] Compiling JWTKit MLDSA65+MLDSAKey.swift
[1771/2024] Compiling JWTKit MLDSA87+MLDSAKey.swift
[1772/2024] Compiling JWTKit MLDSAError.swift
[1773/2024] Compiling JWTKit MLDSAKey.swift
[1774/2024] Compiling JWTKit MLDSASigner.swift
[1775/2033] Compiling JWTKit MLDSAType.swift
[1776/2033] Compiling JWTKit JWTKeyCollection+UnsecuredNone.swift
[1777/2033] Compiling JWTKit UnsecuredNoneSigner.swift
[1778/2033] Compiling JWTKit JWTKeyCollection+RSA.swift
[1779/2033] Compiling JWTKit RSA.swift
[1780/2033] Compiling JWTKit RSAError.swift
[1781/2033] Compiling JWTKit RSASigner.swift
[1782/2033] Compiling JWTKit Base64URL.swift
[1783/2033] Compiling JWTKit CryptoSigner.swift
[1784/2033] Compiling NIOSSL SSLConnection.swift
[1785/2033] Compiling NIOSSL SubjectAlternativeName.swift
[1786/2033] Compiling NIOSSL NIOSSLSecureBytes.swift
[1787/2033] Compiling NIOSSL RNG.swift
[1788/2033] Compiling NIOSSL SafeCompare.swift
[1789/2033] Compiling NIOSSL SSLContext.swift
[1790/2033] Compiling NIOSSL SSLErrors.swift
[1791/2033] Compiling NIOSSL SSLInit.swift
[1792/2033] Compiling NIOSSL SSLPKCS12Bundle.swift
[1793/2033] Compiling JWTKit JWTKeyCollection+EdDSA.swift
[1794/2033] Compiling NIOSSL String+unsafeUninitializedCapacity.swift
[1795/2033] Compiling NIOSSL SSLCertificate.swift
[1796/2033] Compiling NIOSSL AndroidCABundle.swift
[1797/2033] Compiling NIOSSL ByteBufferBIO.swift
[1798/2033] Compiling NIOSSL CustomPrivateKey.swift
[1799/2033] Compiling NIOSSL FreeBSDCABundle.swift
[1800/2033] Compiling NIOSSL IdentityVerification.swift
[1801/2033] Compiling NIOSSL NIOSSLServerHandler.swift
[1802/2033] Compiling NIOSSL ObjectIdentifier.swift
[1803/2033] Compiling NIOSSL PosixPort.swift
[1804/2033] Compiling NIOSSL SSLCallbacks.swift
[1805/2033] Compiling NIOSSL LinuxCABundle.swift
[1806/2033] Compiling NIOSSL NIOSSLClientHandler.swift
[1807/2033] Compiling NIOSSL NIOSSLHandler+Configuration.swift
[1814/2033] Compiling NIOSSL SSLCertificateExtensions.swift
[1815/2033] Compiling NIOSSL SSLCertificateName.swift
[1816/2033] Compiling JWTKit HMAC.swift
[1817/2033] Compiling JWTKit HMACError.swift
[1818/2033] Compiling JWTKit HMACSigner.swift
[1819/2033] Compiling JWTKit JWTKeyCollection+HMAC.swift
[1820/2033] Compiling JWTKit Insecure.swift
[1821/2033] Compiling JWTKit JWK.swift
[1822/2033] Compiling JWTKit JWKIdentifier.swift
[1823/2033] Compiling JWTKit JWKS.swift
[1824/2033] Compiling JWTKit JWKSigner.swift
[1825/2033] Compiling JWTKit JWTAlgorithm.swift
[1826/2033] Compiling JWTKit JWTError.swift
[1827/2033] Compiling JWTKit JWTHeader+CommonFields.swift
[1828/2033] Compiling JWTKit JWTHeader.swift
[1829/2033] Compiling JWTKit JWTHeaderField.swift
[1830/2033] Compiling JWTKit JWTKeyCollection.swift
[1831/2033] Compiling JWTKit JWTParser+MandatoryVerificationFields.swift
[1832/2033] Compiling JWTKit JWTParser.swift
[1833/2033] Compiling JWTKit JWTPayload.swift
[1834/2033] Emitting module NIOHTTP1
[1835/2033] Emitting module JWTKit
[1842/2034] Wrapping AST for NIOHTTP1 for debugging
[1844/2051] Compiling NIOHPACK IntegerCoding.swift
[1845/2052] Compiling NIOHPACK IndexedHeaderTable.swift
[1846/2052] Emitting module NIOSSL
[1847/2056] Compiling NIOHPACK DynamicHeaderTable.swift
[1848/2056] Compiling NIOHPACK HPACKDecoder.swift
[1849/2056] Compiling NIOHTTPCompression HTTPCompression.swift
[1850/2056] Emitting module NIOHTTPCompression
[1861/2056] Compiling NIOHPACK HPACKEncoder.swift
[1862/2056] Compiling NIOHPACK HPACKErrors.swift
[1863/2056] Compiling NIOHPACK HPACKHeader.swift
[1864/2056] Compiling NIOHPACK HuffmanTables.swift
[1865/2056] Compiling NIOHPACK StaticHeaderTable.swift
[1866/2056] Compiling NIOHTTPCompression HTTPDecompressor.swift
[1867/2056] Compiling NIOHTTPCompression HTTPRequestCompressor.swift
[1868/2056] Compiling NIOHTTPCompression HTTPResponseCompressor.swift
[1869/2056] Compiling NIOHPACK HuffmanCoding.swift
[1870/2056] Compiling NIOHTTPCompression HTTPDecompression.swift
[1872/2057] Emitting module NIOHPACK
[1873/2057] Compiling JWTKit CustomizedJSONCoders.swift
[1874/2057] Compiling JWTKit Utilities.swift
[1875/2057] Compiling JWTKit AppleIdentityToken.swift
[1876/2057] Compiling JWTKit FirebaseAuthIdentityToken.swift
[1877/2057] Compiling JWTKit GoogleIdentityToken.swift
[1878/2057] Compiling JWTKit MicrosoftIdentityToken.swift
[1879/2057] Compiling JWTKit EmptyPolicy.swift
[1880/2057] Compiling JWTKit ValidationTimePayload.swift
[1881/2057] Compiling JWTKit X5CVerifier.swift
[1881/2057] Wrapping AST for NIOHTTPCompression for debugging
[1884/2058] Compiling NIOHPACK HeaderTables.swift
[1903/2058] Wrapping AST for JWTKit for debugging
[1905/2059] Wrapping AST for NIOHPACK for debugging
[1907/2122] Compiling NIOHTTP2 HasFlowControlWindows.swift
[1908/2122] Compiling NIOHTTP2 HasLocalSettings.swift
[1909/2122] Compiling NIOHTTP2 HasRemoteSettings.swift
[1910/2122] Compiling NIOHTTP2 LocallyQuiescingState.swift
[1911/2122] Compiling NIOHTTP2 QuiescingState.swift
[1912/2122] Compiling NIOHTTP2 RemotelyQuiescingState.swift
[1913/2122] Compiling NIOHTTP2 SendAndReceiveGoawayState.swift
[1914/2122] Compiling NIOHTTP2 StateMachineResult.swift
[1915/2122] Compiling NIOHTTP2 ContentLengthVerifier.swift
[1916/2130] Compiling NIOHTTP2 MaySendFrames.swift
[1917/2130] Compiling NIOHTTP2 SendingDataState.swift
[1918/2130] Compiling NIOHTTP2 SendingGoawayState.swift
[1919/2130] Compiling NIOHTTP2 SendingHeadersState.swift
[1920/2130] Compiling NIOHTTP2 SendingPushPromiseState.swift
[1921/2130] Compiling NIOHTTP2 SendingRstStreamState.swift
[1922/2130] Compiling NIOHTTP2 SendingWindowUpdateState.swift
[1923/2130] Compiling NIOHTTP2 HTTP2SettingsState.swift
[1924/2130] Compiling NIOHTTP2 HasExtendedConnectSettings.swift
[1925/2130] Compiling NIOHTTP2 HTTP2PipelineHelpers.swift
[1926/2130] Compiling NIOHTTP2 HTTP2Settings.swift
[1927/2130] Compiling NIOHTTP2 HTTP2Stream.swift
[1928/2130] Compiling NIOHTTP2 HTTP2StreamChannel+OutboundStreamMultiplexer.swift
[1929/2131] Wrapping AST for NIOSSL for debugging
[1931/2131] Compiling NIOHTTP2 NIOHTTP2ServerConnectionManagementHandler.swift
[1932/2131] Compiling NIOHTTP2 StreamChannelFlowController.swift
[1933/2131] Compiling NIOHTTP2 StreamChannelList.swift
[1934/2131] Compiling NIOHTTP2 StreamMap.swift
[1935/2131] Compiling NIOHTTP2 StreamStateMachine.swift
[1936/2131] Compiling NIOHTTP2 Timer.swift
[1937/2131] Compiling NIOHTTP2 UnsafeTransfer.swift
[1938/2131] Compiling NIOHTTP2 WatermarkedFlowController.swift
[1939/2131] Emitting module NIOHTTP2
[1940/2131] Compiling NIOHTTP2 ConnectionStateMachine.swift
[1941/2131] Compiling NIOHTTP2 ConnectionStreamsState.swift
[1942/2131] Compiling NIOHTTP2 MayReceiveFrames.swift
[1943/2131] Compiling NIOHTTP2 ReceivingDataState.swift
[1944/2131] Compiling NIOHTTP2 ReceivingGoAwayState.swift
[1945/2131] Compiling NIOHTTP2 ReceivingHeadersState.swift
[1946/2131] Compiling NIOHTTP2 ReceivingPushPromiseState.swift
[1947/2131] Compiling NIOHTTP2 ReceivingRstStreamState.swift
[1948/2131] Compiling NIOHTTP2 ReceivingWindowUpdateState.swift
[1949/2131] Compiling NIOHTTP2 HTTP2StreamMultiplexer.swift
[1950/2131] Compiling NIOHTTP2 HTTP2ToHTTP1Codec.swift
[1951/2131] Compiling NIOHTTP2 HTTP2UserEvents.swift
[1952/2131] Compiling NIOHTTP2 InboundEventBuffer.swift
[1953/2131] Compiling NIOHTTP2 InboundWindowManager.swift
[1954/2131] Compiling NIOHTTP2 MultiplexerAbstractChannel.swift
[1955/2131] Compiling NIOHTTP2 NIOHTTP2FrameDelegate.swift
[1956/2131] Compiling NIOHTTP2 NIOHTTP2ServerConnectionManagementHandler+StateMachine.swift
[1957/2131] Compiling NIOHTTP2 HTTP2FrameParser.swift
[1958/2131] Compiling NIOHTTP2 HTTP2PingData.swift
[1963/2131] Compiling NIOHTTP2 HTTP2StreamChannel.swift
[1964/2131] Compiling NIOHTTP2 HTTP2StreamDelegate.swift
[1965/2131] Compiling NIOHTTP2 HTTP2StreamID.swift
[1966/2131] Compiling NIOHTTP2 HTTP2ChannelHandler+InlineStreamMultiplexer.swift
[1967/2131] Compiling NIOHTTP2 HTTP2ChannelHandler.swift
[1968/2131] Compiling NIOHTTP2 HTTP2CommonInboundStreamMultiplexer.swift
[1969/2131] Compiling NIOHTTP2 HTTP2ConnectionStateChange.swift
[1970/2131] Compiling NIOHTTP2 HTTP2Error.swift
[1971/2131] Compiling NIOHTTP2 HTTP2ErrorCode.swift
[1972/2131] Compiling NIOHTTP2 HTTP2FlowControlWindow.swift
[1973/2131] Compiling NIOHTTP2 HTTP2Frame.swift
[1974/2131] Compiling NIOHTTP2 HTTP2FrameEncoder.swift
[1975/2131] Compiling NIOHTTP2 DOSHeuristics.swift
[1976/2131] Compiling NIOHTTP2 Error+Any.swift
[1977/2131] Compiling NIOHTTP2 ConcurrentStreamBuffer.swift
[1978/2131] Compiling NIOHTTP2 ControlFrameBuffer.swift
[1979/2131] Compiling NIOHTTP2 OutboundFlowControlBuffer.swift
[1980/2131] Compiling NIOHTTP2 OutboundFrameBuffer.swift
[1981/2131] Compiling NIOHTTP2 GlitchesMonitor.swift
[1982/2131] Compiling NIOHTTP2 HPACKHeaders+Validation.swift
[1983/2131] Compiling NIOHTTP2 HTTP2ChannelHandler+InboundStreamMultiplexer.swift
[1984/2132] Wrapping AST for NIOHTTP2 for debugging
[1986/2196] Emitting module AsyncHTTPClient
[1987/2204] Compiling AsyncHTTPClient HTTP1ProxyConnectHandler.swift
[1988/2204] Compiling AsyncHTTPClient SOCKSEventsHandler.swift
[1989/2204] Compiling AsyncHTTPClient TLSEventsHandler.swift
[1990/2204] Compiling AsyncHTTPClient HTTP1ClientChannelHandler.swift
[1991/2204] Compiling AsyncHTTPClient HTTP1Connection.swift
[1992/2204] Compiling AsyncHTTPClient HTTP1ConnectionStateMachine.swift
[1993/2204] Compiling AsyncHTTPClient HTTP2ClientRequestHandler.swift
[1994/2204] Compiling AsyncHTTPClient HTTP2Connection.swift
[1995/2204] Compiling AsyncHTTPClient HTTP2IdleHandler.swift
[1996/2204] Compiling AsyncHTTPClient AnyAsyncSequence.swift
[1997/2204] Compiling AsyncHTTPClient AnyAsyncSequenceProucerDelete.swift
[1998/2204] Compiling AsyncHTTPClient AsyncLazySequence.swift
[1999/2204] Compiling AsyncHTTPClient HTTPClient+execute.swift
[2000/2204] Compiling AsyncHTTPClient HTTPClient+shutdown.swift
[2001/2204] Compiling AsyncHTTPClient HTTPClient+tracing.swift
[2002/2204] Compiling AsyncHTTPClient HTTPClientRequest+Prepared.swift
[2003/2204] Compiling AsyncHTTPClient HTTPClientRequest+auth.swift
[2004/2204] Compiling AsyncHTTPClient HTTPClientRequest.swift
[2005/2204] Compiling AsyncHTTPClient RequestValidation.swift
[2006/2204] Compiling AsyncHTTPClient SSLContextCache.swift
[2007/2204] Compiling AsyncHTTPClient Scheme.swift
[2008/2204] Compiling AsyncHTTPClient Singleton.swift
[2009/2204] Compiling AsyncHTTPClient StringConvertibleInstances.swift
[2010/2204] Compiling AsyncHTTPClient StructuredConcurrencyHelpers.swift
[2011/2204] Compiling AsyncHTTPClient TracingSupport.swift
[2012/2204] Compiling AsyncHTTPClient Utils.swift
[2013/2204] Compiling AsyncHTTPClient RequestOptions.swift
[2014/2204] Compiling AsyncHTTPClient HTTPConnectionPool+Backoff.swift
[2015/2204] Compiling AsyncHTTPClient HTTPConnectionPool+HTTP1Connections.swift
[2016/2204] Compiling AsyncHTTPClient HTTPConnectionPool+HTTP1StateMachine.swift
[2017/2204] Compiling AsyncHTTPClient HTTPConnectionPool+HTTP2Connections.swift
[2018/2204] Compiling AsyncHTTPClient HTTPConnectionPool+HTTP2StateMachine.swift
[2019/2204] Compiling AsyncHTTPClient HTTPConnectionPool+RequestQueue.swift
[2020/2204] Compiling AsyncHTTPClient HTTPConnectionPool+StateMachine.swift
[2021/2204] Compiling AsyncHTTPClient ConnectionTarget.swift
[2022/2204] Compiling AsyncHTTPClient HTTPConnectionEvent.swift
[2023/2204] Compiling AsyncHTTPClient HTTPConnectionPool+Factory.swift
[2024/2204] Compiling AsyncHTTPClient HTTPConnectionPool+Manager.swift
[2025/2204] Compiling AsyncHTTPClient HTTPConnectionPool.swift
[2026/2204] Compiling AsyncHTTPClient HTTPExecutableRequest.swift
[2027/2204] Compiling AsyncHTTPClient HTTPRequestStateMachine+Demand.swift
[2028/2204] Compiling AsyncHTTPClient HTTPRequestStateMachine.swift
[2029/2204] Compiling AsyncHTTPClient RequestBodyLength.swift
[2030/2204] Compiling AsyncHTTPClient RequestFramingMetadata.swift
[2031/2204] Compiling AsyncHTTPClient LRUCache.swift
[2032/2204] Compiling AsyncHTTPClient NIOLoopBound+Execute.swift
[2033/2204] Compiling AsyncHTTPClient NWErrorHandler.swift
[2034/2204] Compiling AsyncHTTPClient NWWaitingHandler.swift
[2035/2204] Compiling AsyncHTTPClient TLSConfiguration.swift
[2036/2204] Compiling AsyncHTTPClient RedirectState.swift
[2037/2204] Compiling AsyncHTTPClient RequestBag+StateMachine.swift
[2038/2204] Compiling AsyncHTTPClient RequestBag+Tracing.swift
[2039/2204] Compiling AsyncHTTPClient RequestBag.swift
[2040/2204] Compiling AsyncHTTPClient HTTPClientResponse.swift
[2041/2204] Compiling AsyncHTTPClient SingleIteratorPrecondition.swift
[2042/2204] Compiling AsyncHTTPClient Transaction+StateMachine.swift
[2043/2204] Compiling AsyncHTTPClient Transaction.swift
[2044/2204] Compiling AsyncHTTPClient Base64.swift
[2045/2204] Compiling AsyncHTTPClient BasicAuth.swift
[2046/2204] Compiling AsyncHTTPClient BestEffortHashableTLSConfiguration.swift
[2047/2204] Compiling AsyncHTTPClient Configuration+BrowserLike.swift
[2048/2204] Compiling AsyncHTTPClient ConnectionPool.swift
[2049/2204] Compiling AsyncHTTPClient DeconstructedURL.swift
[2050/2204] Compiling AsyncHTTPClient FileDownloadDelegate.swift
[2051/2204] Compiling AsyncHTTPClient FoundationExtensions.swift
[2052/2204] Compiling AsyncHTTPClient HTTPClient+HTTPCookie.swift
[2053/2204] Compiling AsyncHTTPClient HTTPClient+Proxy.swift
[2054/2204] Compiling AsyncHTTPClient HTTPClient+StructuredConcurrency.swift
[2055/2204] Compiling AsyncHTTPClient HTTPClient.swift
[2056/2204] Compiling AsyncHTTPClient HTTPClientConfiguration+SwiftConfiguration.swift
[2057/2204] Compiling AsyncHTTPClient HTTPHandler.swift
[2058/2209] Wrapping AST for AsyncHTTPClient for debugging
[2060/2228] Compiling GoogleAuth SubjectTokenProvider.swift
[2061/2228] Compiling GoogleAuth MDSAccessTokenProvider.swift
[2062/2228] Compiling GoogleAuth MDSCredentials.swift
[2063/2231] Compiling GoogleAuth UserAccountData.swift
[2064/2231] Compiling GoogleAuth UserAccountTokenProvider.swift
[2065/2231] Compiling GoogleAuth UserCredentials.swift
[2066/2231] Compiling GoogleAuth AnonymousCredentials.swift
[2067/2231] Compiling GoogleAuth ApiKeyCredentials.swift
[2068/2231] Compiling GoogleAuth ExternalAccountCredentials.swift
[2069/2231] Compiling GoogleAuth ServiceAccountCredentials.swift
[2070/2231] Compiling GoogleAuth ServiceAccountData.swift
[2071/2231] Compiling GoogleAuth ServiceAccountTokenProvider.swift
[2072/2231] Compiling GoogleAuth CredentialParserRegistry.swift
[2073/2231] Compiling GoogleAuth Credentials.swift
[2074/2231] Compiling GoogleAuth CredentialsError.swift
[2075/2231] Compiling GoogleAuth ADC.swift
[2076/2231] Compiling GoogleAuth ADCPath.swift
[2077/2231] Compiling GoogleAuth ADCResolver.swift
[2078/2231] Compiling GoogleAuth AuthHeaders.swift
[2079/2231] Emitting module GoogleAuth
[2080/2231] Compiling GoogleAuth AuthHTTPClient.swift
[2081/2231] Compiling GoogleAuth AuthHTTPError.swift
[2082/2231] Compiling GoogleAuth RetryEngine.swift
[2083/2231] Compiling GoogleAuth STSHandler.swift
[2084/2231] Compiling GoogleAuth TokenCache.swift
[2085/2231] Compiling GoogleAuth PackageVersion.swift
[2086/2232] Wrapping AST for GoogleAuth for debugging
[2088/2290] Compiling GoogleGax Pagination.swift
/host/spi-builder-workspace/.build/checkouts/swift-google-gax/Sources/GoogleGax/Pagination.swift:44:22: error: cannot convert '@Sendable (String) async throws -> (response: ResponseType, items: [Item], nextToken: String)' to 'nonisolated(nonsending) @Sendable (String) async throws -> (response: ResponseType, items: [Item], nextToken: String)' because crossing of an isolation boundary requires parameter and result types to conform to 'Sendable' protocol
42 | ) where ResponseType: _PaginatedResponse<Item> {
43 | self.initialPageToken = initialPageToken ?? ""
44 | self.fetchPage = { token in
| |- error: cannot convert '@Sendable (String) async throws -> (response: ResponseType, items: [Item], nextToken: String)' to 'nonisolated(nonsending) @Sendable (String) async throws -> (response: ResponseType, items: [Item], nextToken: String)' because crossing of an isolation boundary requires parameter and result types to conform to 'Sendable' protocol
| `- note: type 'Item' does not conform to 'Sendable' protocol
45 | let response = try await listRpc(token)
46 | return (response, response._getPaginatedItems(), response._nextPageToken())
[2089/2290] Compiling GoogleGax PollingBackoffPolicy.swift
/host/spi-builder-workspace/.build/checkouts/swift-google-gax/Sources/GoogleGax/Pagination.swift:44:22: error: cannot convert '@Sendable (String) async throws -> (response: ResponseType, items: [Item], nextToken: String)' to 'nonisolated(nonsending) @Sendable (String) async throws -> (response: ResponseType, items: [Item], nextToken: String)' because crossing of an isolation boundary requires parameter and result types to conform to 'Sendable' protocol
42 | ) where ResponseType: _PaginatedResponse<Item> {
43 | self.initialPageToken = initialPageToken ?? ""
44 | self.fetchPage = { token in
| |- error: cannot convert '@Sendable (String) async throws -> (response: ResponseType, items: [Item], nextToken: String)' to 'nonisolated(nonsending) @Sendable (String) async throws -> (response: ResponseType, items: [Item], nextToken: String)' because crossing of an isolation boundary requires parameter and result types to conform to 'Sendable' protocol
| `- note: type 'Item' does not conform to 'Sendable' protocol
45 | let response = try await listRpc(token)
46 | return (response, response._getPaginatedItems(), response._nextPageToken())
[2090/2290] Compiling GoogleGax PollingErrorPolicy.swift
/host/spi-builder-workspace/.build/checkouts/swift-google-gax/Sources/GoogleGax/Pagination.swift:44:22: error: cannot convert '@Sendable (String) async throws -> (response: ResponseType, items: [Item], nextToken: String)' to 'nonisolated(nonsending) @Sendable (String) async throws -> (response: ResponseType, items: [Item], nextToken: String)' because crossing of an isolation boundary requires parameter and result types to conform to 'Sendable' protocol
42 | ) where ResponseType: _PaginatedResponse<Item> {
43 | self.initialPageToken = initialPageToken ?? ""
44 | self.fetchPage = { token in
| |- error: cannot convert '@Sendable (String) async throws -> (response: ResponseType, items: [Item], nextToken: String)' to 'nonisolated(nonsending) @Sendable (String) async throws -> (response: ResponseType, items: [Item], nextToken: String)' because crossing of an isolation boundary requires parameter and result types to conform to 'Sendable' protocol
| `- note: type 'Item' does not conform to 'Sendable' protocol
45 | let response = try await listRpc(token)
46 | return (response, response._getPaginatedItems(), response._nextPageToken())
[2091/2290] Compiling GoogleGax PollingResult.swift
/host/spi-builder-workspace/.build/checkouts/swift-google-gax/Sources/GoogleGax/Pagination.swift:44:22: error: cannot convert '@Sendable (String) async throws -> (response: ResponseType, items: [Item], nextToken: String)' to 'nonisolated(nonsending) @Sendable (String) async throws -> (response: ResponseType, items: [Item], nextToken: String)' because crossing of an isolation boundary requires parameter and result types to conform to 'Sendable' protocol
42 | ) where ResponseType: _PaginatedResponse<Item> {
43 | self.initialPageToken = initialPageToken ?? ""
44 | self.fetchPage = { token in
| |- error: cannot convert '@Sendable (String) async throws -> (response: ResponseType, items: [Item], nextToken: String)' to 'nonisolated(nonsending) @Sendable (String) async throws -> (response: ResponseType, items: [Item], nextToken: String)' because crossing of an isolation boundary requires parameter and result types to conform to 'Sendable' protocol
| `- note: type 'Item' does not conform to 'Sendable' protocol
45 | let response = try await listRpc(token)
46 | return (response, response._getPaginatedItems(), response._nextPageToken())
[2092/2290] Compiling GoogleGax PollingState.swift
/host/spi-builder-workspace/.build/checkouts/swift-google-gax/Sources/GoogleGax/Pagination.swift:44:22: error: cannot convert '@Sendable (String) async throws -> (response: ResponseType, items: [Item], nextToken: String)' to 'nonisolated(nonsending) @Sendable (String) async throws -> (response: ResponseType, items: [Item], nextToken: String)' because crossing of an isolation boundary requires parameter and result types to conform to 'Sendable' protocol
42 | ) where ResponseType: _PaginatedResponse<Item> {
43 | self.initialPageToken = initialPageToken ?? ""
44 | self.fetchPage = { token in
| |- error: cannot convert '@Sendable (String) async throws -> (response: ResponseType, items: [Item], nextToken: String)' to 'nonisolated(nonsending) @Sendable (String) async throws -> (response: ResponseType, items: [Item], nextToken: String)' because crossing of an isolation boundary requires parameter and result types to conform to 'Sendable' protocol
| `- note: type 'Item' does not conform to 'Sendable' protocol
45 | let response = try await listRpc(token)
46 | return (response, response._getPaginatedItems(), response._nextPageToken())
[2093/2290] Compiling GoogleGax ProtobufConversionError.swift
/host/spi-builder-workspace/.build/checkouts/swift-google-gax/Sources/GoogleGax/Pagination.swift:44:22: error: cannot convert '@Sendable (String) async throws -> (response: ResponseType, items: [Item], nextToken: String)' to 'nonisolated(nonsending) @Sendable (String) async throws -> (response: ResponseType, items: [Item], nextToken: String)' because crossing of an isolation boundary requires parameter and result types to conform to 'Sendable' protocol
42 | ) where ResponseType: _PaginatedResponse<Item> {
43 | self.initialPageToken = initialPageToken ?? ""
44 | self.fetchPage = { token in
| |- error: cannot convert '@Sendable (String) async throws -> (response: ResponseType, items: [Item], nextToken: String)' to 'nonisolated(nonsending) @Sendable (String) async throws -> (response: ResponseType, items: [Item], nextToken: String)' because crossing of an isolation boundary requires parameter and result types to conform to 'Sendable' protocol
| `- note: type 'Item' does not conform to 'Sendable' protocol
45 | let response = try await listRpc(token)
46 | return (response, response._getPaginatedItems(), response._nextPageToken())
[2094/2290] Compiling GoogleGax QueryParameter.swift
/host/spi-builder-workspace/.build/checkouts/swift-google-gax/Sources/GoogleGax/Pagination.swift:44:22: error: cannot convert '@Sendable (String) async throws -> (response: ResponseType, items: [Item], nextToken: String)' to 'nonisolated(nonsending) @Sendable (String) async throws -> (response: ResponseType, items: [Item], nextToken: String)' because crossing of an isolation boundary requires parameter and result types to conform to 'Sendable' protocol
42 | ) where ResponseType: _PaginatedResponse<Item> {
43 | self.initialPageToken = initialPageToken ?? ""
44 | self.fetchPage = { token in
| |- error: cannot convert '@Sendable (String) async throws -> (response: ResponseType, items: [Item], nextToken: String)' to 'nonisolated(nonsending) @Sendable (String) async throws -> (response: ResponseType, items: [Item], nextToken: String)' because crossing of an isolation boundary requires parameter and result types to conform to 'Sendable' protocol
| `- note: type 'Item' does not conform to 'Sendable' protocol
45 | let response = try await listRpc(token)
46 | return (response, response._getPaginatedItems(), response._nextPageToken())
[2095/2290] Compiling GoogleGax RequestError.swift
/host/spi-builder-workspace/.build/checkouts/swift-google-gax/Sources/GoogleGax/Pagination.swift:44:22: error: cannot convert '@Sendable (String) async throws -> (response: ResponseType, items: [Item], nextToken: String)' to 'nonisolated(nonsending) @Sendable (String) async throws -> (response: ResponseType, items: [Item], nextToken: String)' because crossing of an isolation boundary requires parameter and result types to conform to 'Sendable' protocol
42 | ) where ResponseType: _PaginatedResponse<Item> {
43 | self.initialPageToken = initialPageToken ?? ""
44 | self.fetchPage = { token in
| |- error: cannot convert '@Sendable (String) async throws -> (response: ResponseType, items: [Item], nextToken: String)' to 'nonisolated(nonsending) @Sendable (String) async throws -> (response: ResponseType, items: [Item], nextToken: String)' because crossing of an isolation boundary requires parameter and result types to conform to 'Sendable' protocol
| `- note: type 'Item' does not conform to 'Sendable' protocol
45 | let response = try await listRpc(token)
46 | return (response, response._getPaginatedItems(), response._nextPageToken())
[2096/2298] Compiling GoogleGax AIP194+PollingErrorPolicy.swift
[2097/2298] Compiling GoogleGax AIP194+RetryPolicy.swift
[2098/2298] Compiling GoogleGax AIP194.swift
[2099/2298] Compiling GoogleGax AdaptiveThrottler.swift
[2100/2298] Compiling GoogleGax AlwaysPoll.swift
[2101/2298] Compiling GoogleGax AlwaysRetry.swift
[2102/2298] Compiling GoogleGax ApiClientHeader.swift
[2103/2298] Compiling GoogleGax BackoffPolicy.swift
[2104/2298] Compiling GoogleGax BasePollingErrorPolicy.swift
[2105/2298] Compiling GoogleGax ServiceError.swift
[2106/2298] Compiling GoogleGax StatusDetail.swift
[2107/2298] Compiling GoogleGax StrictIdempotency.swift
[2108/2298] Compiling GoogleGax ThrottleResult.swift
[2109/2298] Compiling GoogleGax TooManyRequests+PollingErrorPolicy.swift
[2110/2298] Compiling GoogleGax TooManyRequests+RetryPolicy.swift
[2111/2298] Compiling GoogleGax TooManyRequests.swift
[2112/2298] Compiling GoogleGax PackageVersion.swift
[2113/2298] Emitting module GoogleGax
[2114/2298] Compiling GoogleGax ContinueOnIO.swift
[2115/2298] Compiling GoogleGax CredentialsProtocol.swift
[2116/2298] Compiling GoogleGax ErrorWrapper.swift
[2117/2298] Compiling GoogleGax ExponentialBackoff+BackoffPolicy.swift
[2118/2298] Compiling GoogleGax ExponentialBackoff+PollingBackoffPolicy.swift
[2119/2298] Compiling GoogleGax ExponentialBackoff.swift
[2120/2298] Compiling GoogleGax HTTPClient.swift
[2121/2298] Compiling GoogleGax HTTPClientHolder.swift
[2122/2298] Compiling GoogleGax HTTPClientProtocol.swift
[2123/2298] Compiling GoogleGax HTTPClientRequest.swift
[2124/2298] Compiling GoogleGax HTTPClientResponse.swift
[2125/2298] Compiling GoogleGax HTTPHeaders.swift
[2126/2298] Compiling GoogleGax HTTPResponseBody.swift
[2127/2298] Compiling GoogleGax HeaderNames.swift
[2128/2298] Compiling GoogleGax Host.swift
[2129/2298] Compiling GoogleGax InProgressResult.swift
[2130/2298] Compiling GoogleGax RequestOptions.swift
[2131/2298] Compiling GoogleGax RetryLoop.swift
[2132/2298] Compiling GoogleGax RetryPolicy.swift
[2133/2298] Compiling GoogleGax RetryResult.swift
[2134/2298] Compiling GoogleGax RetryState.swift
[2135/2298] Compiling GoogleGax RetryThrottler.swift
[2136/2298] Compiling GoogleGax RetryThrottlerError.swift
[2137/2298] Compiling GoogleGax RoutingMatcher.swift
[2138/2298] Compiling GoogleGax LimitedAttemptCount+PollingErrorPolicy.swift
[2139/2298] Compiling GoogleGax LimitedAttemptCount+RetryPolicy.swift
[2140/2298] Compiling GoogleGax LimitedAttemptCount.swift
[2141/2298] Compiling GoogleGax LimitedElapsedTime+PollingErrorPolicy.swift
[2142/2298] Compiling GoogleGax LimitedElapsedTime+RetryPolicy.swift
[2143/2298] Compiling GoogleGax LimitedElapsedTime.swift
[2144/2298] Compiling GoogleGax LongRunningOperations.swift
[2145/2298] Compiling GoogleGax NeverRetry.swift
[2146/2298] Compiling GoogleGax BaseRetryPolicy.swift
[2147/2298] Compiling GoogleGax BindingError.swift
[2148/2298] Compiling GoogleGax CRC32C.swift
[2149/2298] Compiling GoogleGax CircuitBreaker.swift
[2150/2298] Compiling GoogleGax ClientError.swift
[2151/2298] Compiling GoogleGax ClientOptions.swift
[2152/2298] Compiling GoogleGax ContinueOnIO+PollingErrorPolicy.swift
[2153/2298] Compiling GoogleGax ContinueOnIO+RetryPolicy.swift
BUILD FAILURE 6.2 android